000
CDUS45 KABQ 100828
CLICAO


CLIMATE REPORT
NATIONAL WEATHER SERVICE ALBUQUERQUE NM
127 AM MST WED FEB 10 2016


...................................

...THE CLAYTON  NM CLIMATE SUMMARY FOR FEBRUARY 9 2016...

CLIMATE NORMAL PERIOD 1981 TO 2010
CLIMATE RECORD PERIOD 1896 TO 2016


WEATHER ITEM   OBSERVED TIME   RECORD YEAR NORMAL DEPARTURE
                VALUE   (LST)  VALUE       VALUE  FROM
                                                  NORMAL
...............................................................
TEMPERATURE (F)
 YESTERDAY
  MAXIMUM         63    331 PM  71    2015  50     13
                                      1976
  MINIMUM         27    113 AM -13    1933  23      4
  AVERAGE         45                        36      9

PRECIPITATION (IN)
  YESTERDAY        0.00          0.22 1934   0.01  -0.01
  MONTH TO DATE    0.11                      0.09   0.02
  SINCE DEC 1      1.00                      0.73   0.27
  SINCE JAN 1      0.39                      0.37   0.02

SNOWFALL (IN)
  YESTERDAY        0.0
  MONTH TO DATE    0.9
  SINCE DEC 1     15.1
  SINCE JUL 1     22.2

DEGREE DAYS
 HEATING
  YESTERDAY       20                        29     -9
  MONTH TO DATE  297                       261     36
  SINCE DEC 1   2021                      2115    -94
  SINCE JUL 1   2910                      3167   -257

 COOLING
  YESTERDAY        0                         0      0
  MONTH TO DATE    0                         0      0
  SINCE DEC 1      0                         0      0
  SINCE JAN 1      0                         0      0
...............................................................


WIND (MPH)
  HIGHEST WIND SPEED    16   HIGHEST WIND DIRECTION     N (10)
  HIGHEST GUST SPEED    23   HIGHEST GUST DIRECTION    NE (30)
  AVERAGE WIND SPEED     9.3


SKY COVER
  AVERAGE SKY COVER 0.0


WEATHER CONDITIONS
 THE FOLLOWING WEATHER WAS RECORDED YESTERDAY.
  NO SIGNIFICANT WEATHER WAS OBSERVED.


RELATIVE HUMIDITY (PERCENT)
 HIGHEST    75           100 AM
 LOWEST     16           200 PM
 AVERAGE    46

..........................................................


THE CLAYTON  NM CLIMATE NORMALS FOR TODAY
                         NORMAL    RECORD    YEAR
 MAXIMUM TEMPERATURE (F)   50        76      1962
 MINIMUM TEMPERATURE (F)   23       -10      1981


SUNRISE AND SUNSET
FEBRUARY 10 2016......SUNRISE   646 AM MST   SUNSET   528 PM MST
FEBRUARY 11 2016......SUNRISE   645 AM MST   SUNSET   529 PM MST


-  INDICATES NEGATIVE NUMBERS.
R  INDICATES RECORD WAS SET OR TIED.
MM INDICATES DATA IS MISSING.
T  INDICATES TRACE AMOUNT.




$$
