000
CDUS45 KABQ 230840
CLICAO


CLIMATE REPORT
NATIONAL WEATHER SERVICE ALBUQUERQUE NM
139 AM MST SUN NOV 23 2014


...................................

...THE CLAYTON  NM CLIMATE SUMMARY FOR NOVEMBER 22 2014...

CLIMATE NORMAL PERIOD 1981 TO 2010
CLIMATE RECORD PERIOD 1896 TO 2014


WEATHER ITEM   OBSERVED TIME   RECORD YEAR NORMAL DEPARTURE
                VALUE   (LST)  VALUE       VALUE  FROM
                                                  NORMAL
...............................................................
TEMPERATURE (F)
 YESTERDAY
  MAXIMUM         67    253 PM  79    1998  54     13
                                      1924
  MINIMUM         34    545 AM  -4    1929  27      7
  AVERAGE         51                        41     10

PRECIPITATION (IN)
  YESTERDAY        0.00          0.10 1983   0.01  -0.01
  MONTH TO DATE    0.54                      0.36   0.18
  SINCE SEP 1      4.33                      3.14   1.19
  SINCE JAN 1     12.86                     15.34  -2.48

SNOWFALL (IN)
  YESTERDAY        0.0
  MONTH TO DATE    2.3
  SINCE SEP 1      2.3
  SINCE JUL 1      2.3

DEGREE DAYS
 HEATING
  YESTERDAY       14                        24    -10
  MONTH TO DATE  536                       432    104
  SINCE SEP 1    797                       836    -39
  SINCE JUL 1    797                       842    -45

 COOLING
  YESTERDAY        0                         0      0
  MONTH TO DATE    0                         0      0
  SINCE SEP 1    126                       112     14
  SINCE JAN 1   1130                       909    221
...............................................................


WIND (MPH)
  HIGHEST WIND SPEED    26   HIGHEST WIND DIRECTION     W (250)
  HIGHEST GUST SPEED    33   HIGHEST GUST DIRECTION     W (270)
  AVERAGE WIND SPEED    13.5


SKY COVER
  AVERAGE SKY COVER 0.0


WEATHER CONDITIONS
 THE FOLLOWING WEATHER WAS RECORDED YESTERDAY.
  NO SIGNIFICANT WEATHER WAS OBSERVED.


RELATIVE HUMIDITY (PERCENT)
 HIGHEST    56           400 AM
 LOWEST     11           200 PM
 AVERAGE    34

..........................................................


THE CLAYTON  NM CLIMATE NORMALS FOR TODAY
                         NORMAL    RECORD    YEAR
 MAXIMUM TEMPERATURE (F)   54        76      2006
 MINIMUM TEMPERATURE (F)   27         1      1957


SUNRISE AND SUNSET
NOVEMBER 23 2014......SUNRISE   638 AM MST   SUNSET   440 PM MST
NOVEMBER 24 2014......SUNRISE   639 AM MST   SUNSET   439 PM MST


-  INDICATES NEGATIVE NUMBERS.
R  INDICATES RECORD WAS SET OR TIED.
MM INDICATES DATA IS MISSING.
T  INDICATES TRACE AMOUNT.




$$
