000
CDUS45 KABQ 180839
CLICAO


CLIMATE REPORT
NATIONAL WEATHER SERVICE ALBUQUERQUE NM
238 AM MDT FRI APR 18 2014


...................................

...THE CLAYTON  NM CLIMATE SUMMARY FOR APRIL 17 2014...

CLIMATE NORMAL PERIOD 1981 TO 2010
CLIMATE RECORD PERIOD 1896 TO 2014


WEATHER ITEM   OBSERVED TIME   RECORD YEAR NORMAL DEPARTURE
                VALUE   (LST)  VALUE       VALUE  FROM
                                                  NORMAL
...............................................................
TEMPERATURE (F)
 YESTERDAY
  MAXIMUM         51    449 PM  88    1925  67    -16
                                      1913
  MINIMUM         36   1159 PM  17    1945  38     -2
  AVERAGE         44                        53     -9

PRECIPITATION (IN)
  YESTERDAY        T             1.91 1942   0.03  -0.03
  MONTH TO DATE    0.26                      0.46  -0.20
  SINCE MAR 1      0.28                      1.41  -1.13
  SINCE JAN 1      0.46                      2.03  -1.57

SNOWFALL (IN)
  YESTERDAY        0.0
  MONTH TO DATE    1.5
  SINCE MAR 1      1.6
  SINCE JUL 1      9.8

DEGREE DAYS
 HEATING
  YESTERDAY       21                        12      9
  MONTH TO DATE  258                       249      9
  SINCE MAR 1    872                       893    -21
  SINCE JUL 1   4571                      4570      1

 COOLING
  YESTERDAY        0                         0      0
  MONTH TO DATE    3                         0      3
  SINCE MAR 1      3                         1      2
  SINCE JAN 1      3                         1      2
...............................................................


WIND (MPH)
  HIGHEST WIND SPEED    22   HIGHEST WIND DIRECTION    NE (30)
  HIGHEST GUST SPEED    27   HIGHEST GUST DIRECTION     N (20)
  AVERAGE WIND SPEED    12.8


SKY COVER
  AVERAGE SKY COVER 0.7


WEATHER CONDITIONS
 THE FOLLOWING WEATHER WAS RECORDED YESTERDAY.
  LIGHT RAIN


RELATIVE HUMIDITY (PERCENT)
 HIGHEST    85           700 AM
 LOWEST     50           500 PM
 AVERAGE    68

..........................................................


THE CLAYTON  NM CLIMATE NORMALS FOR TODAY
                         NORMAL    RECORD    YEAR
 MAXIMUM TEMPERATURE (F)   68        88      1948
 MINIMUM TEMPERATURE (F)   38        16      1953


SUNRISE AND SUNSET
APRIL 18 2014.........SUNRISE   615 AM MDT   SUNSET   729 PM MDT
APRIL 19 2014.........SUNRISE   614 AM MDT   SUNSET   730 PM MDT


-  INDICATES NEGATIVE NUMBERS.
R  INDICATES RECORD WAS SET OR TIED.
MM INDICATES DATA IS MISSING.
T  INDICATES TRACE AMOUNT.

$$
