016
CDUS45 KABQ 170845
CLICAO


CLIMATE REPORT
NATIONAL WEATHER SERVICE ALBUQUERQUE NM
145 AM MST FRI NOV 17 2017


...................................

...THE CLAYTON  NM CLIMATE SUMMARY FOR NOVEMBER 16 2017...

CLIMATE NORMAL PERIOD 1981 TO 2010
CLIMATE RECORD PERIOD 1896 TO 2017


WEATHER ITEM   OBSERVED TIME   RECORD YEAR NORMAL DEPARTURE
                VALUE   (LST)  VALUE       VALUE  FROM
                                                  NORMAL
...............................................................
TEMPERATURE (F)
 YESTERDAY
  MAXIMUM         79   1243 PM  80    1967  57     22
  MINIMUM         35    333 AM   1    1955  30      5
  AVERAGE         57                        43     14

PRECIPITATION (IN)
  YESTERDAY        0.00          0.63 1917   0.02  -0.02
  MONTH TO DATE    0.04                      0.30  -0.26
  SINCE SEP 1      5.45                      3.08   2.37
  SINCE JAN 1     20.37                     15.28   5.09

SNOWFALL (IN)
  YESTERDAY        0.0
  MONTH TO DATE    0.5
  SINCE SEP 1      0.5
  SINCE JUL 1      0.5

DEGREE DAYS
 HEATING
  YESTERDAY        8                        22    -14
  MONTH TO DATE  240                       293    -53
  SINCE SEP 1    652                       697    -45
  SINCE JUL 1    656                       703    -47

 COOLING
  YESTERDAY        0                         0      0
  MONTH TO DATE    0                         0      0
  SINCE SEP 1    117                       112      5
  SINCE JAN 1    827                       909    -82
...............................................................


WIND (MPH)
  HIGHEST WIND SPEED    24   HIGHEST WIND DIRECTION     W (270)
  HIGHEST GUST SPEED    32   HIGHEST GUST DIRECTION     W (280)
  AVERAGE WIND SPEED    12.8


SKY COVER
  AVERAGE SKY COVER 0.0


WEATHER CONDITIONS
 THE FOLLOWING WEATHER WAS RECORDED YESTERDAY.
  NO SIGNIFICANT WEATHER WAS OBSERVED.


RELATIVE HUMIDITY (PERCENT)
 HIGHEST    59          1200 AM
 LOWEST      9           100 PM
 AVERAGE    34

..........................................................


THE CLAYTON  NM CLIMATE NORMALS FOR TODAY
                         NORMAL    RECORD    YEAR
 MAXIMUM TEMPERATURE (F)   57        79      1896
 MINIMUM TEMPERATURE (F)   29         8      1958


SUNRISE AND SUNSET
NOVEMBER 17 2017......SUNRISE   632 AM MST   SUNSET   443 PM MST
NOVEMBER 18 2017......SUNRISE   633 AM MST   SUNSET   442 PM MST


-  INDICATES NEGATIVE NUMBERS.
R  INDICATES RECORD WAS SET OR TIED.
MM INDICATES DATA IS MISSING.
T  INDICATES TRACE AMOUNT.




$$
