000
CDUS45 KABQ 260831
CLICAO


CLIMATE REPORT
NATIONAL WEATHER SERVICE ALBUQUERQUE NM
230 AM MDT TUE MAY 26 2015


...................................

...THE CLAYTON  NM CLIMATE SUMMARY FOR MAY 25 2015...

CLIMATE NORMAL PERIOD 1981 TO 2010
CLIMATE RECORD PERIOD 1896 TO 2015


WEATHER ITEM   OBSERVED TIME   RECORD YEAR NORMAL DEPARTURE
                VALUE   (LST)  VALUE       VALUE  FROM
                                                  NORMAL
...............................................................
TEMPERATURE (F)
 YESTERDAY
  MAXIMUM         72    310 PM  96    2006  78     -6
  MINIMUM         41    457 AM  28    1924  50     -9
  AVERAGE         57                        64     -7

PRECIPITATION (IN)
  YESTERDAY        T             0.81 1948   0.08  -0.08
  MONTH TO DATE    5.97                      1.46   4.51
  SINCE MAR 1      7.67                      3.35   4.32
  SINCE JAN 1     10.69                      3.97   6.72

SNOWFALL (IN)
  YESTERDAY        0.0
  MONTH TO DATE    0.0
  SINCE MAR 1      0.9
  SINCE JUL 1     26.1

DEGREE DAYS
 HEATING
  YESTERDAY        8                         3      5
  MONTH TO DATE  194                       139     55
  SINCE MAR 1   1013                      1168   -155
  SINCE JUL 1   4456                      4845   -389

 COOLING
  YESTERDAY        0                         2     -2
  MONTH TO DATE    3                        31    -28
  SINCE MAR 1      3                        37    -34
  SINCE JAN 1      3                        37    -34
...............................................................


WIND (MPH)
  HIGHEST WIND SPEED    21   HIGHEST WIND DIRECTION    NW (320)
  HIGHEST GUST SPEED    26   HIGHEST GUST DIRECTION    NW (330)
  AVERAGE WIND SPEED     7.9


SKY COVER
  AVERAGE SKY COVER 0.2


WEATHER CONDITIONS
 THE FOLLOWING WEATHER WAS RECORDED YESTERDAY.
  NO SIGNIFICANT WEATHER WAS OBSERVED.


RELATIVE HUMIDITY (PERCENT)
 HIGHEST    83          1100 PM
 LOWEST     36           100 PM
 AVERAGE    60

..........................................................


THE CLAYTON  NM CLIMATE NORMALS FOR TODAY
                         NORMAL    RECORD    YEAR
 MAXIMUM TEMPERATURE (F)   78        96      2006
 MINIMUM TEMPERATURE (F)   50        35      1950
                                             1917


SUNRISE AND SUNSET
MAY 26 2015...........SUNRISE   539 AM MDT   SUNSET   801 PM MDT
MAY 27 2015...........SUNRISE   538 AM MDT   SUNSET   802 PM MDT


-  INDICATES NEGATIVE NUMBERS.
R  INDICATES RECORD WAS SET OR TIED.
MM INDICATES DATA IS MISSING.
T  INDICATES TRACE AMOUNT.

$$
