000
CDUS45 KABQ 250841
CLICAO


CLIMATE REPORT
NATIONAL WEATHER SERVICE ALBUQUERQUE NM
240 AM MDT MON JUL 25 2016


...................................

...THE CLAYTON  NM CLIMATE SUMMARY FOR JULY 24 2016...

CLIMATE NORMAL PERIOD 1981 TO 2010
CLIMATE RECORD PERIOD 1896 TO 2016


WEATHER ITEM   OBSERVED TIME   RECORD YEAR NORMAL DEPARTURE
                VALUE   (LST)  VALUE       VALUE  FROM
                                                  NORMAL
...............................................................
TEMPERATURE (F)
 YESTERDAY
  MAXIMUM         96    159 PM  99    1940  88      8
                                      1937
  MINIMUM         63    518 PM  50    1928  61      2
  AVERAGE         80                        75      5

PRECIPITATION (IN)
  YESTERDAY        0.81          1.28 1921   0.09   0.72
  MONTH TO DATE    1.01                      1.98  -0.97
  SINCE JUN 1      5.02                      4.11   0.91
  SINCE JAN 1      8.66                      8.58   0.08

SNOWFALL (IN)
  YESTERDAY        0.0
  MONTH TO DATE    0.0
  SINCE JUN 1      0.0
  SINCE JUL 1      0.0

DEGREE DAYS
 HEATING
  YESTERDAY        0                         0      0
  MONTH TO DATE    0                         0      0
  SINCE JUN 1      7                        23    -16
  SINCE JUL 1      0                         0      0

 COOLING
  YESTERDAY       15                        10      5
  MONTH TO DATE  363                       236    127
  SINCE JUN 1    624                       419    205
  SINCE JAN 1    643                       470    173
...............................................................


WIND (MPH)
  HIGHEST WIND SPEED    28   HIGHEST WIND DIRECTION    NW (320)
  HIGHEST GUST SPEED    36   HIGHEST GUST DIRECTION    NW (330)
  AVERAGE WIND SPEED     9.1


SKY COVER
  AVERAGE SKY COVER 0.3


WEATHER CONDITIONS
 THE FOLLOWING WEATHER WAS RECORDED YESTERDAY.
  THUNDERSTORM
  HEAVY RAIN
  RAIN
  LIGHT RAIN
  FOG


RELATIVE HUMIDITY (PERCENT)
 HIGHEST    87           600 PM
 LOWEST     23           200 PM
 AVERAGE    55

..........................................................


THE CLAYTON  NM CLIMATE NORMALS FOR TODAY
                         NORMAL    RECORD    YEAR
 MAXIMUM TEMPERATURE (F)   88       102      2014
 MINIMUM TEMPERATURE (F)   61        48      1928


SUNRISE AND SUNSET
JULY 25 2016..........SUNRISE   554 AM MDT   SUNSET   804 PM MDT
JULY 26 2016..........SUNRISE   555 AM MDT   SUNSET   803 PM MDT


-  INDICATES NEGATIVE NUMBERS.
R  INDICATES RECORD WAS SET OR TIED.
MM INDICATES DATA IS MISSING.
T  INDICATES TRACE AMOUNT.




$$
