000
CDUS45 KABQ 220920
CLICAO


CLIMATE REPORT
NATIONAL WEATHER SERVICE ALBUQUERQUE NM
320 AM MDT SAT JUL 22 2017


...................................

...THE CLAYTON  NM CLIMATE SUMMARY FOR JULY 21 2017...

CLIMATE NORMAL PERIOD 1981 TO 2010
CLIMATE RECORD PERIOD 1896 TO 2017


WEATHER ITEM   OBSERVED TIME   RECORD YEAR NORMAL DEPARTURE
                VALUE   (LST)  VALUE       VALUE  FROM
                                                  NORMAL
...............................................................
TEMPERATURE (F)
 YESTERDAY
  MAXIMUM         96    315 PM 102    2016  89      7
  MINIMUM         66    502 AM  50    1924  61      5
                                      1898
  AVERAGE         81                        75      6

PRECIPITATION (IN)
  YESTERDAY        0.00          1.09 1911   0.10  -0.10
  MONTH TO DATE    0.35                      1.69  -1.34
  SINCE JUN 1      1.04                      3.82  -2.78
  SINCE JAN 1      8.79                      8.29   0.50

SNOWFALL (IN)
  YESTERDAY        0.0
  MONTH TO DATE    0.0
  SINCE JUN 1      0.0
  SINCE JUL 1      0.0

DEGREE DAYS
 HEATING
  YESTERDAY        0                         0      0
  MONTH TO DATE    0                         0      0
  SINCE JUN 1      2                        23    -21
  SINCE JUL 1      0                         0      0

 COOLING
  YESTERDAY       16                        10      6
  MONTH TO DATE  243                       206     37
  SINCE JUN 1    441                       389     52
  SINCE JAN 1    473                       440     33
...............................................................


WIND (MPH)
  HIGHEST WIND SPEED    22   HIGHEST WIND DIRECTION     S (160)
  HIGHEST GUST SPEED    29   HIGHEST GUST DIRECTION    SE (150)
  AVERAGE WIND SPEED    12.5


SKY COVER
  AVERAGE SKY COVER 0.0


WEATHER CONDITIONS
 THE FOLLOWING WEATHER WAS RECORDED YESTERDAY.
  NO SIGNIFICANT WEATHER WAS OBSERVED.


RELATIVE HUMIDITY (PERCENT)
 HIGHEST    58           400 AM
 LOWEST     15           400 PM
 AVERAGE    37

..........................................................


THE CLAYTON  NM CLIMATE NORMALS FOR TODAY
                         NORMAL    RECORD    YEAR
 MAXIMUM TEMPERATURE (F)   89       102      2016
 MINIMUM TEMPERATURE (F)   61        52      1919


SUNRISE AND SUNSET
JULY 22 2017..........SUNRISE   551 AM MDT   SUNSET   806 PM MDT
JULY 23 2017..........SUNRISE   552 AM MDT   SUNSET   806 PM MDT


-  INDICATES NEGATIVE NUMBERS.
R  INDICATES RECORD WAS SET OR TIED.
MM INDICATES DATA IS MISSING.
T  INDICATES TRACE AMOUNT.




$$
