000
CDUS45 KABQ 230854
CLICAO


CLIMATE REPORT
NATIONAL WEATHER SERVICE ALBUQUERQUE NM
253 AM MDT SAT AUG 23 2014


...................................

...THE CLAYTON  NM CLIMATE SUMMARY FOR AUGUST 22 2014...

CLIMATE NORMAL PERIOD 1981 TO 2010
CLIMATE RECORD PERIOD 1896 TO 2014


WEATHER ITEM   OBSERVED TIME   RECORD YEAR NORMAL DEPARTURE
                VALUE   (LST)  VALUE       VALUE  FROM
                                                  NORMAL
...............................................................
TEMPERATURE (F)
 YESTERDAY
  MAXIMUM         94    142 PM  99    1910  86      8
  MINIMUM         64    129 AM  45    1920  60      4
  AVERAGE         79                        73      6

PRECIPITATION (IN)
  YESTERDAY        T             2.14 1984   0.08  -0.08
  MONTH TO DATE    0.61                      2.25  -1.64
  SINCE JUN 1      5.35                      7.04  -1.69
  SINCE JAN 1      7.12                     11.51  -4.39

SNOWFALL (IN)
  YESTERDAY        0.0
  MONTH TO DATE    0.0
  SINCE JUN 1      0.0
  SINCE JUL 1      0.0

DEGREE DAYS
 HEATING
  YESTERDAY        0                         0      0
  MONTH TO DATE    0                         0      0
  SINCE JUN 1     14                        25    -11
  SINCE JUL 1      0                         2     -2

 COOLING
  YESTERDAY       14                         8      6
  MONTH TO DATE  239                       193     46
  SINCE JUN 1    820                       679    141
  SINCE JAN 1    915                       730    185
...............................................................


WIND (MPH)
  HIGHEST WIND SPEED    32   HIGHEST WIND DIRECTION     S (200)
  HIGHEST GUST SPEED    42   HIGHEST GUST DIRECTION    SW (220)
  AVERAGE WIND SPEED    12.6


SKY COVER
  AVERAGE SKY COVER 0.1


WEATHER CONDITIONS
 THE FOLLOWING WEATHER WAS RECORDED YESTERDAY.
  LIGHT RAIN


RELATIVE HUMIDITY (PERCENT)
 HIGHEST    57          1200 AM
 LOWEST     18           100 PM
 AVERAGE    38

..........................................................


THE CLAYTON  NM CLIMATE NORMALS FOR TODAY
                         NORMAL    RECORD    YEAR
 MAXIMUM TEMPERATURE (F)   86        99      1922
 MINIMUM TEMPERATURE (F)   60        42      1910


SUNRISE AND SUNSET
AUGUST 23 2014........SUNRISE   617 AM MDT   SUNSET   733 PM MDT
AUGUST 24 2014........SUNRISE   618 AM MDT   SUNSET   732 PM MDT


-  INDICATES NEGATIVE NUMBERS.
R  INDICATES RECORD WAS SET OR TIED.
MM INDICATES DATA IS MISSING.
T  INDICATES TRACE AMOUNT.




$$
