000
CDUS45 KABQ 240857
CLICAO


CLIMATE REPORT
NATIONAL WEATHER SERVICE ALBUQUERQUE NM
156 AM MST TUE JAN 24 2017


...................................

...THE CLAYTON  NM CLIMATE SUMMARY FOR JANUARY 23 2017...

CLIMATE NORMAL PERIOD 1981 TO 2010
CLIMATE RECORD PERIOD 1896 TO 2017


WEATHER ITEM   OBSERVED TIME   RECORD YEAR NORMAL DEPARTURE
                VALUE   (LST)  VALUE       VALUE  FROM
                                                  NORMAL
...............................................................
TEMPERATURE (F)
 YESTERDAY
  MAXIMUM         64    144 PM  72    2013  49     15
  MINIMUM         23    317 AM  -3    1963  22      1
  AVERAGE         44                        36      8

PRECIPITATION (IN)
  YESTERDAY        0.00          0.47 1921   0.01  -0.01
  MONTH TO DATE    1.06                      0.20   0.86
  SINCE DEC 1      1.27                      0.56   0.71
  SINCE JAN 1      1.06                      0.20   0.86

SNOWFALL (IN)
  YESTERDAY        0.0
  MONTH TO DATE    6.3
  SINCE DEC 1      8.9
  SINCE JUL 1      8.9

DEGREE DAYS
 HEATING
  YESTERDAY       21                        29     -8
  MONTH TO DATE  676                       682     -6
  SINCE DEC 1   1586                      1618    -32
  SINCE JUL 1   2254                      2670   -416

 COOLING
  YESTERDAY        0                         0      0
  MONTH TO DATE    0                         0      0
  SINCE DEC 1      0                         0      0
  SINCE JAN 1      0                         0      0
...............................................................


WIND (MPH)
  HIGHEST WIND SPEED    38   HIGHEST WIND DIRECTION     W (250)
  HIGHEST GUST SPEED    49   HIGHEST GUST DIRECTION     W (260)
  AVERAGE WIND SPEED    16.4


SKY COVER
  AVERAGE SKY COVER 0.0


WEATHER CONDITIONS
 THE FOLLOWING WEATHER WAS RECORDED YESTERDAY.
  NO SIGNIFICANT WEATHER WAS OBSERVED.


RELATIVE HUMIDITY (PERCENT)
 HIGHEST    84           300 AM
 LOWEST     22           400 PM
 AVERAGE    53

..........................................................


THE CLAYTON  NM CLIMATE NORMALS FOR TODAY
                         NORMAL    RECORD    YEAR
 MAXIMUM TEMPERATURE (F)   49        77      1970
 MINIMUM TEMPERATURE (F)   22        -1      1940


SUNRISE AND SUNSET
JANUARY 24 2017.......SUNRISE   659 AM MST   SUNSET   511 PM MST
JANUARY 25 2017.......SUNRISE   659 AM MST   SUNSET   512 PM MST


-  INDICATES NEGATIVE NUMBERS.
R  INDICATES RECORD WAS SET OR TIED.
MM INDICATES DATA IS MISSING.
T  INDICATES TRACE AMOUNT.




$$
