000
CDUS45 KABQ 300831
CLICAO


CLIMATE REPORT
NATIONAL WEATHER SERVICE ALBUQUERQUE NM
228 AM MDT SUN AUG 30 2015


...................................

...THE CLAYTON  NM CLIMATE SUMMARY FOR AUGUST 29 2015...

CLIMATE NORMAL PERIOD 1981 TO 2010
CLIMATE RECORD PERIOD 1896 TO 2015


WEATHER ITEM   OBSERVED TIME   RECORD YEAR NORMAL DEPARTURE
                VALUE   (LST)  VALUE       VALUE  FROM
                                                  NORMAL
...............................................................
TEMPERATURE (F)
 YESTERDAY
  MAXIMUM         86    252 PM  98    1922  85      1
  MINIMUM         59    535 AM  43    1928  59      0
  AVERAGE         73                        72      1

PRECIPITATION (IN)
  YESTERDAY        0.00          0.83 1968   0.07  -0.07
  MONTH TO DATE    3.95                      2.79   1.16
  SINCE JUN 1     12.75                      7.58   5.17
  SINCE JAN 1     24.28                     12.05  12.23

SNOWFALL (IN)
  YESTERDAY        0.0
  MONTH TO DATE    0.0
  SINCE JUN 1      0.0
  SINCE JUL 1      0.0

DEGREE DAYS
 HEATING
  YESTERDAY        0                         0      0
  MONTH TO DATE    5                         0      5
  SINCE JUN 1      7                        25    -18
  SINCE JUL 1      5                         2      3

 COOLING
  YESTERDAY        8                         7      1
  MONTH TO DATE  273                       245     28
  SINCE JUN 1    858                       731    127
  SINCE JAN 1    863                       782     81
...............................................................


WIND (MPH)
  HIGHEST WIND SPEED    16   HIGHEST WIND DIRECTION    NE (30)
  HIGHEST GUST SPEED    20   HIGHEST GUST DIRECTION     E (70)
  AVERAGE WIND SPEED     8.2


SKY COVER
  AVERAGE SKY COVER 0.0


WEATHER CONDITIONS
 THE FOLLOWING WEATHER WAS RECORDED YESTERDAY.
  NO SIGNIFICANT WEATHER WAS OBSERVED.


RELATIVE HUMIDITY (PERCENT)
 HIGHEST    78           300 AM
 LOWEST     26           500 PM
 AVERAGE    52

..........................................................


THE CLAYTON  NM CLIMATE NORMALS FOR TODAY
                         NORMAL    RECORD    YEAR
 MAXIMUM TEMPERATURE (F)   85        99      1922
 MINIMUM TEMPERATURE (F)   58        43      1915


SUNRISE AND SUNSET
AUGUST 30 2015........SUNRISE   622 AM MDT   SUNSET   724 PM MDT
AUGUST 31 2015........SUNRISE   623 AM MDT   SUNSET   722 PM MDT


-  INDICATES NEGATIVE NUMBERS.
R  INDICATES RECORD WAS SET OR TIED.
MM INDICATES DATA IS MISSING.
T  INDICATES TRACE AMOUNT.

$$
