000
CDUS45 KABQ 280830
CLICAO


CLIMATE REPORT
NATIONAL WEATHER SERVICE ALBUQUERQUE NM
129 AM MST SAT FEB 28 2015


...................................

...THE CLAYTON  NM CLIMATE SUMMARY FOR FEBRUARY 27 2015...

CLIMATE NORMAL PERIOD 1981 TO 2010
CLIMATE RECORD PERIOD 1896 TO 2015


WEATHER ITEM   OBSERVED TIME   RECORD YEAR NORMAL DEPARTURE
                VALUE   (LST)  VALUE       VALUE  FROM
                                                  NORMAL
...............................................................
TEMPERATURE (F)
 YESTERDAY
  MAXIMUM         14    341 PM  75    2006  54    -40
                                      1932
                                      1898
  MINIMUM         10    855 AM  -4    1962  26    -16
  AVERAGE         12                        40    -28

PRECIPITATION (IN)
  YESTERDAY        0.16          0.30 1922   0.01   0.15
  MONTH TO DATE    1.34                      0.32   1.02
  SINCE DEC 1      3.40                      0.96   2.44
  SINCE JAN 1      2.90                      0.60   2.30

SNOWFALL (IN)
  YESTERDAY        3.1
  MONTH TO DATE    8.7
  SINCE DEC 1     21.4
  SINCE JUL 1     24.0

DEGREE DAYS
 HEATING
  YESTERDAY       53                        25     28
  MONTH TO DATE  681                       746    -65
  SINCE DEC 1   2444                      2600   -156
  SINCE JUL 1   3396                      3652   -256

 COOLING
  YESTERDAY        0                         0      0
  MONTH TO DATE    0                         0      0
  SINCE DEC 1      0                         0      0
  SINCE JAN 1      0                         0      0
...............................................................


WIND (MPH)
  HIGHEST WIND SPEED    24   HIGHEST WIND DIRECTION     S (180)
  HIGHEST GUST SPEED    27   HIGHEST GUST DIRECTION     S (170)
  AVERAGE WIND SPEED    17.8


SKY COVER
  AVERAGE SKY COVER 1.0


WEATHER CONDITIONS
 THE FOLLOWING WEATHER WAS RECORDED YESTERDAY.
  SNOW
  LIGHT SNOW
  FOG
  HAZE


RELATIVE HUMIDITY (PERCENT)
 HIGHEST    92          1200 AM
 LOWEST     76          1000 AM
 AVERAGE    84

..........................................................


THE CLAYTON  NM CLIMATE NORMALS FOR TODAY
                         NORMAL    RECORD    YEAR
 MAXIMUM TEMPERATURE (F)   54        80      2006
 MINIMUM TEMPERATURE (F)   26        -4      1962


SUNRISE AND SUNSET
FEBRUARY 28 2015......SUNRISE   625 AM MST   SUNSET   546 PM MST
MARCH  1 2015.........SUNRISE   623 AM MST   SUNSET   547 PM MST


-  INDICATES NEGATIVE NUMBERS.
R  INDICATES RECORD WAS SET OR TIED.
MM INDICATES DATA IS MISSING.
T  INDICATES TRACE AMOUNT.




$$
