000
CDUS41 KCAR 290533
CLICAR


CLIMATE REPORT
NATIONAL WEATHER SERVICE CARIBOU, ME
132 AM EDT THU JUN 29 2017


...................................

...THE CARIBOU ME CLIMATE SUMMARY FOR JUNE 28 2017...

CLIMATE NORMAL PERIOD 1981 TO 2010
CLIMATE RECORD PERIOD 1939 TO 2017


WEATHER ITEM   OBSERVED TIME   RECORD YEAR NORMAL DEPARTURE LAST
                VALUE   (LST)  VALUE       VALUE  FROM      YEAR
                                                  NORMAL
..................................................................
TEMPERATURE (F)
 YESTERDAY
  MAXIMUM         67    311 PM  91    1944  74     -7       82
  MINIMUM         51   1159 PM  42    1984  53     -2       62
  AVERAGE         59                        64     -5       72

PRECIPITATION (IN)
  YESTERDAY        0.40          1.69 1941   0.13   0.27     0.32
  MONTH TO DATE    4.38                      3.21   1.17     2.53
  SINCE JUN 1      4.38                      3.21   1.17     2.53
  SINCE JAN 1     20.95                     16.63   4.32    18.46

SNOWFALL (IN)
  YESTERDAY        0.0           0.0  2002   0.0    0.0      0.0
                                      2001
  MONTH TO DATE    0.0                       0.0    0.0      0.0
  SINCE JUN 1      0.0                       0.0    0.0      0.0
  SINCE JUL 1    129.6                     108.7   20.9     94.8
  SNOW DEPTH       0

DEGREE DAYS
 HEATING
  YESTERDAY        6                         3      3        0
  MONTH TO DATE  128                       159    -31      144
  SINCE JUN 1    128                       159    -31      144
  SINCE JUL 1   8576                      9348   -772     8361

 COOLING
  YESTERDAY        0                         2     -2        7
  MONTH TO DATE   43                        32     11       42
  SINCE JUN 1     43                        32     11       42
  SINCE JAN 1     49                        37     12       50
..................................................................


WIND (MPH)
  HIGHEST WIND SPEED    13   HIGHEST WIND DIRECTION    NW (310)
  HIGHEST GUST SPEED    20   HIGHEST GUST DIRECTION     W (270)
  AVERAGE WIND SPEED     4.0


SKY COVER
  POSSIBLE SUNSHINE  MM
  AVERAGE SKY COVER 0.9


WEATHER CONDITIONS
 THE FOLLOWING WEATHER WAS RECORDED YESTERDAY.
  THUNDERSTORM
  HEAVY RAIN
  RAIN
  LIGHT RAIN
  FOG


RELATIVE HUMIDITY (PERCENT)
 HIGHEST    93          1200 AM
 LOWEST     72          1100 AM
 AVERAGE    83

..........................................................


THE CARIBOU ME CLIMATE NORMALS FOR TODAY
                         NORMAL    RECORD    YEAR
 MAXIMUM TEMPERATURE (F)   75        96      1944
 MINIMUM TEMPERATURE (F)   53        42      1983
                                             1980


SUNRISE AND SUNSET
JUNE 29 2017..........SUNRISE   441 AM EDT   SUNSET   830 PM EDT
JUNE 30 2017..........SUNRISE   441 AM EDT   SUNSET   830 PM EDT


-  INDICATES NEGATIVE NUMBERS.
R  INDICATES RECORD WAS SET OR TIED.
MM INDICATES DATA IS MISSING.
T  INDICATES TRACE AMOUNT.

--------------------------------------------------------------------
THE CARIBOU ME 4 INCH UNDER SOD SOIL TEMPERATURE FOR JUNE 28 2017

MAXIMUM 69F
MINIMUM 64F

$$
