000
CDUS41 KCAR 260530
CLICAR


CLIMATE REPORT
NATIONAL WEATHER SERVICE CARIBOU, ME
128 AM EDT TUE JUL 26 2016


...................................

...THE CARIBOU ME CLIMATE SUMMARY FOR JULY 25 2016...

CLIMATE NORMAL PERIOD 1981 TO 2010
CLIMATE RECORD PERIOD 1939 TO 2016


WEATHER ITEM   OBSERVED TIME   RECORD YEAR NORMAL DEPARTURE LAST
                VALUE   (LST)  VALUE       VALUE  FROM      YEAR
                                                  NORMAL
..................................................................
TEMPERATURE (F)
 YESTERDAY
  MAXIMUM         82    148 PM  95    1989  76      6       65
  MINIMUM         56    426 AM  43    1962  56      0       52
  AVERAGE         69                        66      3       59

PRECIPITATION (IN)
  YESTERDAY        0.74          1.59 1945   0.13   0.61      T
  MONTH TO DATE    5.15                      3.34   1.81     3.00
  SINCE JUN 1      8.80                      6.82   1.98     7.25
  SINCE JAN 1     24.73                     20.24   4.49    18.10

SNOWFALL (IN)
  YESTERDAY        0.0           0.0  2002   0.0    0.0      0.0
                                      2001
  MONTH TO DATE    0.0                       0.0    0.0      0.0
  SINCE JUN 1      0.0                       0.0    0.0      0.0
  SINCE JUL 1      0.0                       0.0    0.0      0.0
  SNOW DEPTH       0

DEGREE DAYS
 HEATING
  YESTERDAY        0                         2     -2        6
  MONTH TO DATE   48                        52     -4       59
  SINCE JUN 1    192                       217    -25      271
  SINCE JUL 1     48                        52     -4       59

 COOLING
  YESTERDAY        4                         3      1        0
  MONTH TO DATE   81                        61     20       33
  SINCE JUN 1    126                        95     31       39
  SINCE JAN 1    134                       100     34       60
..................................................................


WIND (MPH)
  HIGHEST WIND SPEED    12   HIGHEST WIND DIRECTION     S (170)
  HIGHEST GUST SPEED    14   HIGHEST GUST DIRECTION     S (170)
  AVERAGE WIND SPEED     3.4


SKY COVER
  POSSIBLE SUNSHINE  MM
  AVERAGE SKY COVER 0.3


WEATHER CONDITIONS
 THE FOLLOWING WEATHER WAS RECORDED YESTERDAY.
  HEAVY RAIN
  RAIN
  LIGHT RAIN
  FOG


RELATIVE HUMIDITY (PERCENT)
 HIGHEST    93           100 AM
 LOWEST     51           200 PM
 AVERAGE    72

..........................................................


THE CARIBOU ME CLIMATE NORMALS FOR TODAY
                         NORMAL    RECORD    YEAR
 MAXIMUM TEMPERATURE (F)   76        93      1963
 MINIMUM TEMPERATURE (F)   56        42      1993


SUNRISE AND SUNSET
JULY 26 2016..........SUNRISE   505 AM EDT   SUNSET   811 PM EDT
JULY 27 2016..........SUNRISE   506 AM EDT   SUNSET   810 PM EDT


-  INDICATES NEGATIVE NUMBERS.
R  INDICATES RECORD WAS SET OR TIED.
MM INDICATES DATA IS MISSING.
T  INDICATES TRACE AMOUNT.

--------------------------------------------------------------------------
THE CARIBOU ME 4-INCH UNDER SOD SOIL TEMP FOR JULY 25 2016:

MAXIMUM SOIL TEMPERATURE: 78F
MINIMUM SOIL TEMPERATURE: 70F


$$
