000
CDAK48 PACD 301208
CLICDB

CLIMATE REPORT
NATIONAL WEATHER SERVICE COLD BAY, AK
408 AM AKDT MON MAY 30 2016

...................................
...THE COLD BAY AP CLIMATE SUMMARY FOR MAY 29 2016...

CLIMATE NORMAL PERIOD  1981 TO  2010
CLIMATE RECORD PERIOD  1942 TO  2016

WEATHER ITEM   OBSERVED TIME    RECORD YEAR NORMAL DEPARTURE LAST
               VALUE    (LST)   VALUE       VALUE  FROM      YEAR
                                                   NORMAL
...................................................................
TEMPERATURE
YESTERDAY
 MAXIMUM            54  0318 PM    67  2006     48       6     50
 MINIMUM            44  0838 AM    30  1972     38       6     45
 AVERAGE            49                          43       6     48

PRECIPITATION
(INCHES)
 YESTERDAY           T           1.90  2000   0.09   -0.09   0.62
 MONTH TO DATE    1.60                        2.41   -0.81   4.84
 SINCE MAR 1      5.83                        7.53   -1.70   9.95
 SINCE JAN 1     12.32                       13.67   -1.35  12.46

SNOWFALL
(INCHES)
 YESTERDAY         0.0              T  1991    0.0     0.0    0.0
 MONTH TO DATE     0.0                         1.3    -1.3      T
 SINCE MAR 1       8.2                        20.9   -12.7   13.6
 SINCE JUL 1      50.1                        73.1   -23.0   22.3
 SNOW DEPTH (IN)     0                                          0

DEGREE DAYS
 HEATING
  YESTERDAY         16                          22      -6     17
  MONTH TO DATE    593                         721    -128    618
  SINCE MAR 1     2327                        2730    -403   2466
  SINCE JUL 1     8052                        8954    -902   7839

 COOLING
  YESTERDAY          0                           0       0      0
  MONTH TO DATE      0                           0       0      0
  SINCE MAR 1        0                           0       0      0
  SINCE JAN 1        0                           0       0      0
...................................................................

WIND (MPH)
 HIGHEST WIND SPEED    21     HIGHEST WIND DIRECTION    160
 HIGHEST GUST SPEED    26     HIGHEST GUST DIRECTION    170
 AVERAGE WIND SPEED  12.7

WEATHER CONDITIONS
 THE FOLLOWING WEATHER WAS RECORDED YESTERDAY.
  FOG
  RAIN
...................................................................

THE COLD BAY CLIMATE NORMALS FOR TODAY
                           NORMAL    RECORD   YEAR
 MAXIMUM TEMPERATURE (F)     48        61     1993
 MINIMUM TEMPERATURE (F)     38        32     1995

SUNRISE AND SUNSET
 MAY 30 2016..........SUNRISE  6:20 AM      SUNSET 11:19 PM
 MAY 31 2016..........SUNRISE  6:19 AM      SUNSET 11:21 PM

-  INDICATES NEGATIVE NUMBERS.
R  INDICATES RECORD HAS BEEN SET OR TIED.
MM INDICATES DATA IS MISSING.
T  INDICATES TRACE OF PRECIPITATION.

&&
-------------------------------------------------------------------

AMOUNT OF DAYLIGHT TODAY  (HOUR:MIN)........16 HOURS 59 MINUTES
GAIN SINCE YESTERDAY  (HOUR:MIN:SEC)........+0:02:26

$$
DAB MAY 16
