000
CDAK48 PACD 241257
CLICDB


CLIMATE REPORT
NATIONAL WEATHER SERVICE ANCHORAGE, AK
456 AM AKDT SAT JUN 24 2017


...................................

...THE COLD BAY CLIMATE SUMMARY FOR JUNE 23 2017...

CLIMATE NORMAL PERIOD 1981 TO 2010
CLIMATE RECORD PERIOD 1942 TO 2017


WEATHER ITEM   OBSERVED TIME   RECORD YEAR NORMAL DEPARTURE LAST
                VALUE   (LST)  VALUE       VALUE  FROM      YEAR
                                                  NORMAL
..................................................................
TEMPERATURE (F)
 YESTERDAY
  MAXIMUM         54        MM  66    1953  53      1       MM
  MINIMUM         46        MM  33    1956  43      3       MM
  AVERAGE         50                        48      2       MM

PRECIPITATION (IN)
  YESTERDAY        0.00          2.92 1996   0.08  -0.08     0.28
  MONTH TO DATE    1.39                      2.14  -0.75     1.55
  SINCE JUN 1      1.39                      2.14  -0.75     1.55
  SINCE JAN 1     11.36                     16.00  -4.64    13.96

SNOWFALL (IN)
  YESTERDAY        0.0          MM      MM   0.0    0.0     MM
  MONTH TO DATE    0.0                       0.0    0.0      0.0
  SINCE JUN 1      0.0                       0.0    0.0      0.0
  SINCE JUL 1     39.5                      73.1  -33.6     38.3
  SNOW DEPTH       0

DEGREE DAYS
 HEATING
  YESTERDAY       15                        17     -2       MM
  MONTH TO DATE  396                       446    -50      356
  SINCE JUN 1    396                       446    -50      356
  SINCE JUL 1   8718                      9442   -724     7768

 COOLING
  YESTERDAY        0                         0      0       MM
  MONTH TO DATE    0                         0      0        0
  SINCE JUN 1      0                         0      0        0
  SINCE JAN 1      0                         0      0        0
..................................................................


WIND (MPH)
  RESULTANT WIND SPEED   1   RESULTANT WIND DIRECTION  NE (30)
  HIGHEST WIND SPEED     8   HIGHEST WIND DIRECTION     W (290)
  HIGHEST GUST SPEED    MM   HIGHEST GUST DIRECTION    MM
  AVERAGE WIND SPEED     4.0



WEATHER CONDITIONS
 THE FOLLOWING WEATHER WAS RECORDED YESTERDAY.
  NO SIGNIFICANT WEATHER WAS OBSERVED.


RELATIVE HUMIDITY (PERCENT)
 HIGHEST    93
 LOWEST     71
 AVERAGE    82

..........................................................


THE COLD BAY CLIMATE NORMALS FOR TODAY
                         NORMAL    RECORD    YEAR
 MAXIMUM TEMPERATURE (F)   53        69      1953
 MINIMUM TEMPERATURE (F)   43        37      1959
                                             1956


SUNRISE AND SUNSET
JUNE 24 2017..........SUNRISE   611 AM AKDT  SUNSET  1136 PM AKDT
JUNE 25 2017..........SUNRISE   611 AM AKDT  SUNSET  1136 PM AKDT


-  INDICATES NEGATIVE NUMBERS.
R  INDICATES RECORD WAS SET OR TIED.
MM INDICATES DATA IS MISSING.
T  INDICATES TRACE AMOUNT.




$$
