295
CDAK48 PACD 141224
CLICDB

CLIMATE REPORT
NATIONAL WEATHER SERVICE COLD BAY, AK
324 AM AKST SUN FEB 14 2016

...................................
...THE COLD BAY AP CLIMATE SUMMARY FOR FEBRUARY 13 2016...

CLIMATE NORMAL PERIOD  1981 TO  2010
CLIMATE RECORD PERIOD  1955 TO  2016

WEATHER ITEM   OBSERVED TIME    RECORD YEAR NORMAL DEPARTURE LAST
               VALUE    (LST)   VALUE       VALUE  FROM      YEAR
                                                   NORMAL
...................................................................
TEMPERATURE
YESTERDAY
 MAXIMUM            39  1247 PM    41  2015     34       5     41
 MINIMUM            34  0702 AM     3  1972     24      10     36
 AVERAGE            37                          29       8     39

PRECIPITATION
(INCHES)
 YESTERDAY        0.02           1.62  2006   0.11   -0.09   0.10
 MONTH TO DATE    0.47                        1.37   -0.90   0.40
 SINCE DEC 1     12.23                        8.99    3.24   4.73
 SINCE JAN 1      4.96                        4.53    0.43   1.81

SNOWFALL
(INCHES)
 YESTERDAY         0.0            2.1  1965    0.5    -0.5    0.0
 MONTH TO DATE     0.3                         6.0    -5.7    0.9
 SINCE DEC 1      33.7                        32.7     1.0    4.7
 SINCE JUL 1      39.0                        45.3    -6.3    8.6
 SNOW DEPTH (IN)     0                                          0

DEGREE DAYS
 HEATING
  YESTERDAY         28                          36      -8     26
  MONTH TO DATE    387                         473     -86    433
  SINCE DEC 1     2373                        2663    -290   2444
  SINCE JUL 1     5229                        5689    -460   4956

 COOLING
  YESTERDAY          0                           0       0      0
  MONTH TO DATE      0                           0       0      0
  SINCE DEC 1        0                           0       0      0
  SINCE JAN 1        0                           0       0      0
...................................................................

WIND (MPH)
 HIGHEST WIND SPEED    16     HIGHEST WIND DIRECTION    130
 HIGHEST GUST SPEED    20     HIGHEST GUST DIRECTION    150
 AVERAGE WIND SPEED   3.0

WEATHER CONDITIONS
 THE FOLLOWING WEATHER WAS RECORDED YESTERDAY.
  RAIN

...................................................................

THE COLD BAY CLIMATE NORMALS FOR TODAY
                           NORMAL    RECORD   YEAR
 MAXIMUM TEMPERATURE (F)     34        46     1956
 MINIMUM TEMPERATURE (F)     24         2     1960

SUNRISE AND SUNSET
 FEB 14 2016..........SUNRISE  9:17 AM      SUNSET  6:55 PM
 FEB 15 2016..........SUNRISE  9:15 AM      SUNSET  6:57 PM

-  INDICATES NEGATIVE NUMBERS.
R  INDICATES RECORD HAS BEEN SET OR TIED.
MM INDICATES DATA IS MISSING.
T  INDICATES TRACE OF PRECIPITATION.

&&
-------------------------------------------------------------------

AMOUNT OF DAYLIGHT TODAY  (HOUR:MIN)........9 HOURS 38 MINUTES
GAIN SINCE YESTERDAY (HOUR:MIN:SEC).........+0:04:18

$$
DK FEB 16
