000
CDAK48 PACD 281118
CLICDB

CLIMATE REPORT
NATIONAL WEATHER SERVICE COLD BAY, AK
318 AM AKDT THU AUG 28 2014

...................................
...THE COLD BAY AP CLIMATE SUMMARY FOR AUGUST 27 2014...

CLIMATE NORMAL PERIOD  1981 TO  2010
CLIMATE RECORD PERIOD  1942 TO  2014

WEATHER ITEM   OBSERVED TIME    RECORD YEAR NORMAL DEPARTURE LAST
               VALUE    (LST)   VALUE       VALUE  FROM      YEAR
                                                   NORMAL
...................................................................
TEMPERATURE
YESTERDAY
 MAXIMUM            56  0621 PM    74  1953     56       0     58
 MINIMUM            52  0913 AM    39  1994     47       5     49
 AVERAGE            54                          52       2     54

PRECIPITATION
(INCHES)
 YESTERDAY        0.24           1.02  1944   0.14    0.10   0.10
 MONTH TO DATE    2.82                        3.14   -0.32   4.99
 SINCE JUN 1      6.00                        8.34   -2.34  11.51
 SINCE JAN 1     17.98                       22.20   -4.22  25.42

SNOWFALL
(INCHES)
 YESTERDAY         0.0            0.0  2014    0.0     0.0    0.0
 MONTH TO DATE     0.0                         0.0     0.0    0.0
 SINCE JUN 1       0.0                         0.0     0.0    0.0
 SINCE JUL 1       0.0                         0.0     0.0    0.0
 SNOW DEPTH (IN)     0                                         MM

DEGREE DAYS
 HEATING
  YESTERDAY         11                          13      -2     11
  MONTH TO DATE    215                         351    -136    290
  SINCE JUN 1      939                        1351    -412   1135
  SINCE JUL 1      494                         789    -295    626

 COOLING
  YESTERDAY          0                           0       0      0
  MONTH TO DATE      0                           0       0      0
  SINCE JUN 1        0                           0       0      0
  SINCE JAN 1        0                           0       0      0
...................................................................

WIND (MPH)
 HIGHEST WIND SPEED    31     HIGHEST WIND DIRECTION    260
 HIGHEST GUST SPEED    37     HIGHEST GUST DIRECTION    270
 AVERAGE WIND SPEED  17.3


WEATHER CONDITIONS
 THE FOLLOWING WEATHER WAS RECORDED YESTERDAY.
  FOG
  RAIN


...................................................................

THE COLD BAY CLIMATE NORMALS FOR TODAY
                           NORMAL    RECORD   YEAR
 MAXIMUM TEMPERATURE (F)     56        63     1962
 MINIMUM TEMPERATURE (F)     47        32     1999

SUNRISE AND SUNSET
 AUG 28 2014..........SUNRISE  7:50 AM      SUNSET  9:54 PM
 AUG 29 2014..........SUNRISE  7:52 AM      SUNSET  9:51 PM

-  INDICATES NEGATIVE NUMBERS.
R  INDICATES RECORD HAS BEEN SET OR TIED.
MM INDICATES DATA IS MISSING.
T  INDICATES TRACE OF PRECIPITATION.

&&
-------------------------------------------------------------------

AMOUNT OF DAYLIGHT TODAY  (HOUR:MIN)........14 HOURS 4 MINUTES
LOSS SINCE YESTERDAY (HOUR:MIN:SEC).........-0:04:21

$$
JEG AUG 14
