000
CDAK48 PACD 282310
CLICDB

CLIMATE REPORT
NATIONAL WEATHER SERVICE COLD BAY, AK
210 PM AKST FRI NOV 28 2014

...................................
...THE COLD BAY AP CLIMATE SUMMARY FOR NOVEMBER 28 2014...
VALID TODAY AS OF 2:00 PM LOCAL TIME

CLIMATE NORMAL PERIOD  1981 TO  2010
CLIMATE RECORD PERIOD  1942 TO  2014

WEATHER ITEM   OBSERVED TIME    RECORD YEAR NORMAL DEPARTURE LAST
               VALUE    (LST)   VALUE       VALUE  FROM      YEAR
                                                   NORMAL
...................................................................
TEMPERATURE
TODAY
 MAXIMUM            38  0138 PM    50  2004     37       1     33
 MINIMUM            27  0638 AM     1  1963     29      -2     29
 AVERAGE            33                          33       0     31

PRECIPITATION
(INCHES)
 TODAY               T           0.82  2007   0.17   -0.17   0.00
 MONTH TO DATE    4.56                        4.65   -0.09   4.49
 SINCE SEP 1     12.11                       14.14   -2.03  15.19
 SINCE JAN 1     30.52                       36.88   -6.36  42.11

SNOWFALL
(INCHES)
 TODAY             0.0            3.2  1998    0.5    -0.5    0.0
 MONTH TO DATE     1.5                         9.4    -7.9    3.6
 SINCE SEP 1       3.9                        11.8    -7.9    3.6
 SINCE JUL 1       3.9                        11.8    -7.9    3.6
 SNOW DEPTH (IN)     0                                          T

DEGREE DAYS
 HEATING
  TODAY             32                          32       0     34
  MONTH TO DATE    735                         849    -114    736
  SINCE SEP 1     1919                        2118    -199   1775
  SINCE JUL 1     2461                        2962    -501   2446

 COOLING
  TODAY              0                           0       0      0
  MONTH TO DATE      0                           0       0      0
  SINCE SEP 1        0                           0       0      0
  SINCE JAN 1        0                           0       0      0
...................................................................

WIND (MPH)
 HIGHEST WIND SPEED    14     HIGHEST WIND DIRECTION    150
 HIGHEST GUST SPEED    17     HIGHEST GUST DIRECTION    160
 AVERAGE WIND SPEED    MM


WEATHER CONDITIONS
 THE FOLLOWING WEATHER WAS RECORDED TODAY.
  RAIN


...................................................................

THE COLD BAY CLIMATE NORMALS FOR TOMORROW
                        NORMAL    RECORD   YEAR
 MAXIMUM TEMPERATURE      37        50     2007
 MINIMUM TEMPERATURE      29         1     1963

SUNRISE AND SUNSET
 NOV 28 2014..........SUNRISE  9:49 AM      SUNSET  5:29 PM
 NOV 29 2014..........SUNRISE  9:51 AM      SUNSET  5:28 PM

-  INDICATES NEGATIVE NUMBERS.
R  INDICATES RECORD HAS BEEN SET OR TIED.
MM INDICATES DATA IS MISSING.
T  INDICATES TRACE OF PRECIPITATION.

&&
-------------------------------------------------------------------

AMOUNT OF DAYLIGHT TODAY  (HOUR:MIN)........7 HOURS 40 MINUTES
LOSS SINCE YESTERDAY (HOUR:MIN:SEC).........-0:02:43

$$
JEG NOV 14
