000
CDAK48 PACD 271304
CLICDB


CLIMATE REPORT
NATIONAL WEATHER SERVICE ANCHORAGE, AK
503 AM AKDT THU APR 27 2017


...................................

...THE COLD BAY CLIMATE SUMMARY FOR APRIL 26 2017...

CLIMATE NORMAL PERIOD 1981 TO 2010
CLIMATE RECORD PERIOD 1942 TO 2017


WEATHER ITEM   OBSERVED TIME   RECORD YEAR NORMAL DEPARTURE LAST
                VALUE   (LST)  VALUE       VALUE  FROM      YEAR
                                                  NORMAL
..................................................................
TEMPERATURE (F)
 YESTERDAY
  MAXIMUM         49    329 PM  60    1948  41      8       47
  MINIMUM         37    714 AM  13    2006  31      6       37
  AVERAGE         43                        36      7       42

PRECIPITATION (IN)
  YESTERDAY        T             1.26 1967   0.07  -0.07     0.27
  MONTH TO DATE    0.94                      2.11  -1.17     2.83
  SINCE MAR 1      0.98                      4.81  -3.83     4.02
  SINCE JAN 1      7.96                     10.95  -2.99    10.50

SNOWFALL (IN)
  YESTERDAY        0.0           2.0  2004   0.1   -0.1     MM
  MONTH TO DATE    2.6                       6.1   -3.5     MM
  SINCE MAR 1      2.9                      19.1  -16.2      0.0
  SINCE JUL 1     39.5                      71.3  -31.8     38.3
  SNOW DEPTH       0

DEGREE DAYS
 HEATING
  YESTERDAY       22                        29     -7       23
  MONTH TO DATE  761                       817    -56      595
  SINCE MAR 1   1957                      1899     58     1512
  SINCE JUL 1   7517                      8117   -600     6728

 COOLING
  YESTERDAY        0                         0      0        0
  MONTH TO DATE    0                         0      0        0
  SINCE MAR 1      0                         0      0        0
  SINCE JAN 1      0                         0      0        0
..................................................................


WIND (MPH)
  RESULTANT WIND SPEED  16   RESULTANT WIND DIRECTION  SE (150)
  HIGHEST WIND SPEED    26   HIGHEST WIND DIRECTION     S (160)
  HIGHEST GUST SPEED    31   HIGHEST GUST DIRECTION     S (160)
  AVERAGE WIND SPEED    16.1



WEATHER CONDITIONS
 THE FOLLOWING WEATHER WAS RECORDED YESTERDAY.
  LIGHT RAIN
  HAZE


RELATIVE HUMIDITY (PERCENT)
 HIGHEST   100
 LOWEST     60
 AVERAGE    80

..........................................................


THE COLD BAY CLIMATE NORMALS FOR TODAY
                         NORMAL    RECORD    YEAR
 MAXIMUM TEMPERATURE (F)   42        49      2012
                                             2003
 MINIMUM TEMPERATURE (F)   31        19      1976


SUNRISE AND SUNSET
APRIL 27 2017.........SUNRISE   718 AM AKDT  SUNSET  1020 PM AKDT
APRIL 28 2017.........SUNRISE   715 AM AKDT  SUNSET  1022 PM AKDT


-  INDICATES NEGATIVE NUMBERS.
R  INDICATES RECORD WAS SET OR TIED.
MM INDICATES DATA IS MISSING.
T  INDICATES TRACE AMOUNT.




$$
