000
CDUS45 KSLC 261243
CLICDC


CLIMATE REPORT
NATIONAL WEATHER SERVICE SALT LAKE CITY UT
542 AM MST WED NOV 26 2014


...................................

...THE CEDAR CITY UT CLIMATE SUMMARY FOR NOVEMBER 25 2014...

CLIMATE NORMAL PERIOD 1981 TO 2010
CLIMATE RECORD PERIOD 1928 TO 2014


WEATHER ITEM   OBSERVED TIME   RECORD YEAR NORMAL DEPARTURE LAST
                VALUE   (LST)  VALUE       VALUE  FROM      YEAR
                                                  NORMAL
..................................................................
TEMPERATURE (F)
 YESTERDAY
  MAXIMUM         54    402 PM  69    1977  47      7       42
  MINIMUM         13    414 AM -12    2010  20     -7       25
  AVERAGE         34                        34      0       34

PRECIPITATION (IN)
  YESTERDAY        0.00          0.65 1983   0.03  -0.03     0.00
  MONTH TO DATE    1.13                      0.80   0.33     0.56
  SINCE OCT 1      1.35                      2.14  -0.79     1.03
  SINCE JAN 1      9.03                     10.34  -1.31    14.07

DEGREE DAYS
 HEATING
  YESTERDAY       31                        32     -1       31
  MONTH TO DATE  669                       661      8      629
  SINCE SEP 1   1085                      1271   -186     1380
  SINCE JUL 1   1091                      1280   -189     1383

 COOLING
  YESTERDAY        0                         0      0        0
  MONTH TO DATE    0                         0      0        0
  SINCE SEP 1     61                        39     22       35
  SINCE JAN 1    607                       588     19      667
..................................................................


WIND (MPH)
  RESULTANT WIND SPEED   1   RESULTANT WIND DIRECTION  SE (130)
  HIGHEST WIND SPEED     9   HIGHEST WIND DIRECTION    SW (230)
  HIGHEST GUST SPEED    12   HIGHEST GUST DIRECTION    SW (230)
  AVERAGE WIND SPEED     2.9



WEATHER CONDITIONS
 THE FOLLOWING WEATHER WAS RECORDED YESTERDAY.
  NO SIGNIFICANT WEATHER WAS OBSERVED.


RELATIVE HUMIDITY (PERCENT)
 HIGHEST    80           200 AM
 LOWEST     20           100 PM
 AVERAGE    50

..........................................................


THE CEDAR CITY UT CLIMATE NORMALS FOR TODAY
                         NORMAL    RECORD    YEAR
 MAXIMUM TEMPERATURE (F)   47        71      1949
 MINIMUM TEMPERATURE (F)   20        -1      2010
                                             1951


SUNRISE AND SUNSET
NOVEMBER 26 2014......SUNRISE   724 AM MST   SUNSET   515 PM MST
NOVEMBER 27 2014......SUNRISE   725 AM MST   SUNSET   515 PM MST


-  INDICATES NEGATIVE NUMBERS.
R  INDICATES RECORD WAS SET OR TIED.
MM INDICATES DATA IS MISSING.
T  INDICATES TRACE AMOUNT.




$$
