000
CDUS45 KSLC 221228
CLICDC


CLIMATE REPORT
NATIONAL WEATHER SERVICE SALT LAKE CITY UT
627 AM MDT FRI SEP 22 2017


...................................

...THE CEDAR CITY UT CLIMATE SUMMARY FOR SEPTEMBER 21 2017...

CLIMATE NORMAL PERIOD 1981 TO 2010
CLIMATE RECORD PERIOD 1928 TO 2017


WEATHER ITEM   OBSERVED TIME   RECORD YEAR NORMAL DEPARTURE LAST
                VALUE   (LST)  VALUE       VALUE  FROM      YEAR
                                                  NORMAL
..................................................................
TEMPERATURE (F)
 YESTERDAY
  MAXIMUM         75    102 PM  88    1966  77     -2       69
  MINIMUM         37   1158 PM  28    2006  43     -6       56
                                      1965
  AVERAGE         56                        60     -4       63

PRECIPITATION (IN)
  YESTERDAY        0.40R         0.20 2014   0.02   0.38     0.14
  MONTH TO DATE    1.20                      0.44   0.76     0.36
  SINCE OCT 1     11.64                     11.09   0.55    11.16
  SINCE JAN 1      8.81                      7.98   0.83     7.60

DEGREE DAYS
 HEATING
  YESTERDAY        9                         6      3        2
  MONTH TO DATE   49                        65    -16       38
  SINCE SEP 1     49                        65    -16       38
  SINCE JUL 1     49                        74    -25       42

 COOLING
  YESTERDAY        0                         0      0        0
  MONTH TO DATE   73                        36     37       31
  SINCE SEP 1     73                        36     37       31
  SINCE JAN 1    865                       585    280      824
..................................................................


WIND (MPH)
  RESULTANT WIND SPEED  25   RESULTANT WIND DIRECTION   S (200)
  HIGHEST WIND SPEED    43   HIGHEST WIND DIRECTION     S (180)
  HIGHEST GUST SPEED    55   HIGHEST GUST DIRECTION     S (200)
  AVERAGE WIND SPEED    25.0



WEATHER CONDITIONS
 THE FOLLOWING WEATHER WAS RECORDED YESTERDAY.
  THUNDERSTORM
  HEAVY RAIN
  RAIN
  LIGHT RAIN
  FOG


RELATIVE HUMIDITY (PERCENT)
 HIGHEST   100          1100 PM
 LOWEST     22           300 PM
 AVERAGE    61

..........................................................


THE CEDAR CITY UT CLIMATE NORMALS FOR TODAY
                         NORMAL    RECORD    YEAR
 MAXIMUM TEMPERATURE (F)   76        90      1979
 MINIMUM TEMPERATURE (F)   42        25      2004


SUNRISE AND SUNSET
SEPTEMBER 22 2017.....SUNRISE   720 AM MDT   SUNSET   729 PM MDT
SEPTEMBER 23 2017.....SUNRISE   721 AM MDT   SUNSET   727 PM MDT


-  INDICATES NEGATIVE NUMBERS.
R  INDICATES RECORD WAS SET OR TIED.
MM INDICATES DATA IS MISSING.
T  INDICATES TRACE AMOUNT.




$$
