000
CDUS45 KSLC 260043
CLICDC


CLIMATE REPORT
NATIONAL WEATHER SERVICE SALT LAKE CITY UT
643 PM MDT SAT MAR 25 2017


...................................

...THE CEDAR CITY UT CLIMATE SUMMARY FOR MARCH 25 2017...
VALID TODAY AS OF 0500 PM LOCAL TIME.

CLIMATE NORMAL PERIOD 1981 TO 2010
CLIMATE RECORD PERIOD 1928 TO 2017


WEATHER ITEM   OBSERVED TIME   RECORD YEAR NORMAL DEPARTURE LAST
                VALUE   (LST)  VALUE       VALUE  FROM      YEAR
                                                  NORMAL
..................................................................
TEMPERATURE (F)
 TODAY
  MAXIMUM         50   1119 AM  72    1960  57     -7       60
  MINIMUM         39    415 AM   7    1965  27     12       34
  AVERAGE         45                        42      3       47

PRECIPITATION (IN)
  TODAY            0.01          0.69 1950   0.05  -0.04     0.00
  MONTH TO DATE    0.75                      1.10  -0.35     0.55
  SINCE OCT 1      5.30                      6.07  -0.77     5.58
  SINCE JAN 1      2.47                      2.96  -0.49     2.02

DEGREE DAYS
 HEATING
  TODAY           20                        23     -3       18
  MONTH TO DATE  445                       637   -192      498
  SINCE MAR 1    445                       637   -192      498
  SINCE JUL 1   4466                      5199   -733     4912

 COOLING
  TODAY            0                         0      0        0
  MONTH TO DATE    0                         0      0        0
  SINCE MAR 1      0                         0      0        0
  SINCE JAN 1      0                         0      0        0
..................................................................


WIND (MPH)
  RESULTANT WIND SPEED   7   RESULTANT WIND DIRECTION  SW (220)
  HIGHEST WIND SPEED    26   HIGHEST WIND DIRECTION    SW (220)
  HIGHEST GUST SPEED    33   HIGHEST GUST DIRECTION    SW (220)
  AVERAGE WIND SPEED     9.1



WEATHER CONDITIONS
 THE FOLLOWING WEATHER WAS RECORDED TODAY.
  RAIN
  LIGHT RAIN
  FOG


RELATIVE HUMIDITY (PERCENT)
 HIGHEST    86           400 PM
 LOWEST     49          1200 AM
 AVERAGE    68

..........................................................


THE CEDAR CITY UT CLIMATE NORMALS FOR TOMORROW
                         NORMAL    RECORD    YEAR
 MAXIMUM TEMPERATURE (F)   57        72      1988
 MINIMUM TEMPERATURE (F)   27        15      2005


SUNRISE AND SUNSET
MARCH 25 2017.........SUNRISE   728 AM MDT   SUNSET   749 PM MDT
MARCH 26 2017.........SUNRISE   726 AM MDT   SUNSET   750 PM MDT


-  INDICATES NEGATIVE NUMBERS.
R  INDICATES RECORD WAS SET OR TIED.
MM INDICATES DATA IS MISSING.
T  INDICATES TRACE AMOUNT.




$$
