000
CDUS45 KSLC 110045
CLICDC


CLIMATE REPORT
NATIONAL WEATHER SERVICE SALT LAKE CITY UT
545 PM MST WED FEB 10 2016


...................................

...THE CEDAR CITY UT CLIMATE SUMMARY FOR FEBRUARY 10 2016...
VALID TODAY AS OF 0500 PM LOCAL TIME.

CLIMATE NORMAL PERIOD 1981 TO 2010
CLIMATE RECORD PERIOD 1928 TO 2016


WEATHER ITEM   OBSERVED TIME   RECORD YEAR NORMAL DEPARTURE LAST
                VALUE   (LST)  VALUE       VALUE  FROM      YEAR
                                                  NORMAL
..................................................................
TEMPERATURE (F)
 TODAY
  MAXIMUM         48    335 PM  67    1951  45      3       54
  MINIMUM          9    631 AM  -7    1986  20    -11       28
  AVERAGE         29                        32     -3       41

PRECIPITATION (IN)
  TODAY            0.00          0.50 1999   0.03  -0.03     0.00
                                      1978
  MONTH TO DATE    0.33                      0.32   0.01     0.00
  SINCE OCT 1      4.99                      4.29   0.70     2.66
  SINCE JAN 1      1.43                      1.18   0.25     0.53

DEGREE DAYS
 HEATING
  TODAY           36                        33      3       24
  MONTH TO DATE  459                       336    123      188
  SINCE DEC 1   2711                      2569    142     2136
  SINCE JUL 1   3943                      4011    -68     3327

 COOLING
  TODAY            0                         0      0        0
  MONTH TO DATE    0                         0      0        0
  SINCE DEC 1      0                         0      0        0
  SINCE JAN 1      0                         0      0        0
..................................................................


WIND (MPH)
  RESULTANT WIND SPEED   2   RESULTANT WIND DIRECTION  NE (50)
  HIGHEST WIND SPEED    10   HIGHEST WIND DIRECTION    NW (320)
  HIGHEST GUST SPEED    12   HIGHEST GUST DIRECTION    NW (320)
  AVERAGE WIND SPEED     3.5



WEATHER CONDITIONS
 THE FOLLOWING WEATHER WAS RECORDED TODAY.
  FOG
  FOG W/VISIBILITY <= 1/4 MILE


RELATIVE HUMIDITY (PERCENT)
 HIGHEST    92           200 AM
 LOWEST     55           200 PM
 AVERAGE    74

..........................................................


THE CEDAR CITY UT CLIMATE NORMALS FOR TOMORROW
                         NORMAL    RECORD    YEAR
 MAXIMUM TEMPERATURE (F)   45        60      1970
 MINIMUM TEMPERATURE (F)   20        -5      1999


SUNRISE AND SUNSET
FEBRUARY 10 2016......SUNRISE   728 AM MST   SUNSET   606 PM MST
FEBRUARY 11 2016......SUNRISE   727 AM MST   SUNSET   607 PM MST


-  INDICATES NEGATIVE NUMBERS.
R  INDICATES RECORD WAS SET OR TIED.
MM INDICATES DATA IS MISSING.
T  INDICATES TRACE AMOUNT.




$$
