000
CDUS45 KSLC 250033
CLICDC


CLIMATE REPORT
NATIONAL WEATHER SERVICE SALT LAKE CITY UT
633 PM MDT FRI OCT 24 2014


...................................

...THE CEDAR CITY UT CLIMATE SUMMARY FOR OCTOBER 24 2014...
VALID TODAY AS OF 0500 PM LOCAL TIME.

CLIMATE NORMAL PERIOD 1981 TO 2010
CLIMATE RECORD PERIOD 1928 TO 2014


WEATHER ITEM   OBSERVED TIME   RECORD YEAR NORMAL DEPARTURE LAST
                VALUE   (LST)  VALUE       VALUE  FROM      YEAR
                                                  NORMAL
..................................................................
TEMPERATURE (F)
 TODAY
  MAXIMUM         76    232 PM  86    1959  62     14       69
  MINIMUM         37    426 AM  19    1975  31      6       32
  AVERAGE         57                        47     10       51

PRECIPITATION (IN)
  TODAY            0.00          0.87 1971   0.04  -0.04      T
  MONTH TO DATE    0.22                      1.02  -0.80     0.27
  SINCE OCT 1      0.22                      1.02  -0.80     0.27
  SINCE JAN 1      7.90                      9.22  -1.32    13.31

DEGREE DAYS
 HEATING
  TODAY            8                        18    -10       14
  MONTH TO DATE  258                       337    -79      444
  SINCE SEP 1    315                       471   -156      609
  SINCE JUL 1    321                       480   -159      612

 COOLING
  TODAY            0                         0      0        0
  MONTH TO DATE    0                         0      0        0
  SINCE SEP 1     61                        39     22       35
  SINCE JAN 1    607                       588     19      667
..................................................................


WIND (MPH)
  RESULTANT WIND SPEED   4   RESULTANT WIND DIRECTION  SW (210)
  HIGHEST WIND SPEED    21   HIGHEST WIND DIRECTION    SW (230)
  HIGHEST GUST SPEED    27   HIGHEST GUST DIRECTION     W (250)
  AVERAGE WIND SPEED     7.6



WEATHER CONDITIONS
 THE FOLLOWING WEATHER WAS RECORDED TODAY.
  NO SIGNIFICANT WEATHER WAS OBSERVED.


RELATIVE HUMIDITY (PERCENT)
 HIGHEST    70           700 AM
 LOWEST     15           200 PM
 AVERAGE    43

..........................................................


THE CEDAR CITY UT CLIMATE NORMALS FOR TOMORROW
                         NORMAL    RECORD    YEAR
 MAXIMUM TEMPERATURE (F)   62        85      1959
 MINIMUM TEMPERATURE (F)   31        16      1956


SUNRISE AND SUNSET
OCTOBER 24 2014.......SUNRISE   750 AM MDT   SUNSET   643 PM MDT
OCTOBER 25 2014.......SUNRISE   751 AM MDT   SUNSET   642 PM MDT


-  INDICATES NEGATIVE NUMBERS.
R  INDICATES RECORD WAS SET OR TIED.
MM INDICATES DATA IS MISSING.
T  INDICATES TRACE AMOUNT.




$$
