000
CDUS45 KSLC 300031
CLICDC


CLIMATE REPORT
NATIONAL WEATHER SERVICE SALT LAKE CITY UT
628 PM MDT MON MAY 29 2017


...................................

...THE CEDAR CITY UT CLIMATE SUMMARY FOR MAY 29 2017...
VALID TODAY AS OF 0500 PM LOCAL TIME.

CLIMATE NORMAL PERIOD 1981 TO 2010
CLIMATE RECORD PERIOD 1928 TO 2017


WEATHER ITEM   OBSERVED TIME   RECORD YEAR NORMAL DEPARTURE LAST
                VALUE   (LST)  VALUE       VALUE  FROM      YEAR
                                                  NORMAL
..................................................................
TEMPERATURE (F)
 TODAY
  MAXIMUM         84    316 PM  96    1984  77      7       82
  MINIMUM         38    455 AM  28    1953  42     -4       43
  AVERAGE         61                        60      1       63

PRECIPITATION (IN)
  TODAY            0.00          0.41 2004   0.02  -0.02      T
                                      1988
  MONTH TO DATE    0.82                      0.72   0.10     0.33
  SINCE OCT 1      8.25                      8.10   0.15     7.94
  SINCE JAN 1      5.42                      4.99   0.43     4.38

DEGREE DAYS
 HEATING
  TODAY            4                         6     -2        2
  MONTH TO DATE  269                       280    -11      289
  SINCE MAR 1   1403                      1604   -201     1454
  SINCE JUL 1   5424                      6166   -742     5868

 COOLING
  TODAY            0                         1     -1        0
  MONTH TO DATE    2                         3     -1        3
  SINCE MAR 1      2                         3     -1        3
  SINCE JAN 1      2                         3     -1        3
..................................................................


WIND (MPH)
  RESULTANT WIND SPEED   2   RESULTANT WIND DIRECTION  NE (40)
  HIGHEST WIND SPEED    13   HIGHEST WIND DIRECTION     N (10)
  HIGHEST GUST SPEED    16   HIGHEST GUST DIRECTION     N (340)
  AVERAGE WIND SPEED     3.6



WEATHER CONDITIONS
 THE FOLLOWING WEATHER WAS RECORDED TODAY.
  NO SIGNIFICANT WEATHER WAS OBSERVED.


RELATIVE HUMIDITY (PERCENT)
 HIGHEST    49          1200 AM
 LOWEST      9           200 PM
 AVERAGE    29

..........................................................


THE CEDAR CITY UT CLIMATE NORMALS FOR TOMORROW
                         NORMAL    RECORD    YEAR
 MAXIMUM TEMPERATURE (F)   77        94      2002
 MINIMUM TEMPERATURE (F)   43        31      2007
                                             2006


SUNRISE AND SUNSET
MAY 29 2017...........SUNRISE   613 AM MDT   SUNSET   847 PM MDT
MAY 30 2017...........SUNRISE   613 AM MDT   SUNSET   847 PM MDT


-  INDICATES NEGATIVE NUMBERS.
R  INDICATES RECORD WAS SET OR TIED.
MM INDICATES DATA IS MISSING.
T  INDICATES TRACE AMOUNT.




$$
