000
CDUS45 KSLC 181229
CLICDC


CLIMATE REPORT
NATIONAL WEATHER SERVICE SALT LAKE CITY UT
529 AM MST MON DEC 18 2017


...................................

...THE CEDAR CITY UT CLIMATE SUMMARY FOR DECEMBER 17 2017...

CLIMATE NORMAL PERIOD 1981 TO 2010
CLIMATE RECORD PERIOD 1928 TO 2017


WEATHER ITEM   OBSERVED TIME   RECORD YEAR NORMAL DEPARTURE LAST
                VALUE   (LST)  VALUE       VALUE  FROM      YEAR
                                                  NORMAL
..................................................................
TEMPERATURE (F)
 YESTERDAY
  MAXIMUM         33    325 PM  64    1980  41     -8       29
  MINIMUM         13   1026 PM  -3    2016  16     -3       -3
  AVERAGE         23                        28     -5       13

PRECIPITATION (IN)
  YESTERDAY        0.00          0.21 1952   0.02  -0.02     0.09
  MONTH TO DATE    0.00                      0.44  -0.44     0.40
  SINCE OCT 1      0.21                      2.71  -2.50     2.11
  SINCE JAN 1      9.21                     10.91  -1.70    10.03

DEGREE DAYS
 HEATING
  YESTERDAY       42                        37      5       52
  MONTH TO DATE  563                       604    -41      536
  SINCE DEC 1    563                       604    -41      536
  SINCE JUL 1   1762                      2046   -284     1633

 COOLING
  YESTERDAY        0                         0      0        0
  MONTH TO DATE    0                         0      0        0
  SINCE DEC 1      0                         0      0        0
  SINCE JAN 1    865                       588    277      826
..................................................................


WIND (MPH)
  RESULTANT WIND SPEED  10   RESULTANT WIND DIRECTION   N (360)
  HIGHEST WIND SPEED    16   HIGHEST WIND DIRECTION     N (360)
  HIGHEST GUST SPEED    22   HIGHEST GUST DIRECTION     N (10)
  AVERAGE WIND SPEED     9.2



WEATHER CONDITIONS
 THE FOLLOWING WEATHER WAS RECORDED YESTERDAY.
  NO SIGNIFICANT WEATHER WAS OBSERVED.


RELATIVE HUMIDITY (PERCENT)
 HIGHEST    96          1100 PM
 LOWEST     61           300 PM
 AVERAGE    79

..........................................................


THE CEDAR CITY UT CLIMATE NORMALS FOR TODAY
                         NORMAL    RECORD    YEAR
 MAXIMUM TEMPERATURE (F)   41        67      1958
 MINIMUM TEMPERATURE (F)   16        -5      2016


SUNRISE AND SUNSET
DECEMBER 18 2017......SUNRISE   742 AM MST   SUNSET   516 PM MST
DECEMBER 19 2017......SUNRISE   743 AM MST   SUNSET   516 PM MST


-  INDICATES NEGATIVE NUMBERS.
R  INDICATES RECORD WAS SET OR TIED.
MM INDICATES DATA IS MISSING.
T  INDICATES TRACE AMOUNT.




$$
