000
CDUS45 KSLC 221216
CLICDC


CLIMATE REPORT
NATIONAL WEATHER SERVICE SALT LAKE CITY UT
616 AM MDT FRI MAY 22 2015


...................................

...THE CEDAR CITY UT CLIMATE SUMMARY FOR MAY 21 2015...

CLIMATE NORMAL PERIOD 1981 TO 2010
CLIMATE RECORD PERIOD 1928 TO 2015


WEATHER ITEM   OBSERVED TIME   RECORD YEAR NORMAL DEPARTURE LAST
                VALUE   (LST)  VALUE       VALUE  FROM      YEAR
                                                  NORMAL
..................................................................
TEMPERATURE (F)
 YESTERDAY
  MAXIMUM         65    418 PM  88    2012  74     -9       70
  MINIMUM         38    559 AM  25    1975  41     -3       35
  AVERAGE         52                        57     -5       53

PRECIPITATION (IN)
  YESTERDAY        0.00          0.52 1954   0.03  -0.03     0.00
  MONTH TO DATE    1.99                      0.51   1.48     1.38
  SINCE OCT 1      7.81                      7.89  -0.08     5.37
  SINCE JAN 1      5.68                      4.78   0.90     3.43

DEGREE DAYS
 HEATING
  YESTERDAY       13                         8      5       12
  MONTH TO DATE  258                       226     32      226
  SINCE MAR 1   1426                      1550   -124     1460
  SINCE JUL 1   5264                      6112   -848     6047

 COOLING
  YESTERDAY        0                         0      0        0
  MONTH TO DATE    0                         0      0        7
  SINCE MAR 1      0                         0      0        7
  SINCE JAN 1      0                         0      0        7
..................................................................


WIND (MPH)
  RESULTANT WIND SPEED   5   RESULTANT WIND DIRECTION   S (200)
  HIGHEST WIND SPEED    23   HIGHEST WIND DIRECTION     S (170)
  HIGHEST GUST SPEED    31   HIGHEST GUST DIRECTION     S (180)
  AVERAGE WIND SPEED     6.4



WEATHER CONDITIONS
 THE FOLLOWING WEATHER WAS RECORDED YESTERDAY.
  NO SIGNIFICANT WEATHER WAS OBSERVED.


RELATIVE HUMIDITY (PERCENT)
 HIGHEST    79           500 AM
 LOWEST     20           400 PM
 AVERAGE    50

..........................................................


THE CEDAR CITY UT CLIMATE NORMALS FOR TODAY
                         NORMAL    RECORD    YEAR
 MAXIMUM TEMPERATURE (F)   75        91      1967
 MINIMUM TEMPERATURE (F)   41        27      2002


SUNRISE AND SUNSET
MAY 22 2015...........SUNRISE   618 AM MDT   SUNSET   841 PM MDT
MAY 23 2015...........SUNRISE   617 AM MDT   SUNSET   842 PM MDT


-  INDICATES NEGATIVE NUMBERS.
R  INDICATES RECORD WAS SET OR TIED.
MM INDICATES DATA IS MISSING.
T  INDICATES TRACE AMOUNT.




$$
