000
CDUS45 KSLC 261216
CLICDC


CLIMATE REPORT
NATIONAL WEATHER SERVICE SALT LAKE CITY UT
516 AM MST MON JAN 26 2015


...................................

...THE CEDAR CITY UT CLIMATE SUMMARY FOR JANUARY 25 2015...

CLIMATE NORMAL PERIOD 1981 TO 2010
CLIMATE RECORD PERIOD 1928 TO 2015


WEATHER ITEM   OBSERVED TIME   RECORD YEAR NORMAL DEPARTURE LAST
                VALUE   (LST)  VALUE       VALUE  FROM      YEAR
                                                  NORMAL
..................................................................
TEMPERATURE (F)
 YESTERDAY
  MAXIMUM         55    410 PM  64    1975  42     13       44
  MINIMUM         22    643 AM -10    1962  17      5       16
  AVERAGE         39                        30      9       30

PRECIPITATION (IN)
  YESTERDAY        0.00          0.41 1954   0.02  -0.02     0.00
  MONTH TO DATE    0.29                      0.69  -0.40     0.00
  SINCE OCT 1      2.42                      3.80  -1.38     1.94
  SINCE JAN 1      0.29                      0.69  -0.40     0.00

DEGREE DAYS
 HEATING
  YESTERDAY       26                        35     -9       35
  MONTH TO DATE  815                       904    -89      797
  SINCE DEC 1   1793                      2024   -231     2124
  SINCE JUL 1   2984                      3466   -482     3652

 COOLING
  YESTERDAY        0                         0      0        0
  MONTH TO DATE    0                         0      0        0
  SINCE DEC 1      0                         0      0        0
  SINCE JAN 1      0                         0      0        0
..................................................................


WIND (MPH)
  RESULTANT WIND SPEED   2   RESULTANT WIND DIRECTION  NE (30)
  HIGHEST WIND SPEED    13   HIGHEST WIND DIRECTION     N (360)
  HIGHEST GUST SPEED    16   HIGHEST GUST DIRECTION     N (360)
  AVERAGE WIND SPEED     5.1



WEATHER CONDITIONS
 THE FOLLOWING WEATHER WAS RECORDED YESTERDAY.
  NO SIGNIFICANT WEATHER WAS OBSERVED.


RELATIVE HUMIDITY (PERCENT)
 HIGHEST    88           400 AM
 LOWEST     41           300 PM
 AVERAGE    65

..........................................................


THE CEDAR CITY UT CLIMATE NORMALS FOR TODAY
                         NORMAL    RECORD    YEAR
 MAXIMUM TEMPERATURE (F)   42        63      1951
 MINIMUM TEMPERATURE (F)   17        -9      1949


SUNRISE AND SUNSET
JANUARY 26 2015.......SUNRISE   741 AM MST   SUNSET   549 PM MST
JANUARY 27 2015.......SUNRISE   740 AM MST   SUNSET   550 PM MST


-  INDICATES NEGATIVE NUMBERS.
R  INDICATES RECORD WAS SET OR TIED.
MM INDICATES DATA IS MISSING.
T  INDICATES TRACE AMOUNT.




$$
