000
CDUS45 KSLC 251234
CLICDC


CLIMATE REPORT
NATIONAL WEATHER SERVICE SALT LAKE CITY UT
632 AM MDT FRI JUL 25 2014


...................................

...THE CEDAR CITY UT CLIMATE SUMMARY FOR JULY 24 2014...

CLIMATE NORMAL PERIOD 1981 TO 2010
CLIMATE RECORD PERIOD 1928 TO 2014


WEATHER ITEM   OBSERVED TIME   RECORD YEAR NORMAL DEPARTURE LAST
                VALUE   (LST)  VALUE       VALUE  FROM      YEAR
                                                  NORMAL
..................................................................
TEMPERATURE (F)
 YESTERDAY
  MAXIMUM         96    259 PM  98    1975  90      6       91
  MINIMUM         66    613 AM  49    1979  57      9       56
  AVERAGE         81                        74      7       74

PRECIPITATION (IN)
  YESTERDAY        0.00          1.09 2013   0.03  -0.03     1.09
  MONTH TO DATE    0.19                      0.57  -0.38     2.69
  SINCE OCT 1      5.56                      9.25  -3.69     9.47
  SINCE JAN 1      3.62                      6.14  -2.52     6.76

DEGREE DAYS
 HEATING
  YESTERDAY        0                         0      0        0
  MONTH TO DATE    0                         0      0        0
  SINCE JUN 1     27                        76    -49       11
  SINCE JUL 1      0                         0      0        0

 COOLING
  YESTERDAY       16                         9      7        9
  MONTH TO DATE  228                       192     36      253
  SINCE JUN 1    328                       285     43      404
  SINCE JAN 1    353                       293     60      406
..................................................................


WIND (MPH)
  RESULTANT WIND SPEED  10   RESULTANT WIND DIRECTION   S (200)
  HIGHEST WIND SPEED    24   HIGHEST WIND DIRECTION     S (200)
  HIGHEST GUST SPEED    31   HIGHEST GUST DIRECTION    SW (210)
  AVERAGE WIND SPEED    11.4



WEATHER CONDITIONS
 THE FOLLOWING WEATHER WAS RECORDED YESTERDAY.
  NO SIGNIFICANT WEATHER WAS OBSERVED.


RELATIVE HUMIDITY (PERCENT)
 HIGHEST    30          1000 PM
 LOWEST     10          1100 AM
 AVERAGE    20

..........................................................


THE CEDAR CITY UT CLIMATE NORMALS FOR TODAY
                         NORMAL    RECORD    YEAR
 MAXIMUM TEMPERATURE (F)   90       103      1980
 MINIMUM TEMPERATURE (F)   57        51      2001


SUNRISE AND SUNSET
JULY 25 2014..........SUNRISE   630 AM MDT   SUNSET   847 PM MDT
JULY 26 2014..........SUNRISE   631 AM MDT   SUNSET   846 PM MDT


-  INDICATES NEGATIVE NUMBERS.
R  INDICATES RECORD WAS SET OR TIED.
MM INDICATES DATA IS MISSING.
T  INDICATES TRACE AMOUNT.




$$
