000
CDUS45 KSLC 211228
CLICDC


CLIMATE REPORT
NATIONAL WEATHER SERVICE SALT LAKE CITY UT
627 AM MDT THU AUG 21 2014


...................................

...THE CEDAR CITY UT CLIMATE SUMMARY FOR AUGUST 20 2014...

CLIMATE NORMAL PERIOD 1981 TO 2010
CLIMATE RECORD PERIOD 1928 TO 2014


WEATHER ITEM   OBSERVED TIME   RECORD YEAR NORMAL DEPARTURE LAST
                VALUE   (LST)  VALUE       VALUE  FROM      YEAR
                                                  NORMAL
..................................................................
TEMPERATURE (F)
 YESTERDAY
  MAXIMUM         79    303 PM  95    2009  87     -8       89
  MINIMUM         56    618 AM  45    1980  54      2       60
  AVERAGE         68                        71     -3       75

PRECIPITATION (IN)
  YESTERDAY        T             0.45 1975   0.03  -0.03     0.28
  MONTH TO DATE    1.05                      0.77   0.28     0.37
  SINCE OCT 1      6.86                     10.29  -3.43    12.40
  SINCE JAN 1      4.92                      7.18  -2.26     9.69

DEGREE DAYS
 HEATING
  YESTERDAY        0                         0      0        0
  MONTH TO DATE    3                         0      3        0
  SINCE JUN 1     30                        79    -49       11
  SINCE JUL 1      3                         3      0        0

 COOLING
  YESTERDAY        3                         6     -3       10
  MONTH TO DATE  103                       144    -41      140
  SINCE JUN 1    498                       489      9      592
  SINCE JAN 1    523                       497     26      594
..................................................................


WIND (MPH)
  RESULTANT WIND SPEED   9   RESULTANT WIND DIRECTION  SW (210)
  HIGHEST WIND SPEED    20   HIGHEST WIND DIRECTION    SW (220)
  HIGHEST GUST SPEED    26   HIGHEST GUST DIRECTION    SW (220)
  AVERAGE WIND SPEED     9.2



WEATHER CONDITIONS
 THE FOLLOWING WEATHER WAS RECORDED YESTERDAY.
  THUNDERSTORM


RELATIVE HUMIDITY (PERCENT)
 HIGHEST    86           100 AM
 LOWEST     29           600 PM
 AVERAGE    58

..........................................................


THE CEDAR CITY UT CLIMATE NORMALS FOR TODAY
                         NORMAL    RECORD    YEAR
 MAXIMUM TEMPERATURE (F)   87        99      2009
 MINIMUM TEMPERATURE (F)   54        41      1964


SUNRISE AND SUNSET
AUGUST 21 2014........SUNRISE   653 AM MDT   SUNSET   817 PM MDT
AUGUST 22 2014........SUNRISE   654 AM MDT   SUNSET   816 PM MDT


-  INDICATES NEGATIVE NUMBERS.
R  INDICATES RECORD WAS SET OR TIED.
MM INDICATES DATA IS MISSING.
T  INDICATES TRACE AMOUNT.




$$
