000
CDUS45 KSLC 040038
CLICDC


CLIMATE REPORT
NATIONAL WEATHER SERVICE SALT LAKE CITY UT
638 PM MDT FRI JUL 3 2015


...................................

...THE CEDAR CITY UT CLIMATE SUMMARY FOR JULY 3 2015...
VALID TODAY AS OF 0500 PM LOCAL TIME.

CLIMATE NORMAL PERIOD 1981 TO 2010
CLIMATE RECORD PERIOD 1928 TO 2015


WEATHER ITEM   OBSERVED TIME   RECORD YEAR NORMAL DEPARTURE LAST
                VALUE   (LST)  VALUE       VALUE  FROM      YEAR
                                                  NORMAL
..................................................................
TEMPERATURE (F)
 TODAY
  MAXIMUM         92    206 PM 100    2013  89      3       94
                                      1985
  MINIMUM         61    348 AM  42    1997  54      7       55
  AVERAGE         77                        71      6       75

PRECIPITATION (IN)
  TODAY            0.00          0.45 1961   0.01  -0.01     0.00
  MONTH TO DATE    0.03                      0.04  -0.01     0.15
  SINCE OCT 1      9.69                      8.72   0.97     5.52
  SINCE JAN 1      7.56                      5.61   1.95     3.58

DEGREE DAYS
 HEATING
  TODAY            0                         0      0        0
  MONTH TO DATE    0                         0      0        0
  SINCE JUN 1     25                        76    -51       27
  SINCE JUL 1      0                         0      0        0

 COOLING
  TODAY           12                         7      5       10
  MONTH TO DATE   38                        19     19       32
  SINCE JUN 1    225                       112    113      132
  SINCE JAN 1    227                       120    107      157
..................................................................


WIND (MPH)
  RESULTANT WIND SPEED   2   RESULTANT WIND DIRECTION  NE (40)
  HIGHEST WIND SPEED    18   HIGHEST WIND DIRECTION     N (360)
  HIGHEST GUST SPEED    28   HIGHEST GUST DIRECTION     N (10)
  AVERAGE WIND SPEED     4.0



WEATHER CONDITIONS
 THE FOLLOWING WEATHER WAS RECORDED TODAY.
  NO SIGNIFICANT WEATHER WAS OBSERVED.


RELATIVE HUMIDITY (PERCENT)
 HIGHEST    67           400 AM
 LOWEST     15           300 PM
 AVERAGE    41

..........................................................


THE CEDAR CITY UT CLIMATE NORMALS FOR TOMORROW
                         NORMAL    RECORD    YEAR
 MAXIMUM TEMPERATURE (F)   89       104      1985
 MINIMUM TEMPERATURE (F)   54        41      1978


SUNRISE AND SUNSET
JULY  3 2015..........SUNRISE   615 AM MDT   SUNSET   858 PM MDT
JULY  4 2015..........SUNRISE   616 AM MDT   SUNSET   858 PM MDT


-  INDICATES NEGATIVE NUMBERS.
R  INDICATES RECORD WAS SET OR TIED.
MM INDICATES DATA IS MISSING.
T  INDICATES TRACE AMOUNT.




$$
