000
CDUS45 KSLC 291242
CLICDC


CLIMATE REPORT
NATIONAL WEATHER SERVICE SALT LAKE CITY UT
641 AM MDT SUN MAR 29 2015


...................................

...THE CEDAR CITY UT CLIMATE SUMMARY FOR MARCH 28 2015...

CLIMATE NORMAL PERIOD 1981 TO 2010
CLIMATE RECORD PERIOD 1928 TO 2015


WEATHER ITEM   OBSERVED TIME   RECORD YEAR NORMAL DEPARTURE LAST
                VALUE   (LST)  VALUE       VALUE  FROM      YEAR
                                                  NORMAL
..................................................................
TEMPERATURE (F)
 YESTERDAY
  MAXIMUM         76R   316 PM  76    2015  57     19       56
  MINIMUM         34    648 AM   4    1975  28      6       25
  AVERAGE         55                        42     13       41

PRECIPITATION (IN)
  YESTERDAY        0.00          0.91 1979   0.05  -0.05     0.00
  MONTH TO DATE    1.13                      1.23  -0.10     0.37
  SINCE OCT 1      5.18                      6.20  -1.02     3.25
  SINCE JAN 1      3.05                      3.09  -0.04     1.31

DEGREE DAYS
 HEATING
  YESTERDAY       10                        23    -13       24
  MONTH TO DATE  612                       706    -94      663
  SINCE MAR 1    612                       706    -94      663
  SINCE JUL 1   4450                      5268   -818     5250

 COOLING
  YESTERDAY        0                         0      0        0
  MONTH TO DATE    0                         0      0        0
  SINCE MAR 1      0                         0      0        0
  SINCE JAN 1      0                         0      0        0
..................................................................


WIND (MPH)
  RESULTANT WIND SPEED   6   RESULTANT WIND DIRECTION  SW (210)
  HIGHEST WIND SPEED    21   HIGHEST WIND DIRECTION    SW (210)
  HIGHEST GUST SPEED    25   HIGHEST GUST DIRECTION    SW (220)
  AVERAGE WIND SPEED     6.8



WEATHER CONDITIONS
 THE FOLLOWING WEATHER WAS RECORDED YESTERDAY.
  NO SIGNIFICANT WEATHER WAS OBSERVED.


RELATIVE HUMIDITY (PERCENT)
 HIGHEST    69           700 AM
 LOWEST     12           200 PM
 AVERAGE    41

..........................................................


THE CEDAR CITY UT CLIMATE NORMALS FOR TODAY
                         NORMAL    RECORD    YEAR
 MAXIMUM TEMPERATURE (F)   57        73      1978
 MINIMUM TEMPERATURE (F)   28         6      1975


SUNRISE AND SUNSET
MARCH 29 2015.........SUNRISE   723 AM MDT   SUNSET   752 PM MDT
MARCH 30 2015.........SUNRISE   721 AM MDT   SUNSET   753 PM MDT


-  INDICATES NEGATIVE NUMBERS.
R  INDICATES RECORD WAS SET OR TIED.
MM INDICATES DATA IS MISSING.
T  INDICATES TRACE AMOUNT.




$$
