000
CDUS45 KSLC 241233
CLICDC


CLIMATE REPORT
NATIONAL WEATHER SERVICE SALT LAKE CITY UT
633 AM MDT MON JUL 24 2017


...................................

...THE CEDAR CITY UT CLIMATE SUMMARY FOR JULY 23 2017...

CLIMATE NORMAL PERIOD 1981 TO 2010
CLIMATE RECORD PERIOD 1928 TO 2017


WEATHER ITEM   OBSERVED TIME   RECORD YEAR NORMAL DEPARTURE LAST
                VALUE   (LST)  VALUE       VALUE  FROM      YEAR
                                                  NORMAL
..................................................................
TEMPERATURE (F)
 YESTERDAY
  MAXIMUM         93    432 PM  99    1996  90      3       98
  MINIMUM         62    416 AM  48    1973  57      5       62
  AVERAGE         78                        74      4       80

PRECIPITATION (IN)
  YESTERDAY        0.00          0.72 1969   0.03  -0.03     0.00
  MONTH TO DATE    0.28                      0.54  -0.26     0.65
  SINCE OCT 1      8.53                      9.22  -0.69     8.88
  SINCE JAN 1      5.70                      6.11  -0.41     5.32

DEGREE DAYS
 HEATING
  YESTERDAY        0                         0      0        0
  MONTH TO DATE    0                         0      0        0
  SINCE JUN 1     23                        76    -53        4
  SINCE JUL 1      0                         0      0        0

 COOLING
  YESTERDAY       13                         9      4       15
  MONTH TO DATE  276                       183     93      215
  SINCE JUN 1    471                       276    195      451
  SINCE JAN 1    476                       284    192      454
..................................................................


WIND (MPH)
  RESULTANT WIND SPEED   6   RESULTANT WIND DIRECTION  SE (150)
  HIGHEST WIND SPEED    29   HIGHEST WIND DIRECTION    SE (140)
  HIGHEST GUST SPEED    35   HIGHEST GUST DIRECTION    SE (130)
  AVERAGE WIND SPEED     7.9



WEATHER CONDITIONS
 THE FOLLOWING WEATHER WAS RECORDED YESTERDAY.
  THUNDERSTORM


RELATIVE HUMIDITY (PERCENT)
 HIGHEST    52           500 AM
 LOWEST     16           400 PM
 AVERAGE    34

..........................................................


THE CEDAR CITY UT CLIMATE NORMALS FOR TODAY
                         NORMAL    RECORD    YEAR
 MAXIMUM TEMPERATURE (F)   90        98      1975
 MINIMUM TEMPERATURE (F)   57        49      1979


SUNRISE AND SUNSET
JULY 24 2017..........SUNRISE   630 AM MDT   SUNSET   848 PM MDT
JULY 25 2017..........SUNRISE   631 AM MDT   SUNSET   847 PM MDT


-  INDICATES NEGATIVE NUMBERS.
R  INDICATES RECORD WAS SET OR TIED.
MM INDICATES DATA IS MISSING.
T  INDICATES TRACE AMOUNT.




$$
