301
CDUS45 KSLC 220030
CLICDC


CLIMATE REPORT
NATIONAL WEATHER SERVICE SALT LAKE CITY UT
530 PM MST SAT JAN 21 2017


...................................

...THE CEDAR CITY UT CLIMATE SUMMARY FOR JANUARY 21 2017...
VALID TODAY AS OF 0500 PM LOCAL TIME.

CLIMATE NORMAL PERIOD 1981 TO 2010
CLIMATE RECORD PERIOD 1928 TO 2017


WEATHER ITEM   OBSERVED TIME   RECORD YEAR NORMAL DEPARTURE LAST
                VALUE   (LST)  VALUE       VALUE  FROM      YEAR
                                                  NORMAL
..................................................................
TEMPERATURE (F)
 TODAY
  MAXIMUM         36    341 PM  63    2014  42     -6       43
  MINIMUM         30    836 AM  -4    1955  17     13       17
  AVERAGE         33                        29      4       30

PRECIPITATION (IN)
  TODAY            0.13          0.68 1974   0.03   0.10     0.00
  MONTH TO DATE    0.73                      0.59   0.14     0.11
  SINCE OCT 1      3.56                      3.70  -0.14     3.67
  SINCE JAN 1      0.73                      0.59   0.14     0.11

DEGREE DAYS
 HEATING
  TODAY           32                        36     -4       35
  MONTH TO DATE  701                       763    -62      783
  SINCE DEC 1   1814                      1883    -69     1946
  SINCE JUL 1   2911                      3325   -414     3178

 COOLING
  TODAY            0                         0      0        0
  MONTH TO DATE    0                         0      0        0
  SINCE DEC 1      0                         0      0        0
  SINCE JAN 1      0                         0      0        0
..................................................................


WIND (MPH)
  RESULTANT WIND SPEED   8   RESULTANT WIND DIRECTION  SW (220)
  HIGHEST WIND SPEED    17   HIGHEST WIND DIRECTION    SW (210)
  HIGHEST GUST SPEED    24   HIGHEST GUST DIRECTION    SW (230)
  AVERAGE WIND SPEED     8.5



WEATHER CONDITIONS
 THE FOLLOWING WEATHER WAS RECORDED TODAY.
  HEAVY SNOW
  LIGHT SNOW
  FOG
  FOG W/VISIBILITY <= 1/4 MILE


RELATIVE HUMIDITY (PERCENT)
 HIGHEST    92          1200 AM
 LOWEST     56           400 PM
 AVERAGE    74

..........................................................


THE CEDAR CITY UT CLIMATE NORMALS FOR TOMORROW
                         NORMAL    RECORD    YEAR
 MAXIMUM TEMPERATURE (F)   42        64      1981
 MINIMUM TEMPERATURE (F)   17       -11      1962


SUNRISE AND SUNSET
JANUARY 21 2017.......SUNRISE   744 AM MST   SUNSET   544 PM MST
JANUARY 22 2017.......SUNRISE   743 AM MST   SUNSET   545 PM MST


-  INDICATES NEGATIVE NUMBERS.
R  INDICATES RECORD WAS SET OR TIED.
MM INDICATES DATA IS MISSING.
T  INDICATES TRACE AMOUNT.




$$
