678
CDUS45 KCYS 080734
CLICDR


CLIMATE REPORT
NATIONAL WEATHER SERVICE CHEYENNE WY
1234 AM MST MON FEB 8 2016


...................................

...THE CHADRON NE AIRPORT CLIMATE SUMMARY FOR FEBRUARY 7 2016...

CLIMATE NORMAL PERIOD 1981 TO 2010
CLIMATE RECORD PERIOD 1895 TO 2016


WEATHER ITEM   OBSERVED TIME   RECORD YEAR NORMAL DEPARTURE LAST
                VALUE   (LST)  VALUE       VALUE  FROM      YEAR
                                                  NORMAL
..................................................................
TEMPERATURE (F)
 YESTERDAY
  MAXIMUM         39    213 PM  71    2015  40     -1       71
  MINIMUM         24   1134 PM -44    1895  11     13       35
  AVERAGE         32                        26      6       53

PRECIPITATION (IN)
  YESTERDAY        0.00          0.30 1940   0.01  -0.01     0.00
  MONTH TO DATE    0.03                      0.12  -0.09     0.21
  SINCE JAN 1      0.20                      0.48  -0.28     0.57

DEGREE DAYS
 HEATING
  YESTERDAY       33                        39     -6       12
  MONTH TO DATE  271                       278     -7      227
  SINCE DEC 1   2809                      2793     16     2608
  SINCE JUL 1   4189                      4477   -288     4213

 COOLING
  YESTERDAY        0                         0      0        0
  MONTH TO DATE    0                         0      0        0
  SINCE DEC 1      0                         0      0        0
  SINCE JAN 1      0                         0      0        0
..................................................................


WIND (MPH)
  HIGHEST WIND SPEED    36   HIGHEST WIND DIRECTION    NW (310)
  HIGHEST GUST SPEED    49   HIGHEST GUST DIRECTION    NW (320)
  AVERAGE WIND SPEED    19.7


SKY COVER
  AVERAGE SKY COVER 0.4


WEATHER CONDITIONS
 THE FOLLOWING WEATHER WAS RECORDED YESTERDAY.
  NO SIGNIFICANT WEATHER WAS OBSERVED.


RELATIVE HUMIDITY (PERCENT)
 HIGHEST    69           400 AM
 LOWEST     34           100 PM
 AVERAGE    52

..........................................................


THE CHADRON NE AIRPORT CLIMATE NORMALS FOR TODAY
                         NORMAL    RECORD    YEAR
 MAXIMUM TEMPERATURE (F)   40        72      1954
 MINIMUM TEMPERATURE (F)   11       -31      1936


SUNRISE AND SUNSET
FEBRUARY  8 2016......SUNRISE   659 AM MST   SUNSET   514 PM MST
FEBRUARY  9 2016......SUNRISE   658 AM MST   SUNSET   515 PM MST


-  INDICATES NEGATIVE NUMBERS.
R  INDICATES RECORD WAS SET OR TIED.
MM INDICATES DATA IS MISSING.
T  INDICATES TRACE AMOUNT.




$$
