000
CDUS45 KCYS 311536
CLICDR


CLIMATE REPORT
NATIONAL WEATHER SERVICE CHEYENNE WY
935 AM MDT THU JUL 31 2014


...................................

...THE CHADRON NE AIRPORT CLIMATE SUMMARY FOR JULY 30 2014...

CLIMATE NORMAL PERIOD 1981 TO 2010
CLIMATE RECORD PERIOD 1895 TO 2014


WEATHER ITEM   OBSERVED TIME   RECORD YEAR NORMAL DEPARTURE LAST
                VALUE   (LST)  VALUE       VALUE  FROM      YEAR
                                                  NORMAL
..................................................................
TEMPERATURE (F)
 YESTERDAY
  MAXIMUM         85    356 PM 105    2006  91     -6       96
  MINIMUM         52    340 AM  38    1971  59     -7       61
  AVERAGE         69                        75     -6       79

PRECIPITATION (IN)
  YESTERDAY        0.00          1.40 1916   0.06  -0.06     0.38
  MONTH TO DATE    0.66                      2.05  -1.39     2.08
  SINCE JAN 1     11.79                     12.23  -0.44    10.92

DEGREE DAYS
 HEATING
  YESTERDAY        0                         0      0        0
  MONTH TO DATE   11                         5      6        0
  SINCE JUN 1     94                        86      8       58
  SINCE JUL 1     11                         5      6        0

 COOLING
  YESTERDAY        4                        10     -6       14
  MONTH TO DATE  255                       266    -11      310
  SINCE JUN 1    309                       374    -65      422
  SINCE JAN 1    340                       394    -54      450
..................................................................


WIND (MPH)
  HIGHEST WIND SPEED    12   HIGHEST WIND DIRECTION     W (250)
  HIGHEST GUST SPEED    16   HIGHEST GUST DIRECTION     S (190)
  AVERAGE WIND SPEED     5.3


SKY COVER
  AVERAGE SKY COVER 0.0


WEATHER CONDITIONS
 THE FOLLOWING WEATHER WAS RECORDED YESTERDAY.
  FOG
  HAZE


RELATIVE HUMIDITY (PERCENT)
 HIGHEST    93          1200 AM
 LOWEST     25           200 PM
 AVERAGE    59

..........................................................


THE CHADRON NE AIRPORT CLIMATE NORMALS FOR TODAY
                         NORMAL    RECORD    YEAR
 MAXIMUM TEMPERATURE (F)   91       108      2002
 MINIMUM TEMPERATURE (F)   58        43      1925


SUNRISE AND SUNSET
JULY 31 2014..........SUNRISE   543 AM MDT   SUNSET   814 PM MDT
AUGUST  1 2014........SUNRISE   544 AM MDT   SUNSET   813 PM MDT


-  INDICATES NEGATIVE NUMBERS.
R  INDICATES RECORD WAS SET OR TIED.
MM INDICATES DATA IS MISSING.
T  INDICATES TRACE AMOUNT.




$$
