000
CDUS45 KCYS 240727
CLICDR


CLIMATE REPORT
NATIONAL WEATHER SERVICE CHEYENNE WY
126 AM MDT THU JUL 24 2014


...................................

...THE CHADRON NE AIRPORT CLIMATE SUMMARY FOR JULY 23 2014...

CLIMATE NORMAL PERIOD 1981 TO 2010
CLIMATE RECORD PERIOD 1895 TO 2014


WEATHER ITEM   OBSERVED TIME   RECORD YEAR NORMAL DEPARTURE LAST
                VALUE   (LST)  VALUE       VALUE  FROM      YEAR
                                                  NORMAL
..................................................................
TEMPERATURE (F)
 YESTERDAY
  MAXIMUM         95    339 PM 108    1940  91      4       93
  MINIMUM         66    146 AM  46    1990  59      7       60
  AVERAGE         81                        75      6       77

PRECIPITATION (IN)
  YESTERDAY        0.01          2.72 2005   0.07  -0.06     0.00
  MONTH TO DATE    0.64                      1.63  -0.99     1.47
  SINCE JAN 1     11.77                     11.81  -0.04    10.31

DEGREE DAYS
 HEATING
  YESTERDAY        0                         0      0        0
  MONTH TO DATE   11                         5      6        0
  SINCE JUN 1     94                        86      8       58
  SINCE JUL 1     11                         5      6        0

 COOLING
  YESTERDAY       16                        10      6       12
  MONTH TO DATE  195                       196     -1      270
  SINCE JUN 1    249                       304    -55      382
  SINCE JAN 1    280                       324    -44      410
..................................................................


WIND (MPH)
  HIGHEST WIND SPEED    29   HIGHEST WIND DIRECTION     S (160)
  HIGHEST GUST SPEED    38   HIGHEST GUST DIRECTION     S (170)
  AVERAGE WIND SPEED    16.7


SKY COVER
  AVERAGE SKY COVER 0.0


WEATHER CONDITIONS
 THE FOLLOWING WEATHER WAS RECORDED YESTERDAY.
  LIGHT RAIN


RELATIVE HUMIDITY (PERCENT)
 HIGHEST    87           200 AM
 LOWEST     28           100 PM
 AVERAGE    58

..........................................................


THE CHADRON NE AIRPORT CLIMATE NORMALS FOR TODAY
                         NORMAL    RECORD    YEAR
 MAXIMUM TEMPERATURE (F)   91       109      2003
                                             1952
 MINIMUM TEMPERATURE (F)   59        52      1962
                                             1956


SUNRISE AND SUNSET
JULY 24 2014..........SUNRISE   536 AM MDT   SUNSET   822 PM MDT
JULY 25 2014..........SUNRISE   537 AM MDT   SUNSET   821 PM MDT


-  INDICATES NEGATIVE NUMBERS.
R  INDICATES RECORD WAS SET OR TIED.
MM INDICATES DATA IS MISSING.
T  INDICATES TRACE AMOUNT.




$$
