000
CDUS45 KCYS 250728
CLICDR


CLIMATE REPORT
NATIONAL WEATHER SERVICE CHEYENNE WY
127 AM MDT SAT OCT 25 2014


...................................

...THE CHADRON NE AIRPORT CLIMATE SUMMARY FOR OCTOBER 24 2014...

CLIMATE NORMAL PERIOD 1981 TO 2010
CLIMATE RECORD PERIOD 1895 TO 2014


WEATHER ITEM   OBSERVED TIME   RECORD YEAR NORMAL DEPARTURE LAST
                VALUE   (LST)  VALUE       VALUE  FROM      YEAR
                                                  NORMAL
..................................................................
TEMPERATURE (F)
 YESTERDAY
  MAXIMUM         78    337 PM  82    1940  61     17       54
  MINIMUM         34   1158 PM  15    1975  28      6       33
                                      1945
  AVERAGE         56                        44     12       44

PRECIPITATION (IN)
  YESTERDAY        0.00          0.50 1997   0.04  -0.04     0.00
  MONTH TO DATE    0.37                      1.09  -0.72     3.48
  SINCE JAN 1     18.59                     16.69   1.90    18.53

DEGREE DAYS
 HEATING
  YESTERDAY        9                        21    -12       21
  MONTH TO DATE  279                       387   -108      469
  SINCE SEP 1    429                       568   -139      559
  SINCE JUL 1    443                       598   -155      559

 COOLING
  YESTERDAY        0                         0      0        0
  MONTH TO DATE    0                         0      0        0
  SINCE SEP 1     62                        63     -1      149
  SINCE JAN 1    647                       710    -63      917
..................................................................


WIND (MPH)
  HIGHEST WIND SPEED    15   HIGHEST WIND DIRECTION     W (280)
  HIGHEST GUST SPEED    18   HIGHEST GUST DIRECTION     W (270)
  AVERAGE WIND SPEED     4.8


SKY COVER
  AVERAGE SKY COVER 0.0


WEATHER CONDITIONS
 THE FOLLOWING WEATHER WAS RECORDED YESTERDAY.
  NO SIGNIFICANT WEATHER WAS OBSERVED.


RELATIVE HUMIDITY (PERCENT)
 HIGHEST    85          1000 PM
 LOWEST     19           200 PM
 AVERAGE    52

..........................................................


THE CHADRON NE AIRPORT CLIMATE NORMALS FOR TODAY
                         NORMAL    RECORD    YEAR
 MAXIMUM TEMPERATURE (F)   60        82      1992
 MINIMUM TEMPERATURE (F)   28        14      1962


SUNRISE AND SUNSET
OCTOBER 25 2014.......SUNRISE   718 AM MDT   SUNSET   554 PM MDT
OCTOBER 26 2014.......SUNRISE   719 AM MDT   SUNSET   553 PM MDT


-  INDICATES NEGATIVE NUMBERS.
R  INDICATES RECORD WAS SET OR TIED.
MM INDICATES DATA IS MISSING.
T  INDICATES TRACE AMOUNT.




$$
