000
CDUS45 KCYS 280733
CLICDR


CLIMATE REPORT
NATIONAL WEATHER SERVICE CHEYENNE WY
132 AM MDT THU MAY 28 2015


...................................

...THE CHADRON NE AIRPORT CLIMATE SUMMARY FOR MAY 27 2015...

CLIMATE NORMAL PERIOD 1981 TO 2010
CLIMATE RECORD PERIOD 1895 TO 2015


WEATHER ITEM   OBSERVED TIME   RECORD YEAR NORMAL DEPARTURE LAST
                VALUE   (LST)  VALUE       VALUE  FROM      YEAR
                                                  NORMAL
..................................................................
TEMPERATURE (F)
 YESTERDAY
  MAXIMUM         73   1236 PM  98    1969  74     -1       85
  MINIMUM         54    302 AM  33    1951  45      9       50
                                      1947
  AVERAGE         64                        60      4       68

PRECIPITATION (IN)
  YESTERDAY        0.67          1.55 1996   0.10   0.57     0.00
  MONTH TO DATE    5.82                      2.35   3.47     3.49
  SINCE JAN 1      8.44                      6.53   1.91     7.79

DEGREE DAYS
 HEATING
  YESTERDAY        1                         6     -5        0
  MONTH TO DATE  360                       280     80      290
  SINCE MAR 1   1575                      1791   -216     1734
  SINCE JUL 1   6520                      7043   -523     7208

 COOLING
  YESTERDAY        0                         1     -1        3
  MONTH TO DATE    0                        11    -11        6
  SINCE MAR 1      0                        13    -13        7
  SINCE JAN 1      0                        13    -13        7
..................................................................


WIND (MPH)
  HIGHEST WIND SPEED    28   HIGHEST WIND DIRECTION     S (180)
  HIGHEST GUST SPEED    36   HIGHEST GUST DIRECTION    SW (230)
  AVERAGE WIND SPEED     9.5


SKY COVER
  AVERAGE SKY COVER 0.5


WEATHER CONDITIONS
 THE FOLLOWING WEATHER WAS RECORDED YESTERDAY.
  THUNDERSTORM
  HEAVY RAIN
  RAIN
  LIGHT RAIN


RELATIVE HUMIDITY (PERCENT)
 HIGHEST    93           500 AM
 LOWEST     53          1100 AM
 AVERAGE    73

..........................................................


THE CHADRON NE AIRPORT CLIMATE NORMALS FOR TODAY
                         NORMAL    RECORD    YEAR
 MAXIMUM TEMPERATURE (F)   75        98      1934
 MINIMUM TEMPERATURE (F)   45        27      1947


SUNRISE AND SUNSET
MAY 28 2015...........SUNRISE   519 AM MDT   SUNSET   821 PM MDT
MAY 29 2015...........SUNRISE   518 AM MDT   SUNSET   822 PM MDT


-  INDICATES NEGATIVE NUMBERS.
R  INDICATES RECORD WAS SET OR TIED.
MM INDICATES DATA IS MISSING.
T  INDICATES TRACE AMOUNT.




$$
