000
CDUS44 KLUB 010129
CLICDS


CLIMATE REPORT
NATIONAL WEATHER SERVICE LUBBOCK, TX
826 PM CDT FRI SEP 30 2016


...................................

...THE CHILDRESS CLIMATE SUMMARY FOR SEPTEMBER 30 2016...
VALID TODAY AS OF 0800 PM LOCAL TIME.

CLIMATE NORMAL PERIOD 1981 TO 2010
CLIMATE RECORD PERIOD 1893 TO 2016


WEATHER ITEM   OBSERVED TIME   RECORD YEAR NORMAL DEPARTURE LAST
                VALUE   (LST)  VALUE       VALUE  FROM      YEAR
                                                  NORMAL
..................................................................
TEMPERATURE (F)
 TODAY
  MAXIMUM         80    311 PM 104    1977  82     -2       87
  MINIMUM         51    654 AM  34    1984  56     -5       62
  AVERAGE         66                        69     -3       75

PRECIPITATION (IN)
  TODAY            0.00          1.60 1941   0.06  -0.06     0.00
  MONTH TO DATE    3.41                      2.42   0.99     0.32
  SINCE SEP 1      3.41                      2.42   0.99     0.32
  SINCE JAN 1     26.19                     19.51   6.68    30.83

SNOWFALL (IN)
  TODAY            0.0                       0.0    0.0      0.0
  MONTH TO DATE    0.0                       0.0    0.0      0.0
  SINCE SEP 1      0.0                       0.0    0.0      0.0
  SINCE JUL 1      0.0                       0.0    0.0      0.0
  SNOW DEPTH       0

DEGREE DAYS
 HEATING
  TODAY            0                         2     -2        0
  MONTH TO DATE    2                        16    -14        0
  SINCE SEP 1      2                        17    -15        0
  SINCE JUL 1      2                        17    -15        0

 COOLING
  TODAY            1                         5     -4       10
  MONTH TO DATE  319                       293     26      429
  SINCE SEP 1    319                       293     26      429
  SINCE JAN 1   2192                      2124     68     2209
..................................................................


WIND (MPH)
  RESULTANT WIND SPEED   4   RESULTANT WIND DIRECTION  SE (150)
  HIGHEST WIND SPEED    13   HIGHEST WIND DIRECTION     S (170)
  HIGHEST GUST SPEED    15   HIGHEST GUST DIRECTION     S (170)
  AVERAGE WIND SPEED     4.9


SKY COVER
  AVERAGE SKY COVER 0.0


WEATHER CONDITIONS
 THE FOLLOWING WEATHER WAS RECORDED TODAY.
  NO SIGNIFICANT WEATHER WAS OBSERVED.


RELATIVE HUMIDITY (PERCENT)
 HIGHEST    89           300 AM
 LOWEST     37           300 PM
 AVERAGE    63

..........................................................


THE CHILDRESS CLIMATE NORMALS FOR TOMORROW
                         NORMAL    RECORD    YEAR
 MAXIMUM TEMPERATURE (F)   81        99      1951
                                             1938
 MINIMUM TEMPERATURE (F)   55        35      1984


SUNRISE AND SUNSET
SEPTEMBER 30 2016.....SUNRISE   735 AM CDT   SUNSET   726 PM CDT
OCTOBER  1 2016.......SUNRISE   736 AM CDT   SUNSET   724 PM CDT


-  INDICATES NEGATIVE NUMBERS.
R  INDICATES RECORD WAS SET OR TIED.
MM INDICATES DATA IS MISSING.
T  INDICATES TRACE AMOUNT.




$$
