000
CDUS44 KLUB 280126
CLICDS


CLIMATE REPORT
NATIONAL WEATHER SERVICE LUBBOCK, TX
826 PM CDT FRI MAY 27 2016


...................................

...THE CHILDRESS CLIMATE SUMMARY FOR MAY 27 2016...
VALID TODAY AS OF 0800 PM LOCAL TIME.

CLIMATE NORMAL PERIOD 1981 TO 2010
CLIMATE RECORD PERIOD 1893 TO 2016


WEATHER ITEM   OBSERVED TIME   RECORD YEAR NORMAL DEPARTURE LAST
                VALUE   (LST)  VALUE       VALUE  FROM      YEAR
                                                  NORMAL
..................................................................
TEMPERATURE (F)
 TODAY
  MAXIMUM         88    506 PM 105    2011  87      1       85
                                      1945
  MINIMUM         60    636 AM  41    1907  62     -2       60
  AVERAGE         74                        74      0       73

PRECIPITATION (IN)
  TODAY            0.00          5.00 1902   0.13  -0.13     0.00
  MONTH TO DATE    6.65                      2.63   4.02    11.98
  SINCE MAR 1      9.42                      6.28   3.14    17.35
  SINCE JAN 1     10.67                      8.06   2.61    18.63

SNOWFALL (IN)
  TODAY            0.0          MM      MM   0.0    0.0      0.0
  MONTH TO DATE    0.0                       0.0    0.0      0.0
  SINCE MAR 1      0.0                       0.6   -0.6      2.5
  SINCE JUL 1      7.0                       7.0    0.0      8.0
  SNOW DEPTH       0

DEGREE DAYS
 HEATING
  TODAY            0                         0      0        0
  MONTH TO DATE   62                        27     35       42
  SINCE MAR 1    387                       555   -168      476
  SINCE JUL 1   2555                      3115   -560     2973

 COOLING
  TODAY            9                        10     -1        8
  MONTH TO DATE  167                       180    -13       90
  SINCE MAR 1    228                       270    -42      186
  SINCE JAN 1    230                       271    -41      186
..................................................................


WIND (MPH)
  RESULTANT WIND SPEED   4   RESULTANT WIND DIRECTION  SW (220)
  HIGHEST WIND SPEED    17   HIGHEST WIND DIRECTION     W (280)
  HIGHEST GUST SPEED    23   HIGHEST GUST DIRECTION     W (280)
  AVERAGE WIND SPEED     9.0


SKY COVER
  AVERAGE SKY COVER 0.0


WEATHER CONDITIONS
 THE FOLLOWING WEATHER WAS RECORDED TODAY.
  NO SIGNIFICANT WEATHER WAS OBSERVED.


RELATIVE HUMIDITY (PERCENT)
 HIGHEST    93           500 AM
 LOWEST     21           500 PM
 AVERAGE    57

..........................................................


THE CHILDRESS CLIMATE NORMALS FOR TOMORROW
                         NORMAL    RECORD    YEAR
 MAXIMUM TEMPERATURE (F)   87       101      2011
                                             1974
 MINIMUM TEMPERATURE (F)   62        43      1907


SUNRISE AND SUNSET
MAY 27 2016...........SUNRISE   631 AM CDT   SUNSET   846 PM CDT
MAY 28 2016...........SUNRISE   631 AM CDT   SUNSET   846 PM CDT


-  INDICATES NEGATIVE NUMBERS.
R  INDICATES RECORD WAS SET OR TIED.
MM INDICATES DATA IS MISSING.
T  INDICATES TRACE AMOUNT.




$$
