000
CDUS44 KLUB 250625
CLICDS


CLIMATE REPORT
NATIONAL WEATHER SERVICE LUBBOCK, TX
125 AM CDT TUE APR 25 2017


...................................

...THE CHILDRESS CLIMATE SUMMARY FOR APRIL 24 2017...

CLIMATE NORMAL PERIOD 1981 TO 2010
CLIMATE RECORD PERIOD 1893 TO 2017


WEATHER ITEM   OBSERVED TIME   RECORD YEAR NORMAL DEPARTURE LAST
                VALUE   (LST)  VALUE       VALUE  FROM      YEAR
                                                  NORMAL
..................................................................
TEMPERATURE (F)
 YESTERDAY
  MAXIMUM         87    519 PM 100    1996  79      8       85
  MINIMUM         47    559 AM  26    2013  51     -4       59
  AVERAGE         67                        65      2       72

PRECIPITATION (IN)
  YESTERDAY        0.00          2.00 1919   0.09  -0.09     0.00
  MONTH TO DATE    1.86                      1.60   0.26     1.94
  SINCE MAR 1      3.35                      3.13   0.22     2.72
  SINCE JAN 1      7.57                      4.91   2.66     3.97

SNOWFALL (IN)
  YESTERDAY        0.0          MM      MM   0.0    0.0      0.0
  MONTH TO DATE    0.0                       0.2   -0.2      0.0
  SINCE MAR 1      0.0                       0.6   -0.6      0.0
  SINCE JUL 1      1.5                       7.0   -5.5      7.0
  SNOW DEPTH       0

DEGREE DAYS
 HEATING
  YESTERDAY        0                         3     -3        0
  MONTH TO DATE   96                       136    -40       80
  SINCE MAR 1    319                       511   -192      313
  SINCE JUL 1   2267                      3071   -804     2481

 COOLING
  YESTERDAY        2                         3     -1        7
  MONTH TO DATE   68                        50     18       20
  SINCE MAR 1    126                        68     58       42
  SINCE JAN 1    141                        69     72       44
..................................................................


WIND (MPH)
  RESULTANT WIND SPEED  15   RESULTANT WIND DIRECTION   S (170)
  HIGHEST WIND SPEED    26   HIGHEST WIND DIRECTION     S (170)
  HIGHEST GUST SPEED    33   HIGHEST GUST DIRECTION     S (170)
  AVERAGE WIND SPEED    15.9


SKY COVER
  AVERAGE SKY COVER 0.0


WEATHER CONDITIONS
 THE FOLLOWING WEATHER WAS RECORDED YESTERDAY.
  NO SIGNIFICANT WEATHER WAS OBSERVED.


RELATIVE HUMIDITY (PERCENT)
 HIGHEST    71           600 AM
 LOWEST     27           500 PM
 AVERAGE    49

..........................................................


THE CHILDRESS CLIMATE NORMALS FOR TODAY
                         NORMAL    RECORD    YEAR
 MAXIMUM TEMPERATURE (F)   79       106      2012
 MINIMUM TEMPERATURE (F)   51        37      2013


SUNRISE AND SUNSET
APRIL 25 2017.........SUNRISE   657 AM CDT   SUNSET   821 PM CDT
APRIL 26 2017.........SUNRISE   656 AM CDT   SUNSET   822 PM CDT


-  INDICATES NEGATIVE NUMBERS.
R  INDICATES RECORD WAS SET OR TIED.
MM INDICATES DATA IS MISSING.
T  INDICATES TRACE AMOUNT.




$$
