000
CDUS44 KLUB 180226
CLICDS


CLIMATE REPORT
NATIONAL WEATHER SERVICE LUBBOCK, TX
826 PM CST WED DEC 17 2014


...................................

...THE CHILDRESS CLIMATE SUMMARY FOR DECEMBER 17 2014...
VALID TODAY AS OF 0800 PM LOCAL TIME.

CLIMATE NORMAL PERIOD 1981 TO 2010
CLIMATE RECORD PERIOD 1893 TO 2014


WEATHER ITEM   OBSERVED TIME   RECORD YEAR NORMAL DEPARTURE LAST
                VALUE   (LST)  VALUE       VALUE  FROM      YEAR
                                                  NORMAL
..................................................................
TEMPERATURE (F)
 TODAY
  MAXIMUM         44   1039 AM  82    1980  54    -10       68
  MINIMUM         40    659 PM   5    1932  29     11       32
  AVERAGE         42                        41      1       50

PRECIPITATION (IN)
  TODAY            0.14          0.80 1931   0.03   0.11     0.00
  MONTH TO DATE    0.15                      0.55  -0.40     0.14
  SINCE DEC 1      0.15                      0.55  -0.40     0.14
  SINCE JAN 1     18.50                     23.56  -5.06    15.28

SNOWFALL (IN)
  TODAY            0.0          MM      MM   0.1   -0.1      0.0
  MONTH TO DATE    0.0                       0.9   -0.9      2.3
  SINCE DEC 1      0.0                       0.9   -0.9      2.3
  SINCE JUL 1      2.0                       1.8    0.2      6.5
  SNOW DEPTH       0

DEGREE DAYS
 HEATING
  TODAY           23                        24     -1       15
  MONTH TO DATE  284                       375    -91      448
  SINCE DEC 1    284                       375    -91      448
  SINCE JUL 1    839                       935    -96     1046

 COOLING
  TODAY            0                         0      0        0
  MONTH TO DATE    0                         0      0        0
  SINCE DEC 1      0                         0      0        0
  SINCE JAN 1   2317                      2207    110     2407
..................................................................


WIND (MPH)
  RESULTANT WIND SPEED   8   RESULTANT WIND DIRECTION  SE (130)
  HIGHEST WIND SPEED    14   HIGHEST WIND DIRECTION    SE (130)
  HIGHEST GUST SPEED    19   HIGHEST GUST DIRECTION    SE (150)
  AVERAGE WIND SPEED     8.5


SKY COVER
  AVERAGE SKY COVER 1.0


WEATHER CONDITIONS
 THE FOLLOWING WEATHER WAS RECORDED TODAY.
  THUNDERSTORM
  LIGHT RAIN
  FOG


RELATIVE HUMIDITY (PERCENT)
 HIGHEST    92           400 PM
 LOWEST     49          1200 AM
 AVERAGE    71

..........................................................


THE CHILDRESS CLIMATE NORMALS FOR TOMORROW
                         NORMAL    RECORD    YEAR
 MAXIMUM TEMPERATURE (F)   54        77      1982
                                             1978
                                             1973
 MINIMUM TEMPERATURE (F)   29         7      1983


SUNRISE AND SUNSET
DECEMBER 17 2014......SUNRISE   741 AM CST   SUNSET   533 PM CST
DECEMBER 18 2014......SUNRISE   742 AM CST   SUNSET   533 PM CST


-  INDICATES NEGATIVE NUMBERS.
R  INDICATES RECORD WAS SET OR TIED.
MM INDICATES DATA IS MISSING.
T  INDICATES TRACE AMOUNT.




$$
