000
CDUS44 KLUB 230629
CLICDS


CLIMATE REPORT
NATIONAL WEATHER SERVICE LUBBOCK, TX
128 AM CDT WED APR 23 2014


...................................

...THE CHILDRESS CLIMATE SUMMARY FOR APRIL 22 2014...

CLIMATE NORMAL PERIOD 1981 TO 2010
CLIMATE RECORD PERIOD 1893 TO 2014


WEATHER ITEM   OBSERVED TIME   RECORD YEAR NORMAL DEPARTURE LAST
                VALUE   (LST)  VALUE       VALUE  FROM      YEAR
                                                  NORMAL
..................................................................
TEMPERATURE (F)
 YESTERDAY
  MAXIMUM         83    408 PM  99    2009  78      5       93
  MINIMUM         53    622 AM  33    1931  50      3       47
  AVERAGE         68                        64      4       70

PRECIPITATION (IN)
  YESTERDAY        0.00          1.79 2010   0.08  -0.08     0.00
  MONTH TO DATE    1.45                      1.43   0.02     0.90
  SINCE MAR 1      1.91                      2.96  -1.05     0.90
  SINCE JAN 1      2.27                      4.74  -2.47     4.24

SNOWFALL (IN)
  YESTERDAY        0.0                       0.0    0.0      0.0
  MONTH TO DATE    0.0                       0.2   -0.2       T
  SINCE MAR 1      T                         0.6   -0.6       T
  SINCE JUL 1      9.5                       7.0    2.5      5.5

DEGREE DAYS
 HEATING
  YESTERDAY        0                         4     -4        0
  MONTH TO DATE  131                       130      1      215
  SINCE MAR 1    589                       505     84      580
  SINCE JUL 1   3405                      3065    340     2959

 COOLING
  YESTERDAY        3                         3      0        5
  MONTH TO DATE   45                        44      1       26
  SINCE MAR 1     55                        62     -7       30
  SINCE JAN 1     55                        63     -8       30
..................................................................


WIND (MPH)
  HIGHEST WIND SPEED    21   HIGHEST WIND DIRECTION     S (160)
  HIGHEST GUST SPEED    28   HIGHEST GUST DIRECTION     S (160)
  AVERAGE WIND SPEED     9.0


SKY COVER
  POSSIBLE SUNSHINE  MM
  AVERAGE SKY COVER 0.0


WEATHER CONDITIONS
 THE FOLLOWING WEATHER WAS RECORDED YESTERDAY.
  NO SIGNIFICANT WEATHER WAS OBSERVED.


RELATIVE HUMIDITY (PERCENT)
 HIGHEST    80
 LOWEST     28
 AVERAGE    54

..........................................................


THE CHILDRESS CLIMATE NORMALS FOR TODAY
                         NORMAL    RECORD    YEAR
 MAXIMUM TEMPERATURE (F)   79        97      1989
 MINIMUM TEMPERATURE (F)   51        30      1907


SUNRISE AND SUNSET
APRIL 23 2014.........SUNRISE   700 AM CDT   SUNSET   819 PM CDT
APRIL 24 2014.........SUNRISE   659 AM CDT   SUNSET   820 PM CDT


-  INDICATES NEGATIVE NUMBERS.
R  INDICATES RECORD WAS SET OR TIED.
MM INDICATES DATA IS MISSING.
T  INDICATES TRACE AMOUNT.




$$
