000
CDUS44 KLUB 010230
CLICDS


CLIMATE REPORT
NATIONAL WEATHER SERVICE LUBBOCK, TX
828 PM CST SAT JAN 31 2015


...................................

...THE CHILDRESS CLIMATE SUMMARY FOR JANUARY 31 2015...
VALID TODAY AS OF 0800 PM LOCAL TIME.

CLIMATE NORMAL PERIOD 1981 TO 2010
CLIMATE RECORD PERIOD 1893 TO 2015


WEATHER ITEM   OBSERVED TIME   RECORD YEAR NORMAL DEPARTURE LAST
                VALUE   (LST)  VALUE       VALUE  FROM      YEAR
                                                  NORMAL
..................................................................
TEMPERATURE (F)
 TODAY
  MAXIMUM         43    659 PM  80    1965  56    -13       42
  MINIMUM         39   1010 AM   6    1994  29     10       30
                                      1985
                                      1951
  AVERAGE         41                        42     -1       36

PRECIPITATION (IN)
  TODAY            0.51          0.99 1998   0.03   0.48     0.00
  MONTH TO DATE    1.08                      0.73   0.35      T
  SINCE DEC 1      1.28                      1.64  -0.36     1.09
  SINCE JAN 1      1.08                      0.73   0.35      T

SNOWFALL (IN)
  TODAY            0.0            MM         0.1   -0.1      0.0
  MONTH TO DATE    T                         2.7   -2.7       T
  SINCE DEC 1      T                         4.4   -4.4      2.3
  SINCE JUL 1      2.0                       5.3   -3.3      6.5
  SNOW DEPTH       0

DEGREE DAYS
 HEATING
  TODAY           24                        23      1       29
  MONTH TO DATE  695                       731    -36      730
  SINCE DEC 1   1325                      1443   -118     1512
  SINCE JUL 1   1880                      2003   -123     2110

 COOLING
  TODAY            0                         0      0        0
  MONTH TO DATE    0                         0      0        0
  SINCE DEC 1      0                         0      0        0
  SINCE JAN 1      0                         0      0        0
..................................................................


WIND (MPH)
  RESULTANT WIND SPEED   9   RESULTANT WIND DIRECTION  SE (140)
  HIGHEST WIND SPEED    18   HIGHEST WIND DIRECTION    SE (130)
  HIGHEST GUST SPEED    22   HIGHEST GUST DIRECTION    SE (130)
  AVERAGE WIND SPEED     9.0


SKY COVER
  AVERAGE SKY COVER 1.0


WEATHER CONDITIONS
 THE FOLLOWING WEATHER WAS RECORDED TODAY.
  RAIN
  LIGHT RAIN
  FOG


RELATIVE HUMIDITY (PERCENT)
 HIGHEST   100          1100 AM
 LOWEST     57           100 AM
 AVERAGE    79

..........................................................


THE CHILDRESS CLIMATE NORMALS FOR TOMORROW
                         NORMAL    RECORD    YEAR
 MAXIMUM TEMPERATURE (F)   56        89      1963
 MINIMUM TEMPERATURE (F)   29        -1      1951


SUNRISE AND SUNSET
JANUARY 31 2015.......SUNRISE   740 AM CST   SUNSET   610 PM CST
FEBRUARY  1 2015......SUNRISE   739 AM CST   SUNSET   611 PM CST


-  INDICATES NEGATIVE NUMBERS.
R  INDICATES RECORD WAS SET OR TIED.
MM INDICATES DATA IS MISSING.
T  INDICATES TRACE AMOUNT.




$$
