000
CDUS46 KEKA 251215
CLICEC


CLIMATE REPORT
NATIONAL WEATHER SERVICE EUREKA CA
515 AM PDT WED MAY 25 2016


...................................

...THE CRESCENT CITY CA CLIMATE SUMMARY FOR MAY 24 2016...

CLIMATE NORMAL PERIOD 1981 TO 2010
CLIMATE RECORD PERIOD 1894 TO 2016


WEATHER ITEM   OBSERVED TIME   RECORD YEAR NORMAL DEPARTURE LAST
                VALUE   (LST)  VALUE       VALUE  FROM      YEAR
                                                  NORMAL
..................................................................
TEMPERATURE (F)
 YESTERDAY
  MAXIMUM         60    459 PM  81    1982  59      1       57
  MINIMUM         52    659 AM  38    1962  48      4       51
  AVERAGE         56                        53      3       54

PRECIPITATION (IN)
  YESTERDAY        0.00          1.26 1973   0.07  -0.07     0.00
  MONTH TO DATE    0.38                      2.41  -2.03      T
  SINCE OCT 1     66.15                     59.98   6.17    41.20
  SINCE JAN 1     31.47                     34.74  -3.27    20.37

SNOWFALL (IN)
  YESTERDAY        0.0          MM      MM  MM     MM        0.0
  MONTH TO DATE    0.0                      MM     MM        0.0
  SINCE MAR 1      0.0                      MM     MM        0.0
  SINCE JUL 1      0.0                      MM     MM        0.0
  SNOW DEPTH       0

DEGREE DAYS
 HEATING
  YESTERDAY        9                        12     -3       11
  MONTH TO DATE  263                       313    -50      302
  SINCE MAR 1   1012                      1297   -285     1178
  SINCE JUL 1   3490                      4470   -980     3399

 COOLING
  YESTERDAY        0                         0      0        0
  MONTH TO DATE    0                         0      0        0
  SINCE MAR 1      0                         0      0        0
  SINCE JAN 1      0                         0      0        0
..................................................................


WIND (MPH)
  HIGHEST WIND SPEED    10   HIGHEST WIND DIRECTION    NW (310)
  HIGHEST GUST SPEED    14   HIGHEST GUST DIRECTION    NW (310)
  AVERAGE WIND SPEED     4.5


SKY COVER
  AVERAGE SKY COVER 0.8


WEATHER CONDITIONS
 THE FOLLOWING WEATHER WAS RECORDED YESTERDAY.
  NO SIGNIFICANT WEATHER WAS OBSERVED.


RELATIVE HUMIDITY (PERCENT)
 HIGHEST   100
 LOWEST     78
 AVERAGE    89

..........................................................


THE CRESCENT CITY CA CLIMATE NORMALS FOR TODAY
                         NORMAL    RECORD    YEAR
 MAXIMUM TEMPERATURE (F)   59        82      1979
 MINIMUM TEMPERATURE (F)   48        39      1965


SUNRISE AND SUNSET
MAY 25 2016...........SUNRISE   548 AM PDT   SUNSET   840 PM PDT
MAY 26 2016...........SUNRISE   548 AM PDT   SUNSET   841 PM PDT


-  INDICATES NEGATIVE NUMBERS.
R  INDICATES RECORD WAS SET OR TIED.
MM INDICATES DATA IS MISSING.
T  INDICATES TRACE AMOUNT.




$$
