000
CDUS46 KEKA 201217
CLICEC


CLIMATE REPORT
NATIONAL WEATHER SERVICE EUREKA CA
517 AM PDT MON OCT 20 2014


...................................

...THE CRESCENT CITY CA CLIMATE SUMMARY FOR OCTOBER 19 2014...

CLIMATE NORMAL PERIOD 1981 TO 2010
CLIMATE RECORD PERIOD 1894 TO 2014


WEATHER ITEM   OBSERVED TIME   RECORD YEAR NORMAL DEPARTURE LAST
                VALUE   (LST)  VALUE       VALUE  FROM      YEAR
                                                  NORMAL
..................................................................
TEMPERATURE (F)
 YESTERDAY
  MAXIMUM         68    154 PM  80    1964  60      8       50
  MINIMUM         58   1159 PM  34    1966  46     12       40
  AVERAGE         63                        53     10       45

PRECIPITATION (IN)
  YESTERDAY        0.28          1.26 2007   0.15   0.13     0.00
  MONTH TO DATE    2.10                      1.85   0.25     0.08
  SINCE JUL 1      5.69                      3.71   1.98     5.13
  SINCE JAN 1     30.28                     40.64 -10.36    25.06

SNOWFALL (IN)
  YESTERDAY        0.0          MM      MM  MM     MM        0.0
  MONTH TO DATE    0.0                      MM     MM        0.0
  SINCE SEP 1      0.0                      MM     MM        0.0
  SINCE JUL 1      0.0                      MM     MM        0.0
  SNOW DEPTH       0

DEGREE DAYS
 HEATING
  YESTERDAY        2                        12    -10       20
  MONTH TO DATE  115                       213    -98      239
  SINCE SEP 1    300                       497   -197      440
  SINCE JUL 1    722                      1017   -295      945

 COOLING
  YESTERDAY        0                         0      0        0
  MONTH TO DATE    0                         0      0        0
  SINCE SEP 1      1                         0      1        0
  SINCE JAN 1      1                         0      1        4
..................................................................


WIND (MPH)
  HIGHEST WIND SPEED    21   HIGHEST WIND DIRECTION    SW (210)
  HIGHEST GUST SPEED    27   HIGHEST GUST DIRECTION     S (200)
  AVERAGE WIND SPEED    11.6


SKY COVER
  AVERAGE SKY COVER 1.0


WEATHER CONDITIONS
 THE FOLLOWING WEATHER WAS RECORDED YESTERDAY.
  HEAVY RAIN
  RAIN
  LIGHT RAIN
  FOG


RELATIVE HUMIDITY (PERCENT)
 HIGHEST   100
 LOWEST     68
 AVERAGE    84

..........................................................


THE CRESCENT CITY CA CLIMATE NORMALS FOR TODAY
                         NORMAL    RECORD    YEAR
 MAXIMUM TEMPERATURE (F)   60        83      1998
 MINIMUM TEMPERATURE (F)   46        35      1996


SUNRISE AND SUNSET
OCTOBER 20 2014.......SUNRISE   735 AM PDT   SUNSET   628 PM PDT
OCTOBER 21 2014.......SUNRISE   736 AM PDT   SUNSET   626 PM PDT


-  INDICATES NEGATIVE NUMBERS.
R  INDICATES RECORD WAS SET OR TIED.
MM INDICATES DATA IS MISSING.
T  INDICATES TRACE AMOUNT.




$$
