000
CDUS46 KEKA 271209
CLICEC


CLIMATE REPORT
NATIONAL WEATHER SERVICE EUREKA CA
409 AM PST THU NOV 27 2014


...................................

...THE CRESCENT CITY CA CLIMATE SUMMARY FOR NOVEMBER 26 2014...

CLIMATE NORMAL PERIOD 1981 TO 2010
CLIMATE RECORD PERIOD 1894 TO 2014


WEATHER ITEM   OBSERVED TIME   RECORD YEAR NORMAL DEPARTURE LAST
                VALUE   (LST)  VALUE       VALUE  FROM      YEAR
                                                  NORMAL
..................................................................
TEMPERATURE (F)
 YESTERDAY
  MAXIMUM         64   1237 PM  72    1959  54     10       61
  MINIMUM         46    624 AM  30    1985  43      3       39
  AVERAGE         55                        48      7       50

PRECIPITATION (IN)
  YESTERDAY        0.00          2.28 1962   0.33  -0.33     0.00
  MONTH TO DATE    2.83                      8.29  -5.46     2.52
  SINCE JUL 1     12.72                     14.39  -1.67     7.68
  SINCE JAN 1     37.31                     51.32 -14.01    27.61

SNOWFALL (IN)
  YESTERDAY        0.0          MM      MM  MM     MM        0.0
  MONTH TO DATE    0.0                      MM     MM        0.0
  SINCE SEP 1      0.0                      MM     MM        0.0
  SINCE JUL 1      0.0                      MM     MM        0.0
  SNOW DEPTH       0

DEGREE DAYS
 HEATING
  YESTERDAY       10                        17     -7       15
  MONTH TO DATE  269                       386   -117      377
  SINCE SEP 1    645                      1030   -385     1024
  SINCE JUL 1   1067                      1550   -483     1529

 COOLING
  YESTERDAY        0                         0      0        0
  MONTH TO DATE    0                         0      0        0
  SINCE SEP 1      1                         0      1        0
  SINCE JAN 1      1                         0      1        4
..................................................................


WIND (MPH)
  HIGHEST WIND SPEED    17   HIGHEST WIND DIRECTION     S (180)
  HIGHEST GUST SPEED    21   HIGHEST GUST DIRECTION     S (190)
  AVERAGE WIND SPEED     7.0


SKY COVER
  AVERAGE SKY COVER 0.0


WEATHER CONDITIONS
 THE FOLLOWING WEATHER WAS RECORDED YESTERDAY.
  FOG


RELATIVE HUMIDITY (PERCENT)
 HIGHEST   100
 LOWEST     64
 AVERAGE    82

..........................................................


THE CRESCENT CITY CA CLIMATE NORMALS FOR TODAY
                         NORMAL    RECORD    YEAR
 MAXIMUM TEMPERATURE (F)   54        70      2002
 MINIMUM TEMPERATURE (F)   42        31      2001


SUNRISE AND SUNSET
NOVEMBER 27 2014......SUNRISE   720 AM PST   SUNSET   448 PM PST
NOVEMBER 28 2014......SUNRISE   722 AM PST   SUNSET   448 PM PST


-  INDICATES NEGATIVE NUMBERS.
R  INDICATES RECORD WAS SET OR TIED.
MM INDICATES DATA IS MISSING.
T  INDICATES TRACE AMOUNT.




$$
