000
CDUS46 KEKA 301211
CLICEC


CLIMATE REPORT
NATIONAL WEATHER SERVICE EUREKA CA
511 AM PDT THU OCT 30 2014


...................................

...THE CRESCENT CITY CA CLIMATE SUMMARY FOR OCTOBER 29 2014...

CLIMATE NORMAL PERIOD 1981 TO 2010
CLIMATE RECORD PERIOD 1894 TO 2014


WEATHER ITEM   OBSERVED TIME   RECORD YEAR NORMAL DEPARTURE LAST
                VALUE   (LST)  VALUE       VALUE  FROM      YEAR
                                                  NORMAL
..................................................................
TEMPERATURE (F)
 YESTERDAY
  MAXIMUM         68    140 PM  79    1993  59      9       54
  MINIMUM         58    801 AM  32    1948  46     12       38
  AVERAGE         63                        52     11       46

PRECIPITATION (IN)
  YESTERDAY        0.07          7.39 1950   0.22  -0.15     0.00
  MONTH TO DATE    5.85                      3.77   2.08     0.11
  SINCE JUL 1      9.44                      5.63   3.81     5.16
  SINCE JAN 1     34.03                     42.56  -8.53    25.09

SNOWFALL (IN)
  YESTERDAY        0.0          MM      MM  MM     MM        0.0
  MONTH TO DATE    0.0                      MM     MM        0.0
  SINCE SEP 1      0.0                      MM     MM        0.0
  SINCE JUL 1      0.0                      MM     MM        0.0
  SNOW DEPTH       0

DEGREE DAYS
 HEATING
  YESTERDAY        2                        13    -11       19
  MONTH TO DATE  175                       335   -160      412
  SINCE SEP 1    360                       619   -259      613
  SINCE JUL 1    782                      1139   -357     1118

 COOLING
  YESTERDAY        0                         0      0        0
  MONTH TO DATE    0                         0      0        0
  SINCE SEP 1      1                         0      1        0
  SINCE JAN 1      1                         0      1        4
..................................................................


WIND (MPH)
  HIGHEST WIND SPEED     9   HIGHEST WIND DIRECTION     S (160)
  HIGHEST GUST SPEED    12   HIGHEST GUST DIRECTION     S (170)
  AVERAGE WIND SPEED     3.2


SKY COVER
  AVERAGE SKY COVER 0.9


WEATHER CONDITIONS
 THE FOLLOWING WEATHER WAS RECORDED YESTERDAY.
  LIGHT RAIN
  FOG


RELATIVE HUMIDITY (PERCENT)
 HIGHEST   100
 LOWEST     84
 AVERAGE    92

..........................................................


THE CRESCENT CITY CA CLIMATE NORMALS FOR TODAY
                         NORMAL    RECORD    YEAR
 MAXIMUM TEMPERATURE (F)   59        78      1949
 MINIMUM TEMPERATURE (F)   46        30      2002


SUNRISE AND SUNSET
OCTOBER 30 2014.......SUNRISE   747 AM PDT   SUNSET   614 PM PDT
OCTOBER 31 2014.......SUNRISE   748 AM PDT   SUNSET   612 PM PDT


-  INDICATES NEGATIVE NUMBERS.
R  INDICATES RECORD WAS SET OR TIED.
MM INDICATES DATA IS MISSING.
T  INDICATES TRACE AMOUNT.




$$
