000
CDUS46 KEKA 270017
CLICEC


CLIMATE REPORT
NATIONAL WEATHER SERVICE EUREKA CA
516 PM PDT FRI MAY 26 2017


...................................

...THE CRESCENT CITY CA CLIMATE SUMMARY FOR MAY 26 2017...
VALID TODAY AS OF 0500 PM LOCAL TIME.

CLIMATE NORMAL PERIOD 1981 TO 2010
CLIMATE RECORD PERIOD 1894 TO 2017


WEATHER ITEM   OBSERVED TIME   RECORD YEAR NORMAL DEPARTURE LAST
                VALUE   (LST)  VALUE       VALUE  FROM      YEAR
                                                  NORMAL
..................................................................
TEMPERATURE (F)
 TODAY
  MAXIMUM         57    227 PM  74    1979  59     -2       61
  MINIMUM         49    231 AM  39    1998  48      1       47
  AVERAGE         53                        53      0       54

PRECIPITATION (IN)
  TODAY            0.00          2.14 1960   0.07  -0.07     0.00
  MONTH TO DATE    1.80                      2.55  -0.75     0.38
  SINCE OCT 1     92.65                     60.12  32.53    66.15
  SINCE JAN 1     47.55                     34.88  12.67    31.47

SNOWFALL (IN)
  TODAY            0.0          MM      MM  MM     MM        0.0
  MONTH TO DATE    0.0                      MM     MM        0.0
  SINCE MAR 1      0.0                      MM     MM        0.0
  SINCE JUL 1      0.0                      MM     MM        0.0
  SNOW DEPTH       0

..................................................................


WIND (MPH)
  HIGHEST WIND SPEED    20   HIGHEST WIND DIRECTION    SE (150)
  HIGHEST GUST SPEED    24   HIGHEST GUST DIRECTION    SE (150)
  AVERAGE WIND SPEED     7.2


SKY COVER
  AVERAGE SKY COVER 1.0


WEATHER CONDITIONS
 THE FOLLOWING WEATHER WAS RECORDED TODAY.
  FOG


RELATIVE HUMIDITY (PERCENT)
 HIGHEST    93
 LOWEST     72
 AVERAGE    83

..........................................................


THE CRESCENT CITY CA CLIMATE NORMALS FOR TOMORROW
                         NORMAL    RECORD    YEAR
 MAXIMUM TEMPERATURE (F)   59        74      1975
 MINIMUM TEMPERATURE (F)   48        39      1955


SUNRISE AND SUNSET
MAY 26 2017...........SUNRISE   448 AM PST   SUNSET   741 PM PST
MAY 27 2017...........SUNRISE   447 AM PST   SUNSET   742 PM PST


-  INDICATES NEGATIVE NUMBERS.
R  INDICATES RECORD WAS SET OR TIED.
MM INDICATES DATA IS MISSING.
T  INDICATES TRACE AMOUNT.




$$
