000
CDUS46 KEKA 231217
CLICEC


CLIMATE REPORT
NATIONAL WEATHER SERVICE EUREKA CA
517 AM PDT THU OCT 23 2014


...................................

...THE CRESCENT CITY CA CLIMATE SUMMARY FOR OCTOBER 22 2014...

CLIMATE NORMAL PERIOD 1981 TO 2010
CLIMATE RECORD PERIOD 1894 TO 2014


WEATHER ITEM   OBSERVED TIME   RECORD YEAR NORMAL DEPARTURE LAST
                VALUE   (LST)  VALUE       VALUE  FROM      YEAR
                                                  NORMAL
..................................................................
TEMPERATURE (F)
 YESTERDAY
  MAXIMUM         64    227 PM  82    1965  60      4       51
  MINIMUM         59    635 PM  34    1949  46     13       46
  AVERAGE         62                        53      9       49

PRECIPITATION (IN)
  YESTERDAY        0.74          2.91 1985   0.18   0.56     0.00
  MONTH TO DATE    3.89                      2.35   1.54     0.08
  SINCE JUL 1      7.48                      4.21   3.27     5.13
  SINCE JAN 1     32.07                     41.14  -9.07    25.06

SNOWFALL (IN)
  YESTERDAY        0.0          MM      MM  MM     MM        0.0
  MONTH TO DATE    0.0                      MM     MM        0.0
  SINCE SEP 1      0.0                      MM     MM        0.0
  SINCE JUL 1      0.0                      MM     MM        0.0
  SNOW DEPTH       0

DEGREE DAYS
 HEATING
  YESTERDAY        3                        12     -9       16
  MONTH TO DATE  128                       249   -121      292
  SINCE SEP 1    313                       533   -220      493
  SINCE JUL 1    735                      1053   -318      998

 COOLING
  YESTERDAY        0                         0      0        0
  MONTH TO DATE    0                         0      0        0
  SINCE SEP 1      1                         0      1        0
  SINCE JAN 1      1                         0      1        4
..................................................................


WIND (MPH)
  HIGHEST WIND SPEED    32   HIGHEST WIND DIRECTION     S (160)
  HIGHEST GUST SPEED    46   HIGHEST GUST DIRECTION     S (160)
  AVERAGE WIND SPEED    21.5


SKY COVER
  AVERAGE SKY COVER 1.0


WEATHER CONDITIONS
 THE FOLLOWING WEATHER WAS RECORDED YESTERDAY.
  HEAVY RAIN
  RAIN
  LIGHT RAIN
  FOG
  HAZE


RELATIVE HUMIDITY (PERCENT)
 HIGHEST   100
 LOWEST     65
 AVERAGE    83

..........................................................


THE CRESCENT CITY CA CLIMATE NORMALS FOR TODAY
                         NORMAL    RECORD    YEAR
 MAXIMUM TEMPERATURE (F)   60        89      1965
 MINIMUM TEMPERATURE (F)   46        35      1975


SUNRISE AND SUNSET
OCTOBER 23 2014.......SUNRISE   739 AM PDT   SUNSET   623 PM PDT
OCTOBER 24 2014.......SUNRISE   740 AM PDT   SUNSET   622 PM PDT


-  INDICATES NEGATIVE NUMBERS.
R  INDICATES RECORD WAS SET OR TIED.
MM INDICATES DATA IS MISSING.
T  INDICATES TRACE AMOUNT.




$$
