000
CDUS46 KEKA 281209
CLICEC


CLIMATE REPORT
NATIONAL WEATHER SERVICE EUREKA CA
409 AM PST WED JAN 28 2015


...................................

...THE CRESCENT CITY CA CLIMATE SUMMARY FOR JANUARY 27 2015...

CLIMATE NORMAL PERIOD 1981 TO 2010
CLIMATE RECORD PERIOD 1894 TO 2015


WEATHER ITEM   OBSERVED TIME   RECORD YEAR NORMAL DEPARTURE LAST
                VALUE   (LST)  VALUE       VALUE  FROM      YEAR
                                                  NORMAL
..................................................................
TEMPERATURE (F)
 YESTERDAY
  MAXIMUM         55    323 PM  66    2011  54      1       53
  MINIMUM         46    757 AM  29    1999  41      5       39
  AVERAGE         51                        48      3       46

PRECIPITATION (IN)
  YESTERDAY        0.00          2.39 1954   0.25  -0.25      T
  MONTH TO DATE    1.73                      9.37  -7.64     1.14
  SINCE JUL 1     26.15                     36.47 -10.32    10.13
  SINCE JAN 1      1.73                      9.37  -7.64     1.14

SNOWFALL (IN)
  YESTERDAY        0.0          MM      MM  MM     MM       MM
  MONTH TO DATE    0.0                      MM     MM        0.0
  SINCE DEC 1      0.0                      MM     MM        0.0
  SINCE JUL 1      0.0                      MM     MM        0.0
  SNOW DEPTH       0

DEGREE DAYS
 HEATING
  YESTERDAY       14                        17     -3       19
  MONTH TO DATE  379                       459    -80      418
  SINCE DEC 1    741                       998   -257     1063
  SINCE JUL 1   1848                      2615   -767     2655

 COOLING
  YESTERDAY        0                         0      0        0
  MONTH TO DATE    0                         0      0        0
  SINCE DEC 1      0                         0      0        0
  SINCE JAN 1      0                         0      0        0
..................................................................


WIND (MPH)
  HIGHEST WIND SPEED     9   HIGHEST WIND DIRECTION    SE (150)
  HIGHEST GUST SPEED    11   HIGHEST GUST DIRECTION     S (170)
  AVERAGE WIND SPEED     4.3


SKY COVER
  AVERAGE SKY COVER 0.3


WEATHER CONDITIONS
 THE FOLLOWING WEATHER WAS RECORDED YESTERDAY.
  FOG


RELATIVE HUMIDITY (PERCENT)
 HIGHEST   100
 LOWEST     83
 AVERAGE    92

..........................................................


THE CRESCENT CITY CA CLIMATE NORMALS FOR TODAY
                         NORMAL    RECORD    YEAR
 MAXIMUM TEMPERATURE (F)   54        70      1984
 MINIMUM TEMPERATURE (F)   41        27      1949


SUNRISE AND SUNSET
JANUARY 28 2015.......SUNRISE   733 AM PST   SUNSET   527 PM PST
JANUARY 29 2015.......SUNRISE   732 AM PST   SUNSET   528 PM PST


-  INDICATES NEGATIVE NUMBERS.
R  INDICATES RECORD WAS SET OR TIED.
MM INDICATES DATA IS MISSING.
T  INDICATES TRACE AMOUNT.




$$
