360
CDUS45 KGJT 130922
CLICEZ


CLIMATE REPORT
NATIONAL WEATHER SERVICE GRAND JUNCTION CO
219 AM MST SAT FEB 13 2016


...................................

...THE CORTEZ CO CLIMATE SUMMARY FOR FEBRUARY 12 2016...

CLIMATE NORMAL PERIOD 1981 TO 2010
CLIMATE RECORD PERIOD 9999 TO 9999


WEATHER ITEM   OBSERVED TIME   RECORD YEAR NORMAL DEPARTURE LAST
                VALUE   (LST)  VALUE       VALUE  FROM      YEAR
                                                  NORMAL
..................................................................
TEMPERATURE (F)
 YESTERDAY
  MAXIMUM         56    403 PM  MM      MM  45     11       55
  MINIMUM         18    645 AM  MM      MM  18      0       19
  AVERAGE         37                        31      6       37

PRECIPITATION (IN)
  YESTERDAY        0.00         MM      MM   0.04  -0.04     0.00
  MONTH TO DATE    0.42                      0.34   0.08      T
  SINCE DEC 1      2.33                      2.22   0.11     1.60
  SINCE JAN 1      1.55                      1.35   0.20     0.88

SNOWFALL (IN)
  YESTERDAY       MM            MM      MM  MM     MM       MM
  MONTH TO DATE   MM                        MM     MM       MM
  SINCE DEC 1     MM                        MM     MM       MM
  SINCE JUL 1     MM                        MM     MM       MM
  SNOW DEPTH      MM

DEGREE DAYS
 HEATING
  YESTERDAY       28                        34     -6       28
  MONTH TO DATE  471                       416     55      297
  SINCE DEC 1   2957                      2696    261     2347
  SINCE JUL 1   4162                      4221    -59     3612

 COOLING
  YESTERDAY        0                         0      0        0
  MONTH TO DATE    0                         0      0        0
  SINCE DEC 1      0                         0      0        0
  SINCE JAN 1      0                         0      0        0
..................................................................


WIND (MPH)
  HIGHEST WIND SPEED    10   HIGHEST WIND DIRECTION    NE (60)
  HIGHEST GUST SPEED    11   HIGHEST GUST DIRECTION    NE (60)
  AVERAGE WIND SPEED     3.5


SKY COVER
  POSSIBLE SUNSHINE  MM
  AVERAGE SKY COVER 0.0


WEATHER CONDITIONS
 THE FOLLOWING WEATHER WAS RECORDED YESTERDAY.
  NO SIGNIFICANT WEATHER WAS OBSERVED.


RELATIVE HUMIDITY (PERCENT)
 HIGHEST    84           200 AM
 LOWEST     24           400 PM
 AVERAGE    54

..........................................................


THE CORTEZ CO CLIMATE NORMALS FOR TODAY
                         NORMAL    RECORD    YEAR
 MAXIMUM TEMPERATURE (F)   45        MM        MM
 MINIMUM TEMPERATURE (F)   18        MM        MM


SUNRISE AND SUNSET
FEBRUARY 13 2016......SUNRISE   706 AM MST   SUNSET   552 PM MST
FEBRUARY 14 2016......SUNRISE   705 AM MST   SUNSET   553 PM MST


-  INDICATES NEGATIVE NUMBERS.
R  INDICATES RECORD WAS SET OR TIED.
MM INDICATES DATA IS MISSING.
T  INDICATES TRACE AMOUNT.




$$
