000
CDUS43 KPAH 210929
CLICGI


CLIMATE REPORT
NATIONAL WEATHER SERVICE PADUCAH KY
426 AM CDT MON AUG 21 2017


...................................

...THE CAPE GIRARDEAU MO CLIMATE SUMMARY FOR AUGUST 20 2017...

CLIMATE NORMAL PERIOD 1981 TO 2010
CLIMATE RECORD PERIOD 1960 TO 2017


WEATHER ITEM   OBSERVED TIME   RECORD YEAR NORMAL DEPARTURE LAST
                VALUE   (LST)  VALUE       VALUE  FROM      YEAR
                                                  NORMAL
..................................................................
TEMPERATURE (F)
 YESTERDAY
  MAXIMUM         91   1257 PM 101    1962  89      2       85
  MINIMUM         67    459 AM  50    1967  65      2       73
  AVERAGE         79                        77      2

PRECIPITATION (IN)
  YESTERDAY        T             1.20 1994   0.10  -0.10     0.06
  MONTH TO DATE    2.21                      1.91   0.30     6.26
  SINCE JUN 1      6.53                      8.84  -2.31    13.42
  SINCE JAN 1     25.75                     29.94  -4.19    36.70

DEGREE DAYS
 HEATING
  YESTERDAY        0                         0      0        0
  MONTH TO DATE    0                         0      0        0
  SINCE JUN 1      0                         4     -4        0
  SINCE JUL 1      0                         0      0        0

 COOLING
  YESTERDAY       14                        12      2       14
  MONTH TO DATE  187                       255    -68      285
  SINCE JUN 1    936                       989    -53     1172
  SINCE JAN 1   1111                      1141    -30     1293
..................................................................


WIND (MPH)
  HIGHEST WIND SPEED    17   HIGHEST WIND DIRECTION    SW (210)
  HIGHEST GUST SPEED    26   HIGHEST GUST DIRECTION    SW (210)
  AVERAGE WIND SPEED     3.2


SKY COVER
  AVERAGE SKY COVER 0.1


WEATHER CONDITIONS
 THE FOLLOWING WEATHER WAS RECORDED YESTERDAY.
  THUNDERSTORM
  LIGHT RAIN
  FOG
  FOG W/VISIBILITY <= 1/4 MILE


RELATIVE HUMIDITY (PERCENT)
 HIGHEST   100
 LOWEST     56
 AVERAGE    78

..........................................................


THE CAPE GIRARDEAU MO CLIMATE NORMALS FOR TODAY
                         NORMAL    RECORD    YEAR
 MAXIMUM TEMPERATURE (F)   89       100      1983
 MINIMUM TEMPERATURE (F)   65        51      1961


SUNRISE AND SUNSET
AUGUST 21 2017........SUNRISE   620 AM CDT   SUNSET   742 PM CDT
AUGUST 22 2017........SUNRISE   621 AM CDT   SUNSET   741 PM CDT


-  INDICATES NEGATIVE NUMBERS.
R  INDICATES RECORD WAS SET OR TIED.
MM INDICATES DATA IS MISSING.
T  INDICATES TRACE AMOUNT.




$$
