856
CDUS43 KPAH 200646
CLICGI

CLIMATE REPORT
NATIONAL WEATHER SERVICE PADUCAH KY
146 AM CDT FRI OCT 20 2017

...................................

...THE CAPE GIRARDEAU MO CLIMATE SUMMARY FOR OCTOBER 19 2017...

CLIMATE NORMAL PERIOD 1981 TO 2010
CLIMATE RECORD PERIOD 1960 TO 2017


WEATHER ITEM   OBSERVED TIME   RECORD YEAR NORMAL DEPARTURE LAST
                VALUE   (LST)  VALUE       VALUE  FROM      YEAR
                                                  NORMAL
..................................................................
TEMPERATURE (F)
 YESTERDAY
  MAXIMUM         78    306 PM  90    2005  70      8       89
  MINIMUM         45    507 AM  32    1989  44      1       64
  AVERAGE         62                        57      5

PRECIPITATION (IN)
  YESTERDAY        0.00          1.23 1993   0.12  -0.12     0.00
  MONTH TO DATE    1.01                      2.25  -1.24     0.40
  SINCE SEP 1      1.74                      5.53  -3.79     5.45
  SINCE JAN 1     27.49                     36.58  -9.09    42.15

DEGREE DAYS
 HEATING
  YESTERDAY        3                         9      -6       0
  MONTH TO DATE   61                       129     -68      46
  SINCE SEP 1     77                       177    -100      65
  SINCE JUL 1     77                       178    -101      65

 COOLING
  YESTERDAY        0                         1     -1       12
  MONTH TO DATE   89                        26     63       80
  SINCE SEP 1    280                       188     92      337
  SINCE JAN 1   1482                      1448     34     1780
..................................................................


WIND (MPH)
  HIGHEST WIND SPEED    14   HIGHEST WIND DIRECTION    S  (170)
  HIGHEST GUST SPEED    19   HIGHEST GUST DIRECTION    SE (150)
  AVERAGE WIND SPEED     4.5


SKY COVER
  AVERAGE SKY COVER 0.0


WEATHER CONDITIONS
 THE FOLLOWING WEATHER WAS RECORDED YESTERDAY.
 NO SIGNIFICANT WEATHER WAS OBSERVED.


RELATIVE HUMIDITY (PERCENT)
 HIGHEST    93
 LOWEST     35
 AVERAGE    64

..........................................................


THE CAPE GIRARDEAU MO CLIMATE NORMALS FOR TODAY
                         NORMAL    RECORD    YEAR
 MAXIMUM TEMPERATURE (F)   69        89      1963
 MINIMUM TEMPERATURE (F)   44        30      1966


SUNRISE AND SUNSET
OCTOBER 20 2017.......SUNRISE   711 AM CDT   SUNSET   614 PM CDT
OCTOBER 21 2017.......SUNRISE   712 AM CDT   SUNSET   613 PM CDT


-  INDICATES NEGATIVE NUMBERS.
R  INDICATES RECORD WAS SET OR TIED.
MM INDICATES DATA IS MISSING.
T  INDICATES TRACE AMOUNT.




$$
