000
CDUS43 KPAH 230632
CLICGI


CLIMATE REPORT
NATIONAL WEATHER SERVICE PADUCAH KY
130 AM CDT THU OCT 23 2014


...................................

...THE CAPE GIRARDEAU MO CLIMATE SUMMARY FOR OCTOBER 22 2014...

CLIMATE NORMAL PERIOD 1981 TO 2010
CLIMATE RECORD PERIOD 1960 TO 2014


WEATHER ITEM   OBSERVED TIME   RECORD YEAR NORMAL DEPARTURE LAST
                VALUE   (LST)  VALUE       VALUE  FROM      YEAR
                                                  NORMAL
..................................................................
TEMPERATURE (F)
 YESTERDAY
  MAXIMUM         66    247 PM  85    1963  69     -3       61
  MINIMUM         38    641 AM  28    1982  43     -5       32
  AVERAGE         52                        56     -4

PRECIPITATION (IN)
  YESTERDAY        0.00          1.98 2009   0.13  -0.13     0.03
  MONTH TO DATE    3.93                      2.64   1.29     2.58
  SINCE SEP 1      5.98                      5.92   0.06     3.02
  SINCE JAN 1     38.28                     36.97   1.31    31.25

DEGREE DAYS
 HEATING
  YESTERDAY       13                        10      3       18
  MONTH TO DATE  121                       157    -36      125
  SINCE SEP 1    167                       205    -38      135
  SINCE JUL 1    167                       206    -39      136

 COOLING
  YESTERDAY        0                         1     -1        0
  MONTH TO DATE   27                        29     -2       44
  SINCE SEP 1    172                       191    -19      256
  SINCE JAN 1   1411                      1451    -40     1437
..................................................................


WIND (MPH)
  HIGHEST WIND SPEED    10   HIGHEST WIND DIRECTION     N (20)
  HIGHEST GUST SPEED    14   HIGHEST GUST DIRECTION     N (20)
  AVERAGE WIND SPEED     3.2


SKY COVER
  AVERAGE SKY COVER 0.0


WEATHER CONDITIONS
 THE FOLLOWING WEATHER WAS RECORDED YESTERDAY.
  FOG
  HAZE


RELATIVE HUMIDITY (PERCENT)
 HIGHEST   100
 LOWEST     40
 AVERAGE    70

..........................................................


THE CAPE GIRARDEAU MO CLIMATE NORMALS FOR TODAY
                         NORMAL    RECORD    YEAR
 MAXIMUM TEMPERATURE (F)   68        84      2000
 MINIMUM TEMPERATURE (F)   43        23      1981


SUNRISE AND SUNSET
OCTOBER 23 2014.......SUNRISE   714 AM CDT   SUNSET   611 PM CDT
OCTOBER 24 2014.......SUNRISE   715 AM CDT   SUNSET   610 PM CDT


-  INDICATES NEGATIVE NUMBERS.
R  INDICATES RECORD WAS SET OR TIED.
MM INDICATES DATA IS MISSING.
T  INDICATES TRACE AMOUNT.




$$
