000
CDUS43 KPAH 010630
CLICGI


CLIMATE REPORT
NATIONAL WEATHER SERVICE PADUCAH KY
129 AM CDT WED OCT 1 2014


...................................

...THE CAPE GIRARDEAU MO CLIMATE SUMMARY FOR SEPTEMBER 30 2014...

CLIMATE NORMAL PERIOD 1981 TO 2010
CLIMATE RECORD PERIOD 1960 TO 2014


WEATHER ITEM   OBSERVED TIME   RECORD YEAR NORMAL DEPARTURE LAST
                VALUE   (LST)  VALUE       VALUE  FROM      YEAR
                                                  NORMAL
..................................................................
TEMPERATURE (F)
 YESTERDAY
  MAXIMUM         86    309 PM  95    1971  76     10       71
  MINIMUM         50    604 AM  33    1999  50      0       64
  AVERAGE         68                        63      5

PRECIPITATION (IN)
  YESTERDAY        0.00          2.06 1965   0.11  -0.11     0.00
  MONTH TO DATE    2.05                      3.28  -1.23     0.44
  SINCE SEP 1      2.05                      3.28  -1.23     0.44
  SINCE JAN 1     34.35                     34.33   0.02    28.67

DEGREE DAYS
 HEATING
  YESTERDAY        0                         4     -4        0
  MONTH TO DATE   46                        45      1       10
  SINCE SEP 1     46                        48     -2       10
  SINCE JUL 1     46                        49     -3       11

 COOLING
  YESTERDAY        3                         2      1        3
  MONTH TO DATE  145                       162    -17      212
  SINCE SEP 1    145                       162    -17      212
  SINCE JAN 1   1384                      1422    -38     1393
..................................................................


WIND (MPH)
  HIGHEST WIND SPEED    12   HIGHEST WIND DIRECTION     E (70)
  HIGHEST GUST SPEED    15   HIGHEST GUST DIRECTION    NE (60)
  AVERAGE WIND SPEED     2.3


SKY COVER
  AVERAGE SKY COVER 0.1


WEATHER CONDITIONS
 THE FOLLOWING WEATHER WAS RECORDED YESTERDAY.
  FOG
  FOG W/VISIBILITY <= 1/4 MILE


RELATIVE HUMIDITY (PERCENT)
 HIGHEST   100
 LOWEST     32
 AVERAGE    66

..........................................................


THE CAPE GIRARDEAU MO CLIMATE NORMALS FOR TODAY
                         NORMAL    RECORD    YEAR
 MAXIMUM TEMPERATURE (F)   75        92      1971
 MINIMUM TEMPERATURE (F)   50        35      1984


SUNRISE AND SUNSET
OCTOBER  1 2014.......SUNRISE   654 AM CDT   SUNSET   642 PM CDT
OCTOBER  2 2014.......SUNRISE   655 AM CDT   SUNSET   640 PM CDT


-  INDICATES NEGATIVE NUMBERS.
R  INDICATES RECORD WAS SET OR TIED.
MM INDICATES DATA IS MISSING.
T  INDICATES TRACE AMOUNT.




$$
