000
CDUS43 KPAH 280633
CLICGI


CLIMATE REPORT
NATIONAL WEATHER SERVICE PADUCAH KY
130 AM CDT TUE JUL 28 2015


...................................

...THE CAPE GIRARDEAU MO CLIMATE SUMMARY FOR JULY 27 2015...

CLIMATE NORMAL PERIOD 1981 TO 2010
CLIMATE RECORD PERIOD 1960 TO 2015


WEATHER ITEM   OBSERVED TIME   RECORD YEAR NORMAL DEPARTURE LAST
                VALUE   (LST)  VALUE       VALUE  FROM      YEAR
                                                  NORMAL
..................................................................
TEMPERATURE (F)
 YESTERDAY
  MAXIMUM         92    333 PM  99    1993  89      3       95
  MINIMUM         74    157 AM  49    1962  68      6       70
  AVERAGE         83                        78      5

PRECIPITATION (IN)
  YESTERDAY        0.01          0.50 1980   0.10  -0.09     0.00
  MONTH TO DATE    9.22                      2.94   6.28     2.92
  SINCE JUN 1     13.54                      6.51   7.03    10.42
  SINCE JAN 1     38.98                     27.61  11.37    28.81

DEGREE DAYS
 HEATING
  YESTERDAY        0                         0      0        0
  MONTH TO DATE    0                         0      0        0
  SINCE JUN 1      5                         4      1        0
  SINCE JUL 1      0                         0      0        0

 COOLING
  YESTERDAY       18                        13      5       18
  MONTH TO DATE  403                       373     30      258
  SINCE JUN 1    784                       685     99      617
  SINCE JAN 1    961                       837    124      828
..................................................................


WIND (MPH)
  HIGHEST WIND SPEED    16   HIGHEST WIND DIRECTION     N (350)
  HIGHEST GUST SPEED    21   HIGHEST GUST DIRECTION     N (360)
  AVERAGE WIND SPEED     4.1


SKY COVER
  AVERAGE SKY COVER 0.3


WEATHER CONDITIONS
 THE FOLLOWING WEATHER WAS RECORDED YESTERDAY.
  THUNDERSTORM
  LIGHT RAIN


RELATIVE HUMIDITY (PERCENT)
 HIGHEST   100
 LOWEST     66
 AVERAGE    83

..........................................................


THE CAPE GIRARDEAU MO CLIMATE NORMALS FOR TODAY
                         NORMAL    RECORD    YEAR
 MAXIMUM TEMPERATURE (F)   89       100      1993
 MINIMUM TEMPERATURE (F)   67        53      2013
                                             2004


SUNRISE AND SUNSET
JULY 28 2015..........SUNRISE   600 AM CDT   SUNSET   810 PM CDT
JULY 29 2015..........SUNRISE   600 AM CDT   SUNSET   809 PM CDT


-  INDICATES NEGATIVE NUMBERS.
R  INDICATES RECORD WAS SET OR TIED.
MM INDICATES DATA IS MISSING.
T  INDICATES TRACE AMOUNT.




$$
