000
CDUS43 KPAH 240633
CLICGI


CLIMATE REPORT
NATIONAL WEATHER SERVICE PADUCAH KY
129 AM CDT TUE MAY 24 2016


...................................

...THE CAPE GIRARDEAU MO CLIMATE SUMMARY FOR MAY 23 2016...

CLIMATE NORMAL PERIOD 1981 TO 2010
CLIMATE RECORD PERIOD 1960 TO 2016


WEATHER ITEM   OBSERVED TIME   RECORD YEAR NORMAL DEPARTURE LAST
                VALUE   (LST)  VALUE       VALUE  FROM      YEAR
                                                  NORMAL
..................................................................
TEMPERATURE (F)
 YESTERDAY
  MAXIMUM         83    223 PM  93    1996  80      3       78
  MINIMUM         50    509 AM  38    1963  58     -8       58
  AVERAGE         67                        69     -2

PRECIPITATION (IN)
  YESTERDAY        0.00          2.45 1966   0.16  -0.16     0.00
  MONTH TO DATE    3.33                      4.26  -0.93     5.06
  SINCE MAR 1     13.49                     13.02   0.47    18.02
  SINCE JAN 1     18.27                     19.90  -1.63    24.54

DEGREE DAYS
 HEATING
  YESTERDAY        0                         1     -1        0
  MONTH TO DATE  100                        61     39       56
  SINCE MAR 1    679                       882   -203      833
  SINCE JUL 1   3571                      4379   -808     4611

 COOLING
  YESTERDAY        2                         5     -3        3
  MONTH TO DATE   35                        74    -39       91
  SINCE MAR 1     53                       105    -52      119
  SINCE JAN 1     53                       105    -52      119
..................................................................


WIND (MPH)
  HIGHEST WIND SPEED    14   HIGHEST WIND DIRECTION    SW (220)
  HIGHEST GUST SPEED    18   HIGHEST GUST DIRECTION    SW (230)
  AVERAGE WIND SPEED     3.1


SKY COVER
  AVERAGE SKY COVER 0.0


WEATHER CONDITIONS
 THE FOLLOWING WEATHER WAS RECORDED YESTERDAY.
  FOG


RELATIVE HUMIDITY (PERCENT)
 HIGHEST   100
 LOWEST     34
 AVERAGE    67

..........................................................


THE CAPE GIRARDEAU MO CLIMATE NORMALS FOR TODAY
                         NORMAL    RECORD    YEAR
 MAXIMUM TEMPERATURE (F)   80        97      1996
 MINIMUM TEMPERATURE (F)   58        44      1961


SUNRISE AND SUNSET
MAY 24 2016...........SUNRISE   543 AM CDT   SUNSET   808 PM CDT
MAY 25 2016...........SUNRISE   543 AM CDT   SUNSET   808 PM CDT


-  INDICATES NEGATIVE NUMBERS.
R  INDICATES RECORD WAS SET OR TIED.
MM INDICATES DATA IS MISSING.
T  INDICATES TRACE AMOUNT.




$$
