000
CDUS43 KPAH 300632
CLICGI


CLIMATE REPORT
NATIONAL WEATHER SERVICE PADUCAH KY
127 AM CDT TUE JUN 30 2015

...................................

...THE CAPE GIRARDEAU MO CLIMATE SUMMARY FOR JUNE 29 2015...

CLIMATE NORMAL PERIOD 1981 TO 2010
CLIMATE RECORD PERIOD 1960 TO 2015

WEATHER ITEM   OBSERVED TIME   RECORD YEAR NORMAL DEPARTURE LAST
                VALUE   (LST)  VALUE       VALUE  FROM      YEAR
                                                  NORMAL
..................................................................
TEMPERATURE (F)
 YESTERDAY
  MAXIMUM         89    137 PM 107    2012  89      0       77
  MINIMUM         70   1124 PM  56    2000  67      3       70
  AVERAGE         80                        78      2

PRECIPITATION (IN)
  YESTERDAY        0.00          1.45 1980   0.11  -0.11     0.58
  MONTH TO DATE    4.32                      3.46   0.86     7.50
  SINCE JUN 1      4.32                      3.46   0.86     7.50
  SINCE JAN 1     29.76                     24.56   5.20    25.89

DEGREE DAYS
 HEATING
  YESTERDAY        0                         0      0        0
  MONTH TO DATE    5                         1      4        0
  SINCE JUN 1      5                         1      4        0
  SINCE JUL 1   4617                      4387    230     4941

 COOLING
  YESTERDAY       15                        13      2        9
  MONTH TO DATE  369                       297     72      342
  SINCE JUN 1    369                       297     72      342
  SINCE JAN 1    546                       449     97      553
..................................................................

WIND (MPH)
  HIGHEST WIND SPEED    14   HIGHEST WIND DIRECTION    NW (300)
  HIGHEST GUST SPEED    20   HIGHEST GUST DIRECTION    NW (300)
  AVERAGE WIND SPEED     7.0

SKY COVER
  AVERAGE SKY COVER 0.1

WEATHER CONDITIONS
 THE FOLLOWING WEATHER WAS RECORDED YESTERDAY.
  NO SIGNIFICANT WEATHER WAS OBSERVED.

RELATIVE HUMIDITY (PERCENT)
 HIGHEST    93
 LOWEST     46
 AVERAGE    70
..........................................................

THE CAPE GIRARDEAU MO CLIMATE NORMALS FOR TODAY
                         NORMAL    RECORD    YEAR
 MAXIMUM TEMPERATURE (F)   89       105      2012
 MINIMUM TEMPERATURE (F)   67        56      2000

SUNRISE AND SUNSET
JUNE 30 2015..........SUNRISE   541 AM CDT   SUNSET   823 PM CDT
JULY  1 2015..........SUNRISE   542 AM CDT   SUNSET   823 PM CDT

-  INDICATES NEGATIVE NUMBERS.
R  INDICATES RECORD WAS SET OR TIED.
MM INDICATES DATA IS MISSING.
T  INDICATES TRACE AMOUNT.

$$
