000
CDUS43 KPAH 250631
CLICGI


CLIMATE REPORT
NATIONAL WEATHER SERVICE PADUCAH KY
129 AM CDT SAT OCT 25 2014


...................................

...THE CAPE GIRARDEAU MO CLIMATE SUMMARY FOR OCTOBER 24 2014...

CLIMATE NORMAL PERIOD 1981 TO 2010
CLIMATE RECORD PERIOD 1960 TO 2014


WEATHER ITEM   OBSERVED TIME   RECORD YEAR NORMAL DEPARTURE LAST
                VALUE   (LST)  VALUE       VALUE  FROM      YEAR
                                                  NORMAL
..................................................................
TEMPERATURE (F)
 YESTERDAY
  MAXIMUM         73    346 PM  84    2000  68      5       52
  MINIMUM         42   1226 AM  23    1981  43     -1       27
  AVERAGE         58                        55      3

PRECIPITATION (IN)
  YESTERDAY        0.00          0.66 1967   0.12  -0.12     0.00
  MONTH TO DATE    3.93                      2.89   1.04     2.58
  SINCE SEP 1      5.98                      6.17  -0.19     3.02
  SINCE JAN 1     38.28                     37.22   1.06    31.25

DEGREE DAYS
 HEATING
  YESTERDAY        7                        10     -3       25
  MONTH TO DATE  147                       177    -30      167
  SINCE SEP 1    193                       225    -32      177
  SINCE JUL 1    193                       226    -33      178

 COOLING
  YESTERDAY        0                         0      0        0
  MONTH TO DATE   27                        29     -2       44
  SINCE SEP 1    172                       191    -19      256
  SINCE JAN 1   1411                      1451    -40     1437
..................................................................


WIND (MPH)
  HIGHEST WIND SPEED     9   HIGHEST WIND DIRECTION    NW (310)
  HIGHEST GUST SPEED    14   HIGHEST GUST DIRECTION    SW (240)
  AVERAGE WIND SPEED     2.1


SKY COVER
  AVERAGE SKY COVER 0.4


WEATHER CONDITIONS
 THE FOLLOWING WEATHER WAS RECORDED YESTERDAY.
  FOG
  HAZE


RELATIVE HUMIDITY (PERCENT)
 HIGHEST    96
 LOWEST     49
 AVERAGE    73

..........................................................


THE CAPE GIRARDEAU MO CLIMATE NORMALS FOR TODAY
                         NORMAL    RECORD    YEAR
 MAXIMUM TEMPERATURE (F)   67        84      1963
 MINIMUM TEMPERATURE (F)   43        24      2013
                                             1999


SUNRISE AND SUNSET
OCTOBER 25 2014.......SUNRISE   716 AM CDT   SUNSET   609 PM CDT
OCTOBER 26 2014.......SUNRISE   717 AM CDT   SUNSET   607 PM CDT


-  INDICATES NEGATIVE NUMBERS.
R  INDICATES RECORD WAS SET OR TIED.
MM INDICATES DATA IS MISSING.
T  INDICATES TRACE AMOUNT.




$$
