000
CDUS43 KPAH 170633
CLICGI


CLIMATE REPORT
NATIONAL WEATHER SERVICE PADUCAH KY
129 AM CDT THU APR 17 2014


...................................

...THE CAPE GIRARDEAU MO CLIMATE SUMMARY FOR APRIL 16 2014...

CLIMATE NORMAL PERIOD 1981 TO 2010
CLIMATE RECORD PERIOD 1960 TO 2014


WEATHER ITEM   OBSERVED TIME   RECORD YEAR NORMAL DEPARTURE LAST
                VALUE   (LST)  VALUE       VALUE  FROM      YEAR
                                                  NORMAL
..................................................................
TEMPERATURE (F)
 YESTERDAY
  MAXIMUM         56    413 PM  87    1977  69    -13       72
  MINIMUM         32    456 AM  28    1962  46    -14       57
  AVERAGE         44                        57    -13

PRECIPITATION (IN)
  YESTERDAY        0.00          1.58 1982   0.15  -0.15      T
  MONTH TO DATE    3.71                      2.17   1.54     0.73
  SINCE MAR 1      6.02                      6.57  -0.55     3.28
  SINCE JAN 1      9.16                     13.45  -4.29     9.90

DEGREE DAYS
 HEATING
  YESTERDAY       21                         9     12        0
  MONTH TO DATE  154                       174    -20      160
  SINCE MAR 1    872                       733    139      882
  SINCE JUL 1   4797                      4230    567     4121

 COOLING
  YESTERDAY        0                         1     -1        0
  MONTH TO DATE    7                        10     -3       20
  SINCE MAR 1      7                        14     -7       20
  SINCE JAN 1      7                        14     -7       20
..................................................................


WIND (MPH)
  HIGHEST WIND SPEED    17   HIGHEST WIND DIRECTION    SE (140)
  HIGHEST GUST SPEED    23   HIGHEST GUST DIRECTION    SE (150)
  AVERAGE WIND SPEED     7.9


SKY COVER
  AVERAGE SKY COVER 0.0


WEATHER CONDITIONS
 THE FOLLOWING WEATHER WAS RECORDED YESTERDAY.
  NO SIGNIFICANT WEATHER WAS OBSERVED.


RELATIVE HUMIDITY (PERCENT)
 HIGHEST    86
 LOWEST     35
 AVERAGE    61

..........................................................


THE CAPE GIRARDEAU MO CLIMATE NORMALS FOR TODAY
                         NORMAL    RECORD    YEAR
 MAXIMUM TEMPERATURE (F)   69        86      1977
 MINIMUM TEMPERATURE (F)   46        33      1993


SUNRISE AND SUNSET
APRIL 17 2014.........SUNRISE   621 AM CDT   SUNSET   735 PM CDT
APRIL 18 2014.........SUNRISE   620 AM CDT   SUNSET   736 PM CDT


-  INDICATES NEGATIVE NUMBERS.
R  INDICATES RECORD WAS SET OR TIED.
MM INDICATES DATA IS MISSING.
T  INDICATES TRACE AMOUNT.




$$
