000
CDUS43 KPAH 260630
CLICGI


CLIMATE REPORT
NATIONAL WEATHER SERVICE PADUCAH KY
127 AM CDT SUN MAR 26 2017


...................................

...THE CAPE GIRARDEAU MO CLIMATE SUMMARY FOR MARCH 25 2017...

CLIMATE NORMAL PERIOD 1981 TO 2010
CLIMATE RECORD PERIOD 1960 TO 2017


WEATHER ITEM   OBSERVED TIME   RECORD YEAR NORMAL DEPARTURE LAST
                VALUE   (LST)  VALUE       VALUE  FROM      YEAR
                                                  NORMAL
..................................................................
TEMPERATURE (F)
 YESTERDAY
  MAXIMUM         66    147 AM  83    2007  62      4       53
  MINIMUM         54    632 AM  20    1966  38     16       38
  AVERAGE         60                        50     10

PRECIPITATION (IN)
  YESTERDAY        0.31          1.94 2002   0.15   0.16     0.00
  MONTH TO DATE    2.35                      3.46  -1.11     3.36
  SINCE MAR 1      2.35                      3.46  -1.11     3.36
  SINCE JAN 1      5.37                     10.34  -4.97     8.14

DEGREE DAYS
 HEATING
  YESTERDAY        5                        15    -10       19
  MONTH TO DATE  436                       474    -38      323
  SINCE MAR 1    436                       474    -38      323
  SINCE JUL 1   3171                      3971   -800     3215

 COOLING
  YESTERDAY        0                         0      0        0
  MONTH TO DATE    3                         0      3        0
  SINCE MAR 1      3                         0      3        0
  SINCE JAN 1      3                         0      3        0
..................................................................


WIND (MPH)
  HIGHEST WIND SPEED    30   HIGHEST WIND DIRECTION     W (250)
  HIGHEST GUST SPEED    38   HIGHEST GUST DIRECTION     W (250)
  AVERAGE WIND SPEED    14.1


SKY COVER
  AVERAGE SKY COVER 0.7


WEATHER CONDITIONS
 THE FOLLOWING WEATHER WAS RECORDED YESTERDAY.
  RAIN
  LIGHT RAIN
  FOG
  HAZE


RELATIVE HUMIDITY (PERCENT)
 HIGHEST    93
 LOWEST     68
 AVERAGE    81

..........................................................


THE CAPE GIRARDEAU MO CLIMATE NORMALS FOR TODAY
                         NORMAL    RECORD    YEAR
 MAXIMUM TEMPERATURE (F)   62        82      2007
 MINIMUM TEMPERATURE (F)   39        20      2014


SUNRISE AND SUNSET
MARCH 26 2017.........SUNRISE   653 AM CDT   SUNSET   716 PM CDT
MARCH 27 2017.........SUNRISE   651 AM CDT   SUNSET   717 PM CDT


-  INDICATES NEGATIVE NUMBERS.
R  INDICATES RECORD WAS SET OR TIED.
MM INDICATES DATA IS MISSING.
T  INDICATES TRACE AMOUNT.

&&
..........................................................
***** AGRICULTURAL DATA *****

SOIL TEMPERATURES AT A DEPTH OF FOUR INCHES

UNDER GRASS...  MAX: 53    MIN: 51


$$
