000
CDUS43 KPAH 040631
CLICGI


CLIMATE REPORT
NATIONAL WEATHER SERVICE PADUCAH KY
128 AM CDT FRI SEP 4 2015


...................................

...THE CAPE GIRARDEAU MO CLIMATE SUMMARY FOR SEPTEMBER 3 2015...

CLIMATE NORMAL PERIOD 1981 TO 2010
CLIMATE RECORD PERIOD 1960 TO 2015


WEATHER ITEM   OBSERVED TIME   RECORD YEAR NORMAL DEPARTURE LAST
                VALUE   (LST)  VALUE       VALUE  FROM      YEAR
                                                  NORMAL
..................................................................
TEMPERATURE (F)
 YESTERDAY
  MAXIMUM         93    236 PM  98    2011  86      7       87
  MINIMUM         65    549 AM  49    1965  62      3       63
  AVERAGE         79                        74      5

PRECIPITATION (IN)
  YESTERDAY        0.00          1.68 1993   0.11  -0.11     0.00
  MONTH TO DATE    0.00                      0.33  -0.33     0.00
  SINCE SEP 1      0.00                      0.33  -0.33     0.00
  SINCE JAN 1     43.55                     31.38  12.17    32.30

DEGREE DAYS
 HEATING
  YESTERDAY        0                         0      0        0
  MONTH TO DATE    0                         0      0        0
  SINCE SEP 1      0                         0      0        0
  SINCE JUL 1      0                         1     -1        0

 COOLING
  YESTERDAY       14                         9      5       10
  MONTH TO DATE   39                        27     12       35
  SINCE SEP 1     39                        27     12       35
  SINCE JAN 1   1368                      1287     81     1274
..................................................................


WIND (MPH)
  HIGHEST WIND SPEED     8   HIGHEST WIND DIRECTION     W (260)
  HIGHEST GUST SPEED    11   HIGHEST GUST DIRECTION    SW (240)
  AVERAGE WIND SPEED     1.5


SKY COVER
  AVERAGE SKY COVER 0.1


WEATHER CONDITIONS
 THE FOLLOWING WEATHER WAS RECORDED YESTERDAY.
  FOG
  FOG W/VISIBILITY <= 1/4 MILE
  HAZE


RELATIVE HUMIDITY (PERCENT)
 HIGHEST   100
 LOWEST     44
 AVERAGE    72

..........................................................


THE CAPE GIRARDEAU MO CLIMATE NORMALS FOR TODAY
                         NORMAL    RECORD    YEAR
 MAXIMUM TEMPERATURE (F)   86        98      1999
 MINIMUM TEMPERATURE (F)   61        47      1997


SUNRISE AND SUNSET
SEPTEMBER  4 2015.....SUNRISE   631 AM CDT   SUNSET   723 PM CDT
SEPTEMBER  5 2015.....SUNRISE   632 AM CDT   SUNSET   721 PM CDT


-  INDICATES NEGATIVE NUMBERS.
R  INDICATES RECORD WAS SET OR TIED.
MM INDICATES DATA IS MISSING.
T  INDICATES TRACE AMOUNT.




$$
