000
CDUS44 KMRX 290827
CLICHA

CLIMATE REPORT
NATIONAL WEATHER SERVICE MORRISTOWN TN
426 AM EDT SUN MAR 29 2015


...................................

...THE CHATTANOOGA CLIMATE SUMMARY FOR MARCH 28 2015...

CLIMATE NORMAL PERIOD 1981 TO 2010
CLIMATE RECORD PERIOD 1879 TO 2015


WEATHER ITEM   OBSERVED TIME   RECORD YEAR NORMAL DEPARTURE LAST
                VALUE   (LST)  VALUE       VALUE  FROM      YEAR
                                                  NORMAL
..................................................................
TEMPERATURE (F)
 YESTERDAY
  MAXIMUM         53    417 PM  87    1907  68    -15       64
  MINIMUM         32    658 AM  25    1894  44    -12       51
  AVERAGE         43                        56    -13       58

PRECIPITATION (IN)
  YESTERDAY        0.00          4.42 1951   0.16  -0.16     0.22
  MONTH TO DATE    3.59                      4.50  -0.91     1.98
  SINCE MAR 1      3.59                      4.50  -0.91     1.98
  SINCE JAN 1     10.58                     14.25  -3.67     9.57

SNOWFALL (IN)
  YESTERDAY        0.0                       0.0    0.0      0.0
  MONTH TO DATE    0.0                       1.2   -1.2       T
  SINCE MAR 1      0.0                       1.2   -1.2       T
  SINCE JUL 1      9.5                       3.8    5.7      8.4
  SNOW DEPTH       0

DEGREE DAYS
 HEATING
  YESTERDAY       22                        10     12        7
  MONTH TO DATE  289                       375    -86      404
  SINCE MAR 1    289                       375    -86      404
  SINCE JUL 1   3122                      2997    125     3198

 COOLING
  YESTERDAY        0                         0      0        0
  MONTH TO DATE    2                         0      2        0
  SINCE MAR 1      2                         0      2        0
  SINCE JAN 1      2                         0      2        0
..................................................................


WIND (MPH)
  HIGHEST WIND SPEED    20   HIGHEST WIND DIRECTION     N (350)
  HIGHEST GUST SPEED    25   HIGHEST GUST DIRECTION    NW (320)
  AVERAGE WIND SPEED     9.8


SKY COVER
  POSSIBLE SUNSHINE  MM
  AVERAGE SKY COVER  MM


WEATHER CONDITIONS
 THE FOLLOWING WEATHER WAS RECORDED YESTERDAY.
  NO SIGNIFICANT WEATHER WAS OBSERVED.


RELATIVE HUMIDITY (PERCENT)
 HIGHEST    60          1200 AM
 LOWEST     15           600 PM
 AVERAGE    38

..........................................................


THE CHATTANOOGA CLIMATE NORMALS FOR TODAY
                         NORMAL    RECORD    YEAR
 MAXIMUM TEMPERATURE (F)   68        86      1928
 MINIMUM TEMPERATURE (F)   44        25      1887


SUNRISE AND SUNSET
MARCH 29 2015.........SUNRISE   732 AM EDT   SUNSET   800 PM EDT
MARCH 30 2015.........SUNRISE   731 AM EDT   SUNSET   800 PM EDT


-  INDICATES NEGATIVE NUMBERS.
R  INDICATES RECORD WAS SET OR TIED.
MM INDICATES DATA IS MISSING.
T  INDICATES TRACE AMOUNT.




$$
