000
CDUS44 KMRX 280911
CLICHA

CLIMATE REPORT
NATIONAL WEATHER SERVICE MORRISTOWN TN
409 AM EST WED JAN 28 2015


...................................

...THE CHATTANOOGA  ASOS CLIMATE SUMMARY FOR JANUARY 27 2015...

CLIMATE NORMAL PERIOD 1981 TO 2010
CLIMATE RECORD PERIOD 1879 TO 2015


WEATHER ITEM   OBSERVED TIME   RECORD YEAR NORMAL DEPARTURE LAST
                VALUE   (LST)  VALUE       VALUE  FROM      YEAR
                                                  NORMAL
..................................................................
TEMPERATURE (F)
 YESTERDAY
  MAXIMUM         45   1224 PM  75    1999  51     -6       49
  MINIMUM         35    727 AM   2    1940  31      4       24
  AVERAGE         40                        41     -1       37

PRECIPITATION (IN)
  YESTERDAY        T             1.03 1960   0.15  -0.15      T
  MONTH TO DATE    3.49                      4.27  -0.78     2.29
  SINCE DEC 1      7.89                      9.17  -1.28    10.27
  SINCE JAN 1      3.49                      4.27  -0.78     2.29

SNOWFALL (IN)
  YESTERDAY        T                         0.0    0.0      0.0
  MONTH TO DATE    0.7                       1.5   -0.8       T
  SINCE DEC 1      0.7                       1.8   -1.1       T
  SINCE JUL 1      0.7                       1.8   -1.1       T
  SNOW DEPTH       0

DEGREE DAYS
 HEATING
  YESTERDAY       25                        24      1       28
  MONTH TO DATE  679                       669     10      799
  SINCE DEC 1   1265                      1364    -99     1416
  SINCE JUL 1   1941                      1953    -12     2047

 COOLING
  YESTERDAY        0                         0      0        0
  MONTH TO DATE    0                         0      0        0
  SINCE DEC 1      0                         1     -1        4
  SINCE JAN 1      0                         0      0        0
..................................................................


WIND (MPH)
  HIGHEST WIND SPEED    20   HIGHEST WIND DIRECTION    NW (320)
  HIGHEST GUST SPEED    24   HIGHEST GUST DIRECTION    NW (310)
  AVERAGE WIND SPEED     7.3


SKY COVER
  POSSIBLE SUNSHINE  MM
  AVERAGE SKY COVER 0.9


WEATHER CONDITIONS
 THE FOLLOWING WEATHER WAS RECORDED YESTERDAY.
  LIGHT RAIN
  FOG


RELATIVE HUMIDITY (PERCENT)
 HIGHEST    82          1200 AM
 LOWEST     62           100 PM
 AVERAGE    72

..........................................................


THE CHATTANOOGA  ASOS CLIMATE NORMALS FOR TODAY
                         NORMAL    RECORD    YEAR
 MAXIMUM TEMPERATURE (F)   51        73      1879
 MINIMUM TEMPERATURE (F)   31         4      1940


SUNRISE AND SUNSET
JANUARY 28 2015.......SUNRISE   743 AM EST   SUNSET   605 PM EST
JANUARY 29 2015.......SUNRISE   742 AM EST   SUNSET   606 PM EST


-  INDICATES NEGATIVE NUMBERS.
R  INDICATES RECORD WAS SET OR TIED.
MM INDICATES DATA IS MISSING.
T  INDICATES TRACE AMOUNT.




$$
