000
CDUS44 KMRX 302120
CLICHA

CLIMATE REPORT
NATIONAL WEATHER SERVICE MORRISTOWN TN
519 PM EDT TUE JUN 30 2015


...................................

...THE CHATTANOOGA CLIMATE SUMMARY FOR JUNE 30 2015...
VALID TODAY AS OF 500 PM LOCAL TIME.

CLIMATE NORMAL PERIOD 1981 TO 2010
CLIMATE RECORD PERIOD 1879 TO 2015


WEATHER ITEM   OBSERVED TIME   RECORD YEAR NORMAL DEPARTURE LAST
                VALUE   (LST)  VALUE       VALUE  FROM      YEAR
                                                  NORMAL
..................................................................
TEMPERATURE (F)
 TODAY
  MAXIMUM         85    325 PM 107    2012  90     -5       85
  MINIMUM         70    642 AM  54    1974  69      1       69
                                      1923
  AVERAGE         78                        79     -1       77

PRECIPITATION (IN)
  TODAY            0.54          1.75 1895   0.15   0.39     0.61
  MONTH TO DATE    4.11                      4.05   0.06     4.99
  SINCE JUN 1      4.11                      4.05   0.06     4.99
  SINCE JAN 1     27.31                     26.87   0.44    22.28

SNOWFALL (IN)
  TODAY            0.0                       0.0    0.0      0.0
  MONTH TO DATE    0.0                       0.0    0.0      0.0
  SINCE JUN 1      0.0                       0.0    0.0      0.0
  SINCE JUL 1      9.5                       3.9    5.6      8.4
  SNOW DEPTH       0

DEGREE DAYS
 HEATING
  TODAY            0                         0      0        0
  MONTH TO DATE    0                         0      0        0
  SINCE JUN 1      0                         2     -2        0
  SINCE JUL 1   3261                      3240     21     3396

 COOLING
  TODAY           13                        14     -1       12
  MONTH TO DATE  441                       345     96      401
  SINCE JUN 1    441                       345     96      401
  SINCE JAN 1    717                       541    176      659
..................................................................


WIND (MPH)
  HIGHEST WIND SPEED    22   HIGHEST WIND DIRECTION    SW (210)
  HIGHEST GUST SPEED    31   HIGHEST GUST DIRECTION     W (260)
  AVERAGE WIND SPEED     6.8


SKY COVER
  POSSIBLE SUNSHINE  MM
  AVERAGE SKY COVER 0.6


WEATHER CONDITIONS
 THE FOLLOWING WEATHER WAS RECORDED TODAY.
  THUNDERSTORM
  HEAVY RAIN
  RAIN
  LIGHT RAIN
  FOG
  HAZE


RELATIVE HUMIDITY (PERCENT)
 HIGHEST    93           900 AM
 LOWEST     55           200 PM
 AVERAGE    74

..........................................................


THE CHATTANOOGA  ASOS CLIMATE NORMALS FOR TOMORROW
                         NORMAL    RECORD    YEAR
 MAXIMUM TEMPERATURE (F)   90       107      2012
 MINIMUM TEMPERATURE (F)   69        54      1950


SUNRISE AND SUNSET
JUNE 30 2015..........SUNRISE   630 AM EDT   SUNSET   859 PM EDT
JULY  1 2015..........SUNRISE   630 AM EDT   SUNSET   859 PM EDT


-  INDICATES NEGATIVE NUMBERS.
R  INDICATES RECORD WAS SET OR TIED.
MM INDICATES DATA IS MISSING.
T  INDICATES TRACE AMOUNT.




$$
