000
CDUS44 KMRX 242205
CLICHA


CLIMATE REPORT
NATIONAL WEATHER SERVICE MORRISTOWN TN
505 PM EST SAT FEB 24 2018


...................................

...THE CHATTANOOGA  ASOS CLIMATE SUMMARY FOR FEBRUARY 24 2018...
VALID TODAY AS OF 0500 PM LOCAL TIME.

CLIMATE NORMAL PERIOD 1981 TO 2010
CLIMATE RECORD PERIOD 1879 TO 2018


WEATHER ITEM   OBSERVED TIME   RECORD YEAR NORMAL DEPARTURE LAST
                VALUE   (LST)  VALUE       VALUE  FROM      YEAR
                                                  NORMAL
..................................................................
TEMPERATURE (F)
 TODAY
  MAXIMUM         77    140 PM  79    2017  57     20       79
  MINIMUM         66    332 AM  13    1967  36     30       48
  AVERAGE         72                        47     25       64

PRECIPITATION (IN)
  TODAY            T             1.90 1931   0.18  -0.18     0.00
  MONTH TO DATE    5.50                      4.14   1.36     2.05
  SINCE DEC 1     10.01                     13.95  -3.94    12.09
  SINCE JAN 1      6.67                      9.05  -2.38     7.04

SNOWFALL (IN)
  TODAY            0.0                       0.0    0.0      0.0
  MONTH TO DATE    0.0                       0.5   -0.5      0.0
  SINCE DEC 1      0.8                       2.5   -1.7      0.3
  SINCE JUL 1      0.8                       2.5   -1.7      0.3
  SNOW DEPTH       0

DEGREE DAYS
 HEATING
  TODAY            0                        18    -18        1
  MONTH TO DATE  296                       506   -210      326
  SINCE DEC 1   1847                      1962   -115     1430
  SINCE JUL 1   2358                      2551   -193     1750

 COOLING
  TODAY            7                         0      7        0
  MONTH TO DATE   26                         0     26        0
  SINCE DEC 1     26                         1     25        0
  SINCE JAN 1     26                         0     26        0
..................................................................


WIND (MPH)
  HIGHEST WIND SPEED    20   HIGHEST WIND DIRECTION    SW (210)
  HIGHEST GUST SPEED    26   HIGHEST GUST DIRECTION     S (200)
  AVERAGE WIND SPEED     7.7


SKY COVER
  POSSIBLE SUNSHINE  MM
  AVERAGE SKY COVER 0.8


WEATHER CONDITIONS
 THE FOLLOWING WEATHER WAS RECORDED TODAY.
  LIGHT RAIN


RELATIVE HUMIDITY (PERCENT)
 HIGHEST    76           600 AM
 LOWEST     50           100 PM
 AVERAGE    63

..........................................................


THE CHATTANOOGA  ASOS CLIMATE NORMALS FOR TOMORROW
                         NORMAL    RECORD    YEAR
 MAXIMUM TEMPERATURE (F)   58        79      1930
 MINIMUM TEMPERATURE (F)   36         6      1967


SUNRISE AND SUNSET
FEBRUARY 24 2018......SUNRISE   716 AM EST   SUNSET   632 PM EST
FEBRUARY 25 2018......SUNRISE   715 AM EST   SUNSET   633 PM EST


-  INDICATES NEGATIVE NUMBERS.
R  INDICATES RECORD WAS SET OR TIED.
MM INDICATES DATA IS MISSING.
T  INDICATES TRACE AMOUNT.




$$
