000
CDUS44 KMRX 260908
CLICHA

CLIMATE REPORT
NATIONAL WEATHER SERVICE MORRISTOWN TN
408 AM EST FRI DEC 26 2014


...................................

...THE CHATTANOOGA CLIMATE SUMMARY FOR DECEMBER 25 2014...

CLIMATE NORMAL PERIOD 1981 TO 2010
CLIMATE RECORD PERIOD 1879 TO 2014


WEATHER ITEM   OBSERVED TIME   RECORD YEAR NORMAL DEPARTURE LAST
                VALUE   (LST)  VALUE       VALUE  FROM      YEAR
                                                  NORMAL
..................................................................
TEMPERATURE (F)
 YESTERDAY
  MAXIMUM         52    418 PM  75    1955  50      2       47
  MINIMUM         34   1159 PM  -2    1983  32      2       22
  AVERAGE         43                        41      2       35

PRECIPITATION (IN)
  YESTERDAY        T             2.01 1973   0.15  -0.15     0.00
  MONTH TO DATE    3.77                      4.03  -0.26     6.61
  SINCE DEC 1      3.77                      4.03  -0.26     6.61
  SINCE JAN 1     44.65                     51.61  -6.96    67.40

SNOWFALL (IN)
  YESTERDAY        0.0                       0.1    0.0      0.0
  MONTH TO DATE    0.0                       0.2   -0.2      0.0
  SINCE DEC 1      0.0                       0.2   -0.2      0.0
  SINCE JUL 1      T                         0.2   -0.2       T
  SNOW DEPTH       0

DEGREE DAYS
 HEATING
  YESTERDAY       22                        24     -2       30
  MONTH TO DATE  469                       550    -81      467
  SINCE DEC 1    469                       550    -81      467
  SINCE JUL 1   1145                      1139      6     1098

 COOLING
  YESTERDAY        0                         0      0        0
  MONTH TO DATE    0                         0      0        4
  SINCE DEC 1      0                         0      0        4
  SINCE JAN 1   1910                      1741    169     1756
..................................................................


WIND (MPH)
  HIGHEST WIND SPEED    13   HIGHEST WIND DIRECTION    NW (300)
  HIGHEST GUST SPEED    15   HIGHEST GUST DIRECTION    NW (300)
  AVERAGE WIND SPEED     3.3


SKY COVER
  POSSIBLE SUNSHINE  MM
  AVERAGE SKY COVER  MM


WEATHER CONDITIONS
 THE FOLLOWING WEATHER WAS RECORDED YESTERDAY.
  LIGHT RAIN
  FOG


RELATIVE HUMIDITY (PERCENT)
 HIGHEST    92           900 PM
 LOWEST     52           300 PM
 AVERAGE    72

..........................................................


THE CHATTANOOGA CLIMATE NORMALS FOR TODAY
                         NORMAL    RECORD    YEAR
 MAXIMUM TEMPERATURE (F)   50        73      1889
 MINIMUM TEMPERATURE (F)   32         2      1983


SUNRISE AND SUNSET
DECEMBER 26 2014......SUNRISE   747 AM EST   SUNSET   536 PM EST
DECEMBER 27 2014......SUNRISE   747 AM EST   SUNSET   536 PM EST


-  INDICATES NEGATIVE NUMBERS.
R  INDICATES RECORD WAS SET OR TIED.
MM INDICATES DATA IS MISSING.
T  INDICATES TRACE AMOUNT.




$$
