000
CDUS44 KMRX 101213
CLICHA

CLIMATE REPORT NATIONAL WEATHER SERVICE MORRISTOWN TN
813 AM EDT THU JUL 10 2014

...................................

...THE CHATTANOOGA CLIMATE SUMMARY FOR JULY 9 2014...

CLIMATE NORMAL PERIOD 1981 TO 2010
CLIMATE RECORD PERIOD 1879 TO 2014


WEATHER ITEM   OBSERVED TIME   RECORD YEAR NORMAL DEPARTURE LAST
                VALUE   (LST)  VALUE       VALUE  FROM      YEAR
                                                  NORMAL
..................................................................
TEMPERATURE (F)
 YESTERDAY
  MAXIMUM         87    414 PM 102    1988  90     -3       90
  MINIMUM         73   1159 PM  56    1947  70      3       73
  AVERAGE         80                        80      0       82

PRECIPITATION (IN)
  YESTERDAY        0.09          2.74 1916   0.16  -0.07     0.00
  MONTH TO DATE    0.48                      1.40  -0.92     6.20
  SINCE JUN 1      5.47                      5.45   0.02    10.67
  SINCE JAN 1     22.76                     28.27  -5.51    45.34

SNOWFALL (IN)
  YESTERDAY        0.0                       0.0    0.0      0.0
  MONTH TO DATE    0.0                       0.0    0.0      0.0
  SINCE JUN 1      0.0                       0.0    0.0      0.0
  SINCE JUL 1      0.0                       0.0    0.0      0.0
  SNOW DEPTH       0

DEGREE DAYS
 HEATING
  YESTERDAY        0                         0      0        0
  MONTH TO DATE    0                         0      0        0
  SINCE JUN 1      0                         2     -2        0
  SINCE JUL 1      0                         0      0        0

 COOLING
  YESTERDAY       15                        15      0       17
  MONTH TO DATE  125                       131     -6       95
  SINCE JUN 1    526                       476     50      494
  SINCE JAN 1    784                       672    112      670
..................................................................


WIND (MPH)
  HIGHEST WIND SPEED    24   HIGHEST WIND DIRECTION     W (260)
  HIGHEST GUST SPEED    30   HIGHEST GUST DIRECTION     W (260)
  AVERAGE WIND SPEED     4.5


SKY COVER
  POSSIBLE SUNSHINE  MM
  AVERAGE SKY COVER  MM


WEATHER CONDITIONS
 THE FOLLOWING WEATHER WAS RECORDED YESTERDAY.
  THUNDERSTORM
  HEAVY RAIN
  LIGHT RAIN
  FOG
  HAZE


RELATIVE HUMIDITY (PERCENT)
 HIGHEST    87          1200 AM
 LOWEST     50           400 PM
 AVERAGE    69

..........................................................


THE CHATTANOOGA  ASOS CLIMATE NORMALS FOR TODAY
                         NORMAL    RECORD    YEAR
 MAXIMUM TEMPERATURE (F)   90       101      1936
 MINIMUM TEMPERATURE (F)   70        54      1952


SUNRISE AND SUNSET
JULY 10 2014..........SUNRISE   635 AM EDT   SUNSET   857 PM EDT
JULY 11 2014..........SUNRISE   636 AM EDT   SUNSET   857 PM EDT


-  INDICATES NEGATIVE NUMBERS.
R  INDICATES RECORD WAS SET OR TIED.
MM INDICATES DATA IS MISSING.
T  INDICATES TRACE AMOUNT.

&&

THE LOW TEMPERATURE THIS MORNING WAS 71.
THERE HAS BEEN NO PRECIPITATION SINCE MIDNIGHT.

$$
