000
CDUS44 KMRX 010823
CLICHA

CLIMATE REPORT
NATIONAL WEATHER SERVICE MORRISTOWN TN
421 AM EDT WED OCT 1 2014


...................................

...THE CHATTANOOGA CLIMATE SUMMARY FOR SEPTEMBER 30 2014...

CLIMATE NORMAL PERIOD 1981 TO 2010
CLIMATE RECORD PERIOD 1879 TO 2014


WEATHER ITEM   OBSERVED TIME   RECORD YEAR NORMAL DEPARTURE LAST
                VALUE   (LST)  VALUE       VALUE  FROM      YEAR
                                                  NORMAL
..................................................................
TEMPERATURE (F)
 YESTERDAY
  MAXIMUM         85    358 PM  93    1941  78      7       77
  MINIMUM         61    708 AM  36    1967  56      5       59
  AVERAGE         73                        67      6       68

PRECIPITATION (IN)
  YESTERDAY        0.00          4.12 1915   0.14  -0.14     0.00
  MONTH TO DATE    2.48                      4.04  -1.56     2.11
  SINCE SEP 1      2.48                      4.04  -1.56     2.11
  SINCE JAN 1     31.13                     39.30  -8.17    56.31

SNOWFALL (IN)
  YESTERDAY        0.0                       0.0    0.0      0.0
  MONTH TO DATE    0.0                       0.0    0.0      0.0
  SINCE SEP 1      0.0                       0.0    0.0      0.0
  SINCE JUL 1      0.0                       0.0    0.0      0.0
  SNOW DEPTH       0

DEGREE DAYS
 HEATING
  YESTERDAY        0                         2     -2        0
  MONTH TO DATE    0                        14    -14        0
  SINCE SEP 1      0                        15    -15        0
  SINCE JUL 1      0                        15    -15        0

 COOLING
  YESTERDAY        8                         4      4        3
  MONTH TO DATE  325                       239     86      278
  SINCE SEP 1    325                       239     86      278
  SINCE JAN 1   1826                      1689    137     1670
..................................................................


WIND (MPH)
  HIGHEST WIND SPEED     8   HIGHEST WIND DIRECTION     N (360)
  HIGHEST GUST SPEED    11   HIGHEST GUST DIRECTION    NE (30)
  AVERAGE WIND SPEED     1.3


SKY COVER
  POSSIBLE SUNSHINE  MM
  AVERAGE SKY COVER  MM


WEATHER CONDITIONS
 THE FOLLOWING WEATHER WAS RECORDED YESTERDAY.
  FOG
  FOG W/VISIBILITY <= 1/4 MILE
  HAZE


RELATIVE HUMIDITY (PERCENT)
 HIGHEST   100           500 AM
 LOWEST     40           300 PM
 AVERAGE    70

..........................................................


THE CHATTANOOGA CLIMATE NORMALS FOR TODAY
                         NORMAL    RECORD    YEAR
 MAXIMUM TEMPERATURE (F)   78        90      1971
                                             1941
                                             1919
 MINIMUM TEMPERATURE (F)   56        39      1972
                                             1949
                                             1946


SUNRISE AND SUNSET
OCTOBER  1 2014.......SUNRISE   736 AM EDT   SUNSET   725 PM EDT
OCTOBER  2 2014.......SUNRISE   736 AM EDT   SUNSET   723 PM EDT


-  INDICATES NEGATIVE NUMBERS.
R  INDICATES RECORD WAS SET OR TIED.
MM INDICATES DATA IS MISSING.
T  INDICATES TRACE AMOUNT.




$$
