000
CDUS44 KMRX 290833
CLICHA


CLIMATE REPORT
NATIONAL WEATHER SERVICE MORRISTOWN TN
432 AM EDT FRI APR 29 2016


...................................

...THE CHATTANOOGA  ASOS CLIMATE SUMMARY FOR APRIL 28 2016...

CLIMATE NORMAL PERIOD 1981 TO 2010
CLIMATE RECORD PERIOD 1879 TO 2016


WEATHER ITEM   OBSERVED TIME   RECORD YEAR NORMAL DEPARTURE LAST
                VALUE   (LST)  VALUE       VALUE  FROM      YEAR
                                                  NORMAL
..................................................................
TEMPERATURE (F)
 YESTERDAY
  MAXIMUM         86    401 PM  88    1957  76     10       72
                                      1956
  MINIMUM         63    531 AM  34    1967  52     11       47
  AVERAGE         75                        64     11       60

PRECIPITATION (IN)
  YESTERDAY        0.00          1.99 1929   0.13  -0.13     0.00
  MONTH TO DATE    1.42                      3.74  -2.32     9.23
  SINCE MAR 1      5.06                      8.72  -3.66    13.40
  SINCE JAN 1     15.80                     18.47  -2.67    20.39

SNOWFALL (IN)
  YESTERDAY        0.0                       0.0    0.0      0.0
  MONTH TO DATE    0.0                       0.1   -0.1      0.0
  SINCE MAR 1      T                         1.3   -1.3      0.0
  SINCE JUL 1      0.5                       3.9   -3.4      9.5
  SNOW DEPTH       0

DEGREE DAYS
 HEATING
  YESTERDAY        0                         3     -3        5
  MONTH TO DATE  125                       169    -44       87
  SINCE MAR 1    370                       573   -203      406
  SINCE JUL 1   2455                      3195   -740     3239

 COOLING
  YESTERDAY       10                         2      8        0
  MONTH TO DATE   52                        36     16       45
  SINCE MAR 1     64                        43     21       47
  SINCE JAN 1     64                        43     21       47
..................................................................


WIND (MPH)
  HIGHEST WIND SPEED    17   HIGHEST WIND DIRECTION    SW (240)
  HIGHEST GUST SPEED    25   HIGHEST GUST DIRECTION    SW (240)
  AVERAGE WIND SPEED     5.2


SKY COVER
  POSSIBLE SUNSHINE  MM
  AVERAGE SKY COVER 0.4


WEATHER CONDITIONS
 THE FOLLOWING WEATHER WAS RECORDED YESTERDAY.
  FOG


RELATIVE HUMIDITY (PERCENT)
 HIGHEST    93           100 AM
 LOWEST     32           400 PM
 AVERAGE    63

..........................................................


THE CHATTANOOGA  ASOS CLIMATE NORMALS FOR TODAY
                         NORMAL    RECORD    YEAR
 MAXIMUM TEMPERATURE (F)   76        88      1942
                                             1894
 MINIMUM TEMPERATURE (F)   52        33      1992


SUNRISE AND SUNSET
APRIL 29 2016.........SUNRISE   652 AM EDT   SUNSET   825 PM EDT
APRIL 30 2016.........SUNRISE   650 AM EDT   SUNSET   826 PM EDT


-  INDICATES NEGATIVE NUMBERS.
R  INDICATES RECORD WAS SET OR TIED.
MM INDICATES DATA IS MISSING.
T  INDICATES TRACE AMOUNT.




$$
