000
CDUS44 KMRX 230820
CLICHA


CLIMATE REPORT
NATIONAL WEATHER SERVICE MORRISTOWN TN
319 AM EST THU NOV 23 2017


...................................

...THE CHATTANOOGA  ASOS CLIMATE SUMMARY FOR NOVEMBER 22 2017...

CLIMATE NORMAL PERIOD 1981 TO 2010
CLIMATE RECORD PERIOD 1879 TO 2017


WEATHER ITEM   OBSERVED TIME   RECORD YEAR NORMAL DEPARTURE LAST
                VALUE   (LST)  VALUE       VALUE  FROM      YEAR
                                                  NORMAL
..................................................................
TEMPERATURE (F)
 YESTERDAY
  MAXIMUM         57    242 PM  75    2010  60     -3       59
                                      1999
                                      1979
  MINIMUM         37    618 AM  19    2008  38     -1       29
  AVERAGE         47                        49     -2       44

PRECIPITATION (IN)
  YESTERDAY        0.00          3.00 1883   0.19  -0.19     0.00
  MONTH TO DATE    1.60                      3.49  -1.89     0.01
  SINCE SEP 1     11.34                     10.81   0.53     1.72
  SINCE JAN 1     55.09                     46.07   9.02    25.06

SNOWFALL (IN)
  YESTERDAY        0.0                       0.0    0.0      0.0
  MONTH TO DATE    0.0                       0.0    0.0      0.0
  SINCE SEP 1      0.0                       0.0    0.0      0.0
  SINCE JUL 1      0.0                       0.0    0.0      0.0
  SNOW DEPTH       0

DEGREE DAYS
 HEATING
  YESTERDAY       18                        16      2       21
  MONTH TO DATE  234                       275    -41      204
  SINCE SEP 1    386                       447    -61      232
  SINCE JUL 1    386                       447    -61      232

 COOLING
  YESTERDAY        0                         0      0        0
  MONTH TO DATE   18                         0     18       17
  SINCE SEP 1    361                       287     74      568
  SINCE JAN 1   1965                      1737    228     2477
..................................................................


WIND (MPH)
  HIGHEST WIND SPEED    20   HIGHEST WIND DIRECTION     N (360)
  HIGHEST GUST SPEED    23   HIGHEST GUST DIRECTION     N (10)
  AVERAGE WIND SPEED     6.5


SKY COVER
  POSSIBLE SUNSHINE  MM
  AVERAGE SKY COVER 0.1


WEATHER CONDITIONS
 THE FOLLOWING WEATHER WAS RECORDED YESTERDAY.
  FOG


RELATIVE HUMIDITY (PERCENT)
 HIGHEST    96           200 AM
 LOWEST     38           200 PM
 AVERAGE    67

..........................................................


THE CHATTANOOGA  ASOS CLIMATE NORMALS FOR TODAY
                         NORMAL    RECORD    YEAR
 MAXIMUM TEMPERATURE (F)   59        77      1973
 MINIMUM TEMPERATURE (F)   38        17      1970


SUNRISE AND SUNSET
NOVEMBER 23 2017......SUNRISE   723 AM EST   SUNSET   531 PM EST
NOVEMBER 24 2017......SUNRISE   724 AM EST   SUNSET   531 PM EST


-  INDICATES NEGATIVE NUMBERS.
R  INDICATES RECORD WAS SET OR TIED.
MM INDICATES DATA IS MISSING.
T  INDICATES TRACE AMOUNT.




$$
