000
CDUS41 KLWX 300523
CLICHO


CLIMATE REPORT
NATIONAL WEATHER SERVICE BALTIMORE MD/WASHINGTON DC
121 AM EDT TUE SEP 30 2014


...................................

...THE CHARLOTTESVILLE VA CLIMATE SUMMARY FOR SEPTEMBER 29 2014...

CLIMATE NORMAL PERIOD 1981 TO 2010
CLIMATE RECORD PERIOD 1889 TO 2014


WEATHER ITEM   OBSERVED TIME   RECORD YEAR NORMAL DEPARTURE LAST
                VALUE   (LST)  VALUE       VALUE  FROM      YEAR
                                                  NORMAL
..................................................................
TEMPERATURE (F)
 YESTERDAY
  MAXIMUM         71    350 PM  MM      MM  73     -2       73
  MINIMUM         59    634 AM  MM      MM  50      9       50
  AVERAGE         65                        62      3       62

PRECIPITATION (IN)
  YESTERDAY        0.07                      0.18  -0.11     0.00
  MONTH TO DATE    0.86                      4.28  -3.42     0.65
  SINCE SEP 1      0.86                      4.28  -3.42     0.65
  SINCE JAN 1     29.36                     32.42  -3.06    34.17

DEGREE DAYS
 HEATING
  YESTERDAY        0                         5     -5        3
  MONTH TO DATE   23                        49    -26       66
  SINCE SEP 1     23                        49    -26       66
  SINCE JUL 1     23                        52    -29       71

 COOLING
  YESTERDAY        0                         1     -1        0
  MONTH TO DATE  151                       109     42      106
  SINCE SEP 1    151                       109     42      106
  SINCE JAN 1   1079                      1019     60     1108
..................................................................


WIND (MPH)
  HIGHEST WIND SPEED     7   HIGHEST WIND DIRECTION     S (200)
  HIGHEST GUST SPEED     8   HIGHEST GUST DIRECTION     S (180)
  AVERAGE WIND SPEED     2.5


SKY COVER
  POSSIBLE SUNSHINE  MM
  AVERAGE SKY COVER 0.5


WEATHER CONDITIONS
 THE FOLLOWING WEATHER WAS RECORDED YESTERDAY.
  LIGHT RAIN
  FOG
  FOG W/VISIBILITY <= 1/4 MILE


RELATIVE HUMIDITY (PERCENT)
 HIGHEST   100           900 PM
 LOWEST     79           300 PM
 AVERAGE    90

..........................................................


THE CHARLOTTESVILLE VA CLIMATE NORMALS FOR TODAY
                         NORMAL    RECORD    YEAR
 MAXIMUM TEMPERATURE (F)   73        MM        MM
 MINIMUM TEMPERATURE (F)   50        MM        MM


SUNRISE AND SUNSET
SEPTEMBER 30 2014.....SUNRISE   709 AM EDT   SUNSET   658 PM EDT
OCTOBER  1 2014.......SUNRISE   709 AM EDT   SUNSET   657 PM EDT


-  INDICATES NEGATIVE NUMBERS.
R  INDICATES RECORD WAS SET OR TIED.
MM INDICATES DATA IS MISSING.
T  INDICATES TRACE AMOUNT.




$$
