000
CDUS41 KLWX 022133
CLICHO


CLIMATE REPORT
NATIONAL WEATHER SERVICE BALTIMORE MD/WASHINGTON DC
533 PM EDT TUE JUN 2 2015


...................................

...THE CHARLOTTESVILLE VA CLIMATE SUMMARY FOR JUNE 2 2015...
VALID TODAY AS OF 0500 PM LOCAL TIME.

CLIMATE NORMAL PERIOD 1981 TO 2010
CLIMATE RECORD PERIOD 1889 TO 2015


WEATHER ITEM   OBSERVED TIME   RECORD YEAR NORMAL DEPARTURE LAST
                VALUE   (LST)  VALUE       VALUE  FROM      YEAR
                                                  NORMAL
..................................................................
TEMPERATURE (F)
 TODAY
  MAXIMUM         70    958 AM  MM      MM  79     -9       81
  MINIMUM         64    359 PM  MM      MM  57      7       53
  AVERAGE         67                        68     -1       67

PRECIPITATION (IN)
  TODAY            0.01                      0.14  -0.13     0.00
  MONTH TO DATE    1.57                      0.29   1.28     0.00
  SINCE JUN 1      1.57                      0.29   1.28     0.00
  SINCE JAN 1     14.23                     16.76  -2.53    18.27

DEGREE DAYS
 HEATING
  TODAY            0                                         0
  MONTH TO DATE    0                                         2
  SINCE JUN 1      0                                         2
  SINCE JUL 1   4408                                      4591

 COOLING
  TODAY            2                                         2
  MONTH TO DATE   13                                         2
  SINCE JUN 1     13                                         2
  SINCE JAN 1    190                                       118
..................................................................


WIND (MPH)
  HIGHEST WIND SPEED    15   HIGHEST WIND DIRECTION    NE (50)
  HIGHEST GUST SPEED    19   HIGHEST GUST DIRECTION    NE (30)
  AVERAGE WIND SPEED     2.7


SKY COVER
  POSSIBLE SUNSHINE  MM
  AVERAGE SKY COVER 0.9


WEATHER CONDITIONS
 THE FOLLOWING WEATHER WAS RECORDED TODAY.
  LIGHT RAIN
  FOG
  HAZE


RELATIVE HUMIDITY (PERCENT)
 HIGHEST    93           100 AM
 LOWEST     84           900 AM
 AVERAGE    89

..........................................................


THE CHARLOTTESVILLE VA CLIMATE NORMALS FOR TOMORROW
                         NORMAL    RECORD    YEAR
 MAXIMUM TEMPERATURE (F)   80        MM        MM
 MINIMUM TEMPERATURE (F)   57        MM        MM


SUNRISE AND SUNSET
JUNE  2 2015..........SUNRISE   552 AM EDT   SUNSET   832 PM EDT
JUNE  3 2015..........SUNRISE   552 AM EDT   SUNSET   832 PM EDT


-  INDICATES NEGATIVE NUMBERS.
R  INDICATES RECORD WAS SET OR TIED.
MM INDICATES DATA IS MISSING.
T  INDICATES TRACE AMOUNT.




$$
