000
CDUS41 KLWX 190520
CLICHO


CLIMATE REPORT
NATIONAL WEATHER SERVICE BALTIMORE MD/WASHINGTON DC
120 AM EDT FRI SEP 19 2014


...................................

...THE CHARLOTTESVILLE VA CLIMATE SUMMARY FOR SEPTEMBER 18 2014...

CLIMATE NORMAL PERIOD 1981 TO 2010
CLIMATE RECORD PERIOD 1889 TO 2014


WEATHER ITEM   OBSERVED TIME   RECORD YEAR NORMAL DEPARTURE LAST
                VALUE   (LST)  VALUE       VALUE  FROM      YEAR
                                                  NORMAL
..................................................................
TEMPERATURE (F)
 YESTERDAY
  MAXIMUM         77    108 PM  MM      MM  78     -1       70
  MINIMUM         53    433 AM  MM      MM  55     -2       40
  AVERAGE         65                        66     -1       55

PRECIPITATION (IN)
  YESTERDAY        T                         0.18  -0.18     0.00
  MONTH TO DATE    0.28                      2.31  -2.03     0.07
  SINCE SEP 1      0.28                      2.31  -2.03     0.07
  SINCE JAN 1     28.78                     30.45  -1.67    33.59

DEGREE DAYS
 HEATING
  YESTERDAY        0                         2     -2       10
  MONTH TO DATE    7                        13     -6       31
  SINCE SEP 1      7                        13     -6       31
  SINCE JUL 1      7                        16     -9       36

 COOLING
  YESTERDAY        0                         3     -3        0
  MONTH TO DATE  137                        87     50      105
  SINCE SEP 1    137                        87     50      105
  SINCE JAN 1   1065                       997     68     1107
..................................................................


WIND (MPH)
  HIGHEST WIND SPEED     8   HIGHEST WIND DIRECTION    NE (60)
  HIGHEST GUST SPEED    12   HIGHEST GUST DIRECTION     E (100)
  AVERAGE WIND SPEED     1.8


SKY COVER
  POSSIBLE SUNSHINE  MM
  AVERAGE SKY COVER 0.8


WEATHER CONDITIONS
 THE FOLLOWING WEATHER WAS RECORDED YESTERDAY.
  NO SIGNIFICANT WEATHER WAS OBSERVED.


RELATIVE HUMIDITY (PERCENT)
 HIGHEST    93          1200 AM
 LOWEST     57          1200 PM
 AVERAGE    75

..........................................................


THE CHARLOTTESVILLE VA CLIMATE NORMALS FOR TODAY
                         NORMAL    RECORD    YEAR
 MAXIMUM TEMPERATURE (F)   77        MM        MM
 MINIMUM TEMPERATURE (F)   54        MM        MM


SUNRISE AND SUNSET
SEPTEMBER 19 2014.....SUNRISE   659 AM EDT   SUNSET   715 PM EDT
SEPTEMBER 20 2014.....SUNRISE   700 AM EDT   SUNSET   714 PM EDT


-  INDICATES NEGATIVE NUMBERS.
R  INDICATES RECORD WAS SET OR TIED.
MM INDICATES DATA IS MISSING.
T  INDICATES TRACE AMOUNT.




$$
