000
CDUS41 KLWX 220529
CLICHO


CLIMATE REPORT
NATIONAL WEATHER SERVICE BALTIMORE MD/WASHINGTON DC
129 AM EDT SUN OCT 22 2017


...................................

...THE CHARLOTTESVILLE VA CLIMATE SUMMARY FOR OCTOBER 21 2017...

CLIMATE NORMAL PERIOD 1981 TO 2010
CLIMATE RECORD PERIOD 1998 TO 2017


WEATHER ITEM   OBSERVED TIME   RECORD YEAR NORMAL DEPARTURE LAST
                VALUE   (LST)  VALUE       VALUE  FROM      YEAR
                                                  NORMAL
..................................................................
TEMPERATURE (F)
 YESTERDAY
  MAXIMUM         79    245 PM  MM      MM  66     13       69
  MINIMUM         48    648 AM  MM      MM  43      5       58
  AVERAGE         64                        54     10       64

PRECIPITATION (IN)
  YESTERDAY        0.00                      0.10  -0.10     0.03
  MONTH TO DATE    0.82                      2.18  -1.36     0.74
  SINCE SEP 1      2.77                      6.66  -3.89     4.40
  SINCE JAN 1     30.11                     34.80  -4.69    30.36

DEGREE DAYS
 HEATING
  YESTERDAY        1                        11    -10        1
  MONTH TO DATE   56                       168   -112       61
  SINCE SEP 1     83                       223   -140       62
  SINCE JUL 1     83                       226   -143       62

 COOLING
  YESTERDAY        0                         0      0        0
  MONTH TO DATE   84                        12     72       45
  SINCE SEP 1    272                       123    149      339
  SINCE JAN 1   1590                      1033    557     1683
..................................................................


WIND (MPH)
  HIGHEST WIND SPEED     8   HIGHEST WIND DIRECTION     S (170)
  HIGHEST GUST SPEED    12   HIGHEST GUST DIRECTION    SE (120)
  AVERAGE WIND SPEED     1.2


SKY COVER
  POSSIBLE SUNSHINE  MM
  AVERAGE SKY COVER 0.0


WEATHER CONDITIONS
 THE FOLLOWING WEATHER WAS RECORDED YESTERDAY.
  FOG


RELATIVE HUMIDITY (PERCENT)
 HIGHEST   100           400 AM
 LOWEST     33          1200 PM
 AVERAGE    67

..........................................................


THE CHARLOTTESVILLE VA CLIMATE NORMALS FOR TODAY
                         NORMAL    RECORD    YEAR
 MAXIMUM TEMPERATURE (F)   66        MM        MM
 MINIMUM TEMPERATURE (F)   42        MM        MM


SUNRISE AND SUNSET
OCTOBER 22 2017.......SUNRISE   730 AM EDT   SUNSET   626 PM EDT
OCTOBER 23 2017.......SUNRISE   731 AM EDT   SUNSET   625 PM EDT


-  INDICATES NEGATIVE NUMBERS.
R  INDICATES RECORD WAS SET OR TIED.
MM INDICATES DATA IS MISSING.
T  INDICATES TRACE AMOUNT.




$$
