000
CDUS41 KLWX 210521
CLICHO


CLIMATE REPORT
NATIONAL WEATHER SERVICE BALTIMORE MD/WASHINGTON DC
120 AM EDT THU AUG 21 2014


...................................

...THE CHARLOTTESVILLE VA CLIMATE SUMMARY FOR AUGUST 20 2014...

CLIMATE NORMAL PERIOD 1981 TO 2010
CLIMATE RECORD PERIOD 1889 TO 2014


WEATHER ITEM   OBSERVED TIME   RECORD YEAR NORMAL DEPARTURE LAST
                VALUE   (LST)  VALUE       VALUE  FROM      YEAR
                                                  NORMAL
..................................................................
TEMPERATURE (F)
 YESTERDAY
  MAXIMUM         86    344 PM  MM      MM  85      1       84
  MINIMUM         67   1025 PM  MM      MM  63      4       65
  AVERAGE         77                        74      3       75

PRECIPITATION (IN)
  YESTERDAY        1.40                      0.11   1.29     0.00
  MONTH TO DATE    2.75                      2.59   0.16     4.03
  SINCE JUN 1      8.65                     10.64  -1.99    14.80
  SINCE JAN 1     26.92                     27.11  -0.19    31.43

DEGREE DAYS
 HEATING
  YESTERDAY        0                         0      0        0
  MONTH TO DATE    0                         0      0        5
  SINCE JUN 1      2                        12    -10        7
  SINCE JUL 1      0                         1     -1        5

 COOLING
  YESTERDAY       12                         9      3       10
  MONTH TO DATE  146                       192    -46      146
  SINCE JUN 1    723                       736    -13      766
  SINCE JAN 1    839                       822     17      913
..................................................................


WIND (MPH)
  HIGHEST WIND SPEED    22   HIGHEST WIND DIRECTION     E (90)
  HIGHEST GUST SPEED    36   HIGHEST GUST DIRECTION     E (70)
  AVERAGE WIND SPEED     6.0


SKY COVER
  POSSIBLE SUNSHINE  MM
  AVERAGE SKY COVER 0.8


WEATHER CONDITIONS
 THE FOLLOWING WEATHER WAS RECORDED YESTERDAY.
  THUNDERSTORM
  HEAVY RAIN
  RAIN
  LIGHT RAIN
  FOG
  FOG W/VISIBILITY <= 1/4 MILE
  HAZE


RELATIVE HUMIDITY (PERCENT)
 HIGHEST    93          1200 AM
 LOWEST     61           300 PM
 AVERAGE    77

..........................................................


THE CHARLOTTESVILLE VA CLIMATE NORMALS FOR TODAY
                         NORMAL    RECORD    YEAR
 MAXIMUM TEMPERATURE (F)   85        MM        MM
 MINIMUM TEMPERATURE (F)   63        MM        MM


SUNRISE AND SUNSET
AUGUST 21 2014........SUNRISE   634 AM EDT   SUNSET   759 PM EDT
AUGUST 22 2014........SUNRISE   635 AM EDT   SUNSET   758 PM EDT


-  INDICATES NEGATIVE NUMBERS.
R  INDICATES RECORD WAS SET OR TIED.
MM INDICATES DATA IS MISSING.
T  INDICATES TRACE AMOUNT.




$$
