000
CDUS41 KLWX 302132
CLICHO


CLIMATE REPORT
NATIONAL WEATHER SERVICE BALTIMORE MD/WASHINGTON DC
532 PM EDT SUN APR 30 2017


...................................

...THE CHARLOTTESVILLE VA CLIMATE SUMMARY FOR APRIL 30 2017...
VALID TODAY AS OF 0500 PM LOCAL TIME.

CLIMATE NORMAL PERIOD 1981 TO 2010
CLIMATE RECORD PERIOD 1889 TO 2017


WEATHER ITEM   OBSERVED TIME   RECORD YEAR NORMAL DEPARTURE LAST
                VALUE   (LST)  VALUE       VALUE  FROM      YEAR
                                                  NORMAL
..................................................................
TEMPERATURE (F)
 TODAY
  MAXIMUM         87    316 PM  MM      MM  71     16       59
  MINIMUM         70    526 AM  MM      MM  47     23       53
  AVERAGE         79                        59     20       56

PRECIPITATION (IN)
  TODAY            0.00                      0.10  -0.10     0.05
  MONTH TO DATE    2.80                      3.36  -0.56     3.37
  SINCE MAR 1      5.53                      7.02  -1.49     4.86
  SINCE JAN 1      8.77                     12.49  -3.72    10.98

DEGREE DAYS
 HEATING
  TODAY            0                                         9
  MONTH TO DATE  124                                       260
  SINCE MAR 1    628                                       603
  SINCE JUL 1   3001                                      3361

 COOLING
  TODAY           14                                         0
  MONTH TO DATE   93                                        23
  SINCE MAR 1     97                                        27
  SINCE JAN 1     98                                        27
..................................................................


WIND (MPH)
  HIGHEST WIND SPEED    25   HIGHEST WIND DIRECTION     S (190)
  HIGHEST GUST SPEED    31   HIGHEST GUST DIRECTION     S (190)
  AVERAGE WIND SPEED    10.4


SKY COVER
  POSSIBLE SUNSHINE  MM
  AVERAGE SKY COVER 0.1


WEATHER CONDITIONS
 THE FOLLOWING WEATHER WAS RECORDED TODAY.
  FOG
  HAZE


RELATIVE HUMIDITY (PERCENT)
 HIGHEST    93           400 AM
 LOWEST     43           300 PM
 AVERAGE    68

..........................................................


THE CHARLOTTESVILLE VA CLIMATE NORMALS FOR TOMORROW
                         NORMAL    RECORD    YEAR
 MAXIMUM TEMPERATURE (F)   71        MM        MM
 MINIMUM TEMPERATURE (F)   47        MM        MM


SUNRISE AND SUNSET
APRIL 30 2017.........SUNRISE   618 AM EDT   SUNSET   804 PM EDT
MAY  1 2017...........SUNRISE   617 AM EDT   SUNSET   805 PM EDT


-  INDICATES NEGATIVE NUMBERS.
R  INDICATES RECORD WAS SET OR TIED.
MM INDICATES DATA IS MISSING.
T  INDICATES TRACE AMOUNT.




$$
