000
CDUS42 KCHS 290604
CLICHS


CLIMATE REPORT
NATIONAL WEATHER SERVICE CHARLESTON SC
204 AM EDT FRI JUL 29 2016


...................................

...THE NORTH CHARLESTON SC CLIMATE SUMMARY FOR JULY 28 2016...

CLIMATE NORMAL PERIOD 1981 TO 2010
CLIMATE RECORD PERIOD 1938 TO 2016


WEATHER ITEM   OBSERVED TIME   RECORD YEAR NORMAL DEPARTURE LAST
                VALUE   (LST)  VALUE       VALUE  FROM      YEAR
                                                  NORMAL
..................................................................
TEMPERATURE (F)
 YESTERDAY
  MAXIMUM         98    300 PM 101    1949  91      7       91
  MINIMUM         80    543 AM  65    1954  73      7       76
  AVERAGE         89                        82      7       84

PRECIPITATION (IN)
  YESTERDAY        0.00          1.96 1985   0.20  -0.20     0.00
  MONTH TO DATE    4.32                      5.91  -1.59     7.72
  SINCE JUN 1      7.46                     11.56  -4.10    15.41
  SINCE JAN 1     28.21                     27.87   0.34    30.63

DEGREE DAYS
 HEATING
  YESTERDAY        0                         0      0        0
  MONTH TO DATE    0                         0      0        0
  SINCE JUN 1      0                         1     -1        0
  SINCE JUL 1      0                         0      0        0

 COOLING
  YESTERDAY       24                        17      7       19
  MONTH TO DATE  593                       473    120      516
  SINCE JUN 1   1118                       894    224     1044
  SINCE JAN 1   1613                      1256    357     1477
..................................................................


WIND (MPH)
  HIGHEST WIND SPEED    18   HIGHEST WIND DIRECTION    SW (210)
  HIGHEST GUST SPEED    23   HIGHEST GUST DIRECTION     S (200)
  AVERAGE WIND SPEED    10.0


SKY COVER
  POSSIBLE SUNSHINE  MM
  AVERAGE SKY COVER 0.1


WEATHER CONDITIONS
 THE FOLLOWING WEATHER WAS RECORDED YESTERDAY.
  NO SIGNIFICANT WEATHER WAS OBSERVED.


RELATIVE HUMIDITY (PERCENT)
 HIGHEST    88          1200 AM
 LOWEST     39           300 PM
 AVERAGE    64

..........................................................


THE NORTH CHARLESTON SC CLIMATE NORMALS FOR TODAY
                         NORMAL    RECORD    YEAR
 MAXIMUM TEMPERATURE (F)   91       100      1993
 MINIMUM TEMPERATURE (F)   73        63      1954


SUNRISE AND SUNSET
JULY 29 2016..........SUNRISE   632 AM EDT   SUNSET   821 PM EDT
JULY 30 2016..........SUNRISE   633 AM EDT   SUNSET   820 PM EDT


-  INDICATES NEGATIVE NUMBERS.
R  INDICATES RECORD WAS SET OR TIED.
MM INDICATES DATA IS MISSING.
T  INDICATES TRACE AMOUNT.




$$
