000
CDUS42 KCHS 222105
CLICHS


CLIMATE REPORT
NATIONAL WEATHER SERVICE CHARLESTON SC
504 PM EDT FRI MAY 22 2015


...................................

...THE NORTH CHARLESTON SC CLIMATE SUMMARY FOR MAY 22 2015...
VALID TODAY AS OF 0500 PM LOCAL TIME.

CLIMATE NORMAL PERIOD 1981 TO 2010
CLIMATE RECORD PERIOD 1938 TO 2015


WEATHER ITEM   OBSERVED TIME   RECORD YEAR NORMAL DEPARTURE LAST
                VALUE   (LST)  VALUE       VALUE  FROM      YEAR
                                                  NORMAL
..................................................................
TEMPERATURE (F)
 TODAY
  MAXIMUM         79    322 PM  98    1938  85     -6       95
  MINIMUM         66    339 AM  48    1954  64      2       70
  AVERAGE         73                        74     -1       83

PRECIPITATION (IN)
  TODAY            0.00          6.23 1967   0.10  -0.10     0.00
  MONTH TO DATE    1.36                      2.00  -0.64     1.22
  SINCE MAR 1      7.29                      8.62  -1.33    12.13
  SINCE JAN 1     15.22                     15.29  -0.07    16.98

SNOWFALL (IN)
  TODAY            0.0                       0.0    0.0
  SINCE MAR 1      0.0                       0.0    0.0
  SINCE JUL 1      T                         0.5   -0.5

DEGREE DAYS
 HEATING
  TODAY            0                         0      0        0
  MONTH TO DATE    4                         8     -4        0
  SINCE MAR 1    210                       335   -125      352
  SINCE JUL 1   1947                      1971    -24     1875

 COOLING
  TODAY            8                         9     -1       18
  MONTH TO DATE  183                       151     32      218
  SINCE MAR 1    343                       262     81      366
  SINCE JAN 1    347                       269     78      376
..................................................................


WIND (MPH)
  HIGHEST WIND SPEED    20   HIGHEST WIND DIRECTION    NE (60)
  HIGHEST GUST SPEED    29   HIGHEST GUST DIRECTION    NE (60)
  AVERAGE WIND SPEED    10.7


SKY COVER
  POSSIBLE SUNSHINE  MM
  AVERAGE SKY COVER 0.5


WEATHER CONDITIONS
 THE FOLLOWING WEATHER WAS RECORDED TODAY.
  NO SIGNIFICANT WEATHER WAS OBSERVED.


RELATIVE HUMIDITY (PERCENT)
 HIGHEST    76           400 AM
 LOWEST     42           200 PM
 AVERAGE    59

..........................................................


THE NORTH CHARLESTON SC CLIMATE NORMALS FOR TOMORROW
                         NORMAL    RECORD    YEAR
 MAXIMUM TEMPERATURE (F)   85        97      2014
 MINIMUM TEMPERATURE (F)   64        47      1954


SUNRISE AND SUNSET
MAY 22 2015...........SUNRISE   617 AM EDT   SUNSET   817 PM EDT
MAY 23 2015...........SUNRISE   616 AM EDT   SUNSET   818 PM EDT


-  INDICATES NEGATIVE NUMBERS.
R  INDICATES RECORD WAS SET OR TIED.
MM INDICATES DATA IS MISSING.
T  INDICATES TRACE AMOUNT.




$$
