000
CDUS42 KCHS 062211
CLICHS


CLIMATE REPORT
NATIONAL WEATHER SERVICE CHARLESTON SC
511 PM EST FRI MAR 6 2015


...................................

...THE NORTH CHARLESTON SC CLIMATE SUMMARY FOR MARCH 6 2015...
VALID TODAY AS OF 0500 PM LOCAL TIME.

CLIMATE NORMAL PERIOD 1981 TO 2010
CLIMATE RECORD PERIOD 1938 TO 2015


WEATHER ITEM   OBSERVED TIME   RECORD YEAR NORMAL DEPARTURE LAST
                VALUE   (LST)  VALUE       VALUE  FROM      YEAR
                                                  NORMAL
..................................................................
TEMPERATURE (F)
 TODAY
  MAXIMUM         47    459 PM  85    1976  67    -20       44
  MINIMUM         38    746 AM  21    1960  45     -7       40
  AVERAGE         43                        56    -13       42

PRECIPITATION (IN)
  TODAY            T             2.96 1983   0.12  -0.12     0.78
  MONTH TO DATE    0.31                      0.69  -0.38     1.48
  SINCE MAR 1      0.31                      0.69  -0.38     1.48
  SINCE JAN 1      8.24                      7.36   0.88     6.33

SNOWFALL (IN)
  TODAY            0.0                       0.0    0.0
  SINCE MAR 1      0.0                       0.0    0.0
  SINCE JUL 1      T                         0.5   -0.5

DEGREE DAYS
 HEATING
  TODAY           22                        10     12       23
  MONTH TO DATE   61                        62     -1      105
  SINCE MAR 1     61                        62     -1      105
  SINCE JUL 1   1798                      1698    100     1628

 COOLING
  TODAY            0                         1     -1        0
  MONTH TO DATE    2                         4     -2        0
  SINCE MAR 1      2                         4     -2        0
  SINCE JAN 1      6                        11     -5       10
..................................................................


WIND (MPH)
  HIGHEST WIND SPEED    24   HIGHEST WIND DIRECTION    NE (30)
  HIGHEST GUST SPEED    31   HIGHEST GUST DIRECTION    NE (30)
  AVERAGE WIND SPEED    10.8


SKY COVER
  POSSIBLE SUNSHINE  MM
  AVERAGE SKY COVER 0.9


WEATHER CONDITIONS
 THE FOLLOWING WEATHER WAS RECORDED TODAY.
  LIGHT RAIN
  FOG


RELATIVE HUMIDITY (PERCENT)
 HIGHEST    92           300 AM
 LOWEST     53           300 PM
 AVERAGE    73

..........................................................


THE NORTH CHARLESTON SC CLIMATE NORMALS FOR TOMORROW
                         NORMAL    RECORD    YEAR
 MAXIMUM TEMPERATURE (F)   68        86      1961
 MINIMUM TEMPERATURE (F)   45        22      1960


SUNRISE AND SUNSET
MARCH  6 2015.........SUNRISE   642 AM EST   SUNSET   621 PM EST
MARCH  7 2015.........SUNRISE   641 AM EST   SUNSET   622 PM EST


-  INDICATES NEGATIVE NUMBERS.
R  INDICATES RECORD WAS SET OR TIED.
MM INDICATES DATA IS MISSING.
T  INDICATES TRACE AMOUNT.




$$
