000
CDUS42 KCHS 300519
CLICHS


CLIMATE REPORT
NATIONAL WEATHER SERVICE CHARLESTON SC
119 AM EDT SAT AUG 30 2014


...................................

...THE NORTH CHARLESTON SC CLIMATE SUMMARY FOR AUGUST 29 2014...

CLIMATE NORMAL PERIOD 1981 TO 2010
CLIMATE RECORD PERIOD 1938 TO 2014


WEATHER ITEM   OBSERVED TIME   RECORD YEAR NORMAL DEPARTURE LAST
                VALUE   (LST)  VALUE       VALUE  FROM      YEAR
                                                  NORMAL
..................................................................
TEMPERATURE (F)
 YESTERDAY
  MAXIMUM         92    223 PM  97    1990  88      4       95
  MINIMUM         69    609 AM  57    1986  71     -2       74
  AVERAGE         81                        80      1       85

PRECIPITATION (IN)
  YESTERDAY        0.00          3.98 2004   0.24  -0.24      T
  MONTH TO DATE    7.08                      6.67   0.41     3.95
  SINCE JUN 1     18.08                     18.85  -0.77    22.62
  SINCE JAN 1     35.33                     35.16   0.17    46.06

DEGREE DAYS
 HEATING
  YESTERDAY        0                         0      0        0
  MONTH TO DATE    0                         0      0        0
  SINCE JUN 1      0                         1     -1        0
  SINCE JUL 1      0                         0      0        0

 COOLING
  YESTERDAY       16                        15      1       20
  MONTH TO DATE  531                       465     66      479
  SINCE JUN 1   1615                      1415    200     1472
  SINCE JAN 1   2125                      1777    348     1819
..................................................................


WIND (MPH)
  HIGHEST WIND SPEED    15   HIGHEST WIND DIRECTION    SE (150)
  HIGHEST GUST SPEED    18   HIGHEST GUST DIRECTION     S (160)
  AVERAGE WIND SPEED     3.7


SKY COVER
  POSSIBLE SUNSHINE  MM
  AVERAGE SKY COVER 0.3


WEATHER CONDITIONS
 THE FOLLOWING WEATHER WAS RECORDED YESTERDAY.
  FOG
  HAZE


RELATIVE HUMIDITY (PERCENT)
 HIGHEST    90           300 AM
 LOWEST     56          1200 PM
 AVERAGE    73

..........................................................


THE NORTH CHARLESTON SC CLIMATE NORMALS FOR TODAY
                         NORMAL    RECORD    YEAR
 MAXIMUM TEMPERATURE (F)   88        96      1948
 MINIMUM TEMPERATURE (F)   71        59      1986


SUNRISE AND SUNSET
AUGUST 30 2014........SUNRISE   653 AM EDT   SUNSET   748 PM EDT
AUGUST 31 2014........SUNRISE   654 AM EDT   SUNSET   746 PM EDT


-  INDICATES NEGATIVE NUMBERS.
R  INDICATES RECORD WAS SET OR TIED.
MM INDICATES DATA IS MISSING.
T  INDICATES TRACE AMOUNT.




$$
