000
CDUS42 KCHS 190621
CLICHS


CLIMATE REPORT
NATIONAL WEATHER SERVICE CHARLESTON SC
121 AM EST MON FEB 19 2018


...................................

...THE NORTH CHARLESTON SC CLIMATE SUMMARY FOR FEBRUARY 18 2018...

CLIMATE NORMAL PERIOD 1981 TO 2010
CLIMATE RECORD PERIOD 1938 TO 2018


WEATHER ITEM   OBSERVED TIME   RECORD YEAR NORMAL DEPARTURE LAST
                VALUE   (LST)  VALUE       VALUE  FROM      YEAR
                                                  NORMAL
..................................................................
TEMPERATURE (F)
 YESTERDAY
  MAXIMUM         68   1150 AM  83    1956  63      5       71
  MINIMUM         59    816 PM  14    1958  41     18       45
  AVERAGE         64                        52     12       58

PRECIPITATION (IN)
  YESTERDAY        0.00          2.16 1964   0.10  -0.10     0.00
  MONTH TO DATE    1.25                      1.90  -0.65     0.40
  SINCE DEC 1      6.52                      8.72  -2.20     8.96
  SINCE JAN 1      4.01                      5.61  -1.60     4.18

SNOWFALL (IN)
  YESTERDAY        0.0                       0.0    0.0
  SINCE DEC 1      5.3                       0.4    4.9
  SINCE JUL 1      5.3                       0.4    4.9

DEGREE DAYS
 HEATING
  YESTERDAY        1                        13    -12        7
  MONTH TO DATE  123                       259   -136      144
  SINCE DEC 1   1147                      1226    -79      724
  SINCE JUL 1   1433                      1518    -85      942

 COOLING
  YESTERDAY        0                         0      0        0
  MONTH TO DATE   17                         0     17        4
  SINCE DEC 1     23                         9     14       26
  SINCE JAN 1     20                         2     18       19
..................................................................


WIND (MPH)
  HIGHEST WIND SPEED    20   HIGHEST WIND DIRECTION     E (100)
  HIGHEST GUST SPEED    25   HIGHEST GUST DIRECTION     E (80)
  AVERAGE WIND SPEED     9.2


SKY COVER
  POSSIBLE SUNSHINE  MM
  AVERAGE SKY COVER 0.6


WEATHER CONDITIONS
 THE FOLLOWING WEATHER WAS RECORDED YESTERDAY.
  NO SIGNIFICANT WEATHER WAS OBSERVED.


RELATIVE HUMIDITY (PERCENT)
 HIGHEST    93           200 AM
 LOWEST     52           300 PM
 AVERAGE    73

..........................................................


THE NORTH CHARLESTON SC CLIMATE NORMALS FOR TODAY
                         NORMAL    RECORD    YEAR
 MAXIMUM TEMPERATURE (F)   64        83      2014
                                             1956
 MINIMUM TEMPERATURE (F)   41        20      1958


SUNRISE AND SUNSET
FEBRUARY 19 2018......SUNRISE   659 AM EST   SUNSET   609 PM EST
FEBRUARY 20 2018......SUNRISE   658 AM EST   SUNSET   610 PM EST


-  INDICATES NEGATIVE NUMBERS.
R  INDICATES RECORD WAS SET OR TIED.
MM INDICATES DATA IS MISSING.
T  INDICATES TRACE AMOUNT.




$$
