000
CDUS42 KCHS 050603
CLICHS


CLIMATE REPORT
NATIONAL WEATHER SERVICE CHARLESTON SC
203 AM EDT WED AUG 5 2015


...................................

...THE NORTH CHARLESTON SC CLIMATE SUMMARY FOR AUGUST 4 2015...

CLIMATE NORMAL PERIOD 1981 TO 2010
CLIMATE RECORD PERIOD 1938 TO 2015


WEATHER ITEM   OBSERVED TIME   RECORD YEAR NORMAL DEPARTURE LAST
                VALUE   (LST)  VALUE       VALUE  FROM      YEAR
                                                  NORMAL
..................................................................
TEMPERATURE (F)
 YESTERDAY
  MAXIMUM         92    501 PM  98    2011  91      1       84
                                      2006
                                      1963
  MINIMUM         76    729 AM  65    1959  73      3       73
  AVERAGE         84                        82      2       79

PRECIPITATION (IN)
  YESTERDAY        0.11          3.31 1993   0.22  -0.11      T
  MONTH TO DATE    1.23                      0.86   0.37     0.84
  SINCE JUN 1     16.64                     13.04   3.60    11.84
  SINCE JAN 1     31.86                     29.35   2.51    29.09

DEGREE DAYS
 HEATING
  YESTERDAY        0                         0      0        0
  MONTH TO DATE    0                         0      0        0
  SINCE JUN 1      0                         1     -1        0
  SINCE JUL 1      0                         0      0        0

 COOLING
  YESTERDAY       19                        17      2       14
  MONTH TO DATE   71                        68      3       58
  SINCE JUN 1   1173                      1018    155     1142
  SINCE JAN 1   1606                      1380    226     1652
..................................................................


WIND (MPH)
  HIGHEST WIND SPEED    16   HIGHEST WIND DIRECTION    SW (210)
  HIGHEST GUST SPEED    19   HIGHEST GUST DIRECTION    SW (210)
  AVERAGE WIND SPEED     7.8


SKY COVER
  POSSIBLE SUNSHINE  MM
  AVERAGE SKY COVER 0.7


WEATHER CONDITIONS
 THE FOLLOWING WEATHER WAS RECORDED YESTERDAY.
  THUNDERSTORM
  RAIN
  LIGHT RAIN


RELATIVE HUMIDITY (PERCENT)
 HIGHEST   100          1100 PM
 LOWEST     56           400 PM
 AVERAGE    78

..........................................................


THE NORTH CHARLESTON SC CLIMATE NORMALS FOR TODAY
                         NORMAL    RECORD    YEAR
 MAXIMUM TEMPERATURE (F)   91       100      1954
 MINIMUM TEMPERATURE (F)   73        63      1976


SUNRISE AND SUNSET
AUGUST  5 2015........SUNRISE   636 AM EDT   SUNSET   816 PM EDT
AUGUST  6 2015........SUNRISE   637 AM EDT   SUNSET   815 PM EDT


-  INDICATES NEGATIVE NUMBERS.
R  INDICATES RECORD WAS SET OR TIED.
MM INDICATES DATA IS MISSING.
T  INDICATES TRACE AMOUNT.




$$
