000
CDUS42 KCHS 210541
CLICHS

CLIMATE REPORT
NATIONAL WEATHER SERVICE CHARLESTON SC
137 AM EDT MON APR 21 2014


...................................

...THE NORTH CHARLESTON SC CLIMATE SUMMARY FOR APRIL 20 2014...

CLIMATE NORMAL PERIOD 1981 TO 2010
CLIMATE RECORD PERIOD 1938 TO 2014


WEATHER ITEM   OBSERVED TIME   RECORD YEAR NORMAL DEPARTURE LAST
                VALUE   (LST)  VALUE       VALUE  FROM      YEAR
                                                  NORMAL
..................................................................
TEMPERATURE (F)
 YESTERDAY
  MAXIMUM         69    143 PM  95    2002  77     -8       63
  MINIMUM         53    619 AM  31    1983  54     -1       46
  AVERAGE         61                        66     -5       55

PRECIPITATION (IN)
  YESTERDAY        0.23          1.68 1966   0.09   0.14     0.39
  MONTH TO DATE    4.88                      1.95   2.93     4.43
  SINCE MAR 1      9.81                      5.66   4.15     8.50
  SINCE JAN 1     14.66                     12.33   2.33    19.32

SNOWFALL (IN)
  YESTERDAY        0.0                       0.0    0.0
  SINCE MAR 1      0.0                       0.0    0.0
  SINCE JUL 1      T                         0.5   -0.5

DEGREE DAYS
 HEATING
  YESTERDAY        4                         2      2       10
  MONTH TO DATE   38                        72    -34       56
  SINCE MAR 1    352                       311     41      436
  SINCE JUL 1   1875                      1947    -72     1821

 COOLING
  YESTERDAY        0                         3     -3        0
  MONTH TO DATE   63                        46     17       63
  SINCE MAR 1     72                        73     -1       73
  SINCE JAN 1     82                        80      2       94
..................................................................


WIND (MPH)
  HIGHEST WIND SPEED    26   HIGHEST WIND DIRECTION     N (350)
  HIGHEST GUST SPEED    33   HIGHEST GUST DIRECTION     N (10)
  AVERAGE WIND SPEED    13.8


SKY COVER
  POSSIBLE SUNSHINE  MM
  AVERAGE SKY COVER 0.9


WEATHER CONDITIONS
 THE FOLLOWING WEATHER WAS RECORDED YESTERDAY.
  RAIN
  LIGHT RAIN
  FOG


RELATIVE HUMIDITY (PERCENT)
 HIGHEST    89          1200 AM
 LOWEST     52           300 PM
 AVERAGE    71

..........................................................


THE NORTH CHARLESTON SC CLIMATE NORMALS FOR TODAY
                         NORMAL    RECORD    YEAR
 MAXIMUM TEMPERATURE (F)   78        94      2002
 MINIMUM TEMPERATURE (F)   55        34      1953


SUNRISE AND SUNSET
APRIL 21 2014.........SUNRISE   643 AM EDT   SUNSET   755 PM EDT
APRIL 22 2014.........SUNRISE   642 AM EDT   SUNSET   755 PM EDT


-  INDICATES NEGATIVE NUMBERS.
R  INDICATES RECORD WAS SET OR TIED.
MM INDICATES DATA IS MISSING.
T  INDICATES TRACE AMOUNT.




$$
