000
CDUS43 KDVN 280918
CLICID


CLIMATE REPORT
NATIONAL WEATHER SERVICE QUAD CITIES IA IL
417 AM CDT THU MAY 28 2015


...................................

...THE CEDAR RAPIDS IA CLIMATE SUMMARY FOR MAY 27 2015...

CLIMATE NORMAL PERIOD 1981 TO 2010
CLIMATE RECORD PERIOD 1891 TO 2015


WEATHER ITEM   OBSERVED TIME   RECORD YEAR NORMAL DEPARTURE LAST
                VALUE   (LST)  VALUE       VALUE  FROM      YEAR
                                                  NORMAL
..................................................................
TEMPERATURE (F)
 YESTERDAY
  MAXIMUM         79    408 PM  94    1914  75      4       85
  MINIMUM         56    505 AM  35    1992  53      3       60
  AVERAGE         68                        64      4       73

PRECIPITATION (IN)
  YESTERDAY        0.02         MM      MM   0.14  -0.12      T
  MONTH TO DATE    3.31                      3.59  -0.28     2.22
  SINCE MAR 1      7.55                      8.74  -1.19     9.48
  SINCE JAN 1      8.88                     10.88  -2.00    11.23

DEGREE DAYS
 HEATING
  YESTERDAY        0                         3     -3        0
  MONTH TO DATE  123                       180    -57      189
  SINCE MAR 1   1414                      1542   -128     1776
  SINCE JUL 1   6941                      6825    116     7815

 COOLING
  YESTERDAY        3                         2      1        8
  MONTH TO DATE   38                        31      7       41
  SINCE MAR 1     38                        38      0       48
  SINCE JAN 1     38                        38      0       48
..................................................................


WIND (MPH)
  HIGHEST WIND SPEED    15   HIGHEST WIND DIRECTION     W (290)
  HIGHEST GUST SPEED    18   HIGHEST GUST DIRECTION    NW (300)
  AVERAGE WIND SPEED     8.1


SKY COVER
  POSSIBLE SUNSHINE  MM
  AVERAGE SKY COVER 0.4


WEATHER CONDITIONS
 THE FOLLOWING WEATHER WAS RECORDED YESTERDAY.
  LIGHT RAIN
  FOG


RELATIVE HUMIDITY (PERCENT)
 HIGHEST   100          1200 AM
 LOWEST     48           300 PM
 AVERAGE    74

..........................................................


THE CEDAR RAPIDS IA CLIMATE NORMALS FOR TODAY
                         NORMAL    RECORD    YEAR
 MAXIMUM TEMPERATURE (F)   75        95      1991
 MINIMUM TEMPERATURE (F)   53        33      1928


SUNRISE AND SUNSET
MAY 28 2015...........SUNRISE   536 AM CDT   SUNSET   832 PM CDT
MAY 29 2015...........SUNRISE   536 AM CDT   SUNSET   833 PM CDT


-  INDICATES NEGATIVE NUMBERS.
R  INDICATES RECORD WAS SET OR TIED.
MM INDICATES DATA IS MISSING.
T  INDICATES TRACE AMOUNT.




$$
