000
CDUS43 KDVN 010919
CLICID


CLIMATE REPORT
NATIONAL WEATHER SERVICE QUAD CITIES IA IL
417 AM CDT MON SEP 1 2014


...................................

...THE CEDAR RAPIDS IA CLIMATE SUMMARY FOR AUGUST 31 2014...

CLIMATE NORMAL PERIOD 1981 TO 2010
CLIMATE RECORD PERIOD 1891 TO 2014


WEATHER ITEM   OBSERVED TIME   RECORD YEAR NORMAL DEPARTURE LAST
                VALUE   (LST)  VALUE       VALUE  FROM      YEAR
                                                  NORMAL
..................................................................
TEMPERATURE (F)
 YESTERDAY
  MAXIMUM         86    409 PM  98    1912  80      6       87
  MINIMUM         61    427 AM  38    1915  58      3       68
  AVERAGE         74                        69      5       78

PRECIPITATION (IN)
  YESTERDAY        0.51         MM      MM   0.14   0.37     0.00
  MONTH TO DATE    2.38                      4.48  -2.10     0.11
  SINCE JUN 1     19.24                     13.86   5.38     9.21
  SINCE JAN 1     30.48                     25.30   5.18    29.40

DEGREE DAYS
 HEATING
  YESTERDAY        0                         1     -1        0
  MONTH TO DATE    0                        12    -12        6
  SINCE JUN 1     24                        48    -24       47
  SINCE JUL 1     19                        19      0       19

 COOLING
  YESTERDAY        9                         5      4       13
  MONTH TO DATE  220                       201     19      240
  SINCE JUN 1    537                       619    -82      646
  SINCE JAN 1    617                       668    -51      720
..................................................................


WIND (MPH)
  HIGHEST WIND SPEED    24   HIGHEST WIND DIRECTION    NW (330)
  HIGHEST GUST SPEED    31   HIGHEST GUST DIRECTION    NW (330)
  AVERAGE WIND SPEED     9.5


SKY COVER
  POSSIBLE SUNSHINE  MM
  AVERAGE SKY COVER 0.1


WEATHER CONDITIONS
 THE FOLLOWING WEATHER WAS RECORDED YESTERDAY.
  THUNDERSTORM
  HEAVY RAIN
  RAIN
  LIGHT RAIN
  FOG
  FOG W/VISIBILITY <= 1/4 MILE


RELATIVE HUMIDITY (PERCENT)
 HIGHEST   100          1200 AM
 LOWEST     65           100 PM
 AVERAGE    83

..........................................................


THE CEDAR RAPIDS IA CLIMATE NORMALS FOR TODAY
                         NORMAL    RECORD    YEAR
 MAXIMUM TEMPERATURE (F)   79       102      1913
 MINIMUM TEMPERATURE (F)   57        39      1949


SUNRISE AND SUNSET
SEPTEMBER  1 2014.....SUNRISE   633 AM CDT   SUNSET   740 PM CDT
SEPTEMBER  2 2014.....SUNRISE   634 AM CDT   SUNSET   739 PM CDT


-  INDICATES NEGATIVE NUMBERS.
R  INDICATES RECORD WAS SET OR TIED.
MM INDICATES DATA IS MISSING.
T  INDICATES TRACE AMOUNT.




$$
