000
CDUS43 KDVN 041048
CLICID


CLIMATE REPORT
NATIONAL WEATHER SERVICE QUAD CITIES IA IL
447 AM CST WED MAR 4 2015


...................................

...THE CEDAR RAPIDS IA CLIMATE SUMMARY FOR MARCH 3 2015...

CLIMATE NORMAL PERIOD 1981 TO 2010
CLIMATE RECORD PERIOD 1891 TO 2015


WEATHER ITEM   OBSERVED TIME   RECORD YEAR NORMAL DEPARTURE LAST
                VALUE   (LST)  VALUE       VALUE  FROM      YEAR
                                                  NORMAL
..................................................................
TEMPERATURE (F)
 YESTERDAY
  MAXIMUM         33    226 PM  71    1983  40     -7       11
  MINIMUM         12   1159 PM -15    2014  22    -10      -15
  AVERAGE         23                        31     -8       -2

PRECIPITATION (IN)
  YESTERDAY        0.25         MM      MM   0.06   0.19      T
  MONTH TO DATE    0.25                      0.18   0.07     0.16
  SINCE MAR 1      0.25                      0.18   0.07     0.16
  SINCE JAN 1      1.58                      2.32  -0.74     1.91

DEGREE DAYS
 HEATING
  YESTERDAY       42                        34      8       67
  MONTH TO DATE  138                       104     34      190
  SINCE MAR 1    138                       104     34      190
  SINCE JUL 1   5665                      5387    278     6229

 COOLING
  YESTERDAY        0                         0      0        0
  MONTH TO DATE    0                         0      0        0
  SINCE MAR 1      0                         0      0        0
  SINCE JAN 1      0                         0      0        0
..................................................................


WIND (MPH)
  HIGHEST WIND SPEED    26   HIGHEST WIND DIRECTION    NW (310)
  HIGHEST GUST SPEED    36   HIGHEST GUST DIRECTION    NW (300)
  AVERAGE WIND SPEED    17.3


SKY COVER
  POSSIBLE SUNSHINE  MM
  AVERAGE SKY COVER 0.8


WEATHER CONDITIONS
 THE FOLLOWING WEATHER WAS RECORDED YESTERDAY.
  FREEZING RAIN
  LT FREEZING RAIN
  LIGHT SNOW
  SLEET
  FOG
  HAZE


RELATIVE HUMIDITY (PERCENT)
 HIGHEST   100           900 AM
 LOWEST     71           900 PM
 AVERAGE    86

..........................................................


THE CEDAR RAPIDS IA CLIMATE NORMALS FOR TODAY
                         NORMAL    RECORD    YEAR
 MAXIMUM TEMPERATURE (F)   40        73      1921
 MINIMUM TEMPERATURE (F)   22       -12      2002


SUNRISE AND SUNSET
MARCH  4 2015.........SUNRISE   637 AM CST   SUNSET   600 PM CST
MARCH  5 2015.........SUNRISE   636 AM CST   SUNSET   602 PM CST


-  INDICATES NEGATIVE NUMBERS.
R  INDICATES RECORD WAS SET OR TIED.
MM INDICATES DATA IS MISSING.
T  INDICATES TRACE AMOUNT.




$$
