000
CDUS43 KDVN 170909
CLICID


CLIMATE REPORT
NATIONAL WEATHER SERVICE QUAD CITIES IA IL
409 AM CDT TUE OCT 17 2017


...................................

...THE CEDAR RAPIDS IA CLIMATE SUMMARY FOR OCTOBER 16 2017...

CLIMATE NORMAL PERIOD 1981 TO 2010
CLIMATE RECORD PERIOD 1891 TO 2017


WEATHER ITEM   OBSERVED TIME   RECORD YEAR NORMAL DEPARTURE LAST
                VALUE   (LST)  VALUE       VALUE  FROM      YEAR
                                                  NORMAL
..................................................................
TEMPERATURE (F)
 YESTERDAY
  MAXIMUM         66    353 PM  87    1950  62      4       77
  MINIMUM         33    619 AM  25    2002  39     -6       60
  AVERAGE         50                        51     -1       69

PRECIPITATION (IN)
  YESTERDAY        0.00         MM      MM   0.07  -0.07     0.05
  MONTH TO DATE    3.43                      1.40   2.03     1.35
  SINCE SEP 1      4.40                      4.56  -0.16     8.27
  SINCE JAN 1     24.42                     29.86  -5.44    36.80

DEGREE DAYS
 HEATING
  YESTERDAY       15                        14      1        0
  MONTH TO DATE   91                       194   -103      106
  SINCE SEP 1    155                       332   -177      141
  SINCE JUL 1    166                       351   -185      145

 COOLING
  YESTERDAY        0                         0      0        4
  MONTH TO DATE   15                         8      7       10
  SINCE SEP 1    145                        80     65      146
  SINCE JAN 1    744                       748     -4      957
..................................................................


WIND (MPH)
  HIGHEST WIND SPEED    18   HIGHEST WIND DIRECTION     W (270)
  HIGHEST GUST SPEED    23   HIGHEST GUST DIRECTION     W (260)
  AVERAGE WIND SPEED     6.4


SKY COVER
  POSSIBLE SUNSHINE  MM
  AVERAGE SKY COVER 0.0


WEATHER CONDITIONS
 THE FOLLOWING WEATHER WAS RECORDED YESTERDAY.
  NO SIGNIFICANT WEATHER WAS OBSERVED.


RELATIVE HUMIDITY (PERCENT)
 HIGHEST    92          1200 AM
 LOWEST     29           300 PM
 AVERAGE    61

..........................................................


THE CEDAR RAPIDS IA CLIMATE NORMALS FOR TODAY
                         NORMAL    RECORD    YEAR
 MAXIMUM TEMPERATURE (F)   61        86      1950
 MINIMUM TEMPERATURE (F)   39        22      1976


SUNRISE AND SUNSET
OCTOBER 17 2017.......SUNRISE   722 AM CDT   SUNSET   622 PM CDT
OCTOBER 18 2017.......SUNRISE   723 AM CDT   SUNSET   620 PM CDT


-  INDICATES NEGATIVE NUMBERS.
R  INDICATES RECORD WAS SET OR TIED.
MM INDICATES DATA IS MISSING.
T  INDICATES TRACE AMOUNT.




$$
