000
CDUS43 KDVN 240914
CLICID


CLIMATE REPORT
NATIONAL WEATHER SERVICE QUAD CITIES IA IL
412 AM CDT THU APR 24 2014


...................................

...THE CEDAR RAPIDS IA CLIMATE SUMMARY FOR APRIL 23 2014...

CLIMATE NORMAL PERIOD 1981 TO 2010
CLIMATE RECORD PERIOD 1891 TO 2014


WEATHER ITEM   OBSERVED TIME   RECORD YEAR NORMAL DEPARTURE LAST
                VALUE   (LST)  VALUE       VALUE  FROM      YEAR
                                                  NORMAL
..................................................................
TEMPERATURE (F)
 YESTERDAY
  MAXIMUM         51   1248 PM  90    1925  64    -13       50
  MINIMUM         40    528 AM  20    1927  41     -1       34
  AVERAGE         46                        52     -6       42

PRECIPITATION (IN)
  YESTERDAY        0.18         MM      MM   0.10   0.08      T
  MONTH TO DATE    5.15                      2.22   2.93     8.53
  SINCE MAR 1      5.54                      4.32   1.22    10.87
  SINCE JAN 1      7.29                      6.46   0.83    12.82

DEGREE DAYS
 HEATING
  YESTERDAY       19                        13      6       23
  MONTH TO DATE  416                       399     17      488
  SINCE MAR 1   1486                      1280    206     1598
  SINCE JUL 1   7525                      6563    962     6710

 COOLING
  YESTERDAY        0                         0      0        0
  MONTH TO DATE    7                         0      7        0
  SINCE MAR 1      7                         0      7        0
  SINCE JAN 1      7                         0      7        0
..................................................................


WIND (MPH)
  HIGHEST WIND SPEED    25   HIGHEST WIND DIRECTION     E (110)
  HIGHEST GUST SPEED    32   HIGHEST GUST DIRECTION    SE (130)
  AVERAGE WIND SPEED    13.8


SKY COVER
  POSSIBLE SUNSHINE  MM
  AVERAGE SKY COVER 0.8


WEATHER CONDITIONS
 THE FOLLOWING WEATHER WAS RECORDED YESTERDAY.
  LIGHT RAIN


RELATIVE HUMIDITY (PERCENT)
 HIGHEST    83           400 PM
 LOWEST     46           100 PM
 AVERAGE    65

..........................................................


THE CEDAR RAPIDS IA CLIMATE NORMALS FOR TODAY
                         NORMAL    RECORD    YEAR
 MAXIMUM TEMPERATURE (F)   64        87      2009
                                             1990
 MINIMUM TEMPERATURE (F)   41        24      1910


SUNRISE AND SUNSET
APRIL 24 2014.........SUNRISE   613 AM CDT   SUNSET   758 PM CDT
APRIL 25 2014.........SUNRISE   611 AM CDT   SUNSET   759 PM CDT


-  INDICATES NEGATIVE NUMBERS.
R  INDICATES RECORD WAS SET OR TIED.
MM INDICATES DATA IS MISSING.
T  INDICATES TRACE AMOUNT.




$$
