000
CDUS43 KDVN 232120
CLICID


CLIMATE REPORT
NATIONAL WEATHER SERVICE QUAD CITIES IA IL
420 PM CDT TUE SEP 23 2014


...................................

...THE CEDAR RAPIDS IA CLIMATE SUMMARY FOR SEPTEMBER 23 2014...
VALID TODAY AS OF 0400 PM LOCAL TIME.

CLIMATE NORMAL PERIOD 1981 TO 2010
CLIMATE RECORD PERIOD 1891 TO 2014


WEATHER ITEM   OBSERVED TIME   RECORD YEAR NORMAL DEPARTURE LAST
                VALUE   (LST)  VALUE       VALUE  FROM      YEAR
                                                  NORMAL
..................................................................
TEMPERATURE (F)
 TODAY
  MAXIMUM         73    228 PM  90    1930  72      1       74
  MINIMUM         44    607 AM  29    2012  48     -4       46
  AVERAGE         59                        60     -1       60

PRECIPITATION (IN)
  TODAY            0.00         MM      MM   0.09  -0.09     0.00
  MONTH TO DATE    3.52                      2.50   1.02     1.80
  SINCE SEP 1      3.52                      2.50   1.02     1.80
  SINCE JAN 1     34.00                     27.80   6.20    31.20

DEGREE DAYS
 HEATING
  TODAY            6                         7     -1        5
  MONTH TO DATE  132                        82     50       59
  SINCE SEP 1    132                        82     50       59
  SINCE JUL 1    151                       101     50       78

 COOLING
  TODAY            0                         1     -1        0
  MONTH TO DATE   38                        65    -27      137
  SINCE SEP 1     38                        65    -27      137
  SINCE JAN 1    655                       733    -78      857
..................................................................


WIND (MPH)
  HIGHEST WIND SPEED    13   HIGHEST WIND DIRECTION     S (160)
  HIGHEST GUST SPEED    18   HIGHEST GUST DIRECTION     S (160)
  AVERAGE WIND SPEED     6.6


SKY COVER
  POSSIBLE SUNSHINE  MM
  AVERAGE SKY COVER 0.0


WEATHER CONDITIONS
 THE FOLLOWING WEATHER WAS RECORDED TODAY.
  NO SIGNIFICANT WEATHER WAS OBSERVED.


RELATIVE HUMIDITY (PERCENT)
 HIGHEST   100           100 AM
 LOWEST     44           300 PM
 AVERAGE    72

..........................................................


THE CEDAR RAPIDS IA CLIMATE NORMALS FOR TOMORROW
                         NORMAL    RECORD    YEAR
 MAXIMUM TEMPERATURE (F)   71        92      1984
 MINIMUM TEMPERATURE (F)   47        28      2012


SUNRISE AND SUNSET
SEPTEMBER 23 2014.....SUNRISE   655 AM CDT   SUNSET   702 PM CDT
SEPTEMBER 24 2014.....SUNRISE   656 AM CDT   SUNSET   700 PM CDT


-  INDICATES NEGATIVE NUMBERS.
R  INDICATES RECORD WAS SET OR TIED.
MM INDICATES DATA IS MISSING.
T  INDICATES TRACE AMOUNT.




$$
