000
CDUS43 KDVN 240905
CLICID


CLIMATE REPORT
NATIONAL WEATHER SERVICE QUAD CITIES IA IL
404 AM CDT SAT JUN 24 2017


...................................

...THE CEDAR RAPIDS IA CLIMATE SUMMARY FOR JUNE 23 2017...

CLIMATE NORMAL PERIOD 1981 TO 2010
CLIMATE RECORD PERIOD 1891 TO 2017


WEATHER ITEM   OBSERVED TIME   RECORD YEAR NORMAL DEPARTURE LAST
                VALUE   (LST)  VALUE       VALUE  FROM      YEAR
                                                  NORMAL
..................................................................
TEMPERATURE (F)
 YESTERDAY
  MAXIMUM         79   1159 AM 100    1931  82     -3       78
  MINIMUM         58    945 PM  45    1902  61     -3       62
  AVERAGE         69                        72     -3       70

PRECIPITATION (IN)
  YESTERDAY        0.42         MM      MM   0.17   0.25     0.00
  MONTH TO DATE    2.16                      3.68  -1.52     6.82
  SINCE JUN 1      2.16                      3.68  -1.52     6.82
  SINCE JAN 1     14.54                     15.12  -0.58    15.48

DEGREE DAYS
 HEATING
  YESTERDAY        0                         0      0        0
  MONTH TO DATE    2                        29    -27        4
  SINCE JUN 1      2                        29    -27        4
  SINCE JUL 1   5736                      6866  -1130     5653

 COOLING
  YESTERDAY        4                         7     -3        5
  MONTH TO DATE  188                       114     74      189
  SINCE JUN 1    188                       114     74      189
  SINCE JAN 1    226                       163     63      249
..................................................................


WIND (MPH)
  HIGHEST WIND SPEED    29   HIGHEST WIND DIRECTION    NW (310)
  HIGHEST GUST SPEED    35   HIGHEST GUST DIRECTION    NW (310)
  AVERAGE WIND SPEED    13.1


SKY COVER
  POSSIBLE SUNSHINE  MM
  AVERAGE SKY COVER 0.3


WEATHER CONDITIONS
 THE FOLLOWING WEATHER WAS RECORDED YESTERDAY.
  THUNDERSTORM
  HEAVY RAIN
  RAIN
  LIGHT RAIN
  FOG


RELATIVE HUMIDITY (PERCENT)
 HIGHEST   100           300 AM
 LOWEST     52          1200 PM
 AVERAGE    76

..........................................................


THE CEDAR RAPIDS IA CLIMATE NORMALS FOR TODAY
                         NORMAL    RECORD    YEAR
 MAXIMUM TEMPERATURE (F)   82       100      1931
 MINIMUM TEMPERATURE (F)   61        46      1936


SUNRISE AND SUNSET
JUNE 24 2017..........SUNRISE   533 AM CDT   SUNSET   846 PM CDT
JUNE 25 2017..........SUNRISE   533 AM CDT   SUNSET   846 PM CDT


-  INDICATES NEGATIVE NUMBERS.
R  INDICATES RECORD WAS SET OR TIED.
MM INDICATES DATA IS MISSING.
T  INDICATES TRACE AMOUNT.




$$
