000
CDUS43 KDVN 010941
CLICID


CLIMATE REPORT
NATIONAL WEATHER SERVICE QUAD CITIES IA IL
440 AM CDT WED OCT 1 2014


...................................

...THE CEDAR RAPIDS IA CLIMATE SUMMARY FOR SEPTEMBER 30 2014...

CLIMATE NORMAL PERIOD 1981 TO 2010
CLIMATE RECORD PERIOD 1891 TO 2014


WEATHER ITEM   OBSERVED TIME   RECORD YEAR NORMAL DEPARTURE LAST
                VALUE   (LST)  VALUE       VALUE  FROM      YEAR
                                                  NORMAL
..................................................................
TEMPERATURE (F)
 YESTERDAY
  MAXIMUM         65    410 PM  91    1994  69     -4       76
  MINIMUM         52   1159 PM  22    1899  45      7       47
  AVERAGE         59                        57      2       62

PRECIPITATION (IN)
  YESTERDAY        0.00         MM      MM   0.09  -0.09     0.00
  MONTH TO DATE    3.55                      3.16   0.39     2.19
  SINCE SEP 1      3.55                      3.16   0.39     2.19
  SINCE JAN 1     34.03                     28.46   5.57    31.59

DEGREE DAYS
 HEATING
  YESTERDAY        6                         9     -3        3
  MONTH TO DATE  141                       138      3       80
  SINCE SEP 1    141                       138      3       80
  SINCE JUL 1    160                       157      3       99

 COOLING
  YESTERDAY        0                         1     -1        0
  MONTH TO DATE   53                        72    -19      145
  SINCE SEP 1     53                        72    -19      145
  SINCE JAN 1    670                       740    -70      865
..................................................................


WIND (MPH)
  HIGHEST WIND SPEED    17   HIGHEST WIND DIRECTION     E (70)
  HIGHEST GUST SPEED    22   HIGHEST GUST DIRECTION     E (70)
  AVERAGE WIND SPEED    10.8


SKY COVER
  POSSIBLE SUNSHINE  MM
  AVERAGE SKY COVER 0.5


WEATHER CONDITIONS
 THE FOLLOWING WEATHER WAS RECORDED YESTERDAY.
  NO SIGNIFICANT WEATHER WAS OBSERVED.


RELATIVE HUMIDITY (PERCENT)
 HIGHEST    MM
 LOWEST     MM
 AVERAGE    MM

..........................................................


THE CEDAR RAPIDS IA CLIMATE NORMALS FOR TODAY
                         NORMAL    RECORD    YEAR
 MAXIMUM TEMPERATURE (F)   68        90      1976
 MINIMUM TEMPERATURE (F)   44        28      2003


SUNRISE AND SUNSET
OCTOBER  1 2014.......SUNRISE   704 AM CDT   SUNSET   648 PM CDT
OCTOBER  2 2014.......SUNRISE   705 AM CDT   SUNSET   647 PM CDT


-  INDICATES NEGATIVE NUMBERS.
R  INDICATES RECORD WAS SET OR TIED.
MM INDICATES DATA IS MISSING.
T  INDICATES TRACE AMOUNT.




$$
