942
CDUS41 KCLE 200528
CLICLE


CLIMATE REPORT
NATIONAL WEATHER SERVICE CLEVELAND OH
1227 AM EST FRI JAN 20 2017


...................................

...THE CLEVELAND OH CLIMATE SUMMARY FOR JANUARY 19 2017...

CLIMATE NORMAL PERIOD 1981 TO 2010
CLIMATE RECORD PERIOD 1871 TO 2017


WEATHER ITEM   OBSERVED TIME   RECORD YEAR NORMAL DEPARTURE LAST
                VALUE   (LST)  VALUE       VALUE  FROM      YEAR
                                                  NORMAL
..................................................................
TEMPERATURE (F)
 YESTERDAY
  MAXIMUM         46    249 PM  67    1907  34     12       20
  MINIMUM         36   1129 PM -20    1994  22     14        8
  AVERAGE         41                        28     13       14

PRECIPITATION (IN)
  YESTERDAY        T                         0.09  -0.09     0.01
  MONTH TO DATE    3.14                      1.76   1.38     1.24
  SINCE DEC 1      5.79                      4.86   0.93     4.20
  SINCE JAN 1      3.14                      1.76   1.38     1.24

SNOWFALL (IN)
  YESTERDAY        0.0                       0.6   -0.6      0.4
  MONTH TO DATE    3.5                      11.4   -7.9      7.0
  SINCE DEC 1     13.1                      25.5  -12.4      7.3
  SINCE JUL 1     14.0                      30.0  -16.0      8.2
  SNOW DEPTH       0

DEGREE DAYS
 HEATING
  YESTERDAY       24                        37    -13       51
  MONTH TO DATE  614                       702    -88      719
  SINCE DEC 1   1621                      1714    -93     1366
  SINCE JUL 1   2337                      2809   -472     2231

 COOLING
  YESTERDAY        0                         0      0        0
  MONTH TO DATE    0                         0      0        0
  SINCE DEC 1      0                         0      0        0
  SINCE JAN 1      0                         0      0        0
..................................................................


WIND (MPH)
  HIGHEST WIND SPEED    16   HIGHEST WIND DIRECTION    SW (240)
  HIGHEST GUST SPEED    19   HIGHEST GUST DIRECTION     W (260)
  AVERAGE WIND SPEED     7.5


SKY COVER
  POSSIBLE SUNSHINE  MM
  AVERAGE SKY COVER 1.0


WEATHER CONDITIONS
 THE FOLLOWING WEATHER WAS RECORDED YESTERDAY.
  LIGHT RAIN
  HAZE


RELATIVE HUMIDITY (PERCENT)
 HIGHEST    85          1200 AM
 LOWEST     70           300 PM
 AVERAGE    78

..........................................................


THE CLEVELAND OH CLIMATE NORMALS FOR TODAY
                         NORMAL    RECORD    YEAR
 MAXIMUM TEMPERATURE (F)   34        65      1906
 MINIMUM TEMPERATURE (F)   22       -18      1985


SUNRISE AND SUNSET
JANUARY 20 2017.......SUNRISE   748 AM EST   SUNSET   529 PM EST
JANUARY 21 2017.......SUNRISE   748 AM EST   SUNSET   530 PM EST


-  INDICATES NEGATIVE NUMBERS.
R  INDICATES RECORD WAS SET OR TIED.
MM INDICATES DATA IS MISSING.
T  INDICATES TRACE AMOUNT.




$$
