000
CDUS41 KCLE 062212
CLICLE


CLIMATE REPORT
NATIONAL WEATHER SERVICE CLEVELAND OH
512 PM EST FRI MAR 6 2015


...................................

...THE CLEVELAND OH CLIMATE SUMMARY FOR MARCH 6 2015...
VALID TODAY AS OF 0500 PM LOCAL TIME.

CLIMATE NORMAL PERIOD 1981 TO 2010
CLIMATE RECORD PERIOD 1871 TO 2015


WEATHER ITEM   OBSERVED TIME   RECORD YEAR NORMAL DEPARTURE LAST
                VALUE   (LST)  VALUE       VALUE  FROM      YEAR
                                                  NORMAL
..................................................................
TEMPERATURE (F)
 TODAY
  MAXIMUM         24    359 PM  74    1973  43    -19       38
  MINIMUM          1    544 AM  -2    1960  27    -26       17
  AVERAGE         13                        35    -22       28

PRECIPITATION (IN)
  TODAY            0.00                      0.09  -0.09     0.00
  MONTH TO DATE    0.56                      0.51   0.05     0.16
  SINCE MAR 1      0.56                      0.51   0.05     0.16
  SINCE JAN 1      5.36                      5.57  -0.21     5.19

SNOWFALL (IN)
  TODAY            0.0                       0.5   -0.5      0.0
  MONTH TO DATE    4.5                       2.8    1.7      2.8
  SINCE MAR 1      4.5                       2.8    1.7      2.8
  SINCE JUL 1     65.9                      55.0   10.9     72.5
  SNOW DEPTH       8

DEGREE DAYS
 HEATING
  TODAY           52                        30     22       37
  MONTH TO DATE  258                       184     74      272
  SINCE MAR 1    258                       184     74      272
  SINCE JUL 1   5208                      4401    807     4953

 COOLING
  TODAY            0                         0      0        0
  MONTH TO DATE    0                         0      0        0
  SINCE MAR 1      0                         0      0        0
  SINCE JAN 1      0                         0      0        0
..................................................................


WIND (MPH)
  HIGHEST WIND SPEED    18   HIGHEST WIND DIRECTION    SW (240)
  HIGHEST GUST SPEED    24   HIGHEST GUST DIRECTION    SW (230)


SKY COVER
  POSSIBLE SUNSHINE  MM
  AVERAGE SKY COVER 0.3


WEATHER CONDITIONS
 THE FOLLOWING WEATHER WAS RECORDED TODAY.
  NO SIGNIFICANT WEATHER WAS OBSERVED.


RELATIVE HUMIDITY (PERCENT)
 HIGHEST    86           400 AM
 LOWEST     46           500 PM
 AVERAGE    66

..........................................................


THE CLEVELAND OH CLIMATE NORMALS FOR TOMORROW
                         NORMAL    RECORD    YEAR
 MAXIMUM TEMPERATURE (F)   43        76      2000
                                             1983
 MINIMUM TEMPERATURE (F)   27         3      1960


SUNRISE AND SUNSET
MARCH  6 2015.........SUNRISE   654 AM EST   SUNSET   624 PM EST
MARCH  7 2015.........SUNRISE   653 AM EST   SUNSET   625 PM EST


-  INDICATES NEGATIVE NUMBERS.
R  INDICATES RECORD WAS SET OR TIED.
MM INDICATES DATA IS MISSING.
T  INDICATES TRACE AMOUNT.




$$
