000
CDUS41 KCLE 042112
CLICLE


CLIMATE REPORT
NATIONAL WEATHER SERVICE CLEVELAND OH
511 PM EDT WED MAY 4 2016


...................................

...THE CLEVELAND OH CLIMATE SUMMARY FOR MAY 4 2016...
VALID TODAY AS OF 0500 PM LOCAL TIME.

CLIMATE NORMAL PERIOD 1981 TO 2010
CLIMATE RECORD PERIOD 1871 TO 2016


WEATHER ITEM   OBSERVED TIME   RECORD YEAR NORMAL DEPARTURE LAST
                VALUE   (LST)  VALUE       VALUE  FROM      YEAR
                                                  NORMAL
..................................................................
TEMPERATURE (F)
 TODAY
  MAXIMUM         66   1206 PM  88    1949  66      0       81
  MINIMUM         43    500 AM  28    1971  46     -3       59
                                      1961
  AVERAGE         55                        56     -1       70

PRECIPITATION (IN)
  TODAY            0.07                      0.12  -0.05     0.04
  MONTH TO DATE    1.04                      0.45   0.59     0.04
  SINCE MAR 1      9.07                      6.87   2.20     4.78
  SINCE JAN 1     13.66                     11.93   1.73     9.58

SNOWFALL (IN)
  TODAY            0.0                       0.0    0.0      0.0
  MONTH TO DATE    0.0                       0.1   -0.1      0.0
  SINCE MAR 1     11.0                      16.0   -5.0      5.7
  SINCE JUL 1     32.8                      68.2  -35.4     67.1
  SNOW DEPTH       0

DEGREE DAYS
 HEATING
  TODAY           10                        10      0        0
  MONTH TO DATE   48                        40      8       22
  SINCE MAR 1   1191                      1334   -143     1427
  SINCE JUL 1   4782                      5551   -769     6377

 COOLING
  TODAY            0                         1     -1        5
  MONTH TO DATE    0                         4     -4        5
  SINCE MAR 1      0                        15    -15        6
  SINCE JAN 1      0                        15    -15        6
..................................................................


WIND (MPH)
  HIGHEST WIND SPEED    23   HIGHEST WIND DIRECTION    SW (240)
  HIGHEST GUST SPEED    29   HIGHEST GUST DIRECTION    SW (240)


SKY COVER
  POSSIBLE SUNSHINE  MM
  AVERAGE SKY COVER 0.6


WEATHER CONDITIONS
 THE FOLLOWING WEATHER WAS RECORDED TODAY.
  RAIN
  LIGHT RAIN
  FOG


RELATIVE HUMIDITY (PERCENT)
 HIGHEST    89           600 AM
 LOWEST     40          1200 PM
 AVERAGE    65

..........................................................


THE CLEVELAND OH CLIMATE NORMALS FOR TOMORROW
                         NORMAL    RECORD    YEAR
 MAXIMUM TEMPERATURE (F)   66        89      1949
 MINIMUM TEMPERATURE (F)   47        30      1968


SUNRISE AND SUNSET
MAY  4 2016...........SUNRISE   620 AM EDT   SUNSET   829 PM EDT
MAY  5 2016...........SUNRISE   619 AM EDT   SUNSET   830 PM EDT


-  INDICATES NEGATIVE NUMBERS.
R  INDICATES RECORD WAS SET OR TIED.
MM INDICATES DATA IS MISSING.
T  INDICATES TRACE AMOUNT.




$$
