000
CDUS41 KCLE 300527
CLICLE


CLIMATE REPORT
NATIONAL WEATHER SERVICE CLEVELAND OH
126 AM EDT TUE MAY 30 2017


...................................

...THE CLEVELAND OH CLIMATE SUMMARY FOR MAY 29 2017...

CLIMATE NORMAL PERIOD 1981 TO 2010
CLIMATE RECORD PERIOD 1871 TO 2017


WEATHER ITEM   OBSERVED TIME   RECORD YEAR NORMAL DEPARTURE LAST
                VALUE   (LST)  VALUE       VALUE  FROM      YEAR
                                                  NORMAL
..................................................................
TEMPERATURE (F)
 YESTERDAY
  MAXIMUM         82    350 PM  91    1991  73      9       85
                                      1987
  MINIMUM         60    530 AM  37    2008  54      6       66
  AVERAGE         71                        64      7       76

PRECIPITATION (IN)
  YESTERDAY        0.05                      0.13  -0.08     0.79
  MONTH TO DATE    6.08                      3.41   2.67     3.31
  SINCE MAR 1     14.59                      9.83   4.76    11.34
  SINCE JAN 1     22.05                     14.89   7.16    15.93

SNOWFALL (IN)
  YESTERDAY        0.0                       0.0    0.0      0.0
  MONTH TO DATE    0.0                       0.1   -0.1       T
  SINCE MAR 1     12.1                      16.0   -3.9     11.0
  SINCE JUL 1     37.3                      68.2  -30.9     32.8
  SNOW DEPTH       0

DEGREE DAYS
 HEATING
  YESTERDAY        0                         4     -4        0
  MONTH TO DATE  195                       203     -8      212
  SINCE MAR 1   1239                      1497   -258     1355
  SINCE JUL 1   4550                      5714  -1164     4946

 COOLING
  YESTERDAY        6                         3      3       11
  MONTH TO DATE   51                        45      6       67
  SINCE MAR 1     82                        56     26       67
  SINCE JAN 1     82                        56     26       67
..................................................................


WIND (MPH)
  HIGHEST WIND SPEED    30   HIGHEST WIND DIRECTION    SW (220)
  HIGHEST GUST SPEED    39   HIGHEST GUST DIRECTION     S (200)
  AVERAGE WIND SPEED    11.4


SKY COVER
  POSSIBLE SUNSHINE  MM
  AVERAGE SKY COVER 0.3


WEATHER CONDITIONS
 THE FOLLOWING WEATHER WAS RECORDED YESTERDAY.
  THUNDERSTORM
  HEAVY RAIN
  LIGHT RAIN
  FOG


RELATIVE HUMIDITY (PERCENT)
 HIGHEST    90           400 AM
 LOWEST     33           500 PM
 AVERAGE    62

..........................................................


THE CLEVELAND OH CLIMATE NORMALS FOR TODAY
                         NORMAL    RECORD    YEAR
 MAXIMUM TEMPERATURE (F)   74        92      1879
 MINIMUM TEMPERATURE (F)   55        32      1961


SUNRISE AND SUNSET
MAY 30 2017...........SUNRISE   557 AM EDT   SUNSET   853 PM EDT
MAY 31 2017...........SUNRISE   557 AM EDT   SUNSET   854 PM EDT


-  INDICATES NEGATIVE NUMBERS.
R  INDICATES RECORD WAS SET OR TIED.
MM INDICATES DATA IS MISSING.
T  INDICATES TRACE AMOUNT.




$$
