000
CDUS41 KCLE 050540
CLICLE


CLIMATE REPORT
NATIONAL WEATHER SERVICE CLEVELAND OH
1239 AM EST MON DEC 5 2016


...................................

...THE CLEVELAND OH CLIMATE SUMMARY FOR DECEMBER 4 2016...

CLIMATE NORMAL PERIOD 1981 TO 2010
CLIMATE RECORD PERIOD 1871 TO 2016


WEATHER ITEM   OBSERVED TIME   RECORD YEAR NORMAL DEPARTURE LAST
                VALUE   (LST)  VALUE       VALUE  FROM      YEAR
                                                  NORMAL
..................................................................
TEMPERATURE (F)
 YESTERDAY
  MAXIMUM         42    207 PM  70    1982  42      0       39
  MINIMUM         34    825 AM   3    2002  30      4       28
  AVERAGE         38                        36      2       34

PRECIPITATION (IN)
  YESTERDAY        0.11                      0.11   0.00     0.00
  MONTH TO DATE    0.20                      0.42  -0.22     0.22
  SINCE DEC 1      0.20                      0.42  -0.22     0.22
  SINCE JAN 1     34.02                     36.46  -2.44    37.33

SNOWFALL (IN)
  YESTERDAY        0.2                       0.4   -0.2      0.0
  MONTH TO DATE    0.2                       1.3   -1.1      0.3
  SINCE DEC 1      0.2                       1.3   -1.1      0.3
  SINCE JUL 1      1.1                       5.8   -4.7      1.2
  SNOW DEPTH       0

DEGREE DAYS
 HEATING
  YESTERDAY       27                        29     -2       31
  MONTH TO DATE  105                       112     -7       98
  SINCE DEC 1    105                       112     -7       98
  SINCE JUL 1    821                      1207   -386      963

 COOLING
  YESTERDAY        0                         0      0        0
  MONTH TO DATE    0                         0      0        0
  SINCE DEC 1      0                         0      0        0
  SINCE JAN 1   1320                       817    503      831
..................................................................


WIND (MPH)
  HIGHEST WIND SPEED    16   HIGHEST WIND DIRECTION    SE (130)
  HIGHEST GUST SPEED    21   HIGHEST GUST DIRECTION    SE (150)
  AVERAGE WIND SPEED     7.2


SKY COVER
  POSSIBLE SUNSHINE  MM
  AVERAGE SKY COVER 1.0


WEATHER CONDITIONS
 THE FOLLOWING WEATHER WAS RECORDED YESTERDAY.
  RAIN
  LIGHT RAIN
  SNOW
  LIGHT SNOW
  FOG


RELATIVE HUMIDITY (PERCENT)
 HIGHEST    70           400 AM
 LOWEST     51           100 PM
 AVERAGE    61

..........................................................


THE CLEVELAND OH CLIMATE NORMALS FOR TODAY
                         NORMAL    RECORD    YEAR
 MAXIMUM TEMPERATURE (F)   42        71      2001
 MINIMUM TEMPERATURE (F)   30         2      1871


SUNRISE AND SUNSET
DECEMBER  5 2016......SUNRISE   738 AM EST   SUNSET   458 PM EST
DECEMBER  6 2016......SUNRISE   739 AM EST   SUNSET   458 PM EST


-  INDICATES NEGATIVE NUMBERS.
R  INDICATES RECORD WAS SET OR TIED.
MM INDICATES DATA IS MISSING.
T  INDICATES TRACE AMOUNT.




$$
