000
CDUS44 KHGX 160752
CLICLL


CLIMATE REPORT
NATIONAL WEATHER SERVICE HOUSTON/GALVESTON TX
251 AM CDT TUE SEP 16 2014


...................................

...THE COLLEGE STATION CLIMATE SUMMARY FOR SEPTEMBER 15 2014...

CLIMATE NORMAL PERIOD 1981 TO 2010
CLIMATE RECORD PERIOD 1902 TO 2014


WEATHER ITEM   OBSERVED TIME   RECORD YEAR NORMAL DEPARTURE LAST
                VALUE   (LST)  VALUE       VALUE  FROM      YEAR
                                                  NORMAL
..................................................................
TEMPERATURE (F)
 YESTERDAY
  MAXIMUM         91    411 PM 102    1912  91      0       96
  MINIMUM         69    516 AM  53    1989  70     -1       74
  AVERAGE         80                        80      0       85

PRECIPITATION (IN)
  YESTERDAY        0.00          1.44 1998   0.11  -0.11     0.00
  MONTH TO DATE    4.87                      1.66   3.21     0.10
  SINCE SEP 1      4.87                      1.66   3.21     0.10
  SINCE JAN 1     27.64                     27.18   0.46    19.83

SNOWFALL (IN)
  YESTERDAY        0.0
  MONTH TO DATE    0.0
  SINCE JUL 1      0.0

DEGREE DAYS
 HEATING
  YESTERDAY        0                         0      0        0
  MONTH TO DATE    0                         0      0        0
  SINCE SEP 1      0                         0      0        0
  SINCE JUL 1      0                         0      0        0

 COOLING
  YESTERDAY       15                        15      0       20
  MONTH TO DATE  266                       257      9      317
  SINCE SEP 1    266                       257      9      317
  SINCE JAN 1   2473                      2603   -130     2794
..................................................................


WIND (MPH)
  HIGHEST WIND SPEED    16   HIGHEST WIND DIRECTION    NE (40)
  HIGHEST GUST SPEED    20   HIGHEST GUST DIRECTION    NE (40)
  AVERAGE WIND SPEED     5.7


SKY COVER
  AVERAGE SKY COVER 0.2


WEATHER CONDITIONS
 THE FOLLOWING WEATHER WAS RECORDED YESTERDAY.
  NO SIGNIFICANT WEATHER WAS OBSERVED.


RELATIVE HUMIDITY (PERCENT)
 HIGHEST    97           200 AM
 LOWEST     52           400 PM
 AVERAGE    75

..........................................................


THE COLLEGE STATION CLIMATE NORMALS FOR TODAY
                         NORMAL    RECORD    YEAR
 MAXIMUM TEMPERATURE (F)   90       100      1911
 MINIMUM TEMPERATURE (F)   69        53      1989


SUNRISE AND SUNSET
SEPTEMBER 16 2014.....SUNRISE   710 AM CDT   SUNSET   730 PM CDT
SEPTEMBER 17 2014.....SUNRISE   711 AM CDT   SUNSET   728 PM CDT


-  INDICATES NEGATIVE NUMBERS.
R  INDICATES RECORD WAS SET OR TIED.
MM INDICATES DATA IS MISSING.
T  INDICATES TRACE AMOUNT.




$$
