000
CDUS44 KHGX 040718
CLICLL


CLIMATE REPORT
NATIONAL WEATHER SERVICE HOUSTON/GALVESTON TX
117 AM CST SUN DEC 4 2016


...................................

...THE COLLEGE STATION CLIMATE SUMMARY FOR DECEMBER 3 2016...

CLIMATE NORMAL PERIOD 1981 TO 2010
CLIMATE RECORD PERIOD 1902 TO 2016


WEATHER ITEM   OBSERVED TIME   RECORD YEAR NORMAL DEPARTURE LAST
                VALUE   (LST)  VALUE       VALUE  FROM      YEAR
                                                  NORMAL
..................................................................
TEMPERATURE (F)
 YESTERDAY
  MAXIMUM         51   1159 PM  86    1995  65    -14       63
  MINIMUM         49    823 AM  27    1915  44      5       39
  AVERAGE         50                        55     -5       51

PRECIPITATION (IN)
  YESTERDAY        1.11          3.02 1949   0.10   1.01     0.00
  MONTH TO DATE    1.68                      0.32   1.36     0.00
  SINCE DEC 1      1.68                      0.32   1.36     0.00
  SINCE JAN 1     45.70                     37.15   8.55    50.23

SNOWFALL (IN)
  YESTERDAY        0.0
  MONTH TO DATE    0.0
  SINCE JUL 1      0.0

DEGREE DAYS
 HEATING
  YESTERDAY       15                        11      4       14
  MONTH TO DATE   35                        33      2       36
  SINCE DEC 1     35                        33      2       36
  SINCE JUL 1    104                       258   -154      183

 COOLING
  YESTERDAY        0                         1     -1        0
  MONTH TO DATE    0                         3     -3        0
  SINCE DEC 1      0                         3     -3        0
  SINCE JAN 1   3290                      3076    214     3207
..................................................................


WIND (MPH)
  HIGHEST WIND SPEED    21   HIGHEST WIND DIRECTION    NE (40)
  HIGHEST GUST SPEED    30   HIGHEST GUST DIRECTION     N (20)
  AVERAGE WIND SPEED    10.6


SKY COVER
  AVERAGE SKY COVER 1.0


WEATHER CONDITIONS
 THE FOLLOWING WEATHER WAS RECORDED YESTERDAY.
  THUNDERSTORM
  HEAVY RAIN
  RAIN
  LIGHT RAIN
  FOG


RELATIVE HUMIDITY (PERCENT)
 HIGHEST   100           500 AM
 LOWEST     89           100 PM
 AVERAGE    95

..........................................................


THE COLLEGE STATION CLIMATE NORMALS FOR TODAY
                         NORMAL    RECORD    YEAR
 MAXIMUM TEMPERATURE (F)   65        84      1922
 MINIMUM TEMPERATURE (F)   44        26      2006


SUNRISE AND SUNSET
DECEMBER  4 2016......SUNRISE   708 AM CST   SUNSET   524 PM CST
DECEMBER  5 2016......SUNRISE   708 AM CST   SUNSET   524 PM CST


-  INDICATES NEGATIVE NUMBERS.
R  INDICATES RECORD WAS SET OR TIED.
MM INDICATES DATA IS MISSING.
T  INDICATES TRACE AMOUNT.




$$
