000
CDUS44 KHGX 280719
CLICLL


CLIMATE REPORT
NATIONAL WEATHER SERVICE HOUSTON/GALVESTON TX
218 AM CDT WED SEP 28 2016


...................................

...THE COLLEGE STATION CLIMATE SUMMARY FOR SEPTEMBER 27 2016...

CLIMATE NORMAL PERIOD 1981 TO 2010
CLIMATE RECORD PERIOD 1902 TO 2016


WEATHER ITEM   OBSERVED TIME   RECORD YEAR NORMAL DEPARTURE LAST
                VALUE   (LST)  VALUE       VALUE  FROM      YEAR
                                                  NORMAL
..................................................................
TEMPERATURE (F)
 YESTERDAY
  MAXIMUM         81    434 PM 103    2005  87     -6       89
  MINIMUM         67    656 AM  42    1942  66      1       67
  AVERAGE         74                        76     -2       78

PRECIPITATION (IN)
  YESTERDAY        0.00          3.05 1973   0.11  -0.11     0.00
  MONTH TO DATE    2.00                      2.87  -0.87     1.70
  SINCE SEP 1      2.00                      2.87  -0.87     1.70
  SINCE JAN 1     39.14                     28.39  10.75    36.35

SNOWFALL (IN)
  YESTERDAY        0.0
  MONTH TO DATE    0.0
  SINCE JUL 1      0.0

DEGREE DAYS
 HEATING
  YESTERDAY        0                         0      0        0
  MONTH TO DATE    0                         0      0        0
  SINCE SEP 1      0                         0      0        0
  SINCE JUL 1      0                         0      0        0

 COOLING
  YESTERDAY        9                        12     -3       13
  MONTH TO DATE  494                       417     77      459
  SINCE SEP 1    494                       417     77      459
  SINCE JAN 1   2868                      2763    105     2819
..................................................................


WIND (MPH)
  HIGHEST WIND SPEED    14   HIGHEST WIND DIRECTION     N (10)
  HIGHEST GUST SPEED    20   HIGHEST GUST DIRECTION     N (360)
  AVERAGE WIND SPEED     6.8


SKY COVER
  AVERAGE SKY COVER 0.3


WEATHER CONDITIONS
 THE FOLLOWING WEATHER WAS RECORDED YESTERDAY.
  NO SIGNIFICANT WEATHER WAS OBSERVED.


RELATIVE HUMIDITY (PERCENT)
 HIGHEST    93           500 AM
 LOWEST     54           400 PM
 AVERAGE    74

..........................................................


THE COLLEGE STATION CLIMATE NORMALS FOR TODAY
                         NORMAL    RECORD    YEAR
 MAXIMUM TEMPERATURE (F)   87       103      2005
 MINIMUM TEMPERATURE (F)   66        46      1942


SUNRISE AND SUNSET
SEPTEMBER 28 2016.....SUNRISE   718 AM CDT   SUNSET   714 PM CDT
SEPTEMBER 29 2016.....SUNRISE   718 AM CDT   SUNSET   713 PM CDT


-  INDICATES NEGATIVE NUMBERS.
R  INDICATES RECORD WAS SET OR TIED.
MM INDICATES DATA IS MISSING.
T  INDICATES TRACE AMOUNT.




$$
