000
CDUS44 KHGX 210831
CLICLL


CLIMATE REPORT
NATIONAL WEATHER SERVICE HOUSTON/GALVESTON TX
220 AM CST SUN DEC 21 2014


...................................

...THE COLLEGE STATION CLIMATE SUMMARY FOR DECEMBER 20 2014...

CLIMATE NORMAL PERIOD 1981 TO 2010
CLIMATE RECORD PERIOD 1902 TO 2014


WEATHER ITEM   OBSERVED TIME   RECORD YEAR NORMAL DEPARTURE LAST
                VALUE   (LST)  VALUE       VALUE  FROM      YEAR
                                                  NORMAL
..................................................................
TEMPERATURE (F)
 YESTERDAY
  MAXIMUM         53    334 PM  81    2010  61     -8       76
  MINIMUM         49    816 AM  18    1924  41      8       68
  AVERAGE         51                        51      0       72

PRECIPITATION (IN)
  YESTERDAY        0.00          1.35 1963   0.10  -0.10      T
  MONTH TO DATE    1.75                      2.08  -0.33     0.20
  SINCE DEC 1      1.75                      2.08  -0.33     0.20
  SINCE JAN 1     38.79                     38.91  -0.12    38.79

SNOWFALL (IN)
  YESTERDAY        0.0
  MONTH TO DATE    0.0
  SINCE JUL 1      0.0

DEGREE DAYS
 HEATING
  YESTERDAY       14                        14      0        0
  MONTH TO DATE  143                       252   -109      310
  SINCE DEC 1    143                       252   -109      310
  SINCE JUL 1    438                       477    -39      612

 COOLING
  YESTERDAY        0                         0      0        7
  MONTH TO DATE   10                        13     -3       14
  SINCE DEC 1     10                        13     -3       14
  SINCE JAN 1   2943                      3086   -143     3282
..................................................................


WIND (MPH)
  HIGHEST WIND SPEED    12   HIGHEST WIND DIRECTION    NE (50)
  HIGHEST GUST SPEED    14   HIGHEST GUST DIRECTION     N (10)
  AVERAGE WIND SPEED     7.3


SKY COVER
  AVERAGE SKY COVER 1.0


WEATHER CONDITIONS
 THE FOLLOWING WEATHER WAS RECORDED YESTERDAY.
  FOG


RELATIVE HUMIDITY (PERCENT)
 HIGHEST    93          1200 AM
 LOWEST     77           300 PM
 AVERAGE    85

..........................................................


THE COLLEGE STATION CLIMATE NORMALS FOR TODAY
                         NORMAL    RECORD    YEAR
 MAXIMUM TEMPERATURE (F)   61        84      2010
 MINIMUM TEMPERATURE (F)   41        21      1916


SUNRISE AND SUNSET
DECEMBER 21 2014......SUNRISE   719 AM CST   SUNSET   529 PM CST
DECEMBER 22 2014......SUNRISE   719 AM CST   SUNSET   529 PM CST


-  INDICATES NEGATIVE NUMBERS.
R  INDICATES RECORD WAS SET OR TIED.
MM INDICATES DATA IS MISSING.
T  INDICATES TRACE AMOUNT.




$$
