000
CDUS44 KHGX 230735
CLICLL


CLIMATE REPORT
NATIONAL WEATHER SERVICE HOUSTON/GALVESTON TX
234 AM CDT SAT JUL 23 2016


...................................

...THE COLLEGE STATION CLIMATE SUMMARY FOR JULY 22 2016...

CLIMATE NORMAL PERIOD 1981 TO 2010
CLIMATE RECORD PERIOD 1902 TO 2016


WEATHER ITEM   OBSERVED TIME   RECORD YEAR NORMAL DEPARTURE LAST
                VALUE   (LST)  VALUE       VALUE  FROM      YEAR
                                                  NORMAL
..................................................................
TEMPERATURE (F)
 YESTERDAY
  MAXIMUM         98    459 PM 103    1914  95      3       97
  MINIMUM         76    556 AM  64    1915  75      1       77
  AVERAGE         87                        85      2       87

PRECIPITATION (IN)
  YESTERDAY        0.00          1.79 1957   0.06  -0.06     0.00
  MONTH TO DATE    0.00                      1.60  -1.60     0.20
  SINCE JUN 1      2.58                      6.05  -3.47     5.41
  SINCE JAN 1     27.98                     22.30   5.68    33.18

SNOWFALL (IN)
  YESTERDAY        0.0
  MONTH TO DATE    0.0
  SINCE JUL 1      0.0

DEGREE DAYS
 HEATING
  YESTERDAY        0                         0      0        0
  MONTH TO DATE    0                         0      0        0
  SINCE JUN 1      0                         0      0        0
  SINCE JUL 1      0                         0      0        0

 COOLING
  YESTERDAY       22                        20      2       22
  MONTH TO DATE  487                       429     58      431
  SINCE JUN 1   1023                       945     78      936
  SINCE JAN 1   1579                      1533     46     1507
..................................................................


WIND (MPH)
  HIGHEST WIND SPEED    15   HIGHEST WIND DIRECTION     S (200)
  HIGHEST GUST SPEED    19   HIGHEST GUST DIRECTION     S (190)
  AVERAGE WIND SPEED     5.8


SKY COVER
  AVERAGE SKY COVER 0.0


WEATHER CONDITIONS
 THE FOLLOWING WEATHER WAS RECORDED YESTERDAY.
  NO SIGNIFICANT WEATHER WAS OBSERVED.


RELATIVE HUMIDITY (PERCENT)
 HIGHEST    94           600 AM
 LOWEST     38           400 PM
 AVERAGE    66

..........................................................


THE COLLEGE STATION CLIMATE NORMALS FOR TODAY
                         NORMAL    RECORD    YEAR
 MAXIMUM TEMPERATURE (F)   96       106      1913
 MINIMUM TEMPERATURE (F)   75        63      1915


SUNRISE AND SUNSET
JULY 23 2016..........SUNRISE   638 AM CDT   SUNSET   825 PM CDT
JULY 24 2016..........SUNRISE   639 AM CDT   SUNSET   825 PM CDT


-  INDICATES NEGATIVE NUMBERS.
R  INDICATES RECORD WAS SET OR TIED.
MM INDICATES DATA IS MISSING.
T  INDICATES TRACE AMOUNT.




$$
