000
CDUS44 KHGX 050719
CLICLL


CLIMATE REPORT
NATIONAL WEATHER SERVICE HOUSTON/GALVESTON TX
219 AM CDT TUE MAY 5 2015


...................................

...THE COLLEGE STATION CLIMATE SUMMARY FOR MAY 4 2015...

CLIMATE NORMAL PERIOD 1981 TO 2010
CLIMATE RECORD PERIOD 1902 TO 2015


WEATHER ITEM   OBSERVED TIME   RECORD YEAR NORMAL DEPARTURE LAST
                VALUE   (LST)  VALUE       VALUE  FROM      YEAR
                                                  NORMAL
..................................................................
TEMPERATURE (F)
 YESTERDAY
  MAXIMUM         84    315 PM  96    1947  83      1       89
  MINIMUM         63    554 AM  42    2013  63      0       57
                                      1954
  AVERAGE         74                        73      1       73

PRECIPITATION (IN)
  YESTERDAY        0.00          2.65 1975   0.13  -0.13     0.00
  MONTH TO DATE    0.00                      0.52  -0.52     0.00
  SINCE MAR 1     10.63                      6.35   4.28     2.84
  SINCE JAN 1     18.04                     12.44   5.60     5.02

SNOWFALL (IN)
  YESTERDAY        0.0
  MONTH TO DATE    0.0
  SINCE JUL 1      T

DEGREE DAYS
 HEATING
  YESTERDAY        0                         0      0        0
  MONTH TO DATE    0                         0      0        4
  SINCE MAR 1    227                       219      8      336
  SINCE JUL 1   1768                      1606    162     2060

 COOLING
  YESTERDAY        9                         8      1        8
  MONTH TO DATE   25                        32     -7       17
  SINCE MAR 1    263                       243     20      204
  SINCE JAN 1    264                       271     -7      225
..................................................................


WIND (MPH)
  HIGHEST WIND SPEED    16   HIGHEST WIND DIRECTION     E (110)
  HIGHEST GUST SPEED    21   HIGHEST GUST DIRECTION    NE (60)
  AVERAGE WIND SPEED     9.5


SKY COVER
  AVERAGE SKY COVER 0.1


WEATHER CONDITIONS
 THE FOLLOWING WEATHER WAS RECORDED YESTERDAY.
  HAZE


RELATIVE HUMIDITY (PERCENT)
 HIGHEST    93           300 AM
 LOWEST     40           500 PM
 AVERAGE    67

..........................................................


THE COLLEGE STATION CLIMATE NORMALS FOR TODAY
                         NORMAL    RECORD    YEAR
 MAXIMUM TEMPERATURE (F)   83        96      1947
 MINIMUM TEMPERATURE (F)   64        46      2013
                                             1944


SUNRISE AND SUNSET
MAY  5 2015...........SUNRISE   638 AM CDT   SUNSET   806 PM CDT
MAY  6 2015...........SUNRISE   638 AM CDT   SUNSET   807 PM CDT


-  INDICATES NEGATIVE NUMBERS.
R  INDICATES RECORD WAS SET OR TIED.
MM INDICATES DATA IS MISSING.
T  INDICATES TRACE AMOUNT.




$$
