000
CDUS44 KHGX 302135
CLICLL


CLIMATE REPORT
NATIONAL WEATHER SERVICE HOUSTON/GALVESTON TX
433 PM CDT SAT AUG 30 2014


...................................

...THE COLLEGE STATION CLIMATE SUMMARY FOR AUGUST 30 2014...
VALID TODAY AS OF 400 PM LOCAL TIME.

CLIMATE NORMAL PERIOD 1981 TO 2010
CLIMATE RECORD PERIOD 1902 TO 2014


WEATHER ITEM   OBSERVED TIME   RECORD YEAR NORMAL DEPARTURE LAST
                VALUE   (LST)  VALUE       VALUE  FROM      YEAR
                                                  NORMAL
..................................................................
TEMPERATURE (F)
 TODAY
  MAXIMUM         92    229 PM 107    1954  95     -3      103
  MINIMUM         74    610 AM  62    1915  74      0       76
  AVERAGE         83                        84     -1       90

PRECIPITATION (IN)
  TODAY            0.00          3.31 1944   0.11  -0.11     0.00
  MONTH TO DATE    0.35                      2.57  -2.22     0.78
  SINCE JUN 1      8.68                      9.16  -0.48     3.46
  SINCE JAN 1     22.71                     25.41  -2.70    19.73

SNOWFALL (IN)
  TODAY            0.0
  MONTH TO DATE    0.0
  SINCE JUL 1      0.0

DEGREE DAYS
 HEATING
  TODAY            0                         0      0        0
  MONTH TO DATE    0                         0      0        0
  SINCE JUN 1      0                         0      0        0
  SINCE JUL 1      0                         0      0        0

 COOLING
  TODAY           18                        19     -1       25
  MONTH TO DATE  602                       616    -14      675
  SINCE JUN 1   1702                      1743    -41     1890
  SINCE JAN 1   2189                      2331   -142     2454
..................................................................


WIND (MPH)
  HIGHEST WIND SPEED     9   HIGHEST WIND DIRECTION     E (110)
  HIGHEST GUST SPEED    12   HIGHEST GUST DIRECTION     E (100)
  AVERAGE WIND SPEED     4.0


SKY COVER
  AVERAGE SKY COVER 0.6


WEATHER CONDITIONS
 THE FOLLOWING WEATHER WAS RECORDED TODAY.
  NO SIGNIFICANT WEATHER WAS OBSERVED.


RELATIVE HUMIDITY (PERCENT)
 HIGHEST    93           200 AM
 LOWEST     47           300 PM
 AVERAGE    70

..........................................................


THE COLLEGE STATION CLIMATE NORMALS FOR TOMORROW
                         NORMAL    RECORD    YEAR
 MAXIMUM TEMPERATURE (F)   95       109      2000
 MINIMUM TEMPERATURE (F)   73        60      1915


SUNRISE AND SUNSET
AUGUST 30 2014........SUNRISE   701 AM CDT   SUNSET   751 PM CDT
AUGUST 31 2014........SUNRISE   701 AM CDT   SUNSET   750 PM CDT


-  INDICATES NEGATIVE NUMBERS.
R  INDICATES RECORD WAS SET OR TIED.
MM INDICATES DATA IS MISSING.
T  INDICATES TRACE AMOUNT.

$$
