000
CDUS44 KHGX 290817
CLICLL


CLIMATE REPORT
NATIONAL WEATHER SERVICE HOUSTON/GALVESTON TX
217 AM CST THU JAN 29 2015


...................................

...THE COLLEGE STATION CLIMATE SUMMARY FOR JANUARY 28 2015...

CLIMATE NORMAL PERIOD 1981 TO 2010
CLIMATE RECORD PERIOD 1902 TO 2015


WEATHER ITEM   OBSERVED TIME   RECORD YEAR NORMAL DEPARTURE LAST
                VALUE   (LST)  VALUE       VALUE  FROM      YEAR
                                                  NORMAL
..................................................................
TEMPERATURE (F)
 YESTERDAY
  MAXIMUM         79    421 PM  82    2013  62     17       40
  MINIMUM         46    500 AM  20    1902  42      4       27
  AVERAGE         63                        52     11       34

PRECIPITATION (IN)
  YESTERDAY        0.00          1.59 1922   0.11  -0.11     0.05
  MONTH TO DATE    6.64                      2.94   3.70     1.29
  SINCE DEC 1      9.21                      6.17   3.04     2.05
  SINCE JAN 1      6.64                      2.94   3.70     1.29

SNOWFALL (IN)
  YESTERDAY        0.0
  MONTH TO DATE    0.0
  SINCE JUL 1      0.0

DEGREE DAYS
 HEATING
  YESTERDAY        2                        14    -12       31
  MONTH TO DATE  513                       405    108      478
  SINCE DEC 1    827                       816     11      994
  SINCE JUL 1   1122                      1041     81     1296

 COOLING
  YESTERDAY        0                         0      0        0
  MONTH TO DATE    0                         0      0        0
  SINCE DEC 1     10                        16     -6       14
  SINCE JAN 1      0                         0      0        0
..................................................................


WIND (MPH)
  HIGHEST WIND SPEED    18   HIGHEST WIND DIRECTION     S (180)
  HIGHEST GUST SPEED    24   HIGHEST GUST DIRECTION     S (170)
  AVERAGE WIND SPEED     6.9


SKY COVER
  AVERAGE SKY COVER 0.0


WEATHER CONDITIONS
 THE FOLLOWING WEATHER WAS RECORDED YESTERDAY.
  NO SIGNIFICANT WEATHER WAS OBSERVED.


RELATIVE HUMIDITY (PERCENT)
 HIGHEST    87          1100 PM
 LOWEST     26           500 PM
 AVERAGE    57

..........................................................


THE COLLEGE STATION CLIMATE NORMALS FOR TODAY
                         NORMAL    RECORD    YEAR
 MAXIMUM TEMPERATURE (F)   62        83      1917
 MINIMUM TEMPERATURE (F)   42        16      1949


SUNRISE AND SUNSET
JANUARY 29 2015.......SUNRISE   718 AM CST   SUNSET   559 PM CST
JANUARY 30 2015.......SUNRISE   718 AM CST   SUNSET   600 PM CST


-  INDICATES NEGATIVE NUMBERS.
R  INDICATES RECORD WAS SET OR TIED.
MM INDICATES DATA IS MISSING.
T  INDICATES TRACE AMOUNT.




$$
