000
CDUS44 KHGX 262155
CLICLL


CLIMATE REPORT
NATIONAL WEATHER SERVICE HOUSTON/GALVESTON TX
454 PM CDT SUN JUN 26 2016


...................................

...THE COLLEGE STATION CLIMATE SUMMARY FOR JUNE 26 2016...
VALID TODAY AS OF 400 PM LOCAL TIME.

CLIMATE NORMAL PERIOD 1981 TO 2010
CLIMATE RECORD PERIOD 1902 TO 2016


WEATHER ITEM   OBSERVED TIME   RECORD YEAR NORMAL DEPARTURE LAST
                VALUE   (LST)  VALUE       VALUE  FROM      YEAR
                                                  NORMAL
..................................................................
TEMPERATURE (F)
 TODAY
  MAXIMUM         94    259 PM 106    2012  93      1       93
  MINIMUM         76    554 AM  60    1940  74      2       76
  AVERAGE         85                        84      1       85

PRECIPITATION (IN)
  TODAY            0.00          2.96 1960   0.12  -0.12     0.00
  MONTH TO DATE    0.97                      3.99  -3.02     4.36
  SINCE JUN 1      0.97                      3.99  -3.02     4.36
  SINCE JAN 1     26.37                     20.24   6.13    32.13

SNOWFALL (IN)
  TODAY            0.0
  MONTH TO DATE    0.0
  SINCE JUL 1      0.0

DEGREE DAYS
 HEATING
  TODAY            0                         0      0        0
  MONTH TO DATE    0                         0      0        0
  SINCE JUN 1      0                         0      0        0
  SINCE JUL 1   1148                      1608   -460     1768

 COOLING
  TODAY           20                        19      1       20
  MONTH TO DATE  460                       441     19      434
  SINCE JUN 1    460                       441     19      434
  SINCE JAN 1   1016                      1029    -13     1005
..................................................................


WIND (MPH)
  HIGHEST WIND SPEED    12   HIGHEST WIND DIRECTION     S (170)
  HIGHEST GUST SPEED    16   HIGHEST GUST DIRECTION    SE (140)
  AVERAGE WIND SPEED     4.0


SKY COVER
  AVERAGE SKY COVER 0.1


WEATHER CONDITIONS
 THE FOLLOWING WEATHER WAS RECORDED TODAY.
  NO SIGNIFICANT WEATHER WAS OBSERVED.


RELATIVE HUMIDITY (PERCENT)
 HIGHEST   100           500 AM
 LOWEST     46           300 PM
 AVERAGE    73

..........................................................


THE COLLEGE STATION CLIMATE NORMALS FOR TOMORROW
                         NORMAL    RECORD    YEAR
 MAXIMUM TEMPERATURE (F)   93       104      1980
 MINIMUM TEMPERATURE (F)   74        60      1974


SUNRISE AND SUNSET
JUNE 26 2016..........SUNRISE   625 AM CDT   SUNSET   832 PM CDT
JUNE 27 2016..........SUNRISE   625 AM CDT   SUNSET   832 PM CDT


-  INDICATES NEGATIVE NUMBERS.
R  INDICATES RECORD WAS SET OR TIED.
MM INDICATES DATA IS MISSING.
T  INDICATES TRACE AMOUNT.


$$
