000
CDUS44 KHGX 290746
CLICLL


CLIMATE REPORT
NATIONAL WEATHER SERVICE HOUSTON/GALVESTON TX
246 AM CDT SUN MAR 29 2015


...................................

...THE COLLEGE STATION CLIMATE SUMMARY FOR MARCH 28 2015...

CLIMATE NORMAL PERIOD 1981 TO 2010
CLIMATE RECORD PERIOD 1902 TO 2015


WEATHER ITEM   OBSERVED TIME   RECORD YEAR NORMAL DEPARTURE LAST
                VALUE   (LST)  VALUE       VALUE  FROM      YEAR
                                                  NORMAL
..................................................................
TEMPERATURE (F)
 YESTERDAY
  MAXIMUM         82    219 PM  91    1971  75      7       84
  MINIMUM         49    621 AM  30    1955  54     -5       60
  AVERAGE         66                        64      2       72

PRECIPITATION (IN)
  YESTERDAY        0.00          2.87 2006   0.10  -0.10     0.06
  MONTH TO DATE    5.83                      2.88   2.95     1.61
  SINCE MAR 1      5.83                      2.88   2.95     1.61
  SINCE JAN 1     13.24                      8.97   4.27     3.79

SNOWFALL (IN)
  YESTERDAY        0.0
  MONTH TO DATE    T
  SINCE JUL 1      T

DEGREE DAYS
 HEATING
  YESTERDAY        0                         3     -3        0
  MONTH TO DATE  211                       162     49      264
  SINCE MAR 1    211                       162     49      264
  SINCE JUL 1   1752                      1549    203     1988

 COOLING
  YESTERDAY        1                         3     -2        7
  MONTH TO DATE   30                        49    -19       21
  SINCE MAR 1     30                        49    -19       21
  SINCE JAN 1     31                        77    -46       42
..................................................................


WIND (MPH)
  HIGHEST WIND SPEED    22   HIGHEST WIND DIRECTION     S (180)
  HIGHEST GUST SPEED    29   HIGHEST GUST DIRECTION     S (200)
  AVERAGE WIND SPEED     9.5


SKY COVER
  AVERAGE SKY COVER 0.0


WEATHER CONDITIONS
 THE FOLLOWING WEATHER WAS RECORDED YESTERDAY.
  NO SIGNIFICANT WEATHER WAS OBSERVED.


RELATIVE HUMIDITY (PERCENT)
 HIGHEST    80           600 AM
 LOWEST     25           500 PM
 AVERAGE    53

..........................................................


THE COLLEGE STATION CLIMATE NORMALS FOR TODAY
                         NORMAL    RECORD    YEAR
 MAXIMUM TEMPERATURE (F)   75        88      1976
                                             1960
 MINIMUM TEMPERATURE (F)   54        35      1975
                                             1944


SUNRISE AND SUNSET
MARCH 29 2015.........SUNRISE   718 AM CDT   SUNSET   742 PM CDT
MARCH 30 2015.........SUNRISE   717 AM CDT   SUNSET   743 PM CDT


-  INDICATES NEGATIVE NUMBERS.
R  INDICATES RECORD WAS SET OR TIED.
MM INDICATES DATA IS MISSING.
T  INDICATES TRACE AMOUNT.




$$
