000
CDUS44 KHGX 240835
CLICLL


CLIMATE REPORT
NATIONAL WEATHER SERVICE HOUSTON/GALVESTON TX
235 AM CST MON NOV 24 2014


...................................

...THE COLLEGE STATION CLIMATE SUMMARY FOR NOVEMBER 23 2014...

CLIMATE NORMAL PERIOD 1981 TO 2010
CLIMATE RECORD PERIOD 1902 TO 2014


WEATHER ITEM   OBSERVED TIME   RECORD YEAR NORMAL DEPARTURE LAST
                VALUE   (LST)  VALUE       VALUE  FROM      YEAR
                                                  NORMAL
..................................................................
TEMPERATURE (F)
 YESTERDAY
  MAXIMUM         79    341 PM  86    2010  68     11       46
  MINIMUM         57   1159 PM  23    1975  48      9       39
  AVERAGE         68                        58     10       43

PRECIPITATION (IN)
  YESTERDAY        T             2.69 1940   0.10  -0.10     0.02
  MONTH TO DATE    5.89                      2.50   3.39     2.85
  SINCE SEP 1     14.27                     10.59   3.68    17.14
  SINCE JAN 1     37.04                     36.11   0.93    36.87

SNOWFALL (IN)
  YESTERDAY        0.0
  MONTH TO DATE    0.0
  SINCE JUL 1      0.0

DEGREE DAYS
 HEATING
  YESTERDAY        0                         8     -8       22
  MONTH TO DATE  244                       122    122      135
  SINCE SEP 1    247                       159     88      154
  SINCE JUL 1    247                       159     88      154

 COOLING
  YESTERDAY        3                         1      2        0
  MONTH TO DATE   12                        53    -41       35
  SINCE SEP 1    718                       719     -1      791
  SINCE JAN 1   2925                      3065   -140     3268
..................................................................


WIND (MPH)
  HIGHEST WIND SPEED    24   HIGHEST WIND DIRECTION     N (340)
  HIGHEST GUST SPEED    31   HIGHEST GUST DIRECTION     N (340)
  AVERAGE WIND SPEED    11.1


SKY COVER
  AVERAGE SKY COVER 0.3


WEATHER CONDITIONS
 THE FOLLOWING WEATHER WAS RECORDED YESTERDAY.
  RAIN


RELATIVE HUMIDITY (PERCENT)
 HIGHEST   100           200 AM
 LOWEST     32           400 PM
 AVERAGE    66

..........................................................


THE COLLEGE STATION CLIMATE NORMALS FOR TODAY
                         NORMAL    RECORD    YEAR
 MAXIMUM TEMPERATURE (F)   68        84      2010
                                             1910
 MINIMUM TEMPERATURE (F)   47        27      1938


SUNRISE AND SUNSET
NOVEMBER 24 2014......SUNRISE   659 AM CST   SUNSET   525 PM CST
NOVEMBER 25 2014......SUNRISE   700 AM CST   SUNSET   525 PM CST


-  INDICATES NEGATIVE NUMBERS.
R  INDICATES RECORD WAS SET OR TIED.
MM INDICATES DATA IS MISSING.
T  INDICATES TRACE AMOUNT.




$$
