000
CDUS44 KHGX 280722
CLICLL


CLIMATE REPORT
NATIONAL WEATHER SERVICE HOUSTON/GALVESTON TX
221 AM CDT MON JUL 28 2014


...................................

...THE COLLEGE STATION CLIMATE SUMMARY FOR JULY 27 2014...

CLIMATE NORMAL PERIOD 1981 TO 2010
CLIMATE RECORD PERIOD 1902 TO 2014


WEATHER ITEM   OBSERVED TIME   RECORD YEAR NORMAL DEPARTURE LAST
                VALUE   (LST)  VALUE       VALUE  FROM      YEAR
                                                  NORMAL
..................................................................
TEMPERATURE (F)
 YESTERDAY
  MAXIMUM         97    306 PM 104    1944  96      1       90
  MINIMUM         76    403 AM  67    1911  75      1       77
  AVERAGE         87                        85      2       84

PRECIPITATION (IN)
  YESTERDAY        0.00          1.32 1971   0.06  -0.06     0.00
  MONTH TO DATE    5.77                      1.89   3.88     1.43
  SINCE JUN 1      7.38                      6.34   1.04     2.68
  SINCE JAN 1     21.41                     22.59  -1.18    18.95

SNOWFALL (IN)
  YESTERDAY        0.0
  MONTH TO DATE    0.0
  SINCE JUL 1      0.0

DEGREE DAYS
 HEATING
  YESTERDAY        0                         0      0        0
  MONTH TO DATE    0                         0      0        0
  SINCE JUN 1      0                         0      0        0
  SINCE JUL 1      0                         0      0        0

 COOLING
  YESTERDAY       22                        20      2       19
  MONTH TO DATE  495                       529    -34      537
  SINCE JUN 1   1022                      1045    -23     1121
  SINCE JAN 1   1509                      1633   -124     1685
..................................................................


WIND (MPH)
  HIGHEST WIND SPEED    16   HIGHEST WIND DIRECTION    SE (150)
  HIGHEST GUST SPEED    20   HIGHEST GUST DIRECTION     S (190)
  AVERAGE WIND SPEED     7.7


SKY COVER
  AVERAGE SKY COVER 0.2


WEATHER CONDITIONS
 THE FOLLOWING WEATHER WAS RECORDED YESTERDAY.
  NO SIGNIFICANT WEATHER WAS OBSERVED.


RELATIVE HUMIDITY (PERCENT)
 HIGHEST    94           400 AM
 LOWEST     43           300 PM
 AVERAGE    69

..........................................................


THE COLLEGE STATION CLIMATE NORMALS FOR TODAY
                         NORMAL    RECORD    YEAR
 MAXIMUM TEMPERATURE (F)   96       105      1995
 MINIMUM TEMPERATURE (F)   75        64      1994


SUNRISE AND SUNSET
JULY 28 2014..........SUNRISE   641 AM CDT   SUNSET   823 PM CDT
JULY 29 2014..........SUNRISE   642 AM CDT   SUNSET   822 PM CDT


-  INDICATES NEGATIVE NUMBERS.
R  INDICATES RECORD WAS SET OR TIED.
MM INDICATES DATA IS MISSING.
T  INDICATES TRACE AMOUNT.




$$
