000
CDUS42 KGSP 302031
CLICLT

CLIMATE REPORT
NATIONAL WEATHER SERVICE GREENVILLE-SPARTANBURG SC
430 PM EDT SAT MAY 30 2015


...................................

...THE CHARLOTTE NC CLIMATE SUMMARY FOR MAY 30 2015...VALID TODAY AS
OF 430 PM LOCAL TIME.

CLIMATE NORMAL PERIOD 1981 TO 2010
CLIMATE RECORD PERIOD 1878 TO 2015


WEATHER ITEM   OBSERVED TIME   RECORD YEAR NORMAL DEPARTURE LAST
                VALUE   (LST)  VALUE       VALUE  FROM      YEAR
                                                  NORMAL
..................................................................
TEMPERATURE (F)
 TODAY
  MAXIMUM         87    306 PM  95    1918  82      5       82
                                      1898
  MINIMUM         65    534 AM  47    1884  60      5       66
  AVERAGE         76                        71      5       74

PRECIPITATION (IN)
  TODAY            0.00          2.52 1975   0.11  -0.11      T
  MONTH TO DATE    0.32                      3.06  -2.74     3.94
  SINCE MAR 1      8.65                     10.11  -1.46    15.76
  SINCE JAN 1     14.47                     16.84  -2.37    22.68

SNOWFALL (IN)
  TODAY            0.0           0.0    MM   0.0    0.0      0.0
  MONTH TO DATE    0.0                       0.0    0.0       T
  SINCE MAR 1      0.0                       0.6   -0.6       T
  SINCE JUL 1      3.1                       4.3   -1.2      9.3
  SNOW DEPTH       0

DEGREE DAYS
 HEATING
  TODAY            0                         0      0        0
  MONTH TO DATE   15                        53    -38       35
  SINCE MAR 1    483                       686   -203      721
  SINCE JUL 1   3254                      3385   -131     3397

 COOLING
  TODAY           11                         7      4        9
  MONTH TO DATE  217                       118     99      180
  SINCE MAR 1    280                       155    125      218
  SINCE JAN 1    280                       155    125      219
..................................................................


WIND (MPH)
  HIGHEST WIND SPEED    13   HIGHEST WIND DIRECTION    SE (140)
  HIGHEST GUST SPEED    18   HIGHEST GUST DIRECTION    SE (150)
  AVERAGE WIND SPEED     3.1


SKY COVER
  POSSIBLE SUNSHINE  MM
  AVERAGE SKY COVER 0.6


WEATHER CONDITIONS
 THE FOLLOWING WEATHER WAS RECORDED TODAY.
  NO SIGNIFICANT WEATHER WAS OBSERVED.


RELATIVE HUMIDITY (PERCENT)
 HIGHEST    87           600 AM
 LOWEST     37           200 PM
 AVERAGE    62

..........................................................


THE CHARLOTTE NC CLIMATE NORMALS FOR TOMORROW
                         NORMAL    RECORD    YEAR
 MAXIMUM TEMPERATURE (F)   83        97      1953
                                             1895
 MINIMUM TEMPERATURE (F)   61        42      1984


SUNRISE AND SUNSET
MAY 30 2015...........SUNRISE   611 AM EDT   SUNSET   832 PM EDT
MAY 31 2015...........SUNRISE   611 AM EDT   SUNSET   832 PM EDT


-  INDICATES NEGATIVE NUMBERS.
R  INDICATES RECORD WAS SET OR TIED.
MM INDICATES DATA IS MISSING.
T  INDICATES TRACE AMOUNT.




$$
