000
CDUS42 KGSP 272029 RRA
CLICLT

CLIMATE REPORT
NATIONAL WEATHER SERVICE GREENVILLE-SPARTANBURG SC
427 PM EDT MON JUN 27 2016


...................................

...THE CHARLOTTE NC CLIMATE SUMMARY FOR JUNE 27 2016...
VALID TODAY AS OF 400 PM LOCAL TIME.

CLIMATE NORMAL PERIOD 1981 TO 2010
CLIMATE RECORD PERIOD 1878 TO 2016


WEATHER ITEM   OBSERVED TIME   RECORD YEAR NORMAL DEPARTURE LAST
                VALUE   (LST)  VALUE       VALUE  FROM      YEAR
                                                  NORMAL
..................................................................
TEMPERATURE (F)
 TODAY
  MAXIMUM         92    308 PM 103    1954  88      4       92
  MINIMUM         70    541 AM  56    2012  67      3       71
  AVERAGE         81                        78      3       82

PRECIPITATION (IN)
  TODAY            0.00          1.86 2005   0.11  -0.11     0.55
  MONTH TO DATE    1.24                      3.41  -2.17     2.90
  SINCE JUN 1      1.24                      3.41  -2.17     2.90
  SINCE JAN 1     16.53                     20.37  -3.84    17.37

SNOWFALL (IN)
  TODAY            0.0           0.0    MM   0.0    0.0      0.0
  MONTH TO DATE    0.0                       0.0    0.0      0.0
  SINCE JUN 1      0.0                       0.0    0.0      0.0
  SINCE JUL 1      3.3                       4.3   -1.0      3.1
  SNOW DEPTH       0

DEGREE DAYS
 HEATING
  TODAY            0                         0      0        0
  MONTH TO DATE    0                         0      0        0
  SINCE JUN 1      0                         0      0        0
  SINCE JUL 1   2568                      3385   -817     3254

 COOLING
  TODAY           16                        13      3       17
  MONTH TO DATE  377                       272    105      422
  SINCE JUN 1    377                       272    105      422
  SINCE JAN 1    622                       435    187      715
..................................................................


WIND (MPH)
  HIGHEST WIND SPEED    14   HIGHEST WIND DIRECTION     S (170)
  HIGHEST GUST SPEED    16   HIGHEST GUST DIRECTION     S (160)
  AVERAGE WIND SPEED     4.8


SKY COVER
  POSSIBLE SUNSHINE  MM
  AVERAGE SKY COVER 0.7


WEATHER CONDITIONS
 THE FOLLOWING WEATHER WAS RECORDED TODAY.
  NO SIGNIFICANT WEATHER WAS OBSERVED.


RELATIVE HUMIDITY (PERCENT)
 HIGHEST    74           800 AM
 LOWEST     47           200 PM
 AVERAGE    61

..........................................................


THE CHARLOTTE NC CLIMATE NORMALS FOR TOMORROW
                         NORMAL    RECORD    YEAR
 MAXIMUM TEMPERATURE (F)   88       101      1959
 MINIMUM TEMPERATURE (F)   67        53      1968


SUNRISE AND SUNSET
JUNE 27 2016..........SUNRISE   612 AM EDT   SUNSET   842 PM EDT
JUNE 28 2016..........SUNRISE   612 AM EDT   SUNSET   842 PM EDT


-  INDICATES NEGATIVE NUMBERS.
R  INDICATES RECORD WAS SET OR TIED.
MM INDICATES DATA IS MISSING.
T  INDICATES TRACE AMOUNT.




$$
JPT
