000
CDUS42 KGSP 060635
CLICLT

CLIMATE REPORT
NATIONAL WEATHER SERVICE GREENVILLE-SPARTANBURG SC
135 AM EST FRI MAR 6 2015


...................................

...THE CHARLOTTE NC CLIMATE SUMMARY FOR MARCH 5 2015...

CLIMATE NORMAL PERIOD 1981 TO 2010
CLIMATE RECORD PERIOD 1878 TO 2015


WEATHER ITEM   OBSERVED TIME   RECORD YEAR NORMAL DEPARTURE LAST
                VALUE   (LST)  VALUE       VALUE  FROM      YEAR
                                                  NORMAL
..................................................................
TEMPERATURE (F)
 YESTERDAY
  MAXIMUM         68   1222 PM  84    1955  60      8       54
  MINIMUM         36   1159 PM  12    1960  37     -1       31
  AVERAGE         52                        48      4       43

PRECIPITATION (IN)
  YESTERDAY        0.54          1.65 1984   0.14   0.40     0.00
  MONTH TO DATE    0.76                      0.66   0.10     0.15
  SINCE MAR 1      0.76                      0.66   0.10     0.15
  SINCE JAN 1      6.58                      7.39  -0.81     7.07

SNOWFALL (IN)
  YESTERDAY        0.0           1.7  1912   0.0    0.0      0.0
  MONTH TO DATE    0.0                       0.1   -0.1       T
  SINCE MAR 1      0.0                       0.1   -0.1       T
  SINCE JUL 1      3.1                       3.8   -0.7      9.3
  SNOW DEPTH       0

DEGREE DAYS
 HEATING
  YESTERDAY       13                        17     -4       22
  MONTH TO DATE   80                        87     -7      109
  SINCE MAR 1     80                        87     -7      109
  SINCE JUL 1   2851                      2786     65     2785

 COOLING
  YESTERDAY        0                         0      0        0
  MONTH TO DATE    0                         0      0        0
  SINCE MAR 1      0                         0      0        0
  SINCE JAN 1      0                         0      0        1
..................................................................


WIND (MPH)
  HIGHEST WIND SPEED    36   HIGHEST WIND DIRECTION     N (10)
  HIGHEST GUST SPEED    46   HIGHEST GUST DIRECTION     N (10)
  AVERAGE WIND SPEED    12.9


SKY COVER
  POSSIBLE SUNSHINE  MM
  AVERAGE SKY COVER 1.0


WEATHER CONDITIONS
 THE FOLLOWING WEATHER WAS RECORDED YESTERDAY.
  HEAVY RAIN
  RAIN
  LIGHT RAIN
  FOG


RELATIVE HUMIDITY (PERCENT)
 HIGHEST    93           900 AM
 LOWEST     70          1000 PM
 AVERAGE    82

..........................................................


THE CHARLOTTE NC CLIMATE NORMALS FOR TODAY
                         NORMAL    RECORD    YEAR
 MAXIMUM TEMPERATURE (F)   60        78      1956
 MINIMUM TEMPERATURE (F)   37        10      1960


SUNRISE AND SUNSET
MARCH  6 2015.........SUNRISE   647 AM EST   SUNSET   624 PM EST
MARCH  7 2015.........SUNRISE   646 AM EST   SUNSET   624 PM EST


-  INDICATES NEGATIVE NUMBERS.
R  INDICATES RECORD WAS SET OR TIED.
MM INDICATES DATA IS MISSING.
T  INDICATES TRACE AMOUNT.

$$
