000
CDUS42 KGSP 312041
CLICLT

CLIMATE REPORT
NATIONAL WEATHER SERVICE GREENVILLE-SPARTANBURG SC
441 PM EDT MON AUG 31 2015


...................................

...THE CHARLOTTE NC CLIMATE SUMMARY FOR AUGUST 31 2015...
VALID TODAY AS OF 0440 PM LOCAL TIME.

CLIMATE NORMAL PERIOD 1981 TO 2010
CLIMATE RECORD PERIOD 1878 TO 2015


WEATHER ITEM   OBSERVED TIME   RECORD YEAR NORMAL DEPARTURE LAST
                VALUE   (LST)  VALUE       VALUE  FROM      YEAR
                                                  NORMAL
..................................................................
TEMPERATURE (F)
 TODAY
  MAXIMUM         89    324 PM  99    1957  86      3       91
                                      1932
  MINIMUM         67    618 AM  53    1946  65      2       74
                                      1887
  AVERAGE         78                        75      3       83

PRECIPITATION (IN)
  TODAY            T             3.40 1952   0.12  -0.12     0.06
  MONTH TO DATE    3.84                      4.22  -0.38     3.74
  SINCE JUN 1      7.95                     11.64  -3.69    10.97
  SINCE JAN 1     22.42                     28.60  -6.18    33.76

SNOWFALL (IN)
  TODAY            0.0           0.0    MM   0.0    0.0      0.0
  MONTH TO DATE    0.0                       0.0    0.0      0.0
  SINCE JUN 1      0.0                       0.0    0.0      0.0
  SINCE JUL 1      0.0                       0.0    0.0      0.0
  SNOW DEPTH       0

DEGREE DAYS
 HEATING
  TODAY            0                         0      0        0
  MONTH TO DATE    0                         0      0        0
  SINCE JUN 1      0                         3     -3        0
  SINCE JUL 1      0                         0      0        0

 COOLING
  TODAY           13                        10      3       18
  MONTH TO DATE  453                       383     70      359
  SINCE JUN 1   1448                      1114    334     1127
  SINCE JAN 1   1741                      1277    464     1355
..................................................................


WIND (MPH)
  HIGHEST WIND SPEED     8   HIGHEST WIND DIRECTION     N (350)
  HIGHEST GUST SPEED    15   HIGHEST GUST DIRECTION     E (80)
  AVERAGE WIND SPEED     2.8


SKY COVER
  POSSIBLE SUNSHINE  MM
  AVERAGE SKY COVER 0.7


WEATHER CONDITIONS
 THE FOLLOWING WEATHER WAS RECORDED TODAY.
  LIGHT RAIN
  FOG


RELATIVE HUMIDITY (PERCENT)
 HIGHEST    93           300 AM
 LOWEST     43           300 PM
 AVERAGE    68

..........................................................


THE CHARLOTTE NC CLIMATE NORMALS FOR TOMORROW
                         NORMAL    RECORD    YEAR
 MAXIMUM TEMPERATURE (F)   85        99      1957
 MINIMUM TEMPERATURE (F)   65        51      1999


SUNRISE AND SUNSET
AUGUST 31 2015........SUNRISE   655 AM EDT   SUNSET   752 PM EDT
SEPTEMBER  1 2015.....SUNRISE   656 AM EDT   SUNSET   751 PM EDT


-  INDICATES NEGATIVE NUMBERS.
R  INDICATES RECORD WAS SET OR TIED.
MM INDICATES DATA IS MISSING.
T  INDICATES TRACE AMOUNT.

$$

OUTLAW
