155
CDUS42 KGSP 240641
CLICLT

CLIMATE REPORT
NATIONAL WEATHER SERVICE GREENVILLE-SPARTANBURG SC
141 AM EST FRI FEB 24 2017


...................................

...THE CHARLOTTE NC CLIMATE SUMMARY FOR FEBRUARY 23 2017...

CLIMATE NORMAL PERIOD 1981 TO 2010
CLIMATE RECORD PERIOD 1878 TO 2017


WEATHER ITEM   OBSERVED TIME   RECORD YEAR NORMAL DEPARTURE LAST
                VALUE   (LST)  VALUE       VALUE  FROM      YEAR
                                                  NORMAL
..................................................................
TEMPERATURE (F)
 YESTERDAY
  MAXIMUM         75    345 PM  76    2012  57     18       50
                                      1980
                                      1962
  MINIMUM         50    644 AM  19    2009  34     16       45
                                      1978
                                      1963
  AVERAGE         63                        46     17       48

PRECIPITATION (IN)
  YESTERDAY        0.00          1.72 1927   0.13  -0.13     0.39
  MONTH TO DATE    1.16                      2.68  -1.52     3.96
  SINCE DEC 1      9.79                      9.34   0.45    14.94
  SINCE JAN 1      6.88                      6.09   0.79     6.24

SNOWFALL (IN)
  YESTERDAY        0.0           2.5  1989   0.0    0.0      0.0
  MONTH TO DATE    0.0                       1.0   -1.0       T
  SINCE DEC 1      1.1                       3.4   -2.3      3.3
  SINCE JUL 1      1.1                       3.5   -2.4      3.3
  SNOW DEPTH       0

DEGREE DAYS
 HEATING
  YESTERDAY        2                        19    -17       17
  MONTH TO DATE  275                       499   -224      494
  SINCE DEC 1   1434                      1970   -536     1582
  SINCE JUL 1   1852                      2606   -754     2048

 COOLING
  YESTERDAY        0                         0      0        0
  MONTH TO DATE    5                         0      5        0
  SINCE DEC 1      5                         1      4       12
  SINCE JAN 1      5                         0      5        0
..................................................................


WIND (MPH)
  HIGHEST WIND SPEED    14   HIGHEST WIND DIRECTION    SE (140)
  HIGHEST GUST SPEED    19   HIGHEST GUST DIRECTION     E (100)
  AVERAGE WIND SPEED     5.0


SKY COVER
  POSSIBLE SUNSHINE  MM
  AVERAGE SKY COVER 0.4


WEATHER CONDITIONS
 THE FOLLOWING WEATHER WAS RECORDED YESTERDAY.
  FOG


RELATIVE HUMIDITY (PERCENT)
 HIGHEST   100           700 AM
 LOWEST     38           200 PM
 AVERAGE    69

..........................................................


THE CHARLOTTE NC CLIMATE NORMALS FOR TODAY
                         NORMAL    RECORD    YEAR
 MAXIMUM TEMPERATURE (F)   57        80      1982
                                             1930
 MINIMUM TEMPERATURE (F)   35        16      1967


SUNRISE AND SUNSET
FEBRUARY 24 2017......SUNRISE   659 AM EST   SUNSET   615 PM EST
FEBRUARY 25 2017......SUNRISE   658 AM EST   SUNSET   616 PM EST


-  INDICATES NEGATIVE NUMBERS.
R  INDICATES RECORD WAS SET OR TIED.
MM INDICATES DATA IS MISSING.
T  INDICATES TRACE AMOUNT.

$$

OUTLAW
