000
CDUS42 KGSP 220659 RRA
CLICLT

CLIMATE REPORT
NATIONAL WEATHER SERVICE GREENVILLE-SPARTANBURG SC
256 AM EDT TUE AUG 22 2017


...................................

...THE CHARLOTTE NC CLIMATE SUMMARY FOR AUGUST 21 2017...

CLIMATE NORMAL PERIOD 1981 TO 2010
CLIMATE RECORD PERIOD 1878 TO 2017


WEATHER ITEM   OBSERVED TIME   RECORD YEAR NORMAL DEPARTURE LAST
                VALUE   (LST)  VALUE       VALUE  FROM      YEAR
                                                  NORMAL
..................................................................
TEMPERATURE (F)
 YESTERDAY
  MAXIMUM         92   1214 PM 103    1983  87      5       95
  MINIMUM         72    524 AM  56    1998  67      5       72
                                      1886
  AVERAGE         82                        77      5       84

PRECIPITATION (IN)
  YESTERDAY        0.00          2.22 1898   0.13  -0.13     0.29
  MONTH TO DATE    4.71                      2.89   1.82     1.49
  SINCE JUN 1     13.46                     10.31   3.15     5.86
  SINCE JAN 1     34.38                     27.27   7.11    21.15

SNOWFALL (IN)
  YESTERDAY        0.0           0.0    MM   0.0    0.0      0.0
  MONTH TO DATE    0.0                       0.0    0.0      0.0
  SINCE JUN 1      0.0                       0.0    0.0      0.0
  SINCE JUL 1      0.0                       0.0    0.0      0.0
  SNOW DEPTH       0

DEGREE DAYS
 HEATING
  YESTERDAY        0                         0      0        0
  MONTH TO DATE    0                         0      0        0
  SINCE JUN 1      0                         3     -3        0
  SINCE JUL 1      0                         0      0        0

 COOLING
  YESTERDAY       17                        12      5       19
  MONTH TO DATE  308                       269     39      386
  SINCE JUN 1   1151                      1000    151     1359
  SINCE JAN 1   1454                      1163    291     1604
..................................................................


WIND (MPH)
  HIGHEST WIND SPEED    14   HIGHEST WIND DIRECTION     S (160)
  HIGHEST GUST SPEED    21   HIGHEST GUST DIRECTION     E (110)
  AVERAGE WIND SPEED     5.6


SKY COVER
  POSSIBLE SUNSHINE  MM
  AVERAGE SKY COVER 0.4


WEATHER CONDITIONS
 THE FOLLOWING WEATHER WAS RECORDED YESTERDAY.
  NO SIGNIFICANT WEATHER WAS OBSERVED.


RELATIVE HUMIDITY (PERCENT)
 HIGHEST   100           600 AM
 LOWEST     47           100 PM
 AVERAGE    74

..........................................................


THE CHARLOTTE NC CLIMATE NORMALS FOR TODAY
                         NORMAL    RECORD    YEAR
 MAXIMUM TEMPERATURE (F)   87       101      2007
                                             1983
 MINIMUM TEMPERATURE (F)   67        57      1886


SUNRISE AND SUNSET
AUGUST 22 2017........SUNRISE   649 AM EDT   SUNSET   804 PM EDT
AUGUST 23 2017........SUNRISE   650 AM EDT   SUNSET   802 PM EDT


-  INDICATES NEGATIVE NUMBERS.
R  INDICATES RECORD WAS SET OR TIED.
MM INDICATES DATA IS MISSING.
T  INDICATES TRACE AMOUNT.




$$
JPT
