000
CDUS42 KGSP 160635
CLICLT

CLIMATE REPORT
NATIONAL WEATHER SERVICE GREENVILLE-SPARTANBURG SC
234 AM EDT WED APR 16 2014


...................................

...THE CHARLOTTE NC CLIMATE SUMMARY FOR APRIL 15 2014...

CLIMATE NORMAL PERIOD 1981 TO 2010
CLIMATE RECORD PERIOD 1878 TO 2014


WEATHER ITEM   OBSERVED TIME   RECORD YEAR NORMAL DEPARTURE LAST
                VALUE   (LST)  VALUE       VALUE  FROM      YEAR
                                                  NORMAL
..................................................................
TEMPERATURE (F)
 YESTERDAY
  MAXIMUM         70    139 PM  89    1936  72     -2       73
  MINIMUM         37   1159 PM  28    1907  47    -10       58
  AVERAGE         54                        59     -5       66

PRECIPITATION (IN)
  YESTERDAY        1.73R         1.45 1929   0.09   1.64     0.01
                                      1884
  MONTH TO DATE    3.61                      1.53   2.08     1.55
  SINCE MAR 1      8.09                      5.54   2.55     4.99
  SINCE JAN 1     15.01                     12.27   2.74    12.74

SNOWFALL (IN)
  YESTERDAY        0.0           0.0    MM   0.0    0.0      0.0
  MONTH TO DATE    0.0                       0.0    0.0      0.0
  SINCE MAR 1      T                         0.6   -0.6       T
  SINCE JUL 1      9.3                       4.3    5.0      2.7
  SNOW DEPTH       0

DEGREE DAYS
 HEATING
  YESTERDAY       11                         7      4        0
  MONTH TO DATE   64                       124    -60       89
  SINCE MAR 1    605                       557     48      670
  SINCE JUL 1   3281                      3256     25     3075

 COOLING
  YESTERDAY        0                         1     -1        1
  MONTH TO DATE   22                        14      8       21
  SINCE MAR 1     22                        19      3       24
  SINCE JAN 1     23                        19      4       24
..................................................................


WIND (MPH)
  HIGHEST WIND SPEED    23   HIGHEST WIND DIRECTION     W (280)
  HIGHEST GUST SPEED    31   HIGHEST GUST DIRECTION     N (340)
  AVERAGE WIND SPEED    10.8


SKY COVER
  POSSIBLE SUNSHINE  MM
  AVERAGE SKY COVER 0.8


WEATHER CONDITIONS
 THE FOLLOWING WEATHER WAS RECORDED YESTERDAY.
  HEAVY RAIN
  RAIN
  LIGHT RAIN
  FOG


RELATIVE HUMIDITY (PERCENT)
 HIGHEST   100          1200 AM
 LOWEST     59          1000 PM
 AVERAGE    80

..........................................................


THE CHARLOTTE NC CLIMATE NORMALS FOR TODAY
                         NORMAL    RECORD    YEAR
 MAXIMUM TEMPERATURE (F)   72        89      2006
                                             1896
 MINIMUM TEMPERATURE (F)   47        29      2008
                                             1962


SUNRISE AND SUNSET
APRIL 16 2014.........SUNRISE   650 AM EDT   SUNSET   757 PM EDT
APRIL 17 2014.........SUNRISE   649 AM EDT   SUNSET   758 PM EDT


-  INDICATES NEGATIVE NUMBERS.
R  INDICATES RECORD WAS SET OR TIED.
MM INDICATES DATA IS MISSING.
T  INDICATES TRACE AMOUNT.




$$
