000
CDUS42 KGSP 180635
CLICLT

CLIMATE REPORT
NATIONAL WEATHER SERVICE GREENVILLE-SPARTANBURG SC
234 AM EDT FRI APR 18 2014


...................................

...THE CHARLOTTE NC CLIMATE SUMMARY FOR APRIL 17 2014...

CLIMATE NORMAL PERIOD 1981 TO 2010
CLIMATE RECORD PERIOD 1878 TO 2014


WEATHER ITEM   OBSERVED TIME   RECORD YEAR NORMAL DEPARTURE LAST
                VALUE   (LST)  VALUE       VALUE  FROM      YEAR
                                                  NORMAL
..................................................................
TEMPERATURE (F)
 YESTERDAY
  MAXIMUM         64    441 PM  94    1896  72     -8       84
  MINIMUM         37    618 AM  30    1949  47    -10       57
  AVERAGE         51                        60     -9       71

PRECIPITATION (IN)
  YESTERDAY        0.00          1.51 1895   0.10  -0.10     0.01
  MONTH TO DATE    3.61                      1.73   1.88     1.56
  SINCE MAR 1      8.09                      5.74   2.35     5.00
  SINCE JAN 1     15.01                     12.47   2.54    12.75

SNOWFALL (IN)
  YESTERDAY        0.0           T    2001   0.0    0.0      0.0
  MONTH TO DATE    0.0                       0.0    0.0      0.0
  SINCE MAR 1      T                         0.6   -0.6       T
  SINCE JUL 1      9.3                       4.3    5.0      2.7
  SNOW DEPTH       0

DEGREE DAYS
 HEATING
  YESTERDAY       14                         6      8        0
  MONTH TO DATE   98                       136    -38       89
  SINCE MAR 1    639                       569     70      670
  SINCE JUL 1   3315                      3268     47     3075

 COOLING
  YESTERDAY        0                         1     -1        6
  MONTH TO DATE   22                        16      6       31
  SINCE MAR 1     22                        21      1       34
  SINCE JAN 1     23                        21      2       34
..................................................................


WIND (MPH)
  HIGHEST WIND SPEED    15   HIGHEST WIND DIRECTION     E (70)
  HIGHEST GUST SPEED    24   HIGHEST GUST DIRECTION     E (90)
  AVERAGE WIND SPEED     7.6


SKY COVER
  POSSIBLE SUNSHINE  MM
  AVERAGE SKY COVER 0.3


WEATHER CONDITIONS
 THE FOLLOWING WEATHER WAS RECORDED YESTERDAY.
  NO SIGNIFICANT WEATHER WAS OBSERVED.


RELATIVE HUMIDITY (PERCENT)
 HIGHEST    70           500 AM
 LOWEST     23           500 PM
 AVERAGE    47

..........................................................


THE CHARLOTTE NC CLIMATE NORMALS FOR TODAY
                         NORMAL    RECORD    YEAR
 MAXIMUM TEMPERATURE (F)   73        93      1896
 MINIMUM TEMPERATURE (F)   48        32      2001


SUNRISE AND SUNSET
APRIL 18 2014.........SUNRISE   648 AM EDT   SUNSET   759 PM EDT
APRIL 19 2014.........SUNRISE   647 AM EDT   SUNSET   800 PM EDT


-  INDICATES NEGATIVE NUMBERS.
R  INDICATES RECORD WAS SET OR TIED.
MM INDICATES DATA IS MISSING.
T  INDICATES TRACE AMOUNT.

$$
