000
CDUS42 KGSP 280628
CLICLT

CLIMATE REPORT
NATIONAL WEATHER SERVICE GREENVILLE-SPARTANBURG SC
227 AM EDT FRI APR 28 2017


...................................

...THE CHARLOTTE NC CLIMATE SUMMARY FOR APRIL 27 2017...

CLIMATE NORMAL PERIOD 1981 TO 2010
CLIMATE RECORD PERIOD 1878 TO 2017


WEATHER ITEM   OBSERVED TIME   RECORD YEAR NORMAL DEPARTURE LAST
                VALUE   (LST)  VALUE       VALUE  FROM      YEAR
                                                  NORMAL
..................................................................
TEMPERATURE (F)
 YESTERDAY
  MAXIMUM         75    248 PM  90    1989  75      0       86
                                      1981
  MINIMUM         59    600 AM  37    1976  50      9       63
                                      1972
  AVERAGE         67                        62      5       75

PRECIPITATION (IN)
  YESTERDAY        T             1.35 1997   0.10  -0.10     0.00
  MONTH TO DATE    5.54                      2.76   2.78     1.25
  SINCE MAR 1      8.25                      6.77   1.48     2.10
  SINCE JAN 1     15.16                     13.50   1.66     8.88

SNOWFALL (IN)
  YESTERDAY        0.0           0.0    MM   0.0    0.0      0.0
  MONTH TO DATE    0.0                       0.1   -0.1      0.0
  SINCE MAR 1      1.1                       0.7    0.4      0.0
  SINCE JUL 1      2.2                       4.4   -2.2      3.3
  SNOW DEPTH       0

DEGREE DAYS
 HEATING
  YESTERDAY        0                         4     -4        0
  MONTH TO DATE   85                       187   -102      152
  SINCE MAR 1    468                       620   -152      383
  SINCE JUL 1   2366                      3319   -953     2525

 COOLING
  YESTERDAY        2                         2      0       10
  MONTH TO DATE   69                        30     39       39
  SINCE MAR 1     87                        35     52       76
  SINCE JAN 1     92                        35     57       76
..................................................................


WIND (MPH)
  HIGHEST WIND SPEED    18   HIGHEST WIND DIRECTION     S (200)
  HIGHEST GUST SPEED    23   HIGHEST GUST DIRECTION     S (180)
  AVERAGE WIND SPEED     9.2


SKY COVER
  POSSIBLE SUNSHINE  MM
  AVERAGE SKY COVER 0.7


WEATHER CONDITIONS
 THE FOLLOWING WEATHER WAS RECORDED YESTERDAY.
  RAIN


RELATIVE HUMIDITY (PERCENT)
 HIGHEST    87           600 AM
 LOWEST     53          1100 AM
 AVERAGE    70

..........................................................


THE CHARLOTTE NC CLIMATE NORMALS FOR TODAY
                         NORMAL    RECORD    YEAR
 MAXIMUM TEMPERATURE (F)   75        90      1943
 MINIMUM TEMPERATURE (F)   50        36      2005
                                             2004
                                             1967


SUNRISE AND SUNSET
APRIL 28 2017.........SUNRISE   636 AM EDT   SUNSET   807 PM EDT
APRIL 29 2017.........SUNRISE   634 AM EDT   SUNSET   808 PM EDT


-  INDICATES NEGATIVE NUMBERS.
R  INDICATES RECORD WAS SET OR TIED.
MM INDICATES DATA IS MISSING.
T  INDICATES TRACE AMOUNT.




$$
