000
CDUS42 KGSP 230656
CLICLT

CLIMATE REPORT
NATIONAL WEATHER SERVICE GREENVILLE-SPARTANBURG SC
256 AM EDT THU OCT 23 2014


...................................

...THE CHARLOTTE NC CLIMATE SUMMARY FOR OCTOBER 22 2014...

CLIMATE NORMAL PERIOD 1981 TO 2010
CLIMATE RECORD PERIOD 1878 TO 2014


WEATHER ITEM   OBSERVED TIME   RECORD YEAR NORMAL DEPARTURE LAST
                VALUE   (LST)  VALUE       VALUE  FROM      YEAR
                                                  NORMAL
..................................................................
TEMPERATURE (F)
 YESTERDAY
  MAXIMUM         68    337 PM  85    1939  70     -2       70
  MINIMUM         44   1152 PM  29    1952  47     -3       55
  AVERAGE         56                        58     -2       63

PRECIPITATION (IN)
  YESTERDAY        0.00          4.52 1893   0.10  -0.10      T
  MONTH TO DATE    0.86                      2.51  -1.65     0.48
  SINCE SEP 1      4.85                      5.75  -0.90     3.54
  SINCE JAN 1     38.61                     34.35   4.26    38.86

SNOWFALL (IN)
  YESTERDAY        0.0           0.0    MM   0.0    0.0      0.0
  MONTH TO DATE    0.0                       0.0    0.0      0.0
  SINCE SEP 1      0.0                       0.0    0.0      0.0
  SINCE JUL 1      0.0                       0.0    0.0      0.0
  SNOW DEPTH      MM

DEGREE DAYS
 HEATING
  YESTERDAY        9                         7      2        2
  MONTH TO DATE   65                       106    -41       36
  SINCE SEP 1     77                       129    -52       38
  SINCE JUL 1     77                       129    -52       39

 COOLING
  YESTERDAY        0                         1     -1        0
  MONTH TO DATE   57                        35     22       60
  SINCE SEP 1    290                       233     57      288
  SINCE JAN 1   1645                      1510    135     1576
..................................................................


WIND (MPH)
  HIGHEST WIND SPEED    20   HIGHEST WIND DIRECTION     N (350)
  HIGHEST GUST SPEED    26   HIGHEST GUST DIRECTION     N (360)
  AVERAGE WIND SPEED     9.3


SKY COVER
  POSSIBLE SUNSHINE  MM
  AVERAGE SKY COVER 0.1


WEATHER CONDITIONS
 THE FOLLOWING WEATHER WAS RECORDED YESTERDAY.
  NO SIGNIFICANT WEATHER WAS OBSERVED.


RELATIVE HUMIDITY (PERCENT)
 HIGHEST    71          1100 PM
 LOWEST     34           100 PM
 AVERAGE    53

..........................................................


THE CHARLOTTE NC CLIMATE NORMALS FOR TODAY
                         NORMAL    RECORD    YEAR
 MAXIMUM TEMPERATURE (F)   70        88      1941
 MINIMUM TEMPERATURE (F)   46        31      1998


SUNRISE AND SUNSET
OCTOBER 23 2014.......SUNRISE   737 AM EDT   SUNSET   639 PM EDT
OCTOBER 24 2014.......SUNRISE   738 AM EDT   SUNSET   638 PM EDT


-  INDICATES NEGATIVE NUMBERS.
R  INDICATES RECORD WAS SET OR TIED.
MM INDICATES DATA IS MISSING.
T  INDICATES TRACE AMOUNT.




$$
