000
CDUS42 KGSP 310634 RRA
CLICLT

CLIMATE REPORT
NATIONAL WEATHER SERVICE GREENVILLE-SPARTANBURG SC
233 AM EDT TUE MAR 31 2015


...................................

...THE CHARLOTTE NC CLIMATE SUMMARY FOR MARCH 30 2015...

CLIMATE NORMAL PERIOD 1981 TO 2010
CLIMATE RECORD PERIOD 1878 TO 2015


WEATHER ITEM   OBSERVED TIME   RECORD YEAR NORMAL DEPARTURE LAST
                VALUE   (LST)  VALUE       VALUE  FROM      YEAR
                                                  NORMAL
..................................................................
TEMPERATURE (F)
 YESTERDAY
  MAXIMUM         70    445 PM  86    1998  67      3       60
                                      1907
  MINIMUM         39    358 AM  24    1964  43     -4       36
  AVERAGE         55                        55      0       48

PRECIPITATION (IN)
  YESTERDAY        0.26          2.36 1898   0.13   0.13     0.00
  MONTH TO DATE    2.19                      3.89  -1.70     4.48
  SINCE MAR 1      2.19                      3.89  -1.70     4.48
  SINCE JAN 1      8.01                     10.62  -2.61    11.40

SNOWFALL (IN)
  YESTERDAY        0.0           3.5  1915   0.0    0.0      0.0
  MONTH TO DATE    0.0                       0.6   -0.6       T
  SINCE MAR 1      0.0                       0.6   -0.6       T
  SINCE JUL 1      3.1                       4.3   -1.2      9.3
  SNOW DEPTH       0

DEGREE DAYS
 HEATING
  YESTERDAY       10                        10      0       17
  MONTH TO DATE  327                       424    -97      531
  SINCE MAR 1    327                       424    -97      531
  SINCE JUL 1   3098                      3123    -25     3207

 COOLING
  YESTERDAY        0                         0      0        0
  MONTH TO DATE    7                         0      7        0
  SINCE MAR 1      7                         0      7        0
  SINCE JAN 1      7                         0      7        1
..................................................................


WIND (MPH)
  HIGHEST WIND SPEED    17   HIGHEST WIND DIRECTION     W (260)
  HIGHEST GUST SPEED    22   HIGHEST GUST DIRECTION     W (280)
  AVERAGE WIND SPEED     7.9


SKY COVER
  POSSIBLE SUNSHINE  MM
  AVERAGE SKY COVER 0.4


WEATHER CONDITIONS
 THE FOLLOWING WEATHER WAS RECORDED YESTERDAY.
  HEAVY RAIN
  RAIN
  LIGHT RAIN
  FOG


RELATIVE HUMIDITY (PERCENT)
 HIGHEST    86           800 AM
 LOWEST     23           500 PM
 AVERAGE    55

..........................................................


THE CHARLOTTE NC CLIMATE NORMALS FOR TODAY
                         NORMAL    RECORD    YEAR
 MAXIMUM TEMPERATURE (F)   68        86      1986
 MINIMUM TEMPERATURE (F)   43        21      1964


SUNRISE AND SUNSET
MARCH 31 2015.........SUNRISE   712 AM EDT   SUNSET   744 PM EDT
APRIL  1 2015.........SUNRISE   711 AM EDT   SUNSET   745 PM EDT


-  INDICATES NEGATIVE NUMBERS.
R  INDICATES RECORD WAS SET OR TIED.
MM INDICATES DATA IS MISSING.
T  INDICATES TRACE AMOUNT.

$$
