000
CDUS42 KGSP 230711
CLICLT

CLIMATE REPORT
NATIONAL WEATHER SERVICE GREENVILLE-SPARTANBURG SC
211 AM EST THU FEB 23 2017


...................................

...THE CHARLOTTE NC CLIMATE SUMMARY FOR FEBRUARY 22 2017...

CLIMATE NORMAL PERIOD 1981 TO 2010
CLIMATE RECORD PERIOD 1878 TO 2017


WEATHER ITEM   OBSERVED TIME   RECORD YEAR NORMAL DEPARTURE LAST
                VALUE   (LST)  VALUE       VALUE  FROM      YEAR
                                                  NORMAL
..................................................................
TEMPERATURE (F)
 YESTERDAY
  MAXIMUM         68    214 PM  74    1990  57     11       66
                                      1897
  MINIMUM         52    742 AM  12    1963  34     18       50
  AVERAGE         60                        45     15       58

PRECIPITATION (IN)
  YESTERDAY        0.01          1.86 2016   0.13  -0.12     1.86
  MONTH TO DATE    1.16                      2.55  -1.39     3.57
  SINCE DEC 1      9.79                      9.21   0.58    14.55
  SINCE JAN 1      6.88                      5.96   0.92     5.85

SNOWFALL (IN)
  YESTERDAY        0.0           4.0  1889   0.1   -0.1      0.0
  MONTH TO DATE    0.0                       1.0   -1.0       T
  SINCE DEC 1      1.1                       3.4   -2.3      3.3
  SINCE JUL 1      1.1                       3.5   -2.4      3.3
  SNOW DEPTH       0

DEGREE DAYS
 HEATING
  YESTERDAY        5                        20    -15        7
  MONTH TO DATE  273                       480   -207      477
  SINCE DEC 1   1432                      1951   -519     1565
  SINCE JUL 1   1850                      2587   -737     2031

 COOLING
  YESTERDAY        0                         0      0        0
  MONTH TO DATE    5                         0      5        0
  SINCE DEC 1      5                         1      4       12
  SINCE JAN 1      5                         0      5        0
..................................................................


WIND (MPH)
  HIGHEST WIND SPEED    10   HIGHEST WIND DIRECTION     N (10)
  HIGHEST GUST SPEED    16   HIGHEST GUST DIRECTION    NE (40)
  AVERAGE WIND SPEED     4.8


SKY COVER
  POSSIBLE SUNSHINE  MM
  AVERAGE SKY COVER 0.8


WEATHER CONDITIONS
 THE FOLLOWING WEATHER WAS RECORDED YESTERDAY.
  LIGHT RAIN
  FOG


RELATIVE HUMIDITY (PERCENT)
 HIGHEST    96           500 AM
 LOWEST     63           200 PM
 AVERAGE    80

..........................................................


THE CHARLOTTE NC CLIMATE NORMALS FOR TODAY
                         NORMAL    RECORD    YEAR
 MAXIMUM TEMPERATURE (F)   57        76      2012
                                             1980
                                             1962
 MINIMUM TEMPERATURE (F)   34        19      2009
                                             1978
                                             1963


SUNRISE AND SUNSET
FEBRUARY 23 2017......SUNRISE   701 AM EST   SUNSET   614 PM EST
FEBRUARY 24 2017......SUNRISE   659 AM EST   SUNSET   615 PM EST


-  INDICATES NEGATIVE NUMBERS.
R  INDICATES RECORD WAS SET OR TIED.
MM INDICATES DATA IS MISSING.
T  INDICATES TRACE AMOUNT.

$$

OUTLAW
