000
CDUS42 KGSP 012032
CLICLT

CLIMATE REPORT
NATIONAL WEATHER SERVICE GREENVILLE-SPARTANBURG SC
430 PM EDT SAT AUG 1 2015


...................................

...THE CHARLOTTE NC CLIMATE SUMMARY FOR AUGUST 1 2015...VALID TODAY
AS OF 430 PM LOCAL TIME.

CLIMATE NORMAL PERIOD 1981 TO 2010
CLIMATE RECORD PERIOD 1878 TO 2015


WEATHER ITEM   OBSERVED TIME   RECORD YEAR NORMAL DEPARTURE LAST
                VALUE   (LST)  VALUE       VALUE  FROM      YEAR
                                                  NORMAL
..................................................................
TEMPERATURE (F)
 TODAY
  MAXIMUM         93    328 PM  98    1999  89      4       70
                                      1980
                                      1957
  MINIMUM         67    226 AM  58    1966  68     -1       65
  AVERAGE         80                        78      2       68

PRECIPITATION (IN)
  TODAY            0.00          2.39 2014   0.14  -0.14     2.39
  MONTH TO DATE    0.00                      0.14  -0.14     2.39
  SINCE JUN 1      4.11                      7.56  -3.45     9.62
  SINCE JAN 1     18.58                     24.52  -5.94    32.41

SNOWFALL (IN)
  TODAY            0.0           0.0    MM   0.0    0.0      0.0
  MONTH TO DATE    0.0                       0.0    0.0      0.0
  SINCE JUN 1      0.0                       0.0    0.0      0.0
  SINCE JUL 1      0.0                       0.0    0.0      0.0
  SNOW DEPTH       0

DEGREE DAYS
 HEATING
  TODAY            0                         0      0        0
  MONTH TO DATE    0                         0      0        0
  SINCE JUN 1      0                         3     -3        0
  SINCE JUL 1      0                         0      0        0

 COOLING
  TODAY           15                        13      2        3
  MONTH TO DATE   15                        13      2        3
  SINCE JUN 1   1010                       744    266      771
  SINCE JAN 1   1303                       907    396      999
..................................................................


WIND (MPH)
  HIGHEST WIND SPEED    12   HIGHEST WIND DIRECTION     N (360)
  HIGHEST GUST SPEED    20   HIGHEST GUST DIRECTION    NW (310)
  AVERAGE WIND SPEED     5.2


SKY COVER
  POSSIBLE SUNSHINE  MM
  AVERAGE SKY COVER 0.3


WEATHER CONDITIONS
 THE FOLLOWING WEATHER WAS RECORDED TODAY.
  NO SIGNIFICANT WEATHER WAS OBSERVED.


RELATIVE HUMIDITY (PERCENT)
 HIGHEST    73           200 AM
 LOWEST     26          1200 PM
 AVERAGE    50

..........................................................


THE CHARLOTTE NC CLIMATE NORMALS FOR TOMORROW
                         NORMAL    RECORD    YEAR
 MAXIMUM TEMPERATURE (F)   89        98      1942
 MINIMUM TEMPERATURE (F)   68        59      1895


SUNRISE AND SUNSET
AUGUST  1 2015........SUNRISE   633 AM EDT   SUNSET   827 PM EDT
AUGUST  2 2015........SUNRISE   633 AM EDT   SUNSET   826 PM EDT


-  INDICATES NEGATIVE NUMBERS.
R  INDICATES RECORD WAS SET OR TIED.
MM INDICATES DATA IS MISSING.
T  INDICATES TRACE AMOUNT.




$$
