000
CDUS42 KGSP 012137
CLICLT

CLIMATE REPORT
NATIONAL WEATHER SERVICE GREENVILLE-SPARTANBURG SC
435 PM EST SUN FEB 1 2015


...................................

...THE CHARLOTTE NC CLIMATE SUMMARY FOR FEBRUARY 1 2015...
VALID TODAY AS OF 0400 PM LOCAL TIME.

CLIMATE NORMAL PERIOD 1981 TO 2010
CLIMATE RECORD PERIOD 1878 TO 2015


WEATHER ITEM   OBSERVED TIME   RECORD YEAR NORMAL DEPARTURE LAST
                VALUE   (LST)  VALUE       VALUE  FROM      YEAR
                                                  NORMAL
..................................................................
TEMPERATURE (F)
 TODAY
  MAXIMUM         57    341 PM  76    1950  52      5       59
  MINIMUM         36   1214 AM  10    1900  31      5       21
  AVERAGE         47                        41      6       40

PRECIPITATION (IN)
  TODAY            0.00          1.78 1916   0.11  -0.11     0.00
  MONTH TO DATE    0.00                      0.11  -0.11     0.00
  SINCE DEC 1      5.37                      6.77  -1.40    10.04
  SINCE JAN 1      2.80                      3.52  -0.72     2.91

SNOWFALL (IN)
  TODAY            0.0           1.0  2007   0.1   -0.1      0.0
  MONTH TO DATE    0.0                       0.1   -0.1      0.0
  SINCE DEC 1      0.0                       2.5   -2.5      0.9
  SINCE JUL 1      T                         2.6   -2.6      0.9
  SNOW DEPTH       0

DEGREE DAYS
 HEATING
  TODAY           18                        24     -6       25
  MONTH TO DATE   18                        24     -6       25
  SINCE DEC 1   1367                      1495   -128     1508
  SINCE JUL 1   2025                      2131   -106     2158

 COOLING
  TODAY            0                         0      0        0
  MONTH TO DATE    0                         0      0        0
  SINCE DEC 1      0                         1     -1        8
  SINCE JAN 1      0                         0      0        0
..................................................................


WIND (MPH)
  HIGHEST WIND SPEED    16   HIGHEST WIND DIRECTION     S (160)
  HIGHEST GUST SPEED    20   HIGHEST GUST DIRECTION    SE (150)
  AVERAGE WIND SPEED     6.3


SKY COVER
  POSSIBLE SUNSHINE  MM
  AVERAGE SKY COVER 1.0


WEATHER CONDITIONS
 THE FOLLOWING WEATHER WAS RECORDED TODAY.
  NO SIGNIFICANT WEATHER WAS OBSERVED.


RELATIVE HUMIDITY (PERCENT)
 HIGHEST    52           300 AM
 LOWEST     33          1200 PM
 AVERAGE    43

..........................................................


THE CHARLOTTE NC CLIMATE NORMALS FOR TOMORROW
                         NORMAL    RECORD    YEAR
 MAXIMUM TEMPERATURE (F)   52        80      1989
 MINIMUM TEMPERATURE (F)   31        10      1917


SUNRISE AND SUNSET
FEBRUARY  1 2015......SUNRISE   723 AM EST   SUNSET   552 PM EST
FEBRUARY  2 2015......SUNRISE   722 AM EST   SUNSET   553 PM EST


-  INDICATES NEGATIVE NUMBERS.
R  INDICATES RECORD WAS SET OR TIED.
MM INDICATES DATA IS MISSING.
T  INDICATES TRACE AMOUNT.




$$
