000
CDUS42 KGSP 230627
CLICLT

CLIMATE REPORT
NATIONAL WEATHER SERVICE GREENVILLE-SPARTANBURG SC
226 AM EDT TUE SEP 23 2014


...................................

...THE CHARLOTTE NC CLIMATE SUMMARY FOR SEPTEMBER 22 2014...

CLIMATE NORMAL PERIOD 1981 TO 2010
CLIMATE RECORD PERIOD 1878 TO 2014


WEATHER ITEM   OBSERVED TIME   RECORD YEAR NORMAL DEPARTURE LAST
                VALUE   (LST)  VALUE       VALUE  FROM      YEAR
                                                  NORMAL
..................................................................
TEMPERATURE (F)
 YESTERDAY
  MAXIMUM         76    226 PM  98    1895  79     -3       80
  MINIMUM         61    642 AM  43    1918  58      3       58
  AVERAGE         69                        69      0       69

PRECIPITATION (IN)
  YESTERDAY        0.00          2.92 1989   0.10  -0.10      T
  MONTH TO DATE    3.68                      2.35   1.33     2.89
  SINCE SEP 1      3.68                      2.35   1.33     2.89
  SINCE JAN 1     37.44                     30.95   6.49    38.21

SNOWFALL (IN)
  YESTERDAY        0.0           0.0    MM   0.0    0.0      0.0
  MONTH TO DATE    0.0                       0.0    0.0      0.0
  SINCE SEP 1      0.0                       0.0    0.0      0.0
  SINCE JUL 1      0.0                       0.0    0.0      0.0
  SNOW DEPTH       0

DEGREE DAYS
 HEATING
  YESTERDAY        0                         1     -1        0
  MONTH TO DATE    0                         7     -7        0
  SINCE SEP 1      0                         7     -7        0
  SINCE JUL 1      0                         7     -7        1

 COOLING
  YESTERDAY        4                         5     -1        4
  MONTH TO DATE  215                       168     47      218
  SINCE SEP 1    215                       168     47      218
  SINCE JAN 1   1570                      1445    125     1506
..................................................................


WIND (MPH)
  HIGHEST WIND SPEED    14   HIGHEST WIND DIRECTION     N (20)
  HIGHEST GUST SPEED    24   HIGHEST GUST DIRECTION    NE (30)
  AVERAGE WIND SPEED     6.1


SKY COVER
  POSSIBLE SUNSHINE  MM
  AVERAGE SKY COVER 0.7


WEATHER CONDITIONS
 THE FOLLOWING WEATHER WAS RECORDED YESTERDAY.
  NO SIGNIFICANT WEATHER WAS OBSERVED.


RELATIVE HUMIDITY (PERCENT)
 HIGHEST    84           100 AM
 LOWEST     43           200 PM
 AVERAGE    64

..........................................................


THE CHARLOTTE NC CLIMATE NORMALS FOR TODAY
                         NORMAL    RECORD    YEAR
 MAXIMUM TEMPERATURE (F)   79        97      1931
                                             1895
 MINIMUM TEMPERATURE (F)   58        39      1999


SUNRISE AND SUNSET
SEPTEMBER 23 2014.....SUNRISE   712 AM EDT   SUNSET   719 PM EDT
SEPTEMBER 24 2014.....SUNRISE   713 AM EDT   SUNSET   718 PM EDT


-  INDICATES NEGATIVE NUMBERS.
R  INDICATES RECORD WAS SET OR TIED.
MM INDICATES DATA IS MISSING.
T  INDICATES TRACE AMOUNT.

$$
