000
CDUS42 KGSP 230629 RRA
CLICLT

CLIMATE REPORT
NATIONAL WEATHER SERVICE GREENVILLE-SPARTANBURG SC
129 AM EST SUN NOV 23 2014


...................................

...THE CHARLOTTE NC CLIMATE SUMMARY FOR NOVEMBER 22 2014...

CLIMATE NORMAL PERIOD 1981 TO 2010
CLIMATE RECORD PERIOD 1878 TO 2014


WEATHER ITEM   OBSERVED TIME   RECORD YEAR NORMAL DEPARTURE LAST
                VALUE   (LST)  VALUE       VALUE  FROM      YEAR
                                                  NORMAL
..................................................................
TEMPERATURE (F)
 YESTERDAY
  MAXIMUM         55    325 PM  76    2011  60     -5       65
  MINIMUM         22    724 AM  13    2008  37    -15       51
  AVERAGE         39                        49    -10       58

PRECIPITATION (IN)
  YESTERDAY        0.00          1.68 2006   0.11  -0.11     0.01
  MONTH TO DATE    0.96                      2.26  -1.30     0.95
  SINCE SEP 1      6.30                      8.90  -2.60     4.49
  SINCE JAN 1     40.06                     37.50   2.56    39.81

SNOWFALL (IN)
  YESTERDAY        0.0           T    1989   0.0    0.0      0.0
  MONTH TO DATE    0.0                       0.1   -0.1       T
  SINCE SEP 1      T                         0.1   -0.1       T
  SINCE JUL 1      T                         0.1   -0.1       T
  SNOW DEPTH       0

DEGREE DAYS
 HEATING
  YESTERDAY       26                        16     10        7
  MONTH TO DATE  406                       288    118      299
  SINCE SEP 1    538                       494     44      431
  SINCE JUL 1    538                       494     44      432

 COOLING
  YESTERDAY        0                         0      0        0
  MONTH TO DATE    0                         0      0        1
  SINCE SEP 1    298                       236     62      289
  SINCE JAN 1   1653                      1513    140     1577
..................................................................


WIND (MPH)
  HIGHEST WIND SPEED     9   HIGHEST WIND DIRECTION     S (170)
  HIGHEST GUST SPEED    12   HIGHEST GUST DIRECTION    SE (130)
  AVERAGE WIND SPEED     2.8


SKY COVER
  POSSIBLE SUNSHINE  MM
  AVERAGE SKY COVER 0.4


WEATHER CONDITIONS
 THE FOLLOWING WEATHER WAS RECORDED YESTERDAY.
  NO SIGNIFICANT WEATHER WAS OBSERVED.


RELATIVE HUMIDITY (PERCENT)
 HIGHEST    81           700 AM
 LOWEST     17           100 PM
 AVERAGE    49

..........................................................


THE CHARLOTTE NC CLIMATE NORMALS FOR TODAY
                         NORMAL    RECORD    YEAR
 MAXIMUM TEMPERATURE (F)   60        78      1900
 MINIMUM TEMPERATURE (F)   37        18      1880


SUNRISE AND SUNSET
NOVEMBER 23 2014......SUNRISE   706 AM EST   SUNSET   514 PM EST
NOVEMBER 24 2014......SUNRISE   707 AM EST   SUNSET   513 PM EST


-  INDICATES NEGATIVE NUMBERS.
R  INDICATES RECORD WAS SET OR TIED.
MM INDICATES DATA IS MISSING.
T  INDICATES TRACE AMOUNT.

$$
