000
CDUS46 KLOX 190859
CLICMA


CLIMATE REPORT
NATIONAL WEATHER SERVICE LOS ANGELES/OXNARD CA
159 AM PDT TUE SEP 19 2017


...................................

...THE CAMARILLO AIRPORT CA CLIMATE SUMMARY FOR SEPTEMBER 18 2017...

CLIMATE NORMAL PERIOD 1981 TO 2010
CLIMATE RECORD PERIOD 1923 TO 2017


WEATHER ITEM   OBSERVED TIME   RECORD YEAR NORMAL DEPARTURE LAST
                VALUE   (LST)  VALUE       VALUE  FROM      YEAR
                                                  NORMAL
..................................................................
TEMPERATURE (F)
 YESTERDAY
  MAXIMUM         75   1220 PM  95    1946  77     -2       79
  MINIMUM         58    550 AM  43    1924  57      1       57
  AVERAGE         67                        67      0       68

PRECIPITATION (IN)
  YESTERDAY        0.00          0.42 1929   0.01  -0.01     0.00
  MONTH TO DATE    0.02                      0.08  -0.06      T
  SINCE OCT 1     19.46                     15.12   4.34     5.98
  SINCE JAN 1     14.80                     11.12   3.68     5.42

SNOWFALL (IN)
  YESTERDAY        0.0
  MONTH TO DATE    0.0
  SINCE SEP 1      0.0
  SINCE JUL 1      0.0

DEGREE DAYS
 HEATING
  YESTERDAY        0                         0      0        0
  MONTH TO DATE    0                         0      0        4
  SINCE SEP 1      0                         0      0        4
  SINCE JUL 1      1                        15    -14        4

 COOLING
  YESTERDAY        2                         2      0        3
  MONTH TO DATE  155                        49    106       33
  SINCE SEP 1    155                        49    106       33
  SINCE JAN 1    651                       261    390      498
..................................................................


WIND (MPH)
  HIGHEST WIND SPEED    15   HIGHEST WIND DIRECTION    SW (230)
  HIGHEST GUST SPEED    18   HIGHEST GUST DIRECTION    SW (230)
  AVERAGE WIND SPEED     4.7


SKY COVER
  POSSIBLE SUNSHINE  MM
  AVERAGE SKY COVER 0.2


WEATHER CONDITIONS
 THE FOLLOWING WEATHER WAS RECORDED YESTERDAY.
  FOG


RELATIVE HUMIDITY (PERCENT)
 HIGHEST    90           100 AM
 LOWEST     64          1200 PM
 AVERAGE    77

..........................................................


THE CAMARILLO AIRPORT CA CLIMATE NORMALS FOR TODAY
                         NORMAL    RECORD    YEAR
 MAXIMUM TEMPERATURE (F)   77        94      1939
 MINIMUM TEMPERATURE (F)   57        42      1925


SUNRISE AND SUNSET
SEPTEMBER 19 2017.....SUNRISE   643 AM PDT   SUNSET   657 PM PDT
SEPTEMBER 20 2017.....SUNRISE   643 AM PDT   SUNSET   655 PM PDT


-  INDICATES NEGATIVE NUMBERS.
R  INDICATES RECORD WAS SET OR TIED.
MM INDICATES DATA IS MISSING.
T  INDICATES TRACE AMOUNT.




$$
