000
CDUS46 KLOX 300114
CLICMA


CLIMATE REPORT
NATIONAL WEATHER SERVICE LOS ANGELES/OXNARD CA
614 PM PDT MON SEP 29 2014


...................................

...THE CAMARILLO CLIMATE SUMMARY FOR SEPTEMBER 29 2014...
VALID TODAY AS OF 0600 PM LOCAL TIME.

CLIMATE NORMAL PERIOD 1981 TO 2010
CLIMATE RECORD PERIOD 1948 TO 2014


WEATHER ITEM   OBSERVED TIME   RECORD YEAR NORMAL DEPARTURE LAST
                VALUE   (LST)  VALUE       VALUE  FROM      YEAR
                                                  NORMAL
..................................................................
TEMPERATURE (F)
 TODAY
  MAXIMUM         81   1243 PM  92    1970  75      6       78
  MINIMUM         59    511 AM  42    1948  55      4       51
  AVERAGE         70                        65      5       65

PRECIPITATION (IN)
  TODAY            0.00          3.72 1976   0.01  -0.01     0.00
  MONTH TO DATE    T                         0.16  -0.16     0.00
  SINCE JUL 1      0.03                      0.22  -0.19     0.04
  SINCE JAN 1      4.22                     11.20  -6.98     2.19

SNOWFALL (IN)
  TODAY            0.0
  MONTH TO DATE    0.0
  SINCE SEP 1      0.0
  SINCE JUL 1      0.0

DEGREE DAYS
 HEATING
  TODAY            0                         1     -1        0
  MONTH TO DATE    0                        11    -11        1
  SINCE SEP 1      0                        11    -11        1
  SINCE JUL 1      0                        26    -26        4

 COOLING
  TODAY            5                         2      3        0
  MONTH TO DATE  250                        71    179      113
  SINCE SEP 1    250                        71    179      113
  SINCE JAN 1    887                       283    604      582
..................................................................


WIND (MPH)
  HIGHEST WIND SPEED    17   HIGHEST WIND DIRECTION     W (260)
  HIGHEST GUST SPEED    19   HIGHEST GUST DIRECTION     W (260)
  AVERAGE WIND SPEED     6.1


SKY COVER
  POSSIBLE SUNSHINE  MM
  AVERAGE SKY COVER 0.0


WEATHER CONDITIONS
 THE FOLLOWING WEATHER WAS RECORDED TODAY.
  NO SIGNIFICANT WEATHER WAS OBSERVED.


RELATIVE HUMIDITY (PERCENT)
 HIGHEST    72           200 AM
 LOWEST     39           100 PM
 AVERAGE    56

..........................................................


THE CAMARILLO CLIMATE NORMALS FOR TOMORROW
                         NORMAL    RECORD    YEAR
 MAXIMUM TEMPERATURE (F)   75        94      1965
 MINIMUM TEMPERATURE (F)   55        46      1964


SUNRISE AND SUNSET
SEPTEMBER 29 2014.....SUNRISE   649 AM PDT   SUNSET   643 PM PDT
SEPTEMBER 30 2014.....SUNRISE   650 AM PDT   SUNSET   642 PM PDT


-  INDICATES NEGATIVE NUMBERS.
R  INDICATES RECORD WAS SET OR TIED.
MM INDICATES DATA IS MISSING.
T  INDICATES TRACE AMOUNT.




$$
