000
CDUS46 KLOX 210114
CLICMA


CLIMATE REPORT
NATIONAL WEATHER SERVICE LOS ANGELES/OXNARD CA
614 PM PDT MON OCT 20 2014


...................................

...THE CAMARILLO CLIMATE SUMMARY FOR OCTOBER 20 2014...
VALID TODAY AS OF 0600 PM LOCAL TIME.

CLIMATE NORMAL PERIOD 1981 TO 2010
CLIMATE RECORD PERIOD 1948 TO 2014


WEATHER ITEM   OBSERVED TIME   RECORD YEAR NORMAL DEPARTURE LAST
                VALUE   (LST)  VALUE       VALUE  FROM      YEAR
                                                  NORMAL
..................................................................
TEMPERATURE (F)
 TODAY
  MAXIMUM         75    147 PM  96    1965  73      2       70
  MINIMUM         62    612 AM  40    1949  52     10       48
  AVERAGE         69                        63      6       59

PRECIPITATION (IN)
  TODAY            0.00          0.46 2004   0.02  -0.02     0.00
  MONTH TO DATE    0.00                      0.30  -0.30      T
  SINCE JUL 1      0.03                      0.54  -0.51     0.04
  SINCE JAN 1      4.22                     11.52  -7.30     2.19

SNOWFALL (IN)
  TODAY            0.0
  MONTH TO DATE    0.0
  SINCE SEP 1      0.0
  SINCE JUL 1      0.0

DEGREE DAYS
 HEATING
  TODAY            0                         3     -3        6
  MONTH TO DATE    0                        49    -49       52
  SINCE SEP 1      0                        66    -66       54
  SINCE JUL 1      0                        81    -81       57

 COOLING
  TODAY            4                         1      3        0
  MONTH TO DATE   80                        20     60       41
  SINCE SEP 1    333                        91    242      154
  SINCE JAN 1    970                       303    667      623
..................................................................


WIND (MPH)
  HIGHEST WIND SPEED    14   HIGHEST WIND DIRECTION    SW (230)
  HIGHEST GUST SPEED    25   HIGHEST GUST DIRECTION    SW (240)
  AVERAGE WIND SPEED     6.2


SKY COVER
  POSSIBLE SUNSHINE  MM
  AVERAGE SKY COVER 0.4


WEATHER CONDITIONS
 THE FOLLOWING WEATHER WAS RECORDED TODAY.
  FOG


RELATIVE HUMIDITY (PERCENT)
 HIGHEST    93           200 AM
 LOWEST     61           200 PM
 AVERAGE    77

..........................................................


THE CAMARILLO CLIMATE NORMALS FOR TOMORROW
                         NORMAL    RECORD    YEAR
 MAXIMUM TEMPERATURE (F)   73        98      1965
 MINIMUM TEMPERATURE (F)   52        43      1960


SUNRISE AND SUNSET
OCTOBER 20 2014.......SUNRISE   706 AM PDT   SUNSET   616 PM PDT
OCTOBER 21 2014.......SUNRISE   707 AM PDT   SUNSET   615 PM PDT


-  INDICATES NEGATIVE NUMBERS.
R  INDICATES RECORD WAS SET OR TIED.
MM INDICATES DATA IS MISSING.
T  INDICATES TRACE AMOUNT.




$$
