000
CDUS46 KLOX 310114
CLICMA


CLIMATE REPORT
NATIONAL WEATHER SERVICE LOS ANGELES/OXNARD CA
614 PM PDT THU OCT 30 2014


...................................

...THE CAMARILLO CLIMATE SUMMARY FOR OCTOBER 30 2014...
VALID TODAY AS OF 0600 PM LOCAL TIME.

CLIMATE NORMAL PERIOD 1981 TO 2010
CLIMATE RECORD PERIOD 1948 TO 2014


WEATHER ITEM   OBSERVED TIME   RECORD YEAR NORMAL DEPARTURE LAST
                VALUE   (LST)  VALUE       VALUE  FROM      YEAR
                                                  NORMAL
..................................................................
TEMPERATURE (F)
 TODAY
  MAXIMUM         75   1107 AM  93    1962  72      3       70
  MINIMUM         52    630 AM  37    1971  51      1       46
  AVERAGE         64                        62      2       58

PRECIPITATION (IN)
  TODAY            0.00          0.77 1996   0.03  -0.03     0.00
  MONTH TO DATE    0.00                      0.59  -0.59      T
  SINCE JUL 1      0.03                      0.83  -0.80     0.04
  SINCE JAN 1      4.22                     11.81  -7.59     2.19

SNOWFALL (IN)
  TODAY            0.0
  MONTH TO DATE    0.0
  SINCE SEP 1      0.0
  SINCE JUL 1      0.0

DEGREE DAYS
 HEATING
  TODAY            1                         4     -3        7
  MONTH TO DATE    5                        87    -82       99
  SINCE SEP 1      5                       104    -99      101
  SINCE JUL 1      5                       119   -114      104

 COOLING
  TODAY            0                         1     -1        0
  MONTH TO DATE   85                        30     55       41
  SINCE SEP 1    338                       101    237      154
  SINCE JAN 1    975                       313    662      623
..................................................................


WIND (MPH)
  HIGHEST WIND SPEED    17   HIGHEST WIND DIRECTION    SW (230)
  HIGHEST GUST SPEED    24   HIGHEST GUST DIRECTION    SW (230)
  AVERAGE WIND SPEED     5.8


SKY COVER
  POSSIBLE SUNSHINE  MM
  AVERAGE SKY COVER 0.0


WEATHER CONDITIONS
 THE FOLLOWING WEATHER WAS RECORDED TODAY.
  NO SIGNIFICANT WEATHER WAS OBSERVED.


RELATIVE HUMIDITY (PERCENT)
 HIGHEST    77          1200 AM
 LOWEST     44           900 AM
 AVERAGE    61

..........................................................


THE CAMARILLO CLIMATE NORMALS FOR TOMORROW
                         NORMAL    RECORD    YEAR
 MAXIMUM TEMPERATURE (F)   72        95      1967
 MINIMUM TEMPERATURE (F)   51        35      1961


SUNRISE AND SUNSET
OCTOBER 30 2014.......SUNRISE   714 AM PDT   SUNSET   605 PM PDT
OCTOBER 31 2014.......SUNRISE   715 AM PDT   SUNSET   604 PM PDT


-  INDICATES NEGATIVE NUMBERS.
R  INDICATES RECORD WAS SET OR TIED.
MM INDICATES DATA IS MISSING.
T  INDICATES TRACE AMOUNT.




$$
