000
CDUS46 KLOX 240129
CLICMA


CLIMATE REPORT
NATIONAL WEATHER SERVICE LOS ANGELES/OXNARD CA
629 PM PDT SUN JUL 23 2017


...................................

...THE CAMARILLO CLIMATE SUMMARY FOR JULY 23 2017...
VALID TODAY AS OF 0600 PM LOCAL TIME.

CLIMATE NORMAL PERIOD 1981 TO 2010
CLIMATE RECORD PERIOD 1923 TO 2017


WEATHER ITEM   OBSERVED TIME   RECORD YEAR NORMAL DEPARTURE LAST
                VALUE   (LST)  VALUE       VALUE  FROM      YEAR
                                                  NORMAL
..................................................................
TEMPERATURE (F)
 TODAY
  MAXIMUM         77    209 PM  91    2006  76      1       90
  MINIMUM         62    333 AM  47    1930  58      4       60
                                      1928
  AVERAGE         70                        67      3       75

PRECIPITATION (IN)
  TODAY            0.00          T    2006   0.00   0.00     0.00
                                      1965
                                      1958
  MONTH TO DATE    T                         0.02  -0.02     0.00
  SINCE OCT 1     19.44                     15.00   4.44     5.98
  SINCE JAN 1     14.78                     11.00   3.78     5.42

SNOWFALL (IN)
  TODAY            0.0
  MONTH TO DATE    0.0
  SINCE JUN 1      0.0
  SINCE JUL 1      0.0

DEGREE DAYS
 HEATING
  TODAY            0                         0      0        0
  MONTH TO DATE    1                         1      0        0
  SINCE JUN 1     20                        44    -24       17
  SINCE JUL 1      1                         1      0        0

 COOLING
  TODAY            5                         3      2       10
  MONTH TO DATE  134                        52     82      109
  SINCE JUN 1    192                        75    117      178
  SINCE JAN 1    233                       106    127      249
..................................................................


WIND (MPH)
  HIGHEST WIND SPEED    14   HIGHEST WIND DIRECTION    SW (210)
  HIGHEST GUST SPEED    17   HIGHEST GUST DIRECTION     W (260)
  AVERAGE WIND SPEED     5.1


SKY COVER
  POSSIBLE SUNSHINE  MM
  AVERAGE SKY COVER 0.5


WEATHER CONDITIONS
 THE FOLLOWING WEATHER WAS RECORDED TODAY.
  FOG
  HAZE


RELATIVE HUMIDITY (PERCENT)
 HIGHEST    93           100 AM
 LOWEST     64           100 PM
 AVERAGE    79

..........................................................


THE CAMARILLO CLIMATE NORMALS FOR TOMORROW
                         NORMAL    RECORD    YEAR
 MAXIMUM TEMPERATURE (F)   77        87      2014
 MINIMUM TEMPERATURE (F)   58        45      1930
                                             1924


SUNRISE AND SUNSET
JULY 23 2017..........SUNRISE   601 AM PDT   SUNSET   804 PM PDT
JULY 24 2017..........SUNRISE   602 AM PDT   SUNSET   803 PM PDT


-  INDICATES NEGATIVE NUMBERS.
R  INDICATES RECORD WAS SET OR TIED.
MM INDICATES DATA IS MISSING.
T  INDICATES TRACE AMOUNT.




$$
