000
CDUS46 KLOX 310118
CLICMA


CLIMATE REPORT
NATIONAL WEATHER SERVICE LOS ANGELES/OXNARD CA
617 PM PDT WED JUL 30 2014


...................................

...THE CAMARILLO CLIMATE SUMMARY FOR JULY 30 2014...
VALID TODAY AS OF 0600 PM LOCAL TIME.

CLIMATE NORMAL PERIOD 1981 TO 2010
CLIMATE RECORD PERIOD 1948 TO 2014


WEATHER ITEM   OBSERVED TIME   RECORD YEAR NORMAL DEPARTURE LAST
                VALUE   (LST)  VALUE       VALUE  FROM      YEAR
                                                  NORMAL
..................................................................
TEMPERATURE (F)
 TODAY
  MAXIMUM         82   1150 AM  86    1954  77      5       71
  MINIMUM         65    206 AM  52    2012  58      7       59
  AVERAGE         74                        67      7       65

PRECIPITATION (IN)
  TODAY            0.00          0.02 1965   0.00   0.00     0.00
  MONTH TO DATE    T                         0.02  -0.02     0.04
  SINCE JUL 1      T                         0.02  -0.02     0.04
  SINCE JAN 1      4.19                     11.00  -6.81     2.19

SNOWFALL (IN)
  TODAY            0.0
  MONTH TO DATE    0.0
  SINCE JUN 1      0.0
  SINCE JUL 1      0.0

DEGREE DAYS
 HEATING
  TODAY            0                         0      0        0
  MONTH TO DATE    0                         1     -1        1
  SINCE JUN 1     12                        44    -32        1
  SINCE JUL 1      0                         1     -1        1

 COOLING
  TODAY            9                         3      6        0
  MONTH TO DATE  216                        73    143      117
  SINCE JUN 1    261                        96    165      263
  SINCE JAN 1    409                       127    282      369
..................................................................


WIND (MPH)
  HIGHEST WIND SPEED    13   HIGHEST WIND DIRECTION     W (260)
  HIGHEST GUST SPEED    15   HIGHEST GUST DIRECTION     W (260)
  AVERAGE WIND SPEED     4.1


SKY COVER
  POSSIBLE SUNSHINE  MM
  AVERAGE SKY COVER 0.0


WEATHER CONDITIONS
 THE FOLLOWING WEATHER WAS RECORDED TODAY.
  HAZE


RELATIVE HUMIDITY (PERCENT)
 HIGHEST    81           100 AM
 LOWEST     51          1000 AM
 AVERAGE    66

..........................................................


THE CAMARILLO CLIMATE NORMALS FOR TOMORROW
                         NORMAL    RECORD    YEAR
 MAXIMUM TEMPERATURE (F)   77        84      1971
 MINIMUM TEMPERATURE (F)   58        50      1970


SUNRISE AND SUNSET
JULY 30 2014..........SUNRISE   606 AM PDT   SUNSET   759 PM PDT
JULY 31 2014..........SUNRISE   607 AM PDT   SUNSET   758 PM PDT


-  INDICATES NEGATIVE NUMBERS.
R  INDICATES RECORD WAS SET OR TIED.
MM INDICATES DATA IS MISSING.
T  INDICATES TRACE AMOUNT.




$$
