821
CDUS46 KLOX 140926
CLICMA


CLIMATE REPORT
NATIONAL WEATHER SERVICE LOS ANGELES/OXNARD CA
126 AM PST SUN FEB 14 2016


...................................

...THE CAMARILLO AIRPORT CA CLIMATE SUMMARY FOR FEBRUARY 13 2016...

CLIMATE NORMAL PERIOD 1981 TO 2010
CLIMATE RECORD PERIOD 1948 TO 2016


WEATHER ITEM   OBSERVED TIME   RECORD YEAR NORMAL DEPARTURE LAST
                VALUE   (LST)  VALUE       VALUE  FROM      YEAR
                                                  NORMAL
..................................................................
TEMPERATURE (F)
 YESTERDAY
  MAXIMUM         73   1215 PM  89    1971  65      8       87
  MINIMUM         44    655 AM  30    1965  42      2       53
  AVERAGE         59                        54      5       70

PRECIPITATION (IN)
  YESTERDAY        0.00          4.22 1954   0.15  -0.15     0.00
  MONTH TO DATE    0.00                      1.49  -1.49     0.16
  SINCE OCT 1      3.19                      8.96  -5.77     7.16
  SINCE JAN 1      2.63                      4.96  -2.33     2.25

SNOWFALL (IN)
  YESTERDAY        0.0
  MONTH TO DATE    0.0
  SINCE DEC 1      0.0
  SINCE JUL 1      0.0

DEGREE DAYS
 HEATING
  YESTERDAY        6                        12     -6        0
  MONTH TO DATE   63                       150    -87       59
  SINCE DEC 1    611                       837   -226      474
  SINCE JUL 1    756                      1169   -413      561

 COOLING
  YESTERDAY        0                         0      0        5
  MONTH TO DATE   36                         0     36       14
  SINCE DEC 1     40                         9     31       42
  SINCE JAN 1     36                         7     29       38
..................................................................


WIND (MPH)
  HIGHEST WIND SPEED    13   HIGHEST WIND DIRECTION    SW (220)
  HIGHEST GUST SPEED    19   HIGHEST GUST DIRECTION    SW (220)
  AVERAGE WIND SPEED     3.2


SKY COVER
  POSSIBLE SUNSHINE  MM
  AVERAGE SKY COVER 0.0


WEATHER CONDITIONS
 THE FOLLOWING WEATHER WAS RECORDED YESTERDAY.
  FOG
  HAZE


RELATIVE HUMIDITY (PERCENT)
 HIGHEST    89           900 AM
 LOWEST     41          1200 PM
 AVERAGE    65

..........................................................


THE CAMARILLO AIRPORT CA CLIMATE NORMALS FOR TODAY
                         NORMAL    RECORD    YEAR
 MAXIMUM TEMPERATURE (F)   65        85      1985
 MINIMUM TEMPERATURE (F)   42        31      1966


SUNRISE AND SUNSET
FEBRUARY 14 2016......SUNRISE   643 AM PST   SUNSET   539 PM PST
FEBRUARY 15 2016......SUNRISE   642 AM PST   SUNSET   540 PM PST


-  INDICATES NEGATIVE NUMBERS.
R  INDICATES RECORD WAS SET OR TIED.
MM INDICATES DATA IS MISSING.
T  INDICATES TRACE AMOUNT.




$$
