504
CDUS41 KILN 212100
CLICMH


CLIMATE REPORT
NATIONAL WEATHER SERVICE WILMINGTON OH
500 PM EDT MON AUG 21 2017


...................................

...THE COLUMBUS OH CLIMATE SUMMARY FOR AUGUST 21 2017...
VALID TODAY AS OF 0500 PM LOCAL TIME.

CLIMATE NORMAL PERIOD 1981 TO 2010
CLIMATE RECORD PERIOD 1869 TO 2017


WEATHER ITEM   OBSERVED TIME   RECORD YEAR NORMAL DEPARTURE LAST
                VALUE   (LST)  VALUE       VALUE  FROM      YEAR
                                                  NORMAL
..................................................................
TEMPERATURE (F)
 TODAY
  MAXIMUM         89    432 PM  99    1936  84      5       78
  MINIMUM         71    412 AM  44    1950  64      7       64
  AVERAGE         80                        74      6       71

PRECIPITATION (IN)
  TODAY            0.00          1.40 1913   0.11  -0.11     0.00
  MONTH TO DATE    1.85                      2.26  -0.41     3.37
  SINCE JUN 1     15.06                     11.06   4.00    11.08
  SINCE JAN 1     33.74                     26.63   7.11    24.81

SNOWFALL (IN)
  TODAY            0.0           0.0         0.0    0.0      0.0
  MONTH TO DATE    0.0                       0.0    0.0      0.0
  SINCE JUN 1      0.0                       0.0    0.0      0.0
  SINCE JUL 1      0.0                       0.0    0.0      0.0
  SNOW DEPTH       0

DEGREE DAYS
 HEATING
  TODAY            0                         0      0        0
  MONTH TO DATE    0                         0      0        0
  SINCE JUN 1      7                        19    -12        4
  SINCE JUL 1      0                         0      0        0

 COOLING
  TODAY           15                         9      6        6
  MONTH TO DATE  183                       200    -17      288
  SINCE JUN 1    731                       726      5      916
  SINCE JAN 1    856                       808     48      981
..................................................................


WIND (MPH)
  HIGHEST WIND SPEED    15   HIGHEST WIND DIRECTION    SW (220)
  HIGHEST GUST SPEED    17   HIGHEST GUST DIRECTION    SW (220)
  AVERAGE WIND SPEED     5.2


SKY COVER
  POSSIBLE SUNSHINE  MM
  AVERAGE SKY COVER 0.5


WEATHER CONDITIONS
 THE FOLLOWING WEATHER WAS RECORDED TODAY.
  NO SIGNIFICANT WEATHER WAS OBSERVED.


RELATIVE HUMIDITY (PERCENT)
 HIGHEST    93           300 AM
 LOWEST     57           200 PM
 AVERAGE    75

..........................................................


THE COLUMBUS OH CLIMATE NORMALS FOR TOMORROW
                         NORMAL    RECORD    YEAR
 MAXIMUM TEMPERATURE (F)   84        98      1936
 MINIMUM TEMPERATURE (F)   64        46      1982
                                             1950


SUNRISE AND SUNSET
AUGUST 21 2017........SUNRISE   649 AM EDT   SUNSET   819 PM EDT
AUGUST 22 2017........SUNRISE   650 AM EDT   SUNSET   818 PM EDT


-  INDICATES NEGATIVE NUMBERS.
R  INDICATES RECORD WAS SET OR TIED.
MM INDICATES DATA IS MISSING.
T  INDICATES TRACE AMOUNT.




$$
