658
CDUS41 KILN 240532
CLICMH


CLIMATE REPORT
NATIONAL WEATHER SERVICE WILMINGTON OH
131 AM EDT TUE OCT 24 2017


...................................

...THE COLUMBUS OH CLIMATE SUMMARY FOR OCTOBER 23 2017...

CLIMATE NORMAL PERIOD 1981 TO 2010
CLIMATE RECORD PERIOD 1869 TO 2017


WEATHER ITEM   OBSERVED TIME   RECORD YEAR NORMAL DEPARTURE LAST
                VALUE   (LST)  VALUE       VALUE  FROM      YEAR
                                                  NORMAL
..................................................................
TEMPERATURE (F)
 YESTERDAY
  MAXIMUM         66   1241 PM  83    1947  63      3       71
  MINIMUM         53   1159 PM  23    1969  43     10       41
  AVERAGE         60                        53      7       56

PRECIPITATION (IN)
  YESTERDAY        0.31          2.31 2007   0.08   0.23     0.00
  MONTH TO DATE    3.13                      1.93   1.20     1.68
  SINCE SEP 1      5.71                      4.77   0.94     6.36
  SINCE JAN 1     39.74                     32.46   7.28    33.62

SNOWFALL (IN)
  YESTERDAY        0.0           0.6  1917   0.0    0.0      0.0
  MONTH TO DATE    0.0                       0.1   -0.1      0.0
  SINCE SEP 1      0.0                       0.1   -0.1      0.0
  SINCE JUL 1      0.0                       0.1   -0.1      0.0
  SNOW DEPTH       0

DEGREE DAYS
 HEATING
  YESTERDAY        5                        13     -8        9
  MONTH TO DATE   63                       214   -151      117
  SINCE SEP 1    114                       283   -169      135
  SINCE JUL 1    114                       283   -169      135

 COOLING
  YESTERDAY        0                         0      0        0
  MONTH TO DATE   41                        13     28       43
  SINCE SEP 1    184                       135     49      231
  SINCE JAN 1   1093                      1024     69     1324
..................................................................


WIND (MPH)
  RESULTANT WIND SPEED  10   RESULTANT WIND DIRECTION  SE (140)
  HIGHEST WIND SPEED    23   HIGHEST WIND DIRECTION    SW (210)
  HIGHEST GUST SPEED    32   HIGHEST GUST DIRECTION     S (160)
  AVERAGE WIND SPEED    11.4


SKY COVER
  POSSIBLE SUNSHINE  MM
  AVERAGE SKY COVER 1.0


WEATHER CONDITIONS
 THE FOLLOWING WEATHER WAS RECORDED YESTERDAY.
  RAIN
  LIGHT RAIN
  FOG


RELATIVE HUMIDITY (PERCENT)
 HIGHEST   100           100 PM
 LOWEST     63          1200 AM
 AVERAGE    82

..........................................................


THE COLUMBUS OH CLIMATE NORMALS FOR TODAY
                         NORMAL    RECORD    YEAR
 MAXIMUM TEMPERATURE (F)   62        82      1963
 MINIMUM TEMPERATURE (F)   43        21      1981


SUNRISE AND SUNSET
OCTOBER 24 2017.......SUNRISE   752 AM EDT   SUNSET   639 PM EDT
OCTOBER 25 2017.......SUNRISE   753 AM EDT   SUNSET   638 PM EDT


-  INDICATES NEGATIVE NUMBERS.
R  INDICATES RECORD WAS SET OR TIED.
MM INDICATES DATA IS MISSING.
T  INDICATES TRACE AMOUNT.




$$
