000
CDUS41 KILN 120539
CLICMH


CLIMATE REPORT
NATIONAL WEATHER SERVICE WILMINGTON OH
139 AM EDT SAT JUL 12 2014


...................................

...THE COLUMBUS OH CLIMATE SUMMARY FOR JULY 11 2014...

CLIMATE NORMAL PERIOD 1981 TO 2010
CLIMATE RECORD PERIOD 1869 TO 2014


WEATHER ITEM   OBSERVED TIME   RECORD YEAR NORMAL DEPARTURE LAST
                VALUE   (LST)  VALUE       VALUE  FROM      YEAR
                                                  NORMAL
..................................................................
TEMPERATURE (F)
 YESTERDAY
  MAXIMUM         86    417 PM 104    1936  85      1       80
  MINIMUM         63    546 AM  50    1963  66     -3       63
  AVERAGE         75                        75      0       72

PRECIPITATION (IN)
  YESTERDAY        0.00          3.76 1897   0.16  -0.16     0.00
  MONTH TO DATE    1.47                      1.68  -0.21     3.50
  SINCE JUN 1      6.76                      5.69   1.07     7.96
  SINCE JAN 1     23.61                     21.26   2.35    20.43

SNOWFALL (IN)
  YESTERDAY        0.0           0.0    MM   0.0    0.0      0.0
  MONTH TO DATE    0.0                       0.0    0.0      0.0
  SINCE JUN 1      0.0                       0.0    0.0      0.0
  SINCE JUL 1      0.0                       0.0    0.0      0.0
  SNOW DEPTH       0

DEGREE DAYS
 HEATING
  YESTERDAY        0                         0      0        0
  MONTH TO DATE    0                         0      0        0
  SINCE JUN 1      1                        19    -18        6
  SINCE JUL 1      0                         0      0        0

 COOLING
  YESTERDAY       10                        10      0        7
  MONTH TO DATE   97                       110    -13      120
  SINCE JUN 1    386                       326     60      358
  SINCE JAN 1    541                       408    133      519
..................................................................


WIND (MPH)
  RESULTANT WIND SPEED   1   RESULTANT WIND DIRECTION   E (80)
  HIGHEST WIND SPEED    10   HIGHEST WIND DIRECTION    SW (210)
  HIGHEST GUST SPEED    15   HIGHEST GUST DIRECTION    SW (220)
  AVERAGE WIND SPEED     2.9


SKY COVER
  POSSIBLE SUNSHINE  MM
  AVERAGE SKY COVER 0.3


WEATHER CONDITIONS
 THE FOLLOWING WEATHER WAS RECORDED YESTERDAY.
  NO SIGNIFICANT WEATHER WAS OBSERVED.


RELATIVE HUMIDITY (PERCENT)
 HIGHEST    78           300 AM
 LOWEST     32           400 PM
 AVERAGE    55

..........................................................


THE COLUMBUS OH CLIMATE NORMALS FOR TODAY
                         NORMAL    RECORD    YEAR
 MAXIMUM TEMPERATURE (F)   85       103      1936
 MINIMUM TEMPERATURE (F)   66        51      1973


SUNRISE AND SUNSET
JULY 12 2014..........SUNRISE   613 AM EDT   SUNSET   901 PM EDT
JULY 13 2014..........SUNRISE   614 AM EDT   SUNSET   900 PM EDT


-  INDICATES NEGATIVE NUMBERS.
R  INDICATES RECORD WAS SET OR TIED.
MM INDICATES DATA IS MISSING.
T  INDICATES TRACE AMOUNT.




$$
