245
CDUS41 KILN 302050
CLICMH


CLIMATE REPORT
NATIONAL WEATHER SERVICE WILMINGTON OH
449 PM EDT SUN APR 30 2017


...................................

...THE COLUMBUS OH CLIMATE SUMMARY FOR APRIL 30 2017...
VALID TODAY AS OF 0400 PM LOCAL TIME.

CLIMATE NORMAL PERIOD 1981 TO 2010
CLIMATE RECORD PERIOD 1869 TO 2017


WEATHER ITEM   OBSERVED TIME   RECORD YEAR NORMAL DEPARTURE LAST
                VALUE   (LST)  VALUE       VALUE  FROM      YEAR
                                                  NORMAL
..................................................................
TEMPERATURE (F)
 TODAY
  MAXIMUM         84    338 PM  89    1942  68     16       56
  MINIMUM         56   1226 AM  30    1971  47      9       42
  AVERAGE         70                        58     12       49

PRECIPITATION (IN)
  TODAY            T             2.03 1983   0.11  -0.11     0.26
  MONTH TO DATE    2.59                      3.40  -0.81     2.31
  SINCE MAR 1      7.98                      6.42   1.56     6.58
  SINCE JAN 1     13.44                     11.40   2.04    10.99

SNOWFALL (IN)
  TODAY            0.0           2.4  1908   0.0    0.0      0.0
  MONTH TO DATE    T                         1.1   -1.1      0.3
  SINCE MAR 1      1.7                       5.3   -3.6      2.6
  SINCE JUL 1      9.3                      26.7  -17.4     17.1
  SNOW DEPTH       0

DEGREE DAYS
 HEATING
  TODAY            0                         8     -8       16
  MONTH TO DATE  194                       371   -177      400
  SINCE MAR 1    867                      1087   -220      904
  SINCE JUL 1   4136                      5082   -946     4345

 COOLING
  TODAY            5                         1      4        0
  MONTH TO DATE   41                        12     29        1
  SINCE MAR 1     43                        12     31        1
  SINCE JAN 1     47                        12     35        1
..................................................................


WIND (MPH)
  HIGHEST WIND SPEED    31   HIGHEST WIND DIRECTION    SW (210)
  HIGHEST GUST SPEED    39   HIGHEST GUST DIRECTION    SW (210)
  AVERAGE WIND SPEED    10.9


SKY COVER
  POSSIBLE SUNSHINE  MM
  AVERAGE SKY COVER 0.9


WEATHER CONDITIONS
 THE FOLLOWING WEATHER WAS RECORDED TODAY.
  THUNDERSTORM
  LIGHT RAIN
  FOG


RELATIVE HUMIDITY (PERCENT)
 HIGHEST   100          1200 AM
 LOWEST     55           100 PM
 AVERAGE    78

..........................................................


THE COLUMBUS OH CLIMATE NORMALS FOR TOMORROW
                         NORMAL    RECORD    YEAR
 MAXIMUM TEMPERATURE (F)   69        88      1942
 MINIMUM TEMPERATURE (F)   48        30      1978
                                             1963


SUNRISE AND SUNSET
APRIL 30 2017.........SUNRISE   633 AM EDT   SUNSET   826 PM EDT
MAY  1 2017...........SUNRISE   631 AM EDT   SUNSET   827 PM EDT


-  INDICATES NEGATIVE NUMBERS.
R  INDICATES RECORD WAS SET OR TIED.
MM INDICATES DATA IS MISSING.
T  INDICATES TRACE AMOUNT.




$$
