000
CDUS41 KILN 180609
CLICMH


CLIMATE REPORT
NATIONAL WEATHER SERVICE WILMINGTON OH
107 AM EST THU DEC 18 2014


...................................

...THE COLUMBUS OH CLIMATE SUMMARY FOR DECEMBER 17 2014...

CLIMATE NORMAL PERIOD 1981 TO 2010
CLIMATE RECORD PERIOD 1869 TO 2014


WEATHER ITEM   OBSERVED TIME   RECORD YEAR NORMAL DEPARTURE LAST
                VALUE   (LST)  VALUE       VALUE  FROM      YEAR
                                                  NORMAL
..................................................................
TEMPERATURE (F)
 YESTERDAY
  MAXIMUM         38   1204 AM  67    1984  39     -1       34
  MINIMUM         27   1159 PM -12    1989  26      1       27
  AVERAGE         33                        33      0       31

PRECIPITATION (IN)
  YESTERDAY        0.01          1.71 2001   0.09  -0.08     0.01
  MONTH TO DATE    1.99                      1.64   0.35     1.73
  SINCE DEC 1      1.99                      1.64   0.35     1.73
  SINCE JAN 1     37.38                     37.98  -0.60    38.98

SNOWFALL (IN)
  YESTERDAY        T             4.1  1981   0.1   -0.1      0.1
  MONTH TO DATE    T                         2.2   -2.2     12.0
  SINCE DEC 1      T                         2.2   -2.2     12.0
  SINCE JUL 1      4.1                       3.3    0.8     16.7
  SNOW DEPTH       0

DEGREE DAYS
 HEATING
  YESTERDAY       32                        32      0       34
  MONTH TO DATE  471                       504    -33      556
  SINCE DEC 1    471                       504    -33      556
  SINCE JUL 1   1656                      1518    138     1618

 COOLING
  YESTERDAY        0                         0      0        0
  MONTH TO DATE    0                         0      0        0
  SINCE DEC 1      0                         0      0        0
  SINCE JAN 1   1163                      1024    139     1179
..................................................................


WIND (MPH)
  RESULTANT WIND SPEED  14   RESULTANT WIND DIRECTION   W (280)
  HIGHEST WIND SPEED    21   HIGHEST WIND DIRECTION     W (260)
  HIGHEST GUST SPEED    29   HIGHEST GUST DIRECTION     W (270)
  AVERAGE WIND SPEED    14.4


SKY COVER
  POSSIBLE SUNSHINE  MM
  AVERAGE SKY COVER 1.0


WEATHER CONDITIONS
 THE FOLLOWING WEATHER WAS RECORDED YESTERDAY.
  LIGHT RAIN
  LIGHT SNOW
  FOG


RELATIVE HUMIDITY (PERCENT)
 HIGHEST    85           100 AM
 LOWEST     72           900 AM
 AVERAGE    79

..........................................................


THE COLUMBUS OH CLIMATE NORMALS FOR TODAY
                         NORMAL    RECORD    YEAR
 MAXIMUM TEMPERATURE (F)   39        63      1967
 MINIMUM TEMPERATURE (F)   26        -7      1989


SUNRISE AND SUNSET
DECEMBER 18 2014......SUNRISE   748 AM EST   SUNSET   508 PM EST
DECEMBER 19 2014......SUNRISE   749 AM EST   SUNSET   509 PM EST


-  INDICATES NEGATIVE NUMBERS.
R  INDICATES RECORD WAS SET OR TIED.
MM INDICATES DATA IS MISSING.
T  INDICATES TRACE AMOUNT.




$$
