000
CDUS41 KILN 300548
CLICMH


CLIMATE REPORT
NATIONAL WEATHER SERVICE WILMINGTON OH
148 AM EDT SAT JUL 30 2016


...................................

...THE COLUMBUS OH CLIMATE SUMMARY FOR JULY 29 2016...

CLIMATE NORMAL PERIOD 1981 TO 2010
CLIMATE RECORD PERIOD 1869 TO 2016


WEATHER ITEM   OBSERVED TIME   RECORD YEAR NORMAL DEPARTURE LAST
                VALUE   (LST)  VALUE       VALUE  FROM      YEAR
                                                  NORMAL
..................................................................
TEMPERATURE (F)
 YESTERDAY
  MAXIMUM         83   1246 PM  98    1940  85     -2       91
  MINIMUM         67    431 AM  51    1968  65      2       70
  AVERAGE         75                        75      0       81

PRECIPITATION (IN)
  YESTERDAY        0.03          2.20 1878   0.13  -0.10     0.05
  MONTH TO DATE    2.49                      4.52  -2.03     5.38
  SINCE JUN 1      7.71                      8.53  -0.82    12.10
  SINCE JAN 1     21.44                     24.10  -2.66    28.24

SNOWFALL (IN)
  YESTERDAY        0.0           0.0    MM   0.0    0.0      0.0
  MONTH TO DATE    0.0                       0.0    0.0      0.0
  SINCE JUN 1      0.0                       0.0    0.0      0.0
  SINCE JUL 1      0.0                       0.0    0.0      0.0
  SNOW DEPTH       0

DEGREE DAYS
 HEATING
  YESTERDAY        0                         0      0        0
  MONTH TO DATE    0                         0      0        0
  SINCE JUN 1      4                        19    -15       20
  SINCE JUL 1      0                         0      0        0

 COOLING
  YESTERDAY       10                        10      0       16
  MONTH TO DATE  342                       290     52      238
  SINCE JUN 1    601                       506     95      458
  SINCE JAN 1    666                       588     78      611
..................................................................


WIND (MPH)
  RESULTANT WIND SPEED   3   RESULTANT WIND DIRECTION   S (160)
  HIGHEST WIND SPEED    15   HIGHEST WIND DIRECTION     W (250)
  HIGHEST GUST SPEED    18   HIGHEST GUST DIRECTION     W (250)
  AVERAGE WIND SPEED     4.3


SKY COVER
  POSSIBLE SUNSHINE  MM
  AVERAGE SKY COVER 0.7


WEATHER CONDITIONS
 THE FOLLOWING WEATHER WAS RECORDED YESTERDAY.
  LIGHT RAIN
  FOG
  FOG W/VISIBILITY <= 1/4 MILE
  HAZE


RELATIVE HUMIDITY (PERCENT)
 HIGHEST   100          1200 AM
 LOWEST     62           600 PM
 AVERAGE    81

..........................................................


THE COLUMBUS OH CLIMATE NORMALS FOR TODAY
                         NORMAL    RECORD    YEAR
 MAXIMUM TEMPERATURE (F)   85        99      1940
 MINIMUM TEMPERATURE (F)   65        49      1981


SUNRISE AND SUNSET
JULY 30 2016..........SUNRISE   629 AM EDT   SUNSET   847 PM EDT
JULY 31 2016..........SUNRISE   629 AM EDT   SUNSET   846 PM EDT


-  INDICATES NEGATIVE NUMBERS.
R  INDICATES RECORD WAS SET OR TIED.
MM INDICATES DATA IS MISSING.
T  INDICATES TRACE AMOUNT.




$$
