000
CDUS41 KILN 240609
CLICMH


CLIMATE REPORT
NATIONAL WEATHER SERVICE WILMINGTON OH
209 AM EDT TUE MAY 24 2016


...................................

...THE COLUMBUS OH CLIMATE SUMMARY FOR MAY 23 2016...

CLIMATE NORMAL PERIOD 1981 TO 2010
CLIMATE RECORD PERIOD 1869 TO 2016


WEATHER ITEM   OBSERVED TIME   RECORD YEAR NORMAL DEPARTURE LAST
                VALUE   (LST)  VALUE       VALUE  FROM      YEAR
                                                  NORMAL
..................................................................
TEMPERATURE (F)
 YESTERDAY
  MAXIMUM         76    558 PM  90    1939  75      1       77
  MINIMUM         45    531 AM  34    1963  54     -9       44
  AVERAGE         61                        65     -4       61

PRECIPITATION (IN)
  YESTERDAY        0.00          1.92 1968   0.14  -0.14     0.00
  MONTH TO DATE    2.14                      3.01  -0.87     2.71
  SINCE MAR 1      8.72                      9.43  -0.71    10.72
  SINCE JAN 1     13.13                     14.41  -1.28    15.29

SNOWFALL (IN)
  YESTERDAY        0.0          MM      MM   0.0    0.0      0.0
  MONTH TO DATE    0.0                       0.0    0.0      0.0
  SINCE MAR 1      2.6                       5.3   -2.7      5.4
  SINCE JUL 1     17.1                      26.7   -9.6     33.4
  SNOW DEPTH       0

DEGREE DAYS
 HEATING
  YESTERDAY        4                         3      1        4
  MONTH TO DATE  202                       124     78       85
  SINCE MAR 1   1106                      1211   -105     1264
  SINCE JUL 1   4547                      5206   -659     5818

 COOLING
  YESTERDAY        0                         3     -3        0
  MONTH TO DATE    3                        41    -38       91
  SINCE MAR 1      4                        53    -49       91
  SINCE JAN 1      4                        53    -49       91
..................................................................


WIND (MPH)
  RESULTANT WIND SPEED   1   RESULTANT WIND DIRECTION   N (0)
  HIGHEST WIND SPEED    12   HIGHEST WIND DIRECTION    NE (40)
  HIGHEST GUST SPEED    16   HIGHEST GUST DIRECTION    NE (40)
  AVERAGE WIND SPEED     2.6


SKY COVER
  POSSIBLE SUNSHINE  MM
  AVERAGE SKY COVER 0.1


WEATHER CONDITIONS
 THE FOLLOWING WEATHER WAS RECORDED YESTERDAY.
  NO SIGNIFICANT WEATHER WAS OBSERVED.


RELATIVE HUMIDITY (PERCENT)
 HIGHEST    92           500 AM
 LOWEST     36           500 PM
 AVERAGE    64

..........................................................


THE COLUMBUS OH CLIMATE NORMALS FOR TODAY
                         NORMAL    RECORD    YEAR
 MAXIMUM TEMPERATURE (F)   75        90      1975
                                             1880
 MINIMUM TEMPERATURE (F)   55        36      1956
                                             1925


SUNRISE AND SUNSET
MAY 24 2016...........SUNRISE   609 AM EDT   SUNSET   848 PM EDT
MAY 25 2016...........SUNRISE   608 AM EDT   SUNSET   849 PM EDT


-  INDICATES NEGATIVE NUMBERS.
R  INDICATES RECORD WAS SET OR TIED.
MM INDICATES DATA IS MISSING.
T  INDICATES TRACE AMOUNT.




$$
