000
CDUS41 KILN 270545
CLICMH


CLIMATE REPORT
NATIONAL WEATHER SERVICE WILMINGTON OH
143 AM EDT TUE SEP 27 2016


...................................

...THE COLUMBUS OH CLIMATE SUMMARY FOR SEPTEMBER 26 2016...

CLIMATE NORMAL PERIOD 1981 TO 2010
CLIMATE RECORD PERIOD 1869 TO 2016


WEATHER ITEM   OBSERVED TIME   RECORD YEAR NORMAL DEPARTURE LAST
                VALUE   (LST)  VALUE       VALUE  FROM      YEAR
                                                  NORMAL
..................................................................
TEMPERATURE (F)
 YESTERDAY
  MAXIMUM         69    847 AM  92    1998  73     -4       76
  MINIMUM         54   1159 PM  35    1950  52      2       62
                                      1928
  AVERAGE         62                        63     -1       69

PRECIPITATION (IN)
  YESTERDAY        0.14          1.47 1890   0.09   0.05     0.00
  MONTH TO DATE    2.25                      2.49  -0.24     2.02
  SINCE SEP 1      2.25                      2.49  -0.24     2.02
  SINCE JAN 1     29.51                     30.18  -0.67    33.88

SNOWFALL (IN)
  YESTERDAY        0.0          MM      MM   0.0    0.0      0.0
  MONTH TO DATE    0.0                       0.0    0.0      0.0
  SINCE SEP 1      0.0                       0.0    0.0      0.0
  SINCE JUL 1      0.0                       0.0    0.0      0.0
  SNOW DEPTH       0

DEGREE DAYS
 HEATING
  YESTERDAY        3                         4     -1        0
  MONTH TO DATE    3                        48    -45       17
  SINCE SEP 1      3                        48    -45       17
  SINCE JUL 1      3                        48    -45       22

 COOLING
  YESTERDAY        0                         2     -2        4
  MONTH TO DATE  188                       114     74      151
  SINCE SEP 1    188                       114     74      151
  SINCE JAN 1   1281                      1003    278     1007
..................................................................


WIND (MPH)
  RESULTANT WIND SPEED   3   RESULTANT WIND DIRECTION   W (260)
  HIGHEST WIND SPEED    23   HIGHEST WIND DIRECTION    NW (310)
  HIGHEST GUST SPEED    30   HIGHEST GUST DIRECTION    NW (320)
  AVERAGE WIND SPEED     6.8


SKY COVER
  POSSIBLE SUNSHINE  MM
  AVERAGE SKY COVER 0.5


WEATHER CONDITIONS
 THE FOLLOWING WEATHER WAS RECORDED YESTERDAY.
  LIGHT RAIN
  FOG
  HAZE


RELATIVE HUMIDITY (PERCENT)
 HIGHEST   100          1200 PM
 LOWEST     56          1200 AM
 AVERAGE    78

..........................................................


THE COLUMBUS OH CLIMATE NORMALS FOR TODAY
                         NORMAL    RECORD    YEAR
 MAXIMUM TEMPERATURE (F)   73        90      1998
                                             1891
 MINIMUM TEMPERATURE (F)   52        36      1991


SUNRISE AND SUNSET
SEPTEMBER 27 2016.....SUNRISE   724 AM EDT   SUNSET   720 PM EDT
SEPTEMBER 28 2016.....SUNRISE   725 AM EDT   SUNSET   718 PM EDT


-  INDICATES NEGATIVE NUMBERS.
R  INDICATES RECORD WAS SET OR TIED.
MM INDICATES DATA IS MISSING.
T  INDICATES TRACE AMOUNT.




$$
