000
CDUS43 KILX 290703
CLICMI


CLIMATE REPORT
NATIONAL WEATHER SERVICE LINCOLN IL
202 AM CDT SAT AUG 29 2015


...................................

...THE CHAMPAIGN IL AIRPORT CLIMATE SUMMARY FOR AUGUST 28 2015...

CLIMATE NORMAL PERIOD 1981 TO 2010
CLIMATE RECORD PERIOD 9999 TO 9999


WEATHER ITEM   OBSERVED TIME   RECORD YEAR NORMAL DEPARTURE LAST
                VALUE   (LST)  VALUE       VALUE  FROM      YEAR
                                                  NORMAL
..................................................................
TEMPERATURE (F)
 YESTERDAY
  MAXIMUM         80    307 PM  MM      MM  83     -3       84
  MINIMUM         57    521 AM  MM      MM  60     -3       65
  AVERAGE         69                        71     -2       75

PRECIPITATION (IN)
  YESTERDAY        0.00         MM      MM   0.15  -0.15     0.10
  MONTH TO DATE    2.64                      3.20  -0.56     1.70
  SINCE JUN 1     13.78                     11.71   2.07    14.02
  SINCE JAN 1     25.19                     26.87  -1.68    28.56

DEGREE DAYS
 HEATING
  YESTERDAY        0                         0      0        0
  MONTH TO DATE    5                         0      5        2
  SINCE JUN 1     12                        19     -7        9
  SINCE JUL 1      6                         2      4        9

 COOLING
  YESTERDAY        4                         6     -2       10
  MONTH TO DATE  184                       212    -28      225
  SINCE JUN 1    681                       717    -36      665
  SINCE JAN 1    835                       809     26      817
..................................................................


WIND (MPH)
  HIGHEST WIND SPEED    12   HIGHEST WIND DIRECTION    SE (140)
  HIGHEST GUST SPEED    16   HIGHEST GUST DIRECTION    SE (140)
  AVERAGE WIND SPEED     5.7


SKY COVER
  POSSIBLE SUNSHINE  MM
  AVERAGE SKY COVER 0.0


WEATHER CONDITIONS
 THE FOLLOWING WEATHER WAS RECORDED YESTERDAY.
  FOG


RELATIVE HUMIDITY (PERCENT)
 HIGHEST    93           300 AM
 LOWEST     48           100 PM
 AVERAGE    71

..........................................................


THE CHAMPAIGN IL AIRPORT CLIMATE NORMALS FOR TODAY
                         NORMAL    RECORD    YEAR
 MAXIMUM TEMPERATURE (F)   83        MM        MM
 MINIMUM TEMPERATURE (F)   59        MM        MM


SUNRISE AND SUNSET
AUGUST 29 2015........SUNRISE   618 AM CDT   SUNSET   730 PM CDT
AUGUST 30 2015........SUNRISE   619 AM CDT   SUNSET   728 PM CDT


-  INDICATES NEGATIVE NUMBERS.
R  INDICATES RECORD WAS SET OR TIED.
MM INDICATES DATA IS MISSING.
T  INDICATES TRACE AMOUNT.




$$
