000
CDUS43 KILX 100632
CLICMI


CLIMATE REPORT
NATIONAL WEATHER SERVICE LINCOLN IL
1231 AM CST WED FEB 10 2016


...................................

...THE CHAMPAIGN IL AIRPORT CLIMATE SUMMARY FOR FEBRUARY 9 2016...

CLIMATE NORMAL PERIOD 1981 TO 2010
CLIMATE RECORD PERIOD 9999 TO 9999


WEATHER ITEM   OBSERVED TIME   RECORD YEAR NORMAL DEPARTURE LAST
                VALUE   (LST)  VALUE       VALUE  FROM      YEAR
                                                  NORMAL
..................................................................
TEMPERATURE (F)
 YESTERDAY
  MAXIMUM         20   1224 AM  MM      MM  36    -16       32
  MINIMUM         15   1159 PM  MM      MM  19     -4       27
  AVERAGE         18                        28    -10       30

PRECIPITATION (IN)
  YESTERDAY        T            MM      MM   0.08  -0.08     0.00
  MONTH TO DATE    0.43                      0.63  -0.20     0.25
  SINCE DEC 1      7.94                      5.20   2.74     3.04
  SINCE JAN 1      1.27                      2.68  -1.41     1.37

DEGREE DAYS
 HEATING
  YESTERDAY       47                        37     10       35
  MONTH TO DATE  284                       344    -60      352
  SINCE DEC 1   2187                      2690   -503     2575
  SINCE JUL 1   3054                      3854   -800     3925

 COOLING
  YESTERDAY        0                         0      0        0
  MONTH TO DATE    0                         0      0        0
  SINCE DEC 1      0                         0      0        0
  SINCE JAN 1      0                         0      0        0
..................................................................


WIND (MPH)
  HIGHEST WIND SPEED    23   HIGHEST WIND DIRECTION    NW (310)
  HIGHEST GUST SPEED    30   HIGHEST GUST DIRECTION    NW (310)
  AVERAGE WIND SPEED    17.3


SKY COVER
  POSSIBLE SUNSHINE  MM
  AVERAGE SKY COVER 1.0


WEATHER CONDITIONS
 THE FOLLOWING WEATHER WAS RECORDED YESTERDAY.
  LIGHT SNOW
  FOG


RELATIVE HUMIDITY (PERCENT)
 HIGHEST    80           900 AM
 LOWEST     67           300 PM
 AVERAGE    74

..........................................................


THE CHAMPAIGN IL AIRPORT CLIMATE NORMALS FOR TODAY
                         NORMAL    RECORD    YEAR
 MAXIMUM TEMPERATURE (F)   36        MM        MM
 MINIMUM TEMPERATURE (F)   20        MM        MM


SUNRISE AND SUNSET
FEBRUARY 10 2016......SUNRISE   653 AM CST   SUNSET   522 PM CST
FEBRUARY 11 2016......SUNRISE   652 AM CST   SUNSET   524 PM CST


-  INDICATES NEGATIVE NUMBERS.
R  INDICATES RECORD WAS SET OR TIED.
MM INDICATES DATA IS MISSING.
T  INDICATES TRACE AMOUNT.




$$
