000
CDUS43 KILX 272135
CLICMI


CLIMATE REPORT
NATIONAL WEATHER SERVICE LINCOLN IL
435 PM CDT WED MAY 27 2015


...................................

...THE CHAMPAIGN IL AIRPORT CLIMATE SUMMARY FOR MAY 27 2015...
VALID TODAY AS OF 0400 PM LOCAL TIME.

CLIMATE NORMAL PERIOD 1981 TO 2010
CLIMATE RECORD PERIOD 9999 TO 9999


WEATHER ITEM   OBSERVED TIME   RECORD YEAR NORMAL DEPARTURE LAST
                VALUE   (LST)  VALUE       VALUE  FROM      YEAR
                                                  NORMAL
..................................................................
TEMPERATURE (F)
 TODAY
  MAXIMUM         82    259 PM  MM      MM  79      3       88
  MINIMUM         64    230 AM  MM      MM  55      9       67
  AVERAGE         73                        67      6       78

PRECIPITATION (IN)
  TODAY            T            MM      MM   0.13  -0.13     0.48
  MONTH TO DATE    3.00                      3.98  -0.98     5.94
  SINCE MAR 1      7.15                     10.52  -3.37    11.09
  SINCE JAN 1      8.82                     14.59  -5.77    13.84

DEGREE DAYS
 HEATING
  TODAY            0                         2     -2        0
  MONTH TO DATE   77                       133    -56      134
  SINCE MAR 1   1278                      1295    -17     1405
  SINCE JUL 1   6154                      5797    357     6486

 COOLING
  TODAY            8                         4      4       13
  MONTH TO DATE  135                        64     71      104
  SINCE MAR 1    138                        75     63      107
  SINCE JAN 1    138                        75     63      107
..................................................................


WIND (MPH)
  HIGHEST WIND SPEED    24   HIGHEST WIND DIRECTION    SW (230)
  HIGHEST GUST SPEED    32   HIGHEST GUST DIRECTION    SW (240)
  AVERAGE WIND SPEED    14.6


SKY COVER
  POSSIBLE SUNSHINE  MM
  AVERAGE SKY COVER 0.4


WEATHER CONDITIONS
 THE FOLLOWING WEATHER WAS RECORDED TODAY.
  LIGHT RAIN


RELATIVE HUMIDITY (PERCENT)
 HIGHEST    87           200 AM
 LOWEST     45           300 PM
 AVERAGE    66

..........................................................


THE CHAMPAIGN IL AIRPORT CLIMATE NORMALS FOR TOMORROW
                         NORMAL    RECORD    YEAR
 MAXIMUM TEMPERATURE (F)   79        MM        MM
 MINIMUM TEMPERATURE (F)   55        MM        MM


SUNRISE AND SUNSET
MAY 27 2015...........SUNRISE   529 AM CDT   SUNSET   812 PM CDT
MAY 28 2015...........SUNRISE   528 AM CDT   SUNSET   813 PM CDT


-  INDICATES NEGATIVE NUMBERS.
R  INDICATES RECORD WAS SET OR TIED.
MM INDICATES DATA IS MISSING.
T  INDICATES TRACE AMOUNT.




$$
