000
CDUS43 KILX 270656
CLICMI


CLIMATE REPORT
NATIONAL WEATHER SERVICE LINCOLN IL
1247 AM CST TUE JAN 27 2015


...................................

...THE CHAMPAIGN IL AIRPORT CLIMATE SUMMARY FOR JANUARY 26 2015...

CLIMATE NORMAL PERIOD 1981 TO 2010
CLIMATE RECORD PERIOD 9999 TO 9999


WEATHER ITEM   OBSERVED TIME   RECORD YEAR NORMAL DEPARTURE LAST
                VALUE   (LST)  VALUE       VALUE  FROM      YEAR
                                                  NORMAL
..................................................................
TEMPERATURE (F)
 YESTERDAY
  MAXIMUM         30   1159 PM  MM      MM  34     -4       44
  MINIMUM         24    859 AM  MM      MM  17      7       13
  AVERAGE         27                        25      2       29

PRECIPITATION (IN)
  YESTERDAY        0.03         MM      MM   0.06  -0.03      T
  MONTH TO DATE    1.01                      1.80  -0.79     0.66
  SINCE DEC 1      2.68                      4.32  -1.64     2.53
  SINCE JAN 1      1.01                      1.80  -0.79     0.66

DEGREE DAYS
 HEATING
  YESTERDAY       38                        40     -2       36
  MONTH TO DATE 1059                      1036     23     1162
  SINCE DEC 1   2047                      2153   -106     2344
  SINCE JUL 1   3397                      3317     80     3538

 COOLING
  YESTERDAY        0                         0      0        0
  MONTH TO DATE    0                         0      0        0
  SINCE DEC 1      0                         0      0        0
  SINCE JAN 1      0                         0      0        0
..................................................................


WIND (MPH)
  HIGHEST WIND SPEED    18   HIGHEST WIND DIRECTION     N (360)
  HIGHEST GUST SPEED    22   HIGHEST GUST DIRECTION     N (10)
  AVERAGE WIND SPEED     8.4


SKY COVER
  POSSIBLE SUNSHINE  MM
  AVERAGE SKY COVER 1.0


WEATHER CONDITIONS
 THE FOLLOWING WEATHER WAS RECORDED YESTERDAY.
  LT FREEZING RAIN
  LIGHT SNOW
  FOG


RELATIVE HUMIDITY (PERCENT)
 HIGHEST   100           900 PM
 LOWEST     75           200 AM
 AVERAGE    88

..........................................................


THE CHAMPAIGN IL AIRPORT CLIMATE NORMALS FOR TODAY
                         NORMAL    RECORD    YEAR
 MAXIMUM TEMPERATURE (F)   34        MM        MM
 MINIMUM TEMPERATURE (F)   17        MM        MM


SUNRISE AND SUNSET
JANUARY 27 2015.......SUNRISE   706 AM CST   SUNSET   506 PM CST
JANUARY 28 2015.......SUNRISE   705 AM CST   SUNSET   507 PM CST


-  INDICATES NEGATIVE NUMBERS.
R  INDICATES RECORD WAS SET OR TIED.
MM INDICATES DATA IS MISSING.
T  INDICATES TRACE AMOUNT.




$$
