000
CDUS43 KILX 250645
CLICMI


CLIMATE REPORT
NATIONAL WEATHER SERVICE LINCOLN IL
144 AM CDT FRI APR 25 2014


...................................

...THE CHAMPAIGN IL AIRPORT CLIMATE SUMMARY FOR APRIL 24 2014...

CLIMATE NORMAL PERIOD 1981 TO 2010
CLIMATE RECORD PERIOD 9999 TO 9999


WEATHER ITEM   OBSERVED TIME   RECORD YEAR NORMAL DEPARTURE LAST
                VALUE   (LST)  VALUE       VALUE  FROM      YEAR
                                                  NORMAL
..................................................................
TEMPERATURE (F)
 YESTERDAY
  MAXIMUM         74    300 PM  MM      MM  67      7       50
  MINIMUM         47    526 AM  MM      MM  43      4       36
  AVERAGE         61                        55      6       43

PRECIPITATION (IN)
  YESTERDAY        0.10         MM      MM   0.13  -0.03     0.10
  MONTH TO DATE    1.85                      2.90  -1.05     5.89
  SINCE MAR 1      3.24                      5.65  -2.41     6.66
  SINCE JAN 1      5.99                      9.72  -3.73    11.72

DEGREE DAYS
 HEATING
  YESTERDAY        4                        11     -7       22
  MONTH TO DATE  322                       353    -31      369
  SINCE MAR 1   1245                      1109    136     1304
  SINCE JUL 1   6326                      5611    715     5465

 COOLING
  YESTERDAY        0                         0      0        0
  MONTH TO DATE    3                         0      3        3
  SINCE MAR 1      3                         1      2        3
  SINCE JAN 1      3                         1      2        3
..................................................................


WIND (MPH)
  HIGHEST WIND SPEED    28   HIGHEST WIND DIRECTION    SE (150)
  HIGHEST GUST SPEED    36   HIGHEST GUST DIRECTION    SE (140)
  AVERAGE WIND SPEED    15.5


SKY COVER
  POSSIBLE SUNSHINE  MM
  AVERAGE SKY COVER 0.4


WEATHER CONDITIONS
 THE FOLLOWING WEATHER WAS RECORDED YESTERDAY.
  RAIN
  LIGHT RAIN
  FOG


RELATIVE HUMIDITY (PERCENT)
 HIGHEST    86          1100 PM
 LOWEST     27           100 PM
 AVERAGE    57

..........................................................


THE CHAMPAIGN IL AIRPORT CLIMATE NORMALS FOR TODAY
                         NORMAL    RECORD    YEAR
 MAXIMUM TEMPERATURE (F)   67        MM        MM
 MINIMUM TEMPERATURE (F)   43        MM        MM


SUNRISE AND SUNSET
APRIL 25 2014.........SUNRISE   601 AM CDT   SUNSET   742 PM CDT
APRIL 26 2014.........SUNRISE   600 AM CDT   SUNSET   743 PM CDT


-  INDICATES NEGATIVE NUMBERS.
R  INDICATES RECORD WAS SET OR TIED.
MM INDICATES DATA IS MISSING.
T  INDICATES TRACE AMOUNT.




$$
