000
CDUS43 KILX 310628
CLICMI


CLIMATE REPORT
NATIONAL WEATHER SERVICE LINCOLN IL
128 AM CDT FRI JUL 31 2015


...................................

...THE CHAMPAIGN IL AIRPORT CLIMATE SUMMARY FOR JULY 30 2015...

CLIMATE NORMAL PERIOD 1981 TO 2010
CLIMATE RECORD PERIOD 9999 TO 9999


WEATHER ITEM   OBSERVED TIME   RECORD YEAR NORMAL DEPARTURE LAST
                VALUE   (LST)  VALUE       VALUE  FROM      YEAR
                                                  NORMAL
..................................................................
TEMPERATURE (F)
 YESTERDAY
  MAXIMUM         86    328 PM  MM      MM  83      3       80
  MINIMUM         61    514 AM  MM      MM  63     -2       56
  AVERAGE         74                        73      1       68

PRECIPITATION (IN)
  YESTERDAY        0.00         MM      MM   0.11  -0.11     0.00
  MONTH TO DATE    2.79                      4.22  -1.43     5.98
  SINCE JUN 1     11.14                      8.39   2.75    12.32
  SINCE JAN 1     22.55                     23.55  -1.00    26.86

DEGREE DAYS
 HEATING
  YESTERDAY        0                         0      0        0
  MONTH TO DATE    1                         0      1        7
  SINCE JUN 1      7                        17    -10        7
  SINCE JUL 1      1                         0      1        7

 COOLING
  YESTERDAY        9                         8      1        3
  MONTH TO DATE  256                       275    -19      155
  SINCE JUN 1    487                       498    -11      436
  SINCE JAN 1    641                       590     51      588
..................................................................


WIND (MPH)
  HIGHEST WIND SPEED    13   HIGHEST WIND DIRECTION    NW (300)
  HIGHEST GUST SPEED    19   HIGHEST GUST DIRECTION     N (360)
  AVERAGE WIND SPEED     6.3


SKY COVER
  POSSIBLE SUNSHINE  MM
  AVERAGE SKY COVER 0.0


WEATHER CONDITIONS
 THE FOLLOWING WEATHER WAS RECORDED YESTERDAY.
  NO SIGNIFICANT WEATHER WAS OBSERVED.


RELATIVE HUMIDITY (PERCENT)
 HIGHEST    97           500 AM
 LOWEST     48           300 PM
 AVERAGE    73

..........................................................


THE CHAMPAIGN IL AIRPORT CLIMATE NORMALS FOR TODAY
                         NORMAL    RECORD    YEAR
 MAXIMUM TEMPERATURE (F)   83        MM        MM
 MINIMUM TEMPERATURE (F)   63        MM        MM


SUNRISE AND SUNSET
JULY 31 2015..........SUNRISE   550 AM CDT   SUNSET   808 PM CDT
AUGUST  1 2015........SUNRISE   551 AM CDT   SUNSET   807 PM CDT


-  INDICATES NEGATIVE NUMBERS.
R  INDICATES RECORD WAS SET OR TIED.
MM INDICATES DATA IS MISSING.
T  INDICATES TRACE AMOUNT.




$$
