000
CDUS43 KILX 180643
CLICMI


CLIMATE REPORT
NATIONAL WEATHER SERVICE LINCOLN IL
1243 AM CST MON DEC 18 2017


...................................

...THE CHAMPAIGN IL AIRPORT CLIMATE SUMMARY FOR DECEMBER 17 2017...

CLIMATE NORMAL PERIOD 1981 TO 2010
CLIMATE RECORD PERIOD 9999 TO 9999


WEATHER ITEM   OBSERVED TIME   RECORD YEAR NORMAL DEPARTURE LAST
                VALUE   (LST)  VALUE       VALUE  FROM      YEAR
                                                  NORMAL
..................................................................
TEMPERATURE (F)
 YESTERDAY
  MAXIMUM         51    315 PM  MM      MM  36     15       33
  MINIMUM         35    131 AM  MM      MM  21     14       19
  AVERAGE         43                        28     15       26

PRECIPITATION (IN)
  YESTERDAY        T            MM      MM   0.07  -0.07     0.03
  MONTH TO DATE    0.08                      1.30  -1.22     0.64
  SINCE DEC 1      0.08                      1.30  -1.22     0.64
  SINCE JAN 1     31.73                     38.50  -6.77    36.25

DEGREE DAYS
 HEATING
  YESTERDAY       22                        37    -15       39
  MONTH TO DATE  508                       581    -73      635
  SINCE DEC 1    508                       581    -73      635
  SINCE JUL 1   1459                      1745   -286     1368

 COOLING
  YESTERDAY        0                         0      0        0
  MONTH TO DATE    0                         0      0        0
  SINCE DEC 1      0                         0      0        0
  SINCE JAN 1   1126                       945    181     1284
..................................................................


WIND (MPH)
  HIGHEST WIND SPEED    18   HIGHEST WIND DIRECTION     S (190)
  HIGHEST GUST SPEED    23   HIGHEST GUST DIRECTION     S (190)
  AVERAGE WIND SPEED    11.3


SKY COVER
  POSSIBLE SUNSHINE  MM
  AVERAGE SKY COVER 0.7


WEATHER CONDITIONS
 THE FOLLOWING WEATHER WAS RECORDED YESTERDAY.
  LIGHT RAIN


RELATIVE HUMIDITY (PERCENT)
 HIGHEST    89           900 PM
 LOWEST     60          1200 PM
 AVERAGE    75

..........................................................


THE CHAMPAIGN IL AIRPORT CLIMATE NORMALS FOR TODAY
                         NORMAL    RECORD    YEAR
 MAXIMUM TEMPERATURE (F)   35        MM        MM
 MINIMUM TEMPERATURE (F)   21        MM        MM


SUNRISE AND SUNSET
DECEMBER 18 2017......SUNRISE   710 AM CST   SUNSET   430 PM CST
DECEMBER 19 2017......SUNRISE   711 AM CST   SUNSET   430 PM CST


-  INDICATES NEGATIVE NUMBERS.
R  INDICATES RECORD WAS SET OR TIED.
MM INDICATES DATA IS MISSING.
T  INDICATES TRACE AMOUNT.




$$
