000
CDUS43 KILX 270631
CLICMI


CLIMATE REPORT
NATIONAL WEATHER SERVICE LINCOLN IL
130 AM CDT TUE JUN 27 2017


...................................

...THE CHAMPAIGN IL AIRPORT CLIMATE SUMMARY FOR JUNE 26 2017...

CLIMATE NORMAL PERIOD 1981 TO 2010
CLIMATE RECORD PERIOD 9999 TO 9999


WEATHER ITEM   OBSERVED TIME   RECORD YEAR NORMAL DEPARTURE LAST
                VALUE   (LST)  VALUE       VALUE  FROM      YEAR
                                                  NORMAL
..................................................................
TEMPERATURE (F)
 YESTERDAY
  MAXIMUM         73    355 PM  MM      MM  85    -12       93
  MINIMUM         MM        MM  MM      MM  63     MM       72
  AVERAGE         MM                        74     MM       83

PRECIPITATION (IN)
  YESTERDAY        T            MM      MM   0.11  -0.11     0.16
  MONTH TO DATE    1.10                      3.75  -2.65     5.19
  SINCE JUN 1      1.10                      3.75  -2.65     5.19
  SINCE JAN 1     17.22                     18.91  -1.69    15.70

DEGREE DAYS
 HEATING
  YESTERDAY       MM                         0     MM        0
  MONTH TO DATE    0                        14    -14        1
  SINCE JUN 1      0                        14    -14        1
  SINCE JUL 1   4572                      5820  -1248     4760

 COOLING
  YESTERDAY       MM                         9     MM       18
  MONTH TO DATE  242                       186     56      274
  SINCE JUN 1    242                       186     56      274
  SINCE JAN 1    341                       278     63      374
..................................................................


WIND (MPH)
  HIGHEST WIND SPEED    30   HIGHEST WIND DIRECTION    NW (310)
  HIGHEST GUST SPEED    37   HIGHEST GUST DIRECTION    NW (320)
  AVERAGE WIND SPEED    10.6


SKY COVER
  POSSIBLE SUNSHINE  MM
  AVERAGE SKY COVER 0.2


WEATHER CONDITIONS
 THE FOLLOWING WEATHER WAS RECORDED YESTERDAY.
  NO SIGNIFICANT WEATHER WAS OBSERVED.


RELATIVE HUMIDITY (PERCENT)
 HIGHEST    89           600 AM
 LOWEST     38          1100 AM
 AVERAGE    64

..........................................................


THE CHAMPAIGN IL AIRPORT CLIMATE NORMALS FOR TODAY
                         NORMAL    RECORD    YEAR
 MAXIMUM TEMPERATURE (F)   85        MM        MM
 MINIMUM TEMPERATURE (F)   63        MM        MM


SUNRISE AND SUNSET
JUNE 27 2017..........SUNRISE   526 AM CDT   SUNSET   826 PM CDT
JUNE 28 2017..........SUNRISE   527 AM CDT   SUNSET   826 PM CDT


-  INDICATES NEGATIVE NUMBERS.
R  INDICATES RECORD WAS SET OR TIED.
MM INDICATES DATA IS MISSING.
T  INDICATES TRACE AMOUNT.




$$
