000
CDUS43 KILX 242232
CLICMI


CLIMATE REPORT
NATIONAL WEATHER SERVICE LINCOLN IL
432 PM CST TUE JAN 24 2017


...................................

...THE CHAMPAIGN IL AIRPORT CLIMATE SUMMARY FOR JANUARY 24 2017...
VALID TODAY AS OF 0400 PM LOCAL TIME.

CLIMATE NORMAL PERIOD 1981 TO 2010
CLIMATE RECORD PERIOD 9999 TO 9999


WEATHER ITEM   OBSERVED TIME   RECORD YEAR NORMAL DEPARTURE LAST
                VALUE   (LST)  VALUE       VALUE  FROM      YEAR
                                                  NORMAL
..................................................................
TEMPERATURE (F)
 TODAY
  MAXIMUM         41    359 PM  MM      MM  34      7       35
  MINIMUM         38    720 AM  MM      MM  17     21       10
  AVERAGE         40                        25     15       23

PRECIPITATION (IN)
  TODAY            0.00         MM      MM   0.05  -0.05     0.00
  MONTH TO DATE    2.40                      1.69   0.71     0.84
  SINCE DEC 1      3.55                      4.21  -0.66     7.51
  SINCE JAN 1      2.40                      1.69   0.71     0.84

DEGREE DAYS
 HEATING
  TODAY           25                        40    -15       42
  MONTH TO DATE  772                       956   -184      971
  SINCE DEC 1   1878                      2073   -195     1709
  SINCE JUL 1   2611                      3237   -626     2576

 COOLING
  TODAY            0                         0      0        0
  MONTH TO DATE    0                         0      0        0
  SINCE DEC 1      0                         0      0        0
  SINCE JAN 1      0                         0      0        0
..................................................................


WIND (MPH)
  HIGHEST WIND SPEED    13   HIGHEST WIND DIRECTION    SE (140)
  HIGHEST GUST SPEED    15   HIGHEST GUST DIRECTION    SE (130)
  AVERAGE WIND SPEED     5.1


SKY COVER
  POSSIBLE SUNSHINE  MM
  AVERAGE SKY COVER 1.0


WEATHER CONDITIONS
 THE FOLLOWING WEATHER WAS RECORDED TODAY.
  NO SIGNIFICANT WEATHER WAS OBSERVED.


RELATIVE HUMIDITY (PERCENT)
 HIGHEST    92           600 AM
 LOWEST     70          1000 AM
 AVERAGE    81

..........................................................


THE CHAMPAIGN IL AIRPORT CLIMATE NORMALS FOR TOMORROW
                         NORMAL    RECORD    YEAR
 MAXIMUM TEMPERATURE (F)   34        MM        MM
 MINIMUM TEMPERATURE (F)   17        MM        MM


SUNRISE AND SUNSET
JANUARY 24 2017.......SUNRISE   708 AM CST   SUNSET   503 PM CST
JANUARY 25 2017.......SUNRISE   707 AM CST   SUNSET   504 PM CST


-  INDICATES NEGATIVE NUMBERS.
R  INDICATES RECORD WAS SET OR TIED.
MM INDICATES DATA IS MISSING.
T  INDICATES TRACE AMOUNT.




$$
