000
CDUS43 KTOP 180631
CLICNK


CLIMATE REPORT
NATIONAL WEATHER SERVICE TOPEKA KS
1231 AM CST THU JAN 18 2018


...................................

...THE CONCORDIA KS CLIMATE SUMMARY FOR JANUARY 17 2018...

CLIMATE NORMAL PERIOD 1981 TO 2010
CLIMATE RECORD PERIOD 1885 TO 2018


WEATHER ITEM   OBSERVED TIME   RECORD YEAR NORMAL DEPARTURE LAST
                VALUE   (LST)  VALUE       VALUE  FROM      YEAR
                                                  NORMAL
..................................................................
TEMPERATURE (F)
 YESTERDAY
  MAXIMUM         30    309 PM  67    1986  39     -9       42
  MINIMUM          3    534 AM -14    1978  19    -16       28
  AVERAGE         17                        29    -12       35

PRECIPITATION (IN)
  YESTERDAY        0.00          0.44 1960   0.02  -0.02     0.00
  MONTH TO DATE    0.37                      0.26   0.11     1.63
  SINCE DEC 1      0.50                      1.11  -0.61     2.56
  SINCE JAN 1      0.37                      0.26   0.11     1.63

SNOWFALL (IN)
  YESTERDAY        0.0           5.3  1960   0.2   -0.2      0.0
  MONTH TO DATE    3.4                       2.9    0.5      1.0
  SINCE JAN 1      3.4                       2.9    0.5      1.0
  SINCE JUL 1      5.2                       9.4   -4.2      3.2
  SNOW DEPTH       1

DEGREE DAYS
 HEATING
  YESTERDAY       48                        36     12       30
  MONTH TO DATE  722                       626     96      679
  SINCE DEC 1   1758                      1711     47     1783
  SINCE JUL 1   2695                      2803   -108     2480

 COOLING
  YESTERDAY        0                         0      0        0
  MONTH TO DATE    0                         0      0        0
  SINCE DEC 1      0                         0      0        0
  SINCE JAN 1      0                         0      0        0
..................................................................


WIND (MPH)
  HIGHEST WIND SPEED    20   HIGHEST WIND DIRECTION     S (200)
  HIGHEST GUST SPEED    24   HIGHEST GUST DIRECTION     S (190)
  AVERAGE WIND SPEED    11.3


SKY COVER
  AVERAGE SKY COVER 0.0


WEATHER CONDITIONS
 THE FOLLOWING WEATHER WAS RECORDED YESTERDAY.
  HAZE


RELATIVE HUMIDITY (PERCENT)
 HIGHEST    86           500 AM
 LOWEST     49           300 PM
 AVERAGE    68

..........................................................


THE CONCORDIA KS CLIMATE NORMALS FOR TODAY
                         NORMAL    RECORD    YEAR
 MAXIMUM TEMPERATURE (F)   39        68      1951
 MINIMUM TEMPERATURE (F)   19       -13      1940


SUNRISE AND SUNSET
JANUARY 18 2018.......SUNRISE   748 AM CST   SUNSET   534 PM CST
JANUARY 19 2018.......SUNRISE   748 AM CST   SUNSET   536 PM CST


-  INDICATES NEGATIVE NUMBERS.
R  INDICATES RECORD WAS SET OR TIED.
MM INDICATES DATA IS MISSING.
T  INDICATES TRACE AMOUNT.




$$
