000
CDUS43 KICT 050641
CLICNU

CLIMATE REPORT
NATIONAL WEATHER SERVICE WICHITA KS
140 AM CDT SAT SEP 5 2015


...................................

...THE CHANUTE KS CLIMATE SUMMARY FOR SEPTEMBER 4 2015...

CLIMATE NORMAL PERIOD 1981 TO 2010
CLIMATE RECORD PERIOD 1894 TO 2015


WEATHER ITEM   OBSERVED TIME   RECORD YEAR NORMAL DEPARTURE LAST
                VALUE   (LST)  VALUE       VALUE  FROM      YEAR
                                                  NORMAL
..................................................................
TEMPERATURE (F)
 YESTERDAY
  MAXIMUM         89    402 PM 102    1978  86      3       94
  MINIMUM         69    614 AM  42    1974  64      5       76
  AVERAGE         79                        75      4       85

PRECIPITATION (IN)
  YESTERDAY        0.00          2.79 1926   0.12  -0.12     0.00
  MONTH TO DATE    0.00                      0.44  -0.44     0.13
  SINCE SEP 1      0.00                      0.44  -0.44     0.13
  SINCE JAN 1     31.31                     30.93   0.38    20.61

DEGREE DAYS
 HEATING
  YESTERDAY        0                         0      0        0
  MONTH TO DATE    0                         0      0        0
  SINCE SEP 1      0                         0      0        0
  SINCE JUL 1      0                         1     -1        1

 COOLING
  YESTERDAY       14                        10      4       20
  MONTH TO DATE   54                        42     12       59
  SINCE SEP 1     54                        42     12       59
  SINCE JAN 1   1373                      1346     27     1347
..................................................................


WIND (MPH)
  HIGHEST WIND SPEED    17   HIGHEST WIND DIRECTION     S (180)
  HIGHEST GUST SPEED    22   HIGHEST GUST DIRECTION     S (180)
  AVERAGE WIND SPEED     9.3


SKY COVER
  POSSIBLE SUNSHINE  MM
  AVERAGE SKY COVER 0.0


WEATHER CONDITIONS
 THE FOLLOWING WEATHER WAS RECORDED YESTERDAY.
  FOG


RELATIVE HUMIDITY (PERCENT)
 HIGHEST    97           500 AM
 LOWEST     52           300 PM
 AVERAGE    75

..........................................................


THE CHANUTE KS CLIMATE NORMALS FOR TODAY
                         NORMAL    RECORD    YEAR
 MAXIMUM TEMPERATURE (F)   86       105      1913
 MINIMUM TEMPERATURE (F)   63        44      1974


SUNRISE AND SUNSET
SEPTEMBER  5 2015.....SUNRISE   655 AM CDT   SUNSET   745 PM CDT
SEPTEMBER  6 2015.....SUNRISE   656 AM CDT   SUNSET   744 PM CDT


-  INDICATES NEGATIVE NUMBERS.
R  INDICATES RECORD WAS SET OR TIED.
MM INDICATES DATA IS MISSING.
T  INDICATES TRACE AMOUNT.




$$
