000
CDUS43 KICT 180632
CLICNU


CLIMATE REPORT
NATIONAL WEATHER SERVICE WICHITA KS
131 AM CDT FRI APR 18 2014


...................................

...THE CHANUTE KS CLIMATE SUMMARY FOR APRIL 17 2014...

CLIMATE NORMAL PERIOD 1981 TO 2010
CLIMATE RECORD PERIOD 1894 TO 2014


WEATHER ITEM   OBSERVED TIME   RECORD YEAR NORMAL DEPARTURE LAST
                VALUE   (LST)  VALUE       VALUE  FROM      YEAR
                                                  NORMAL
..................................................................
TEMPERATURE (F)
 YESTERDAY
  MAXIMUM         49    105 PM  89    1913  68    -19       77
  MINIMUM         34   1130 PM  27    1921  46    -12       45
  AVERAGE         42                        57    -15       61

PRECIPITATION (IN)
  YESTERDAY        T             2.14 1940   0.15  -0.15     0.45
  MONTH TO DATE    0.87                      2.28  -1.41     1.19
  SINCE MAR 1      1.84                      5.32  -3.48     3.18
  SINCE JAN 1      2.81                      8.48  -5.67     8.94

DEGREE DAYS
 HEATING
  YESTERDAY       23                         9     14        4
  MONTH TO DATE  211                       185     26      225
  SINCE MAR 1    897                       744    153      931
  SINCE JUL 1   4917                      4316    601     4023

 COOLING
  YESTERDAY        0                         1     -1        0
  MONTH TO DATE    4                        13     -9        3
  SINCE MAR 1      4                        17    -13        3
  SINCE JAN 1      4                        17    -13        4
..................................................................


WIND (MPH)
  HIGHEST WIND SPEED    16   HIGHEST WIND DIRECTION     N (360)
  HIGHEST GUST SPEED    25   HIGHEST GUST DIRECTION     N (360)
  AVERAGE WIND SPEED     7.9


SKY COVER
  POSSIBLE SUNSHINE  MM
  AVERAGE SKY COVER 0.3


WEATHER CONDITIONS
 THE FOLLOWING WEATHER WAS RECORDED YESTERDAY.
  FOG
  HAZE


RELATIVE HUMIDITY (PERCENT)
 HIGHEST    92          1100 PM
 LOWEST     56          1200 AM
 AVERAGE    74

..........................................................


THE CHANUTE KS CLIMATE NORMALS FOR TODAY
                         NORMAL    RECORD    YEAR
 MAXIMUM TEMPERATURE (F)   69        90      2006
 MINIMUM TEMPERATURE (F)   47        27      1953


SUNRISE AND SUNSET
APRIL 18 2014.........SUNRISE   643 AM CDT   SUNSET   800 PM CDT
APRIL 19 2014.........SUNRISE   641 AM CDT   SUNSET   801 PM CDT


-  INDICATES NEGATIVE NUMBERS.
R  INDICATES RECORD WAS SET OR TIED.
MM INDICATES DATA IS MISSING.
T  INDICATES TRACE AMOUNT.




$$
