450
CDUS43 KICT 270710
CLICNU


CLIMATE REPORT
NATIONAL WEATHER SERVICE WICHITA KS
110 AM CST MON FEB 27 2017


...................................

...THE CHANUTE KS CLIMATE SUMMARY FOR FEBRUARY 26 2017...

CLIMATE NORMAL PERIOD 1981 TO 2010
CLIMATE RECORD PERIOD 1894 TO 2017


WEATHER ITEM   OBSERVED TIME   RECORD YEAR NORMAL DEPARTURE LAST
                VALUE   (LST)  VALUE       VALUE  FROM      YEAR
                                                  NORMAL
..................................................................
TEMPERATURE (F)
 YESTERDAY
  MAXIMUM         52    209 PM  75    2009  52      0       58
                                      1999
  MINIMUM         27   1159 PM   0    1934  30     -3       17
  AVERAGE         40                        41     -1       38

PRECIPITATION (IN)
  YESTERDAY        0.00         99.99 2013   0.09  -0.09     0.00
  MONTH TO DATE    0.03                      1.74  -1.71     0.30
  SINCE DEC 1      2.65                      4.75  -2.10     4.63
  SINCE JAN 1      1.87                      3.00  -1.13     1.08

DEGREE DAYS
 HEATING
  YESTERDAY       25                        24      1       27
  MONTH TO DATE  483                       726   -243      596
  SINCE DEC 1   2267                      2673   -406     2282
  SINCE JUL 1   2745                      3525   -780     2925

 COOLING
  YESTERDAY        0                         0      0        0
  MONTH TO DATE    3                         0      3        0
  SINCE DEC 1      3                         0      3        0
  SINCE JAN 1      3                         0      3        0
..................................................................


WIND (MPH)
  HIGHEST WIND SPEED    22   HIGHEST WIND DIRECTION     S (180)
  HIGHEST GUST SPEED    28   HIGHEST GUST DIRECTION     S (180)
  AVERAGE WIND SPEED     8.6


SKY COVER
  POSSIBLE SUNSHINE  MM
  AVERAGE SKY COVER 0.5


WEATHER CONDITIONS
 THE FOLLOWING WEATHER WAS RECORDED YESTERDAY.
  FOG


RELATIVE HUMIDITY (PERCENT)
 HIGHEST    92          1100 PM
 LOWEST     38           300 PM
 AVERAGE    65

..........................................................


THE CHANUTE KS CLIMATE NORMALS FOR TODAY
                         NORMAL    RECORD    YEAR
 MAXIMUM TEMPERATURE (F)   52        80      1976
 MINIMUM TEMPERATURE (F)   31        -1      1934


SUNRISE AND SUNSET
FEBRUARY 27 2017......SUNRISE   656 AM CST   SUNSET   614 PM CST
FEBRUARY 28 2017......SUNRISE   654 AM CST   SUNSET   615 PM CST


-  INDICATES NEGATIVE NUMBERS.
R  INDICATES RECORD WAS SET OR TIED.
MM INDICATES DATA IS MISSING.
T  INDICATES TRACE AMOUNT.




$$
