000
CDUS43 KICT 010637
CLICNU


CLIMATE REPORT
NATIONAL WEATHER SERVICE WICHITA KS
1236 AM CST SUN FEB 1 2015


...................................

...THE CHANUTE KS CLIMATE SUMMARY FOR JANUARY 31 2015...

CLIMATE NORMAL PERIOD 1981 TO 2010
CLIMATE RECORD PERIOD 1894 TO 2015


WEATHER ITEM   OBSERVED TIME   RECORD YEAR NORMAL DEPARTURE LAST
                VALUE   (LST)  VALUE       VALUE  FROM      YEAR
                                                  NORMAL
..................................................................
TEMPERATURE (F)
 YESTERDAY
  MAXIMUM         43    451 AM  71    1911  44     -1       36
  MINIMUM         36    126 AM  -6    1918  24     12       24
  AVERAGE         40                        34      6       30

PRECIPITATION (IN)
  YESTERDAY        0.43          0.44 1923   0.05   0.38      T
  MONTH TO DATE    0.63                      1.26  -0.63     0.11
  SINCE DEC 1      3.00                      3.01  -0.01     0.27
  SINCE JAN 1      0.63                      1.26  -0.63     0.11

DEGREE DAYS
 HEATING
  YESTERDAY       25                        31     -6       35
  MONTH TO DATE  957                      1010    -53     1086
  SINCE DEC 1   1792                      1947   -155     2119
  SINCE JUL 1   2734                      2799    -65     3039

 COOLING
  YESTERDAY        0                         0      0        0
  MONTH TO DATE    0                         0      0        0
  SINCE DEC 1      0                         0      0        0
  SINCE JAN 1      0                         0      0        0
..................................................................


WIND (MPH)
  HIGHEST WIND SPEED    17   HIGHEST WIND DIRECTION    SE (140)
  HIGHEST GUST SPEED    21   HIGHEST GUST DIRECTION    SE (140)
  AVERAGE WIND SPEED     8.7


SKY COVER
  POSSIBLE SUNSHINE  MM
  AVERAGE SKY COVER 1.0


WEATHER CONDITIONS
 THE FOLLOWING WEATHER WAS RECORDED YESTERDAY.
  LIGHT RAIN
  FOG


RELATIVE HUMIDITY (PERCENT)
 HIGHEST   100           700 PM
 LOWEST     70          1200 AM
 AVERAGE    85

..........................................................


THE CHANUTE KS CLIMATE NORMALS FOR TODAY
                         NORMAL    RECORD    YEAR
 MAXIMUM TEMPERATURE (F)   44        76      1911
 MINIMUM TEMPERATURE (F)   24       -13      1979


SUNRISE AND SUNSET
FEBRUARY  1 2015......SUNRISE   726 AM CST   SUNSET   546 PM CST
FEBRUARY  2 2015......SUNRISE   725 AM CST   SUNSET   547 PM CST


-  INDICATES NEGATIVE NUMBERS.
R  INDICATES RECORD WAS SET OR TIED.
MM INDICATES DATA IS MISSING.
T  INDICATES TRACE AMOUNT.




$$
