000
CDUS43 KICT 010630
CLICNU


CLIMATE REPORT
NATIONAL WEATHER SERVICE WICHITA KS
129 AM CDT WED OCT 1 2014


...................................

...THE CHANUTE KS CLIMATE SUMMARY FOR SEPTEMBER 30 2014...

CLIMATE NORMAL PERIOD 1981 TO 2010
CLIMATE RECORD PERIOD 1894 TO 2014


WEATHER ITEM   OBSERVED TIME   RECORD YEAR NORMAL DEPARTURE LAST
                VALUE   (LST)  VALUE       VALUE  FROM      YEAR
                                                  NORMAL
..................................................................
TEMPERATURE (F)
 YESTERDAY
  MAXIMUM         83    346 PM  98    1938  75      8       79
  MINIMUM         58    619 AM  30    1984  52      6       47
  AVERAGE         71                        64      7       63

PRECIPITATION (IN)
  YESTERDAY        0.00          2.20 1986   0.13  -0.13     0.00
  MONTH TO DATE    3.10                      3.67  -0.57     3.02
  SINCE SEP 1      3.10                      3.67  -0.57     3.02
  SINCE JAN 1     23.58                     34.16 -10.58    38.64

DEGREE DAYS
 HEATING
  YESTERDAY        0                         4     -4        2
  MONTH TO DATE   30                        46    -16       16
  SINCE SEP 1     30                        46    -16       16
  SINCE JUL 1     31                        47    -16       16

 COOLING
  YESTERDAY        6                         3      3        0
  MONTH TO DATE  186                       193     -7      254
  SINCE SEP 1    186                       193     -7      254
  SINCE JAN 1   1474                      1497    -23     1521
..................................................................


WIND (MPH)
  HIGHEST WIND SPEED    21   HIGHEST WIND DIRECTION     S (170)
  HIGHEST GUST SPEED    29   HIGHEST GUST DIRECTION     S (170)
  AVERAGE WIND SPEED    11.0


SKY COVER
  POSSIBLE SUNSHINE  MM
  AVERAGE SKY COVER 0.1


WEATHER CONDITIONS
 THE FOLLOWING WEATHER WAS RECORDED YESTERDAY.
  NO SIGNIFICANT WEATHER WAS OBSERVED.


RELATIVE HUMIDITY (PERCENT)
 HIGHEST    97           400 AM
 LOWEST     47           100 PM
 AVERAGE    72

..........................................................


THE CHANUTE KS CLIMATE NORMALS FOR TODAY
                         NORMAL    RECORD    YEAR
 MAXIMUM TEMPERATURE (F)   74        95      2006
 MINIMUM TEMPERATURE (F)   52        32      1984


SUNRISE AND SUNSET
OCTOBER  1 2014.......SUNRISE   717 AM CDT   SUNSET   705 PM CDT
OCTOBER  2 2014.......SUNRISE   718 AM CDT   SUNSET   703 PM CDT


-  INDICATES NEGATIVE NUMBERS.
R  INDICATES RECORD WAS SET OR TIED.
MM INDICATES DATA IS MISSING.
T  INDICATES TRACE AMOUNT.




$$
