000
CDUS41 KGYX 312042
CLICON


CLIMATE REPORT
NATIONAL WEATHER SERVICE GRAY ME
442 PM EDT MON AUG 31 2015


...................................

...THE CONCORD NH CLIMATE SUMMARY FOR AUGUST 31 2015...
VALID TODAY AS OF 0400 PM LOCAL TIME.

CLIMATE NORMAL PERIOD 1981 TO 2010
CLIMATE RECORD PERIOD 1868 TO 2015


WEATHER ITEM   OBSERVED TIME   RECORD YEAR NORMAL DEPARTURE LAST
                VALUE   (LST)  VALUE       VALUE  FROM      YEAR
                                                  NORMAL
..................................................................
TEMPERATURE (F)
 TODAY
  MAXIMUM         87    259 PM  95    2010  78      9       84
  MINIMUM         58    540 AM  29    1965  53      5       62
  AVERAGE         73                        66      7       73

PRECIPITATION (IN)
  TODAY            0.00          3.56 1954   0.09  -0.09     0.21
  MONTH TO DATE    5.56                      3.18   2.38     3.82
  SINCE JUN 1     12.89                     10.61   2.28    15.14
  SINCE JAN 1     23.34                     26.27  -2.93    32.88

SNOWFALL (IN)
  TODAY            0.0           0.0  2002   0.0    0.0      0.0
                                      2001
                                      2000
  MONTH TO DATE    0.0                       0.0    0.0      0.0
  SINCE JUN 1      0.0                       0.0    0.0      0.0
  SINCE JUL 1      0.0                       0.0    0.0      0.0
  SNOW DEPTH       0

DEGREE DAYS
 HEATING
  TODAY            0                         2     -2        0
  MONTH TO DATE    0                        32    -32       32
  SINCE JUN 1    103                       133    -30       88
  SINCE JUL 1      8                        48    -40       32

 COOLING
  TODAY            8                         3      5        8
  MONTH TO DATE  177                       139     38       81
  SINCE JUN 1    436                       395     41      329
  SINCE JAN 1    502                       413     89      331
..................................................................


WIND (MPH)
  HIGHEST WIND SPEED    20   HIGHEST WIND DIRECTION    NW (300)
  HIGHEST GUST SPEED    26   HIGHEST GUST DIRECTION    NW (300)
  AVERAGE WIND SPEED     5.1


SKY COVER
  POSSIBLE SUNSHINE  MM
  AVERAGE SKY COVER 0.1


WEATHER CONDITIONS
 THE FOLLOWING WEATHER WAS RECORDED TODAY.
  FOG


RELATIVE HUMIDITY (PERCENT)
 HIGHEST    97           200 AM
 LOWEST     42           300 PM
 AVERAGE    70

..........................................................


THE CONCORD NH CLIMATE NORMALS FOR TOMORROW
                         NORMAL    RECORD    YEAR
 MAXIMUM TEMPERATURE (F)   78        95      2010
 MINIMUM TEMPERATURE (F)   53        36      1970


SUNRISE AND SUNSET
AUGUST 31 2015........SUNRISE   609 AM EDT   SUNSET   723 PM EDT
SEPTEMBER  1 2015.....SUNRISE   610 AM EDT   SUNSET   721 PM EDT


-  INDICATES NEGATIVE NUMBERS.
R  INDICATES RECORD WAS SET OR TIED.
MM INDICATES DATA IS MISSING.
T  INDICATES TRACE AMOUNT.




$$
