000
CDUS41 KGYX 290806
CLICON


CLIMATE REPORT
NATIONAL WEATHER SERVICE GRAY ME
406 AM EDT MON AUG 29 2016


...................................

...THE CONCORD NH CLIMATE SUMMARY FOR AUGUST 28 2016...

CLIMATE NORMAL PERIOD 1981 TO 2010
CLIMATE RECORD PERIOD 1868 TO 2016


WEATHER ITEM   OBSERVED TIME   RECORD YEAR NORMAL DEPARTURE LAST
                VALUE   (LST)  VALUE       VALUE  FROM      YEAR
                                                  NORMAL
..................................................................
TEMPERATURE (F)
 YESTERDAY
  MAXIMUM         88    316 PM  96    1977  79      9       80
  MINIMUM         58    542 AM  38    1986  54      4       50
  AVERAGE         73                        66      7       65

PRECIPITATION (IN)
  YESTERDAY        0.00          2.66 2011   0.09  -0.09     0.00
  MONTH TO DATE    1.89                      2.90  -1.01     5.56
  SINCE JUN 1      5.48                     10.33  -4.85    12.89
  SINCE JAN 1     18.18                     25.99  -7.81    23.34

SNOWFALL (IN)
  YESTERDAY        0.0           0.0  2002   0.0    0.0      0.0
                                      2001
                                      2000
  MONTH TO DATE    0.0                       0.0    0.0      0.0
  SINCE JUN 1      0.0                       0.0    0.0      0.0
  SINCE JUL 1      0.0                       0.0    0.0      0.0
  SNOW DEPTH       0

DEGREE DAYS
 HEATING
  YESTERDAY        0                         2     -2        0
  MONTH TO DATE    1                        26    -25        0
  SINCE JUN 1     54                       128    -74      103
  SINCE JUL 1     12                        43    -31        8

 COOLING
  YESTERDAY        8                         3      5        0
  MONTH TO DATE  238                       130    108      161
  SINCE JUN 1    570                       386    184      420
  SINCE JAN 1    610                       404    206      486
..................................................................


WIND (MPH)
  RESULTANT WIND SPEED   6   RESULTANT WIND DIRECTION   S (160)
  HIGHEST WIND SPEED    16   HIGHEST WIND DIRECTION     S (180)
  HIGHEST GUST SPEED    20   HIGHEST GUST DIRECTION     S (180)
  AVERAGE WIND SPEED     5.8


SKY COVER
  AVERAGE SKY COVER 0.1


WEATHER CONDITIONS
 THE FOLLOWING WEATHER WAS RECORDED YESTERDAY.
  NO SIGNIFICANT WEATHER WAS OBSERVED.


RELATIVE HUMIDITY (PERCENT)
 HIGHEST    90           300 AM
 LOWEST     40          1200 PM
 AVERAGE    65

..........................................................


THE CONCORD NH CLIMATE NORMALS FOR TODAY
                         NORMAL    RECORD    YEAR
 MAXIMUM TEMPERATURE (F)   79        98      1977
 MINIMUM TEMPERATURE (F)   54        32      1986


SUNRISE AND SUNSET
AUGUST 29 2016........SUNRISE   607 AM EDT   SUNSET   725 PM EDT
AUGUST 30 2016........SUNRISE   608 AM EDT   SUNSET   724 PM EDT


-  INDICATES NEGATIVE NUMBERS.
R  INDICATES RECORD WAS SET OR TIED.
MM INDICATES DATA IS MISSING.
T  INDICATES TRACE AMOUNT.




$$
