000
CDUS41 KGYX 110917
CLICON


CLIMATE REPORT
NATIONAL WEATHER SERVICE GRAY ME
416 AM EST MON DEC 11 2017


...................................

...THE CONCORD NH CLIMATE SUMMARY FOR DECEMBER 10 2017...

CLIMATE NORMAL PERIOD 1981 TO 2010
CLIMATE RECORD PERIOD 1868 TO 2017


WEATHER ITEM   OBSERVED TIME   RECORD YEAR NORMAL DEPARTURE LAST
                VALUE   (LST)  VALUE       VALUE  FROM      YEAR
                                                  NORMAL
..................................................................
TEMPERATURE (F)
 YESTERDAY
  MAXIMUM         36    119 PM  63    1907  38     -2       27
  MINIMUM         24    730 AM -13    1949  20      4        8
  AVERAGE         30                        29      1       18

PRECIPITATION (IN)
  YESTERDAY        0.01          2.80 1878   0.12  -0.11     0.00
  MONTH TO DATE    0.84                      1.11  -0.27     1.07
  SINCE DEC 1      0.84                      1.11  -0.27     1.07
  SINCE JAN 1     41.68                     38.52   3.16    30.82

SNOWFALL (IN)
  YESTERDAY        0.1           5.5  1905   0.4   -0.3      0.0
  MONTH TO DATE    4.7                       3.9    0.8      2.9
  SINCE DEC 1      4.7                       3.9    0.8      2.9
  SINCE JUL 1      5.3                       6.5   -1.2      3.6
  SNOW DEPTH       4

DEGREE DAYS
 HEATING
  YESTERDAY       35                        36     -1       47
  MONTH TO DATE  313                       343    -30      321
  SINCE DEC 1    313                       343    -30      321
  SINCE JUL 1   1514                      1903   -389     1573

 COOLING
  YESTERDAY        0                         0      0        0
  MONTH TO DATE    0                         0      0        0
  SINCE DEC 1      0                         0      0        0
  SINCE JAN 1    564                       452    112      715
..................................................................


WIND (MPH)
  RESULTANT WIND SPEED   6   RESULTANT WIND DIRECTION   W (250)
  HIGHEST WIND SPEED    18   HIGHEST WIND DIRECTION     W (270)
  HIGHEST GUST SPEED    25   HIGHEST GUST DIRECTION    SW (230)
  AVERAGE WIND SPEED     5.9


SKY COVER
  AVERAGE SKY COVER 0.6


WEATHER CONDITIONS
 THE FOLLOWING WEATHER WAS RECORDED YESTERDAY.
  LIGHT SNOW
  FOG


RELATIVE HUMIDITY (PERCENT)
 HIGHEST    92          1200 AM
 LOWEST     56           300 PM
 AVERAGE    74

..........................................................


THE CONCORD NH CLIMATE NORMALS FOR TODAY
                         NORMAL    RECORD    YEAR
 MAXIMUM TEMPERATURE (F)   38        64      1911
 MINIMUM TEMPERATURE (F)   19       -15      1977


SUNRISE AND SUNSET
DECEMBER 11 2017......SUNRISE   708 AM EST   SUNSET   411 PM EST
DECEMBER 12 2017......SUNRISE   709 AM EST   SUNSET   411 PM EST


-  INDICATES NEGATIVE NUMBERS.
R  INDICATES RECORD WAS SET OR TIED.
MM INDICATES DATA IS MISSING.
T  INDICATES TRACE AMOUNT.




$$
