959
CDUS41 KGYX 280911
CLICON


CLIMATE REPORT
NATIONAL WEATHER SERVICE GRAY ME
411 AM EST TUE FEB 28 2017


...................................

...THE CONCORD NH CLIMATE SUMMARY FOR FEBRUARY 27 2017...

CLIMATE NORMAL PERIOD 1981 TO 2010
CLIMATE RECORD PERIOD 1868 TO 2017


WEATHER ITEM   OBSERVED TIME   RECORD YEAR NORMAL DEPARTURE LAST
                VALUE   (LST)  VALUE       VALUE  FROM      YEAR
                                                  NORMAL
..................................................................
TEMPERATURE (F)
 YESTERDAY
  MAXIMUM         54    322 PM  68    1880  38     16       40
  MINIMUM         22    541 AM -16    1993  17      5       14
                                      1963
  AVERAGE         38                        28     10       27

PRECIPITATION (IN)
  YESTERDAY        0.00          0.78 1913   0.10  -0.10     0.00
  MONTH TO DATE    2.71                      2.52   0.19     4.38
  SINCE DEC 1      8.27                      8.42  -0.15    10.52
  SINCE JAN 1      4.95                      5.22  -0.27     5.74

SNOWFALL (IN)
  YESTERDAY        0.0           7.0  2011   0.4   -0.4      0.0
  MONTH TO DATE   24.2                      11.9   12.3     12.7
  SINCE DEC 1     56.3                      44.5   11.8     24.7
  SINCE JUL 1     57.0                      47.1    9.9     24.7
  SNOW DEPTH       9

DEGREE DAYS
 HEATING
  YESTERDAY       27                        37    -10       38
  MONTH TO DATE  946                      1100   -154     1017
  SINCE DEC 1   3221                      3662   -441     3025
  SINCE JUL 1   4473                      5222   -749     4305

 COOLING
  YESTERDAY        0                         0      0        0
  MONTH TO DATE    0                         0      0        0
  SINCE DEC 1      0                         0      0        0
  SINCE JAN 1      0                         0      0        0
..................................................................


WIND (MPH)
  RESULTANT WIND SPEED   7   RESULTANT WIND DIRECTION  SW (220)
  HIGHEST WIND SPEED    21   HIGHEST WIND DIRECTION    SW (230)
  HIGHEST GUST SPEED    32   HIGHEST GUST DIRECTION    SW (230)
  AVERAGE WIND SPEED     8.1


SKY COVER
  AVERAGE SKY COVER 0.2


WEATHER CONDITIONS
 THE FOLLOWING WEATHER WAS RECORDED YESTERDAY.
  NO SIGNIFICANT WEATHER WAS OBSERVED.


RELATIVE HUMIDITY (PERCENT)
 HIGHEST    74           300 AM
 LOWEST     26           100 PM
 AVERAGE    50

..........................................................


THE CONCORD NH CLIMATE NORMALS FOR TODAY
                         NORMAL    RECORD    YEAR
 MAXIMUM TEMPERATURE (F)   38        65      1877
 MINIMUM TEMPERATURE (F)   17       -13      1920


SUNRISE AND SUNSET
FEBRUARY 28 2017......SUNRISE   623 AM EST   SUNSET   534 PM EST
MARCH  1 2017.........SUNRISE   622 AM EST   SUNSET   535 PM EST


-  INDICATES NEGATIVE NUMBERS.
R  INDICATES RECORD WAS SET OR TIED.
MM INDICATES DATA IS MISSING.
T  INDICATES TRACE AMOUNT.




$$
