000
CDUS41 KGYX 280832
CLICON


CLIMATE REPORT
NATIONAL WEATHER SERVICE GRAY ME
432 AM EDT WED JUN 28 2017


...................................

...THE CONCORD NH CLIMATE SUMMARY FOR JUNE 27 2017...

CLIMATE NORMAL PERIOD 1981 TO 2010
CLIMATE RECORD PERIOD 1868 TO 2017


WEATHER ITEM   OBSERVED TIME   RECORD YEAR NORMAL DEPARTURE LAST
                VALUE   (LST)  VALUE       VALUE  FROM      YEAR
                                                  NORMAL
..................................................................
TEMPERATURE (F)
 YESTERDAY
  MAXIMUM         72   1250 PM  97    1966  80     -8       88
  MINIMUM         49   1123 PM  34    1897  56     -7       63
  AVERAGE         61                        68     -7       76

PRECIPITATION (IN)
  YESTERDAY        0.89          1.54 1932   0.11   0.78      T
  MONTH TO DATE    4.62                      3.37   1.25     1.11
  SINCE JUN 1      4.62                      3.37   1.25     1.11
  SINCE JAN 1     23.69                     19.03   4.66    13.81

SNOWFALL (IN)
  YESTERDAY       MM             0.0  2002   0.0   MM        0.0
                                      2001
  MONTH TO DATE    0.0                       0.0    0.0      0.0
  SINCE JUN 1      0.0                       0.0    0.0      0.0
  SINCE JUL 1     86.3                      61.4   24.9     29.7
  SNOW DEPTH       0

DEGREE DAYS
 HEATING
  YESTERDAY        4                         1      3        0
  MONTH TO DATE   71                        81    -10       42
  SINCE JUN 1     71                        81    -10       42
  SINCE JUL 1   6468                      7231   -763     6061

 COOLING
  YESTERDAY        0                         4     -4       11
  MONTH TO DATE  113                        70     43       58
  SINCE JUN 1    113                        70     43       58
  SINCE JAN 1    145                        88     57       98
..................................................................


WIND (MPH)
  RESULTANT WIND SPEED   2   RESULTANT WIND DIRECTION  SE (150)
  HIGHEST WIND SPEED    21   HIGHEST WIND DIRECTION    NW (300)
  HIGHEST GUST SPEED    25   HIGHEST GUST DIRECTION    NW (300)
  AVERAGE WIND SPEED     3.7


SKY COVER
  AVERAGE SKY COVER 0.5


WEATHER CONDITIONS
 THE FOLLOWING WEATHER WAS RECORDED YESTERDAY.
  THUNDERSTORM
  HEAVY RAIN
  RAIN
  LIGHT RAIN
  FOG
  FOG W/VISIBILITY <= 1/4 MILE
  HAZE


RELATIVE HUMIDITY (PERCENT)
 HIGHEST   100          1000 PM
 LOWEST     57           100 PM
 AVERAGE    79

..........................................................


THE CONCORD NH CLIMATE NORMALS FOR TODAY
                         NORMAL    RECORD    YEAR
 MAXIMUM TEMPERATURE (F)   81       100      1901
 MINIMUM TEMPERATURE (F)   56        38      1970


SUNRISE AND SUNSET
JUNE 28 2017..........SUNRISE   509 AM EDT   SUNSET   830 PM EDT
JUNE 29 2017..........SUNRISE   509 AM EDT   SUNSET   830 PM EDT


-  INDICATES NEGATIVE NUMBERS.
R  INDICATES RECORD WAS SET OR TIED.
MM INDICATES DATA IS MISSING.
T  INDICATES TRACE AMOUNT.




$$
