422
CDUS41 KGYX 230911
CLICON


CLIMATE REPORT
NATIONAL WEATHER SERVICE GRAY ME
411 AM EST MON JAN 23 2017


...................................

...THE CONCORD NH CLIMATE SUMMARY FOR JANUARY 22 2017...

CLIMATE NORMAL PERIOD 1981 TO 2010
CLIMATE RECORD PERIOD 1868 TO 2017


WEATHER ITEM   OBSERVED TIME   RECORD YEAR NORMAL DEPARTURE LAST
                VALUE   (LST)  VALUE       VALUE  FROM      YEAR
                                                  NORMAL
..................................................................
TEMPERATURE (F)
 YESTERDAY
  MAXIMUM         40   1113 AM  56    1957  31      9       28
                                      1916
                                      1906
  MINIMUM         30    651 AM -33    1984  10     20        9
  AVERAGE         35                        20     15       19

PRECIPITATION (IN)
  YESTERDAY        0.01          1.35 1958   0.10  -0.09     0.00
  MONTH TO DATE    1.65                      1.92  -0.27     1.36
  SINCE DEC 1      4.97                      5.12  -0.15     6.14
  SINCE JAN 1      1.65                      1.92  -0.27     1.36

SNOWFALL (IN)
  YESTERDAY        T            10.2  1987   0.7   -0.7      0.0
  MONTH TO DATE    7.5                      13.0   -5.5      7.6
  SINCE DEC 1     30.7                      27.5    3.2     12.0
  SINCE JUL 1     31.4                      30.1    1.3     12.0
  SNOW DEPTH      10

DEGREE DAYS
 HEATING
  YESTERDAY       30                        45    -15       46
  MONTH TO DATE  824                       980   -156      865
  SINCE DEC 1   1975                      2166   -191     1699
  SINCE JUL 1   3227                      3726   -499     2979

 COOLING
  YESTERDAY        0                         0      0        0
  MONTH TO DATE    0                         0      0        0
  SINCE DEC 1      0                         0      0        0
  SINCE JAN 1      0                         0      0        0
..................................................................


WIND (MPH)
  RESULTANT WIND SPEED   3   RESULTANT WIND DIRECTION  NE (60)
  HIGHEST WIND SPEED    13   HIGHEST WIND DIRECTION     E (70)
  HIGHEST GUST SPEED    17   HIGHEST GUST DIRECTION    NE (50)
  AVERAGE WIND SPEED     3.7


SKY COVER
  AVERAGE SKY COVER 0.7


WEATHER CONDITIONS
 THE FOLLOWING WEATHER WAS RECORDED YESTERDAY.
  LIGHT SNOW
  FOG


RELATIVE HUMIDITY (PERCENT)
 HIGHEST   100           200 AM
 LOWEST     75           700 PM
 AVERAGE    88

..........................................................


THE CONCORD NH CLIMATE NORMALS FOR TODAY
                         NORMAL    RECORD    YEAR
 MAXIMUM TEMPERATURE (F)   31        64      1906
 MINIMUM TEMPERATURE (F)   10       -20      1970


SUNRISE AND SUNSET
JANUARY 23 2017.......SUNRISE   710 AM EST   SUNSET   447 PM EST
JANUARY 24 2017.......SUNRISE   709 AM EST   SUNSET   448 PM EST


-  INDICATES NEGATIVE NUMBERS.
R  INDICATES RECORD WAS SET OR TIED.
MM INDICATES DATA IS MISSING.
T  INDICATES TRACE AMOUNT.




$$
