000
CDUS41 KGYX 232044
CLICON


CLIMATE REPORT
NATIONAL WEATHER SERVICE GRAY ME
444 PM EDT WED AUG 23 2017


...................................

...THE CONCORD NH CLIMATE SUMMARY FOR AUGUST 23 2017...
VALID TODAY AS OF 0400 PM LOCAL TIME.

CLIMATE NORMAL PERIOD 1981 TO 2010
CLIMATE RECORD PERIOD 1868 TO 2017


WEATHER ITEM   OBSERVED TIME   RECORD YEAR NORMAL DEPARTURE LAST
                VALUE   (LST)  VALUE       VALUE  FROM      YEAR
                                                  NORMAL
..................................................................
TEMPERATURE (F)
 TODAY
  MAXIMUM         80    146 PM  93    1918  80      0       83
  MINIMUM         67    521 AM  36    1894  55     12       46
  AVERAGE         74                        68      6       65

PRECIPITATION (IN)
  TODAY            0.02          2.15 1916   0.10  -0.08     0.00
  MONTH TO DATE    3.09                      2.43   0.66     1.75
  SINCE JUN 1      9.45                      9.86  -0.41     5.34
  SINCE JAN 1     28.52                     25.52   3.00    18.04

SNOWFALL (IN)
  TODAY            0.0           0.0  2002   0.0    0.0      0.0
                                      2001
                                      2000
  MONTH TO DATE    0.0                       0.0    0.0      0.0
  SINCE JUN 1      0.0                       0.0    0.0      0.0
  SINCE JUL 1      0.0                       0.0    0.0      0.0
  SNOW DEPTH       0

DEGREE DAYS
 HEATING
  TODAY            0                         1     -1        0
  MONTH TO DATE    3                        18    -15        1
  SINCE JUN 1     97                       120    -23       54
  SINCE JUL 1     18                        35    -17       12

 COOLING
  TODAY            9                         4      5        0
  MONTH TO DATE  120                       112      8      192
  SINCE JUN 1    419                       368     51      524
  SINCE JAN 1    451                       386     65      564
..................................................................


WIND (MPH)
  HIGHEST WIND SPEED    18   HIGHEST WIND DIRECTION     W (280)
  HIGHEST GUST SPEED    24   HIGHEST GUST DIRECTION    NW (300)
  AVERAGE WIND SPEED     8.2


SKY COVER
  POSSIBLE SUNSHINE  MM
  AVERAGE SKY COVER 0.4


WEATHER CONDITIONS
 THE FOLLOWING WEATHER WAS RECORDED TODAY.
  LIGHT RAIN
  FOG
  FOG W/VISIBILITY <= 1/4 MILE


RELATIVE HUMIDITY (PERCENT)
 HIGHEST   100          1200 AM
 LOWEST     42           100 PM
 AVERAGE    71

..........................................................


THE CONCORD NH CLIMATE NORMALS FOR TOMORROW
                         NORMAL    RECORD    YEAR
 MAXIMUM TEMPERATURE (F)   80        95      1947
 MINIMUM TEMPERATURE (F)   55        38      1987
                                             1975


SUNRISE AND SUNSET
AUGUST 23 2017........SUNRISE   601 AM EDT   SUNSET   736 PM EDT
AUGUST 24 2017........SUNRISE   602 AM EDT   SUNSET   734 PM EDT


-  INDICATES NEGATIVE NUMBERS.
R  INDICATES RECORD WAS SET OR TIED.
MM INDICATES DATA IS MISSING.
T  INDICATES TRACE AMOUNT.




$$
