000
CDUS41 KGYX 010907
CLICON


CLIMATE REPORT
NATIONAL WEATHER SERVICE GRAY ME
406 AM EST SUN MAR 1 2015


...................................

...THE CONCORD NH CLIMATE SUMMARY FOR FEBRUARY 28 2015...

CLIMATE NORMAL PERIOD 1981 TO 2010
CLIMATE RECORD PERIOD 1868 TO 2015


WEATHER ITEM   OBSERVED TIME   RECORD YEAR NORMAL DEPARTURE LAST
                VALUE   (LST)  VALUE       VALUE  FROM      YEAR
                                                  NORMAL
..................................................................
TEMPERATURE (F)
 YESTERDAY
  MAXIMUM         32    402 PM  65    1877  38     -6       21
  MINIMUM         -9    628 AM -13    1920  17    -26       -1
  AVERAGE         12                        28    -16       10

PRECIPITATION (IN)
  YESTERDAY        0.00          0.78 1984   0.10  -0.10      T
  MONTH TO DATE    2.79                      2.62   0.17     4.11
  SINCE DEC 1     11.22                      8.52   2.70    10.71
  SINCE JAN 1      6.06                      5.32   0.74     7.32

SNOWFALL (IN)
  YESTERDAY        0.0          15.0  1870   0.4   -0.4       T
  MONTH TO DATE   42.6                      12.3   30.3     35.3
  SINCE DEC 1     71.4                      44.9   26.5     69.6
  SINCE JUL 1     84.3                      47.5   36.8     69.8
  SNOW DEPTH      22

DEGREE DAYS
 HEATING
  YESTERDAY       53                        37     16       55
  MONTH TO DATE 1473                      1137    336     1272
  SINCE DEC 1   3950                      3700    250     3952
  SINCE JUL 1   5454                      5260    194     5469

 COOLING
  YESTERDAY        0                         0      0        0
  MONTH TO DATE    0                         0      0        0
  SINCE DEC 1      0                         0      0        0
  SINCE JAN 1      0                         0      0        0
..................................................................


WIND (MPH)
  RESULTANT WIND SPEED   1   RESULTANT WIND DIRECTION   N (340)
  HIGHEST WIND SPEED     9   HIGHEST WIND DIRECTION    SW (220)
  HIGHEST GUST SPEED    12   HIGHEST GUST DIRECTION    SW (230)
  AVERAGE WIND SPEED     2.6


SKY COVER
  AVERAGE SKY COVER 0.0


WEATHER CONDITIONS
 THE FOLLOWING WEATHER WAS RECORDED YESTERDAY.
  LIGHT SNOW


RELATIVE HUMIDITY (PERCENT)
 HIGHEST    82           700 AM
 LOWEST     27           300 PM
 AVERAGE    55

..........................................................


THE CONCORD NH CLIMATE NORMALS FOR TODAY
                         NORMAL    RECORD    YEAR
 MAXIMUM TEMPERATURE (F)   39        65      1972
 MINIMUM TEMPERATURE (F)   18       -14      1869


SUNRISE AND SUNSET
MARCH  1 2015.........SUNRISE   623 AM EST   SUNSET   535 PM EST
MARCH  2 2015.........SUNRISE   621 AM EST   SUNSET   536 PM EST


-  INDICATES NEGATIVE NUMBERS.
R  INDICATES RECORD WAS SET OR TIED.
MM INDICATES DATA IS MISSING.
T  INDICATES TRACE AMOUNT.




$$
