000
CDUS41 KGYX 242141
CLICON


CLIMATE REPORT
NATIONAL WEATHER SERVICE GRAY ME
441 PM EST WED DEC 24 2014


...................................

...THE CONCORD NH CLIMATE SUMMARY FOR DECEMBER 24 2014...
VALID TODAY AS OF 0400 PM LOCAL TIME.

CLIMATE NORMAL PERIOD 1981 TO 2010
CLIMATE RECORD PERIOD 1868 TO 2014


WEATHER ITEM   OBSERVED TIME   RECORD YEAR NORMAL DEPARTURE LAST
                VALUE   (LST)  VALUE       VALUE  FROM      YEAR
                                                  NORMAL
..................................................................
TEMPERATURE (F)
 TODAY
  MAXIMUM         39    235 PM  57    1871  34      5       34
  MINIMUM         36    732 AM -20    1989  14     22       19
  AVERAGE         38                        24     14       27

PRECIPITATION (IN)
  TODAY            0.04          1.86 1994   0.10  -0.06      T
  MONTH TO DATE    4.49                      2.53   1.96     2.27
  SINCE DEC 1      4.49                      2.53   1.96     2.27
  SINCE JAN 1     45.36                     39.94   5.42    39.67

SNOWFALL (IN)
  TODAY            0.0           6.8  1970   0.5   -0.5      0.0
  MONTH TO DATE    3.0                      10.8   -7.8     17.2
  SINCE DEC 1      3.0                      10.8   -7.8     17.2
  SINCE JUL 1     15.9                      13.4    2.5     17.4
  SNOW DEPTH       0

DEGREE DAYS
 HEATING
  TODAY           27                        41    -14       38
  MONTH TO DATE  810                       890    -80      954
  SINCE DEC 1    810                       890    -80      954
  SINCE JUL 1   2314                      2450   -136     2471

 COOLING
  TODAY            0                         0      0        0
  MONTH TO DATE    0                         0      0        0
  SINCE DEC 1      0                         0      0        0
  SINCE JAN 1    387                       452    -65      537
..................................................................


WIND (MPH)
  HIGHEST WIND SPEED     8   HIGHEST WIND DIRECTION     N (20)
  HIGHEST GUST SPEED    10   HIGHEST GUST DIRECTION     N (360)
  AVERAGE WIND SPEED     4.5


SKY COVER
  POSSIBLE SUNSHINE  MM
  AVERAGE SKY COVER 1.0


WEATHER CONDITIONS
 THE FOLLOWING WEATHER WAS RECORDED TODAY.
  LIGHT RAIN
  FOG


RELATIVE HUMIDITY (PERCENT)
 HIGHEST   100          1200 AM
 LOWEST     92           900 AM
 AVERAGE    96

..........................................................


THE CONCORD NH CLIMATE NORMALS FOR TOMORROW
                         NORMAL    RECORD    YEAR
 MAXIMUM TEMPERATURE (F)   33        56      1889
 MINIMUM TEMPERATURE (F)   14       -20      1914


SUNRISE AND SUNSET
DECEMBER 24 2014......SUNRISE   716 AM EST   SUNSET   415 PM EST
DECEMBER 25 2014......SUNRISE   716 AM EST   SUNSET   416 PM EST


-  INDICATES NEGATIVE NUMBERS.
R  INDICATES RECORD WAS SET OR TIED.
MM INDICATES DATA IS MISSING.
T  INDICATES TRACE AMOUNT.




$$
