000
CDUS41 KGYX 040804
CLICON


CLIMATE REPORT
NATIONAL WEATHER SERVICE GRAY ME
404 AM EDT TUE AUG 4 2015


...................................

...THE CONCORD NH CLIMATE SUMMARY FOR AUGUST 3 2015...

CLIMATE NORMAL PERIOD 1981 TO 2010
CLIMATE RECORD PERIOD 1868 TO 2015


WEATHER ITEM   OBSERVED TIME   RECORD YEAR NORMAL DEPARTURE LAST
                VALUE   (LST)  VALUE       VALUE  FROM      YEAR
                                                  NORMAL
..................................................................
TEMPERATURE (F)
 YESTERDAY
  MAXIMUM         92    320 PM  95    1988  82     10       76
  MINIMUM         61    355 AM  39    1953  58      3       54
  AVERAGE         77                        70      7       65

PRECIPITATION (IN)
  YESTERDAY        0.41          1.09 2008   0.12   0.29      T
  MONTH TO DATE    0.41                      0.35   0.06      T
  SINCE JUN 1      7.74                      7.78  -0.04    11.32
  SINCE JAN 1     18.19                     23.44  -5.25    29.06

SNOWFALL (IN)
  YESTERDAY        0.0           0.0  2002   0.0    0.0      0.0
                                      2001
                                      2000
  MONTH TO DATE    0.0                       0.0    0.0      0.0
  SINCE JUN 1      0.0                       0.0    0.0      0.0
  SINCE JUL 1      0.0                       0.0    0.0      0.0
  SNOW DEPTH       0

DEGREE DAYS
 HEATING
  YESTERDAY        0                         0      0        0
  MONTH TO DATE    0                         0      0        0
  SINCE JUN 1    103                       102      1       56
  SINCE JUL 1      8                        17     -9        0

 COOLING
  YESTERDAY       12                         6      6        0
  MONTH TO DATE   24                        18      6        6
  SINCE JUN 1    283                       274      9      254
  SINCE JAN 1    349                       292     57      256
..................................................................


WIND (MPH)
  RESULTANT WIND SPEED   7   RESULTANT WIND DIRECTION   S (190)
  HIGHEST WIND SPEED    28   HIGHEST WIND DIRECTION     S (200)
  HIGHEST GUST SPEED    40   HIGHEST GUST DIRECTION     S (190)
  AVERAGE WIND SPEED     7.7


SKY COVER
  AVERAGE SKY COVER 0.2


WEATHER CONDITIONS
 THE FOLLOWING WEATHER WAS RECORDED YESTERDAY.
  THUNDERSTORM
  HEAVY RAIN
  RAIN
  LIGHT RAIN
  FOG
  HAZE


RELATIVE HUMIDITY (PERCENT)
 HIGHEST    93           900 PM
 LOWEST     34           100 PM
 AVERAGE    64

..........................................................


THE CONCORD NH CLIMATE NORMALS FOR TODAY
                         NORMAL    RECORD    YEAR
 MAXIMUM TEMPERATURE (F)   82        97      1944
 MINIMUM TEMPERATURE (F)   58        41      1964
                                             1900


SUNRISE AND SUNSET
AUGUST  4 2015........SUNRISE   539 AM EDT   SUNSET   804 PM EDT
AUGUST  5 2015........SUNRISE   540 AM EDT   SUNSET   803 PM EDT


-  INDICATES NEGATIVE NUMBERS.
R  INDICATES RECORD WAS SET OR TIED.
MM INDICATES DATA IS MISSING.
T  INDICATES TRACE AMOUNT.




$$
