000
CDUS45 KPUB 171046
CLICOS


CLIMATE REPORT
NATIONAL WEATHER SERVICE PUEBLO
446 AM MDT THU AUG 17 2017


...................................

...THE COLORADO SPRINGS CO CLIMATE SUMMARY FOR AUGUST 16 2017...

CLIMATE NORMAL PERIOD 1981 TO 2010
CLIMATE RECORD PERIOD 1872 TO 2017


WEATHER ITEM   OBSERVED TIME   RECORD YEAR NORMAL DEPARTURE LAST
                VALUE   (LST)  VALUE       VALUE  FROM      YEAR
                                                  NORMAL
..................................................................
TEMPERATURE (F)
 YESTERDAY
  MAXIMUM         74    239 PM  98    2002  82     -8       87
  MINIMUM         58   1159 PM  43    1915  56      2       56
  AVERAGE         66                        69     -3       72

PRECIPITATION (IN)
  YESTERDAY        0.01          1.48 2008   0.11  -0.10      T
  MONTH TO DATE    2.41                      1.95   0.46     0.75
  SINCE JUN 1      9.14                      7.29   1.85     4.83
  SINCE JAN 1     15.26                     12.40   2.86    11.76

SNOWFALL (IN)
  YESTERDAY        0.0           0.0  2002   0.0    0.0      0.0
  MONTH TO DATE    T                         0.0    0.0      0.0
  SINCE JUN 1      T                         0.0    0.0       T
  SINCE JUL 1      T                         0.0    0.0       T
  SNOW DEPTH       0

DEGREE DAYS
 HEATING
  YESTERDAY        0                         1     -1        0
  MONTH TO DATE    9                         1      8        0
  SINCE JUN 1     30                        90    -60        8
  SINCE JUL 1      9                        11     -2        0

 COOLING
  YESTERDAY        1                         4     -3        7
  MONTH TO DATE   41                        81    -40      112
  SINCE JUN 1    466                       355    111      592
  SINCE JAN 1    468                       365    103      594
..................................................................


WIND (MPH)
  HIGHEST WIND SPEED    20   HIGHEST WIND DIRECTION    NW (320)
  HIGHEST GUST SPEED    24   HIGHEST GUST DIRECTION    NW (330)
  AVERAGE WIND SPEED     6.3


SKY COVER
  POSSIBLE SUNSHINE  MM
  AVERAGE SKY COVER 0.7


WEATHER CONDITIONS
 THE FOLLOWING WEATHER WAS RECORDED YESTERDAY.
  THUNDERSTORM
  LIGHT RAIN


RELATIVE HUMIDITY (PERCENT)
 HIGHEST    72           200 AM
 LOWEST     41           100 PM
 AVERAGE    57

..........................................................


THE COLORADO SPRINGS CO CLIMATE NORMALS FOR TODAY
                         NORMAL    RECORD    YEAR
 MAXIMUM TEMPERATURE (F)   82        95      1962
 MINIMUM TEMPERATURE (F)   56        42      1920


SUNRISE AND SUNSET
AUGUST 17 2017........SUNRISE   615 AM MDT   SUNSET   750 PM MDT
AUGUST 18 2017........SUNRISE   616 AM MDT   SUNSET   749 PM MDT


-  INDICATES NEGATIVE NUMBERS.
R  INDICATES RECORD WAS SET OR TIED.
MM INDICATES DATA IS MISSING.
T  INDICATES TRACE AMOUNT.




$$
