000
CDUS45 KPUB 271033
CLICOS


CLIMATE REPORT
NATIONAL WEATHER SERVICE PUEBLO
433 AM MDT THU APR 27 2017


...................................

...THE COLORADO SPRINGS CO CLIMATE SUMMARY FOR APRIL 26 2017...

CLIMATE NORMAL PERIOD 1981 TO 2010
CLIMATE RECORD PERIOD 1872 TO 2017


WEATHER ITEM   OBSERVED TIME   RECORD YEAR NORMAL DEPARTURE LAST
                VALUE   (LST)  VALUE       VALUE  FROM      YEAR
                                                  NORMAL
..................................................................
TEMPERATURE (F)
 YESTERDAY
  MAXIMUM         55    140 PM  83    1981  63     -8       57
  MINIMUM         31    525 AM  18    1924  36     -5       36
  AVERAGE         43                        50     -7       47

PRECIPITATION (IN)
  YESTERDAY        T             0.92 1965   0.06  -0.06     0.00
                                      1933
  MONTH TO DATE    2.03                      1.18   0.85     1.16
  SINCE MAR 1      2.47                      2.18   0.29     1.89
  SINCE JAN 1      2.86                      2.84   0.02     3.43

SNOWFALL (IN)
  YESTERDAY        0.0           5.0  1969   0.1   -0.1      0.0
  MONTH TO DATE    8.9                       4.4    4.5      5.1
  SINCE MAR 1     10.9                      12.5   -1.6     15.6
  SINCE JUL 1     24.3                      36.5  -12.2     42.7
  SNOW DEPTH       0

DEGREE DAYS
 HEATING
  YESTERDAY       22                        15      7       18
  MONTH TO DATE  383                       495   -112      427
  SINCE MAR 1    943                      1300   -357     1137
  SINCE JUL 1   4696                      5863  -1167     5040

 COOLING
  YESTERDAY        0                         0      0        0
  MONTH TO DATE    0                         0      0        0
  SINCE MAR 1      0                         0      0        0
  SINCE JAN 1      0                         0      0        0
..................................................................


WIND (MPH)
  HIGHEST WIND SPEED    24   HIGHEST WIND DIRECTION     N (360)
  HIGHEST GUST SPEED    28   HIGHEST GUST DIRECTION     N (10)
  AVERAGE WIND SPEED     6.9


SKY COVER
  POSSIBLE SUNSHINE  MM
  AVERAGE SKY COVER 0.5


WEATHER CONDITIONS
 THE FOLLOWING WEATHER WAS RECORDED YESTERDAY.
  LIGHT RAIN


RELATIVE HUMIDITY (PERCENT)
 HIGHEST    78           200 AM
 LOWEST     38           100 PM
 AVERAGE    58

..........................................................


THE COLORADO SPRINGS CO CLIMATE NORMALS FOR TODAY
                         NORMAL    RECORD    YEAR
 MAXIMUM TEMPERATURE (F)   63        82      1992
 MINIMUM TEMPERATURE (F)   37        17      1984


SUNRISE AND SUNSET
APRIL 27 2017.........SUNRISE   606 AM MDT   SUNSET   748 PM MDT
APRIL 28 2017.........SUNRISE   605 AM MDT   SUNSET   749 PM MDT


-  INDICATES NEGATIVE NUMBERS.
R  INDICATES RECORD WAS SET OR TIED.
MM INDICATES DATA IS MISSING.
T  INDICATES TRACE AMOUNT.




$$
