631
CDUS45 KPUB 261036
CLICOS


CLIMATE REPORT
NATIONAL WEATHER SERVICE PUEBLO
436 AM MDT MON JUN 26 2017


...................................

...THE COLORADO SPRINGS CO CLIMATE SUMMARY FOR JUNE 25 2017...

CLIMATE NORMAL PERIOD 1981 TO 2010
CLIMATE RECORD PERIOD 1872 TO 2017


WEATHER ITEM   OBSERVED TIME   RECORD YEAR NORMAL DEPARTURE LAST
                VALUE   (LST)  VALUE       VALUE  FROM      YEAR
                                                  NORMAL
..................................................................
TEMPERATURE (F)
 YESTERDAY
  MAXIMUM         79    147 PM  98    2012  82     -3       88
  MINIMUM         50    342 AM  43    1958  54     -4       60
  AVERAGE         65                        68     -3       74

PRECIPITATION (IN)
  YESTERDAY        0.28          1.17 1910   0.07   0.21     0.05
  MONTH TO DATE    0.42                      2.12  -1.70     0.66
  SINCE JUN 1      0.42                      2.12  -1.70     0.66
  SINCE JAN 1      6.54                      7.23  -0.69     7.59

SNOWFALL (IN)
  YESTERDAY        0.0           0.0  2002   0.0    0.0      0.0
                                      2001
  MONTH TO DATE    0.0                       0.0    0.0       T
  SINCE JUN 1      0.0                       0.0    0.0       T
  SINCE JUL 1     25.2                      37.7  -12.5     50.7
  SNOW DEPTH       0

DEGREE DAYS
 HEATING
  YESTERDAY        0                         1     -1        0
  MONTH TO DATE   19                        73    -54        8
  SINCE JUN 1     19                        73    -54        8
  SINCE JUL 1   5097                      6286  -1189     5484

 COOLING
  YESTERDAY        0                         4     -4        9
  MONTH TO DATE  127                        58     69      150
  SINCE JUN 1    127                        58     69      150
  SINCE JAN 1    129                        68     61      152
..................................................................


WIND (MPH)
  HIGHEST WIND SPEED    30   HIGHEST WIND DIRECTION     E (70)
  HIGHEST GUST SPEED    34   HIGHEST GUST DIRECTION     E (70)
  AVERAGE WIND SPEED     8.6


SKY COVER
  POSSIBLE SUNSHINE  MM
  AVERAGE SKY COVER 0.7


WEATHER CONDITIONS
 THE FOLLOWING WEATHER WAS RECORDED YESTERDAY.
  THUNDERSTORM
  RAIN
  LIGHT RAIN
  HAIL
  FOG


RELATIVE HUMIDITY (PERCENT)
 HIGHEST    97           900 PM
 LOWEST     33           100 PM
 AVERAGE    65

..........................................................


THE COLORADO SPRINGS CO CLIMATE NORMALS FOR TODAY
                         NORMAL    RECORD    YEAR
 MAXIMUM TEMPERATURE (F)   83       101      2012
 MINIMUM TEMPERATURE (F)   54        39      1968


SUNRISE AND SUNSET
JUNE 26 2017..........SUNRISE   536 AM MDT   SUNSET   828 PM MDT
JUNE 27 2017..........SUNRISE   536 AM MDT   SUNSET   828 PM MDT


-  INDICATES NEGATIVE NUMBERS.
R  INDICATES RECORD WAS SET OR TIED.
MM INDICATES DATA IS MISSING.
T  INDICATES TRACE AMOUNT.




$$
