736
CDUS45 KPUB 231031
CLICOS


CLIMATE REPORT
NATIONAL WEATHER SERVICE PUEBLO
430 AM MDT SAT JUL 23 2016


...................................

...THE COLORADO SPRINGS CO CLIMATE SUMMARY FOR JULY 22 2016...

CLIMATE NORMAL PERIOD 1981 TO 2010
CLIMATE RECORD PERIOD 1872 TO 2016


WEATHER ITEM   OBSERVED TIME   RECORD YEAR NORMAL DEPARTURE LAST
                VALUE   (LST)  VALUE       VALUE  FROM      YEAR
                                                  NORMAL
..................................................................
TEMPERATURE (F)
 YESTERDAY
  MAXIMUM         94    116 PM  99    1963  85      9       84
  MINIMUM         63    453 AM  44    1961  58      5       55
                                      1914
  AVERAGE         79                        71      8       70

PRECIPITATION (IN)
  YESTERDAY        0.03          3.00 1951   0.11  -0.08     0.00
  MONTH TO DATE    1.73                      1.85  -0.12     2.73
  SINCE JUN 1      2.77                      4.35  -1.58     8.45
  SINCE JAN 1      9.70                      9.46   0.24    20.68

SNOWFALL (IN)
  YESTERDAY        0.0           0.0  2002   0.0    0.0      0.0
                                      2001
  MONTH TO DATE    T                         0.0    0.0      0.0
  SINCE JUN 1      T                         0.0    0.0       T
  SINCE JUL 1      T                         0.0    0.0      0.0
  SNOW DEPTH       0

DEGREE DAYS
 HEATING
  YESTERDAY        0                         0      0        0
  MONTH TO DATE    0                         3     -3       10
  SINCE JUN 1      8                        82    -74       20
  SINCE JUL 1      0                         3     -3       10

 COOLING
  YESTERDAY       14                         6      8        5
  MONTH TO DATE  216                       135     81      111
  SINCE JUN 1    397                       218    179      233
  SINCE JAN 1    399                       228    171      233
..................................................................


WIND (MPH)
  HIGHEST WIND SPEED    41   HIGHEST WIND DIRECTION     W (290)
  HIGHEST GUST SPEED    55   HIGHEST GUST DIRECTION     W (280)
  AVERAGE WIND SPEED     6.6


SKY COVER
  POSSIBLE SUNSHINE  MM
  AVERAGE SKY COVER 0.6


WEATHER CONDITIONS
 THE FOLLOWING WEATHER WAS RECORDED YESTERDAY.
  THUNDERSTORM
  RAIN
  LIGHT RAIN


RELATIVE HUMIDITY (PERCENT)
 HIGHEST    60           500 AM
 LOWEST     19           100 PM
 AVERAGE    40

..........................................................


THE COLORADO SPRINGS CO CLIMATE NORMALS FOR TODAY
                         NORMAL    RECORD    YEAR
 MAXIMUM TEMPERATURE (F)   85        97      2005
 MINIMUM TEMPERATURE (F)   58        49      1950
                                             1915
                                             1905


SUNRISE AND SUNSET
JULY 23 2016..........SUNRISE   553 AM MDT   SUNSET   817 PM MDT
JULY 24 2016..........SUNRISE   554 AM MDT   SUNSET   817 PM MDT


-  INDICATES NEGATIVE NUMBERS.
R  INDICATES RECORD WAS SET OR TIED.
MM INDICATES DATA IS MISSING.
T  INDICATES TRACE AMOUNT.




$$
