000
CDUS45 KPUB 261039
CLICOS


CLIMATE REPORT
NATIONAL WEATHER SERVICE PUEBLO
439 AM MDT SUN MAR 26 2017


...................................

...THE COLORADO SPRINGS CO CLIMATE SUMMARY FOR MARCH 25 2017...

CLIMATE NORMAL PERIOD 1981 TO 2010
CLIMATE RECORD PERIOD 1872 TO 2017


WEATHER ITEM   OBSERVED TIME   RECORD YEAR NORMAL DEPARTURE LAST
                VALUE   (LST)  VALUE       VALUE  FROM      YEAR
                                                  NORMAL
..................................................................
TEMPERATURE (F)
 YESTERDAY
  MAXIMUM         57    358 PM  75    2012  54      3       53
  MINIMUM         28    601 AM  -7    1965  28      0       25
  AVERAGE         43                        41      2       39

PRECIPITATION (IN)
  YESTERDAY        0.00          0.35 1959   0.04  -0.04     0.35
  MONTH TO DATE    0.21                      0.79  -0.58     0.64
  SINCE MAR 1      0.21                      0.79  -0.58     0.64
  SINCE JAN 1      0.60                      1.45  -0.85     2.18

SNOWFALL (IN)
  YESTERDAY        0.0           5.1  1913   0.3   -0.3      5.0
  MONTH TO DATE    1.7                       6.5   -4.8      8.2
  SINCE MAR 1      1.7                       6.5   -4.8      8.2
  SINCE JUL 1     15.1                      30.5  -15.4     35.3
  SNOW DEPTH       0

DEGREE DAYS
 HEATING
  YESTERDAY       22                        24     -2       26
  MONTH TO DATE  433                       667   -234      549
  SINCE MAR 1    433                       667   -234      549
  SINCE JUL 1   4186                      5230  -1044     4452

 COOLING
  YESTERDAY        0                         0      0        0
  MONTH TO DATE    0                         0      0        0
  SINCE MAR 1      0                         0      0        0
  SINCE JAN 1      0                         0      0        0
..................................................................


WIND (MPH)
  HIGHEST WIND SPEED    20   HIGHEST WIND DIRECTION    SE (150)
  HIGHEST GUST SPEED    24   HIGHEST GUST DIRECTION     S (170)
  AVERAGE WIND SPEED     8.5


SKY COVER
  POSSIBLE SUNSHINE  MM
  AVERAGE SKY COVER 0.5


WEATHER CONDITIONS
 THE FOLLOWING WEATHER WAS RECORDED YESTERDAY.
  NO SIGNIFICANT WEATHER WAS OBSERVED.


RELATIVE HUMIDITY (PERCENT)
 HIGHEST    85           500 AM
 LOWEST     32           200 PM
 AVERAGE    59

..........................................................


THE COLORADO SPRINGS CO CLIMATE NORMALS FOR TODAY
                         NORMAL    RECORD    YEAR
 MAXIMUM TEMPERATURE (F)   55        81      1971
 MINIMUM TEMPERATURE (F)   28        -6      1965


SUNRISE AND SUNSET
MARCH 26 2017.........SUNRISE   652 AM MDT   SUNSET   717 PM MDT
MARCH 27 2017.........SUNRISE   651 AM MDT   SUNSET   718 PM MDT


-  INDICATES NEGATIVE NUMBERS.
R  INDICATES RECORD WAS SET OR TIED.
MM INDICATES DATA IS MISSING.
T  INDICATES TRACE AMOUNT.




$$
