000
CDUS45 KPUB 231037
CLICOS


CLIMATE REPORT
NATIONAL WEATHER SERVICE PUEBLO
437 AM MDT MON OCT 23 2017


...................................

...THE COLORADO SPRINGS CO CLIMATE SUMMARY FOR OCTOBER 22 2017...

CLIMATE NORMAL PERIOD 1981 TO 2010
CLIMATE RECORD PERIOD 1872 TO 2017


WEATHER ITEM   OBSERVED TIME   RECORD YEAR NORMAL DEPARTURE LAST
                VALUE   (LST)  VALUE       VALUE  FROM      YEAR
                                                  NORMAL
..................................................................
TEMPERATURE (F)
 YESTERDAY
  MAXIMUM         68    317 PM  83    2016  61      7       83
  MINIMUM         29    626 AM  15    1996  34     -5       38
  AVERAGE         49                        47      2       61

PRECIPITATION (IN)
  YESTERDAY        0.00          0.43 2015   0.02  -0.02     0.00
  MONTH TO DATE    0.17                      0.61  -0.44      T
  SINCE SEP 1      2.94                      1.80   1.14     0.16
  SINCE JAN 1     18.22                     15.59   2.63    13.60

SNOWFALL (IN)
  YESTERDAY        0.0           1.8  1908   0.1   -0.1      0.0
  MONTH TO DATE    0.3                       1.8   -1.5      0.0
  SINCE SEP 1      0.3                       2.0   -1.7      0.0
  SINCE JUL 1      0.3                       2.0   -1.7       T
  SNOW DEPTH       0

DEGREE DAYS
 HEATING
  YESTERDAY       16                        18     -2        4
  MONTH TO DATE  268                       311    -43      177
  SINCE SEP 1    400                       470    -70      240
  SINCE JUL 1    409                       501    -92      261

 COOLING
  YESTERDAY        0                         0      0        0
  MONTH TO DATE    0                         0      0        7
  SINCE SEP 1     91                        36     55       82
  SINCE JAN 1    639                       454    185      708
..................................................................


WIND (MPH)
  HIGHEST WIND SPEED    14   HIGHEST WIND DIRECTION     S (200)
  HIGHEST GUST SPEED    16   HIGHEST GUST DIRECTION     S (200)
  AVERAGE WIND SPEED     6.0


SKY COVER
  POSSIBLE SUNSHINE  MM
  AVERAGE SKY COVER 0.5


WEATHER CONDITIONS
 THE FOLLOWING WEATHER WAS RECORDED YESTERDAY.
  NO SIGNIFICANT WEATHER WAS OBSERVED.


RELATIVE HUMIDITY (PERCENT)
 HIGHEST    50           600 AM
 LOWEST     19          1200 PM
 AVERAGE    35

..........................................................


THE COLORADO SPRINGS CO CLIMATE NORMALS FOR TODAY
                         NORMAL    RECORD    YEAR
 MAXIMUM TEMPERATURE (F)   61        83      2003
 MINIMUM TEMPERATURE (F)   34        15      1908


SUNRISE AND SUNSET
OCTOBER 23 2017.......SUNRISE   717 AM MDT   SUNSET   609 PM MDT
OCTOBER 24 2017.......SUNRISE   718 AM MDT   SUNSET   608 PM MDT


-  INDICATES NEGATIVE NUMBERS.
R  INDICATES RECORD WAS SET OR TIED.
MM INDICATES DATA IS MISSING.
T  INDICATES TRACE AMOUNT.




$$
