000
CDUS45 KPUB 231148
CLICOS


CLIMATE REPORT
NATIONAL WEATHER SERVICE PUEBLO
447 AM MST SUN NOV 23 2014


...................................

...THE COLORADO SPRINGS CO CLIMATE SUMMARY FOR NOVEMBER 22 2014...

CLIMATE NORMAL PERIOD 1981 TO 2010
CLIMATE RECORD PERIOD 1872 TO 2014


WEATHER ITEM   OBSERVED TIME   RECORD YEAR NORMAL DEPARTURE LAST
                VALUE   (LST)  VALUE       VALUE  FROM      YEAR
                                                  NORMAL
..................................................................
TEMPERATURE (F)
 YESTERDAY
  MAXIMUM         61    134 PM  74    1998  48     13       30
  MINIMUM         23    410 AM  -6    1929  23      0       19
  AVERAGE         42                        35      7       25

PRECIPITATION (IN)
  YESTERDAY        0.00          0.34 1999   0.01  -0.01     0.04
  MONTH TO DATE    0.19                      0.30  -0.11     0.17
  SINCE SEP 1      3.76                      2.31   1.45     5.39
  SINCE JAN 1     16.81                     16.10   0.71    19.05

SNOWFALL (IN)
  YESTERDAY        0.0           5.6  1999   0.2   -0.2      0.8
  MONTH TO DATE    5.8                       3.2    2.6      2.7
  SINCE SEP 1      5.8                       6.3   -0.5      2.9
  SINCE JUL 1      5.8                       6.3   -0.5      2.9
  SNOW DEPTH       0

DEGREE DAYS
 HEATING
  YESTERDAY       23                        30     -7       40
  MONTH TO DATE  653                       554     99      520
  SINCE SEP 1   1090                      1197   -107     1105
  SINCE JUL 1   1120                      1228   -108     1115

 COOLING
  YESTERDAY        0                         0      0        0
  MONTH TO DATE    0                         0      0        0
  SINCE SEP 1     60                        37     23       92
  SINCE JAN 1    487                       455     32      694
..................................................................


WIND (MPH)
  HIGHEST WIND SPEED    30   HIGHEST WIND DIRECTION    NW (310)
  HIGHEST GUST SPEED    44   HIGHEST GUST DIRECTION    NW (300)
  AVERAGE WIND SPEED    10.9


SKY COVER
  POSSIBLE SUNSHINE  MM
  AVERAGE SKY COVER 0.4


WEATHER CONDITIONS
 THE FOLLOWING WEATHER WAS RECORDED YESTERDAY.
  NO SIGNIFICANT WEATHER WAS OBSERVED.


RELATIVE HUMIDITY (PERCENT)
 HIGHEST    68           200 AM
 LOWEST     10           200 PM
 AVERAGE    39

..........................................................


THE COLORADO SPRINGS CO CLIMATE NORMALS FOR TODAY
                         NORMAL    RECORD    YEAR
 MAXIMUM TEMPERATURE (F)   47        69      1925
 MINIMUM TEMPERATURE (F)   22        -8      1918


SUNRISE AND SUNSET
NOVEMBER 23 2014......SUNRISE   650 AM MST   SUNSET   440 PM MST
NOVEMBER 24 2014......SUNRISE   651 AM MST   SUNSET   440 PM MST


-  INDICATES NEGATIVE NUMBERS.
R  INDICATES RECORD WAS SET OR TIED.
MM INDICATES DATA IS MISSING.
T  INDICATES TRACE AMOUNT.




$$
