000
CDUS45 KPUB 211030
CLICOS


CLIMATE REPORT
NATIONAL WEATHER SERVICE PUEBLO
430 AM MDT SUN SEP 21 2014


...................................

...THE COLORADO SPRINGS CO CLIMATE SUMMARY FOR SEPTEMBER 20 2014...

CLIMATE NORMAL PERIOD 1981 TO 2010
CLIMATE RECORD PERIOD 1872 TO 2014


WEATHER ITEM   OBSERVED TIME   RECORD YEAR NORMAL DEPARTURE LAST
                VALUE   (LST)  VALUE       VALUE  FROM      YEAR
                                                  NORMAL
..................................................................
TEMPERATURE (F)
 YESTERDAY
  MAXIMUM         83    249 PM  90    2010  73     10       68
                                      1956
  MINIMUM         61    505 AM  28    1901  46     15       50
  AVERAGE         72                        59     13       59

PRECIPITATION (IN)
  YESTERDAY        0.00          0.67 1965   0.03  -0.03      T
  MONTH TO DATE    0.10                      0.91  -0.81     4.00
  SINCE SEP 1      0.10                      0.91  -0.81     4.00
  SINCE JAN 1     13.15                     14.70  -1.55    17.66

SNOWFALL (IN)
  YESTERDAY        0.0           0.1  1965   0.1   -0.1      0.0
  MONTH TO DATE    T                         0.1   -0.1      0.0
  SINCE SEP 1      T                         0.1   -0.1      0.0
  SINCE JUL 1      T                         0.1   -0.1       T
  SNOW DEPTH       0

DEGREE DAYS
 HEATING
  YESTERDAY        0                         6     -6        6
  MONTH TO DATE   71                        75     -4       24
  SINCE SEP 1     71                        75     -4       24
  SINCE JUL 1    101                       106     -5       34

 COOLING
  YESTERDAY        7                         1      6        0
  MONTH TO DATE   50                        33     17       86
  SINCE SEP 1     50                        33     17       86
  SINCE JAN 1    477                       451     26      688
..................................................................


WIND (MPH)
  HIGHEST WIND SPEED    20   HIGHEST WIND DIRECTION     E (90)
  HIGHEST GUST SPEED    23   HIGHEST GUST DIRECTION     E (90)
  AVERAGE WIND SPEED     9.2


SKY COVER
  POSSIBLE SUNSHINE  MM
  AVERAGE SKY COVER 0.4


WEATHER CONDITIONS
 THE FOLLOWING WEATHER WAS RECORDED YESTERDAY.
  NO SIGNIFICANT WEATHER WAS OBSERVED.


RELATIVE HUMIDITY (PERCENT)
 HIGHEST    56          1000 PM
 LOWEST     26          1100 AM
 AVERAGE    41

..........................................................


THE COLORADO SPRINGS CO CLIMATE NORMALS FOR TODAY
                         NORMAL    RECORD    YEAR
 MAXIMUM TEMPERATURE (F)   73        86      2010
                                             2007
 MINIMUM TEMPERATURE (F)   45        24      1912


SUNRISE AND SUNSET
SEPTEMBER 21 2014.....SUNRISE   646 AM MDT   SUNSET   657 PM MDT
SEPTEMBER 22 2014.....SUNRISE   647 AM MDT   SUNSET   656 PM MDT


-  INDICATES NEGATIVE NUMBERS.
R  INDICATES RECORD WAS SET OR TIED.
MM INDICATES DATA IS MISSING.
T  INDICATES TRACE AMOUNT.




$$
