000
CDUS43 KLSX 280730
CLICOU


CLIMATE REPORT
NATIONAL WEATHER SERVICE ST LOUIS MO
228 AM CDT FRI AUG 28 2015


...................................

...THE COLUMBIA ASOS CLIMATE SUMMARY FOR AUGUST 27 2015...

CLIMATE NORMAL PERIOD 1981 TO 2010
CLIMATE RECORD PERIOD 1890 TO 2015


WEATHER ITEM   OBSERVED TIME   RECORD YEAR NORMAL DEPARTURE LAST
                VALUE   (LST)  VALUE       VALUE  FROM      YEAR
                                                  NORMAL
..................................................................
TEMPERATURE (F)
 YESTERDAY
  MAXIMUM         77    211 PM 103    1983  86     -9       88
                                      1936
  MINIMUM         57    550 AM  46    1910  64     -7       70
  AVERAGE         67                        75     -8       79

PRECIPITATION (IN)
  YESTERDAY        0.00          1.64 1981   0.14  -0.14     0.00
  MONTH TO DATE    3.11                      3.80  -0.69     2.78
  SINCE JUN 1     19.07                     12.64   6.43     9.31
  SINCE JAN 1     31.93                     29.19   2.74    24.13

SNOWFALL (IN)
  YESTERDAY        0.0           0.0  2013   0.0    0.0      0.0
  MONTH TO DATE    0.0                       0.0    0.0      0.0
  SINCE JUN 1      0.0                       0.0    0.0      0.0
  SINCE JUL 1      0.0                       0.0    0.0      0.0
  SNOW DEPTH       0

DEGREE DAYS
 HEATING
  YESTERDAY        0                         0      0        0
  MONTH TO DATE    1                         0      1        0
  SINCE JUN 1      9                        11     -2        0
  SINCE JUL 1      2                         0      2        0

 COOLING
  YESTERDAY        2                        10     -8       14
  MONTH TO DATE  251                       311    -60      334
  SINCE JUN 1    960                       941     19      887
  SINCE JAN 1   1079                      1044     35     1047
..................................................................


WIND (MPH)
  HIGHEST WIND SPEED    14   HIGHEST WIND DIRECTION     S (190)
  HIGHEST GUST SPEED    15   HIGHEST GUST DIRECTION     S (200)
  AVERAGE WIND SPEED     6.2


SKY COVER
  AVERAGE SKY COVER 0.0


WEATHER CONDITIONS
 THE FOLLOWING WEATHER WAS RECORDED YESTERDAY.
  NO SIGNIFICANT WEATHER WAS OBSERVED.


RELATIVE HUMIDITY (PERCENT)
 HIGHEST    93
 LOWEST     50
 AVERAGE    72

..........................................................


THE COLUMBIA ASOS CLIMATE NORMALS FOR TODAY
                         NORMAL    RECORD    YEAR
 MAXIMUM TEMPERATURE (F)   86       106      1984
 MINIMUM TEMPERATURE (F)   64        42      1986
                                             1891


SUNRISE AND SUNSET
AUGUST 28 2015........SUNRISE   634 AM CDT   SUNSET   745 PM CDT
AUGUST 29 2015........SUNRISE   635 AM CDT   SUNSET   744 PM CDT


-  INDICATES NEGATIVE NUMBERS.
R  INDICATES RECORD WAS SET OR TIED.
MM INDICATES DATA IS MISSING.
T  INDICATES TRACE AMOUNT.




$$
