000
CDUS43 KLSX 160745
CLICOU


CLIMATE REPORT
NATIONAL WEATHER SERVICE ST LOUIS MO
245 AM CDT WED APR 16 2014


...................................

...THE COLUMBIA ASOS CLIMATE SUMMARY FOR APRIL 15 2014...

CLIMATE NORMAL PERIOD 1981 TO 2010
CLIMATE RECORD PERIOD 1890 TO 2014


WEATHER ITEM   OBSERVED TIME   RECORD YEAR NORMAL DEPARTURE LAST
                VALUE   (LST)  VALUE       VALUE  FROM      YEAR
                                                  NORMAL
..................................................................
TEMPERATURE (F)
 YESTERDAY
  MAXIMUM         50    321 PM  90    1896  66    -16       60
  MINIMUM         27    612 AM  25    1928  44    -17       45
  AVERAGE         39                        55    -16       53

PRECIPITATION (IN)
  YESTERDAY        0.00          2.38 1998   0.15  -0.15     1.29
  MONTH TO DATE    6.90                      2.01   4.89     4.20
  SINCE MAR 1      8.13                      4.92   3.21     7.49
  SINCE JAN 1     10.39                      9.09   1.30    13.73

SNOWFALL (IN)
  YESTERDAY        0.0           0.2  1905   0.0    0.0      0.0
  MONTH TO DATE    T                         0.2   -0.2      0.0
  SINCE MAR 1      0.5                       1.9   -1.4     10.3
  SINCE JUL 1     17.8                      18.0   -0.2     35.0
  SNOW DEPTH       0

DEGREE DAYS
 HEATING
  YESTERDAY       26                        11     15       12
  MONTH TO DATE  198                       193      5      194
  SINCE MAR 1    928                       829     99     1008
  SINCE JUL 1   5357                      4775    582     4591

 COOLING
  YESTERDAY        0                         1     -1        0
  MONTH TO DATE    5                         8     -3       11
  SINCE MAR 1      5                        11     -6       11
  SINCE JAN 1      5                        11     -6       12
..................................................................


WIND (MPH)
  HIGHEST WIND SPEED    15   HIGHEST WIND DIRECTION     W (280)
  HIGHEST GUST SPEED    21   HIGHEST GUST DIRECTION     W (280)
  AVERAGE WIND SPEED     6.6


SKY COVER
  AVERAGE SKY COVER 0.0


WEATHER CONDITIONS
 THE FOLLOWING WEATHER WAS RECORDED YESTERDAY.
  NO SIGNIFICANT WEATHER WAS OBSERVED.


RELATIVE HUMIDITY (PERCENT)
 HIGHEST    81
 LOWEST     31
 AVERAGE    56

..........................................................


THE COLUMBIA ASOS CLIMATE NORMALS FOR TODAY
                         NORMAL    RECORD    YEAR
 MAXIMUM TEMPERATURE (F)   66        86      1964
 MINIMUM TEMPERATURE (F)   44        26      1962


SUNRISE AND SUNSET
APRIL 16 2014.........SUNRISE   631 AM CDT   SUNSET   747 PM CDT
APRIL 17 2014.........SUNRISE   630 AM CDT   SUNSET   748 PM CDT


-  INDICATES NEGATIVE NUMBERS.
R  INDICATES RECORD WAS SET OR TIED.
MM INDICATES DATA IS MISSING.
T  INDICATES TRACE AMOUNT.




$$
