000
CDUS43 KLSX 062232
CLICOU


CLIMATE REPORT
NATIONAL WEATHER SERVICE ST LOUIS MO
428 PM CST SAT FEB 6 2016


...................................

...THE COLUMBIA ASOS CLIMATE SUMMARY FOR FEBRUARY 6 2016...
VALID TODAY AS OF 0400 PM LOCAL TIME.

CLIMATE NORMAL PERIOD 1981 TO 2010
CLIMATE RECORD PERIOD 1890 TO 2016


WEATHER ITEM   OBSERVED TIME   RECORD YEAR NORMAL DEPARTURE LAST
                VALUE   (LST)  VALUE       VALUE  FROM      YEAR
                                                  NORMAL
..................................................................
TEMPERATURE (F)
 TODAY
  MAXIMUM         55    259 PM  69    2009  41     14       55
  MINIMUM         29    743 AM  -7    1982  23      6       21
  AVERAGE         42                        32     10       38

PRECIPITATION (IN)
  TODAY            0.00          1.35 1931   0.07  -0.07     0.00
  MONTH TO DATE    0.02                      0.41  -0.39     0.50
  SINCE DEC 1      7.96                      4.77   3.19     3.62
  SINCE JAN 1      0.92                      2.33  -1.41     1.44

SNOWFALL (IN)
  TODAY            0.0           5.7  1986   0.2   -0.2      0.0
  MONTH TO DATE    0.0                       1.1   -1.1      0.9
  SINCE DEC 1      6.9                      11.6   -4.7      2.0
  SINCE JUL 1      6.9                      12.5   -5.6      2.8
  SNOW DEPTH       0

DEGREE DAYS
 HEATING
  TODAY           23                        33    -10       27
  MONTH TO DATE  154                       202    -48      232
  SINCE DEC 1   1831                      2306   -475     2110
  SINCE JUL 1   2527                      3291   -764     3191

 COOLING
  TODAY            0                         0      0        0
  MONTH TO DATE    0                         0      0        0
  SINCE DEC 1      0                         0      0        0
  SINCE JAN 1      0                         0      0        0
..................................................................


WIND (MPH)
  HIGHEST WIND SPEED    20   HIGHEST WIND DIRECTION    SW (230)
  HIGHEST GUST SPEED    25   HIGHEST GUST DIRECTION     W (250)
  AVERAGE WIND SPEED     8.3


SKY COVER
  AVERAGE SKY COVER 0.3



RELATIVE HUMIDITY (PERCENT)
 HIGHEST    69           600 AM
 LOWEST     35           100 PM
 AVERAGE    52

..........................................................


THE COLUMBIA ASOS CLIMATE NORMALS FOR TOMORROW
                         NORMAL    RECORD    YEAR
 MAXIMUM TEMPERATURE (F)   41        70      2009
 MINIMUM TEMPERATURE (F)   23        -6      1895
                                             1893


SUNRISE AND SUNSET
FEBRUARY  6 2016......SUNRISE   711 AM CST   SUNSET   536 PM CST
FEBRUARY  7 2016......SUNRISE   710 AM CST   SUNSET   537 PM CST


-  INDICATES NEGATIVE NUMBERS.
R  INDICATES RECORD WAS SET OR TIED.
MM INDICATES DATA IS MISSING.
T  INDICATES TRACE AMOUNT.




$$
