000
CDUS45 KRIW 220730
CLICPR


CLIMATE REPORT
NATIONAL WEATHER SERVICE RIVERTON WY
129 AM MDT THU JUN 22 2017


...................................

...THE CASPER WY CLIMATE SUMMARY FOR JUNE 21 2017...

CLIMATE NORMAL PERIOD 1981 TO 2010
CLIMATE RECORD PERIOD 1939 TO 2017


WEATHER ITEM   OBSERVED TIME   RECORD YEAR NORMAL DEPARTURE LAST
                VALUE   (LST)  VALUE       VALUE  FROM      YEAR
                                                  NORMAL
..................................................................
TEMPERATURE (F)
 YESTERDAY
  MAXIMUM         94    323 PM 100    2016  81     13      100
  MINIMUM         57   1224 AM  37    2012  47     10       55
                                      1960
  AVERAGE         76                        64     12       78

PRECIPITATION (IN)
  YESTERDAY        0.00          0.34 1996   0.05  -0.05      T
  MONTH TO DATE    0.93                      1.19  -0.26     0.95
  SINCE JUN 1      0.93                      1.19  -0.26     0.95
  SINCE JAN 1      8.53                      6.40   2.13    10.41

SNOWFALL (IN)
  YESTERDAY        0.0                       0.0    0.0      0.0
  MONTH TO DATE    0.0                       0.1   -0.1      0.0
  SINCE JUN 1      0.0                       0.1   -0.1      0.0
  SINCE JUL 1     70.0                      74.9   -4.9     86.6
  SNOW DEPTH       0

DEGREE DAYS
 HEATING
  YESTERDAY        0                         3     -3        0
  MONTH TO DATE   58                       116    -58       33
  SINCE JUN 1     58                       116    -58       33
  SINCE JUL 1   7009                      7560   -551     6938

 COOLING
  YESTERDAY       11                         2      9       13
  MONTH TO DATE   33                        26      7       67
  SINCE JUN 1     33                        26      7       67
  SINCE JAN 1     33                        30      3       67
..................................................................


WIND (MPH)
  HIGHEST WIND SPEED    28   HIGHEST WIND DIRECTION     W (270)
  HIGHEST GUST SPEED    35   HIGHEST GUST DIRECTION     W (270)
  AVERAGE WIND SPEED    12.5


SKY COVER
  POSSIBLE SUNSHINE  MM
  AVERAGE SKY COVER 0.0


WEATHER CONDITIONS
 THE FOLLOWING WEATHER WAS RECORDED YESTERDAY.
  NO SIGNIFICANT WEATHER WAS OBSERVED.


RELATIVE HUMIDITY (PERCENT)
 HIGHEST    63          1100 PM
 LOWEST     11           400 PM
 AVERAGE    37

..........................................................


THE CASPER WY CLIMATE NORMALS FOR TODAY
                         NORMAL    RECORD    YEAR
 MAXIMUM TEMPERATURE (F)   82        98      1988
 MINIMUM TEMPERATURE (F)   48        34      1989


SUNRISE AND SUNSET
JUNE 22 2017..........SUNRISE   527 AM MDT   SUNSET   848 PM MDT
JUNE 23 2017..........SUNRISE   528 AM MDT   SUNSET   849 PM MDT


-  INDICATES NEGATIVE NUMBERS.
R  INDICATES RECORD WAS SET OR TIED.
MM INDICATES DATA IS MISSING.
T  INDICATES TRACE AMOUNT.




$$
