000
CDUS45 KRIW 310743
CLICPR


CLIMATE REPORT
NATIONAL WEATHER SERVICE RIVERTON WY
128 AM MDT TUE MAY 31 2016


...................................

...THE CASPER WY CLIMATE SUMMARY FOR MAY 30 2016...

CLIMATE NORMAL PERIOD 1981 TO 2010
CLIMATE RECORD PERIOD 1939 TO 2016


WEATHER ITEM   OBSERVED TIME   RECORD YEAR NORMAL DEPARTURE LAST
                VALUE   (LST)  VALUE       VALUE  FROM      YEAR
                                                  NORMAL
..................................................................
TEMPERATURE (F)
 YESTERDAY
  MAXIMUM         68    110 PM  92    1984  72     -4       76
  MINIMUM         44   1145 PM  29    2010  41      3       35
                                      2006
                                      2004
  AVERAGE         56                        57     -1       56

PRECIPITATION (IN)
  YESTERDAY        0.19          1.15 1971   0.07   0.12     0.00
  MONTH TO DATE    3.01                      1.96   1.05     3.89
  SINCE MAR 1      8.00                      4.07   3.93     6.19
  SINCE JAN 1      9.46                      5.15   4.31     7.50

SNOWFALL (IN)
  YESTERDAY        0.0                       0.0    0.0      0.0
  MONTH TO DATE    0.0                       2.9   -2.9      6.3
  SINCE MAR 1     27.9                      25.4    2.5     20.3
  SINCE JUL 1     86.6                      74.8   11.8     71.7
  SNOW DEPTH       0

DEGREE DAYS
 HEATING
  YESTERDAY        9                         9      0        9
  MONTH TO DATE  449                       393     56      484
  SINCE MAR 1   1955                      1987    -32     1885
  SINCE JUL 1   6890                      7435   -545     6936

 COOLING
  YESTERDAY        0                         0      0        0
  MONTH TO DATE    0                         0      0        0
  SINCE MAR 1      0                         0      0        0
  SINCE JAN 1      0                         0      0        0
..................................................................


WIND (MPH)
  HIGHEST WIND SPEED    32   HIGHEST WIND DIRECTION     N (20)
  HIGHEST GUST SPEED    40   HIGHEST GUST DIRECTION     N (20)
  AVERAGE WIND SPEED    12.7


SKY COVER
  POSSIBLE SUNSHINE  MM
  AVERAGE SKY COVER 0.5


WEATHER CONDITIONS
 THE FOLLOWING WEATHER WAS RECORDED YESTERDAY.
  THUNDERSTORM
  HEAVY RAIN
  LIGHT RAIN
  FOG


RELATIVE HUMIDITY (PERCENT)
 HIGHEST    83           300 PM
 LOWEST     39           100 PM
 AVERAGE    61

..........................................................


THE CASPER WY CLIMATE NORMALS FOR TODAY
                         NORMAL    RECORD    YEAR
 MAXIMUM TEMPERATURE (F)   72        88      2002
 MINIMUM TEMPERATURE (F)   41        27      1979


SUNRISE AND SUNSET
MAY 31 2016...........SUNRISE   530 AM MDT   SUNSET   838 PM MDT
JUNE  1 2016..........SUNRISE   530 AM MDT   SUNSET   839 PM MDT


-  INDICATES NEGATIVE NUMBERS.
R  INDICATES RECORD WAS SET OR TIED.
MM INDICATES DATA IS MISSING.
T  INDICATES TRACE AMOUNT.




$$
