000
CDUS46 KLOX 010116
CLICQT


CLIMATE REPORT
NATIONAL WEATHER SERVICE LOS ANGELES/OXNARD CA
516 PM PST SAT JAN 31 2015


...................................

...THE DOWNTOWN LOS ANGELES (USC) CA CLIMATE SUMMARY FOR JANUARY 31 2015...
VALID TODAY AS OF 0500 PM LOCAL TIME.

CLIMATE NORMAL PERIOD 1981 TO 2010
CLIMATE RECORD PERIOD 1877 TO 2015


WEATHER ITEM   OBSERVED TIME   RECORD YEAR NORMAL DEPARTURE LAST
                VALUE   (LST)  VALUE       VALUE  FROM      YEAR
                                                  NORMAL
..................................................................
TEMPERATURE (F)
 TODAY
  MAXIMUM         71    100 PM  91    2003  68      3       65
  MINIMUM         57    523 AM  32    1880  48      9       53
  AVERAGE         64                        58      6       59

PRECIPITATION (IN)
  TODAY            0.00          3.03 1926   0.11  -0.11     0.00
  MONTH TO DATE    1.09                      3.12  -2.03      T
  SINCE OCT 1      5.70                      7.15  -1.45     0.88
  SINCE JAN 1      1.09                      3.12  -2.03      T

SNOWFALL (IN)
  TODAY            0.0
  MONTH TO DATE    0.0
  SINCE DEC 1      0.0
  SINCE JUL 1      0.0

DEGREE DAYS
 HEATING
  TODAY            1                         7     -6        6
  MONTH TO DATE  107                       223   -116       93
  SINCE DEC 1    289                       460   -171      292
  SINCE JUL 1    312                       591   -279      373

 COOLING
  TODAY            0                         0      0        0
  MONTH TO DATE   22                         9     13       17
  SINCE DEC 1     26                        13     13       33
  SINCE JAN 1     22                         9     13       17
..................................................................


WIND (MPH)
  HIGHEST WIND SPEED     8   HIGHEST WIND DIRECTION     W (280)
  HIGHEST GUST SPEED    14   HIGHEST GUST DIRECTION     W (270)
  AVERAGE WIND SPEED     1.6


SKY COVER
  POSSIBLE SUNSHINE  MM
  AVERAGE SKY COVER 0.5


WEATHER CONDITIONS
 THE FOLLOWING WEATHER WAS RECORDED TODAY.
  NO SIGNIFICANT WEATHER WAS OBSERVED.


RELATIVE HUMIDITY (PERCENT)
 HIGHEST    87          1200 AM
 LOWEST     53           100 PM
 AVERAGE    70

..........................................................


THE DOWNTOWN LOS ANGELES (USC) CA CLIMATE NORMALS FOR TOMORROW
                         NORMAL    RECORD    YEAR
 MAXIMUM TEMPERATURE (F)   68        88      1995
 MINIMUM TEMPERATURE (F)   48        34      1880


SUNRISE AND SUNSET
JANUARY 31 2015.......SUNRISE   651 AM PST   SUNSET   523 PM PST
FEBRUARY  1 2015......SUNRISE   650 AM PST   SUNSET   524 PM PST


-  INDICATES NEGATIVE NUMBERS.
R  INDICATES RECORD WAS SET OR TIED.
MM INDICATES DATA IS MISSING.
T  INDICATES TRACE AMOUNT.




$$
