183
CDUS46 KLOX 120908
CLICQT


CLIMATE REPORT
NATIONAL WEATHER SERVICE LOS ANGELES/OXNARD CA
107 AM PST FRI FEB 12 2016


...................................

...THE DOWNTOWN LOS ANGELES (USC) CA CLIMATE SUMMARY FOR FEBRUARY 11 2016...

CLIMATE NORMAL PERIOD 1981 TO 2010
CLIMATE RECORD PERIOD 1877 TO 2016


WEATHER ITEM   OBSERVED TIME   RECORD YEAR NORMAL DEPARTURE LAST
                VALUE   (LST)  VALUE       VALUE  FROM      YEAR
                                                  NORMAL
..................................................................
TEMPERATURE (F)
 YESTERDAY
  MAXIMUM         87    133 PM  88    1971  68     19       85
  MINIMUM         59   1159 PM  35    1894  49     10       55
  AVERAGE         73                        59     14       70

PRECIPITATION (IN)
  YESTERDAY        0.00          2.12 2005   0.13  -0.13     0.00
  MONTH TO DATE    0.00                      1.39  -1.39     0.02
  SINCE OCT 1      4.20                      8.54  -4.34     5.72
  SINCE JAN 1      3.17                      4.51  -1.34     1.11

SNOWFALL (IN)
  YESTERDAY        0.0
  MONTH TO DATE    0.0
  SINCE DEC 1      0.0
  SINCE JUL 1      0.0

DEGREE DAYS
 HEATING
  YESTERDAY        0                         7     -7        0
  MONTH TO DATE   50                        77    -27        9
  SINCE DEC 1    517                       537    -20      298
  SINCE JUL 1    621                       668    -47      321

 COOLING
  YESTERDAY        8                         0      8        5
  MONTH TO DATE   35                         0     35       13
  SINCE DEC 1     45                        13     32       39
  SINCE JAN 1     35                         9     26       35
..................................................................


WIND (MPH)
  HIGHEST WIND SPEED     7   HIGHEST WIND DIRECTION     W (280)
  HIGHEST GUST SPEED    10   HIGHEST GUST DIRECTION     W (270)
  AVERAGE WIND SPEED     2.3


SKY COVER
  POSSIBLE SUNSHINE  MM
  AVERAGE SKY COVER 0.0


WEATHER CONDITIONS
 THE FOLLOWING WEATHER WAS RECORDED YESTERDAY.
  HAZE


RELATIVE HUMIDITY (PERCENT)
 HIGHEST    46          1000 PM
 LOWEST     12          1200 PM
 AVERAGE    29

..........................................................


THE DOWNTOWN LOS ANGELES (USC) CA CLIMATE NORMALS FOR TODAY
                         NORMAL    RECORD    YEAR
 MAXIMUM TEMPERATURE (F)   68        91      1971
 MINIMUM TEMPERATURE (F)   49        35      1949
                                             1880


SUNRISE AND SUNSET
FEBRUARY 12 2016......SUNRISE   641 AM PST   SUNSET   534 PM PST
FEBRUARY 13 2016......SUNRISE   640 AM PST   SUNSET   535 PM PST


-  INDICATES NEGATIVE NUMBERS.
R  INDICATES RECORD WAS SET OR TIED.
MM INDICATES DATA IS MISSING.
T  INDICATES TRACE AMOUNT.




$$
