000
CDUS46 KLOX 110122
CLICQT


CLIMATE REPORT
NATIONAL WEATHER SERVICE LOS ANGELES/OXNARD CA
521 PM PST SUN DEC 10 2017


...................................

...THE DOWNTOWN LOS ANGELES (USC) CA CLIMATE SUMMARY FOR DECEMBER 10 2017...
VALID TODAY AS OF 0500 PM LOCAL TIME.

CLIMATE NORMAL PERIOD 1981 TO 2010
CLIMATE RECORD PERIOD 1877 TO 2017


WEATHER ITEM   OBSERVED TIME   RECORD YEAR NORMAL DEPARTURE LAST
                VALUE   (LST)  VALUE       VALUE  FROM      YEAR
                                                  NORMAL
..................................................................
TEMPERATURE (F)
 TODAY
  MAXIMUM         82    308 PM  87    1950  68     14       66
  MINIMUM         50    708 AM  36    1951  48      2       54
  AVERAGE         66                        58      8       60

PRECIPITATION (IN)
  TODAY            0.00          1.58 1941   0.06  -0.06     0.00
  MONTH TO DATE    0.00                      0.57  -0.57     0.00
  SINCE OCT 1      0.11                      2.27  -2.16     1.40
  SINCE JAN 1     13.23                     13.17   0.06     7.25

SNOWFALL (IN)
  TODAY            0.0
  MONTH TO DATE    0.0
  SINCE DEC 1      0.0
  SINCE JUL 1      0.0

DEGREE DAYS
 HEATING
  TODAY            0                         8     -8        5
  MONTH TO DATE   27                        69    -42       71
  SINCE DEC 1     27                        69    -42       71
  SINCE JUL 1     45                       200   -155      142

 COOLING
  TODAY            1                         0      1        0
  MONTH TO DATE    3                         0      3        0
  SINCE DEC 1      3                         0      3        0
  SINCE JAN 1   1878                      1240    638     1522
..................................................................


WIND (MPH)
  HIGHEST WIND SPEED     8   HIGHEST WIND DIRECTION     W (270)
  HIGHEST GUST SPEED    11   HIGHEST GUST DIRECTION     W (270)
  AVERAGE WIND SPEED     0.4


SKY COVER
  POSSIBLE SUNSHINE  MM
  AVERAGE SKY COVER 0.0


WEATHER CONDITIONS
 THE FOLLOWING WEATHER WAS RECORDED TODAY.
  HAZE


RELATIVE HUMIDITY (PERCENT)
 HIGHEST    38           600 AM
 LOWEST      8           100 PM
 AVERAGE    23

..........................................................


THE DOWNTOWN LOS ANGELES (USC) CA CLIMATE NORMALS FOR TOMORROW
                         NORMAL    RECORD    YEAR
 MAXIMUM TEMPERATURE (F)   68        86      1895
 MINIMUM TEMPERATURE (F)   48        34      1898


SUNRISE AND SUNSET
DECEMBER 10 2017......SUNRISE   648 AM PST   SUNSET   444 PM PST
DECEMBER 11 2017......SUNRISE   649 AM PST   SUNSET   444 PM PST


-  INDICATES NEGATIVE NUMBERS.
R  INDICATES RECORD WAS SET OR TIED.
MM INDICATES DATA IS MISSING.
T  INDICATES TRACE AMOUNT.




$$
