964
CDUS46 KLOX 252210
CLICQT


CLIMATE REPORT
NATIONAL WEATHER SERVICE LOS ANGELES/OXNARD CA
210 PM PST SUN FEB 25 2018


...................................

...THE DOWNTOWN LOS ANGELES (USC) CA CLIMATE SUMMARY FOR FEBRUARY 25 2018...
VALID AS OF 0200 PM LOCAL TIME.

CLIMATE NORMAL PERIOD 1981 TO 2010
CLIMATE RECORD PERIOD 1877 TO 2018


WEATHER ITEM   OBSERVED TIME   RECORD YEAR NORMAL DEPARTURE LAST
                VALUE   (LST)  VALUE       VALUE  FROM      YEAR
                                                  NORMAL
..................................................................
TEMPERATURE (F)
 TODAY
  MAXIMUM         68    159 PM  92    1921  69     -1       66
  MINIMUM         44    710 AM  40    1962  50     -6       44
                                      1887
                                      1882
  AVERAGE         56                        60     -4       55

PRECIPITATION (IN)
  TODAY            0.00          2.33 2001   0.14  -0.14     0.00
  MONTH TO DATE    0.01                      3.42  -3.41     4.11
  SINCE OCT 1      1.90                     10.57  -8.67    18.44
  SINCE JAN 1      1.78                      6.54  -4.76    12.49

SNOWFALL (IN)
  TODAY            0.0
  MONTH TO DATE    0.0
  SINCE DEC 1      0.0
  SINCE JUL 1      0.0

DEGREE DAYS
 HEATING
  TODAY            9                         6      3       10
  MONTH TO DATE  125                       168    -43      117
  SINCE DEC 1    356                       628   -272      554
  SINCE JUL 1    374                       759   -385      625

 COOLING
  TODAY            0                         1     -1        0
  MONTH TO DATE   13                        12      1        5
  SINCE DEC 1     48                        25     23       14
  SINCE JAN 1     36                        21     15        8
..................................................................


WIND (MPH)
  HIGHEST WIND SPEED     7   HIGHEST WIND DIRECTION    SE (130)
  HIGHEST GUST SPEED    11   HIGHEST GUST DIRECTION     E (100)
  AVERAGE WIND SPEED     1.6


SKY COVER
  POSSIBLE SUNSHINE  MM
  AVERAGE SKY COVER 0.0


WEATHER CONDITIONS
 THE FOLLOWING WEATHER WAS RECORDED TODAY.
  NO SIGNIFICANT WEATHER WAS OBSERVED.


RELATIVE HUMIDITY (PERCENT)
 HIGHEST    66          1200 AM
 LOWEST     16           200 PM
 AVERAGE    41

..........................................................


THE DOWNTOWN LOS ANGELES (USC) CA CLIMATE NORMALS FOR TOMORROW
                         NORMAL    RECORD    YEAR
 MAXIMUM TEMPERATURE (F)   69        87      2002
                                             1980
                                             1926
 MINIMUM TEMPERATURE (F)   50        37      1894


SUNRISE AND SUNSET
FEBRUARY 25 2018......SUNRISE   627 AM PST   SUNSET   546 PM PST
FEBRUARY 26 2018......SUNRISE   625 AM PST   SUNSET   547 PM PST


-  INDICATES NEGATIVE NUMBERS.
R  INDICATES RECORD WAS SET OR TIED.
MM INDICATES DATA IS MISSING.
T  INDICATES TRACE AMOUNT.




$$
