000
CDUS46 KLOX 240120
CLICQT


CLIMATE REPORT
NATIONAL WEATHER SERVICE LOS ANGELES/OXNARD CA
620 PM PDT SUN APR 23 2017


...................................

...THE DOWNTOWN LOS ANGELES (USC) CA CLIMATE SUMMARY FOR APRIL 23 2017...
VALID TODAY AS OF 0600 PM LOCAL TIME.

CLIMATE NORMAL PERIOD 1981 TO 2010
CLIMATE RECORD PERIOD 1877 TO 2017


WEATHER ITEM   OBSERVED TIME   RECORD YEAR NORMAL DEPARTURE LAST
                VALUE   (LST)  VALUE       VALUE  FROM      YEAR
                                                  NORMAL
..................................................................
TEMPERATURE (F)
 TODAY
  MAXIMUM         81   1101 AM 100    1910  74      7       76
  MINIMUM         61    522 AM  42    1896  55      6       57
  AVERAGE         71                        64      7       67

PRECIPITATION (IN)
  TODAY            0.00          0.98 1988   0.02  -0.02     0.00
  MONTH TO DATE    0.08                      0.75  -0.67     0.24
  SINCE OCT 1     18.67                     14.13   4.54     6.83
  SINCE JAN 1     12.72                     10.10   2.62     5.80

SNOWFALL (IN)
  TODAY            0.0
  MONTH TO DATE    0.0
  SINCE MAR 1      0.0
  SINCE JUL 1      0.0

DEGREE DAYS
 HEATING
  TODAY            0                         3     -3        0
  MONTH TO DATE   12                        81    -69       12
  SINCE MAR 1     54                       238   -184       84
  SINCE JUL 1    706                      1013   -307      724

 COOLING
  TODAY            6                         2      4        2
  MONTH TO DATE   61                        29     32       79
  SINCE MAR 1    126                        49     77      102
  SINCE JAN 1    134                        72     62      177
..................................................................


WIND (MPH)
  HIGHEST WIND SPEED     9   HIGHEST WIND DIRECTION     W (270)
  HIGHEST GUST SPEED    16   HIGHEST GUST DIRECTION     W (280)
  AVERAGE WIND SPEED     2.0


SKY COVER
  POSSIBLE SUNSHINE  MM
  AVERAGE SKY COVER 0.0


WEATHER CONDITIONS
 THE FOLLOWING WEATHER WAS RECORDED TODAY.
  NO SIGNIFICANT WEATHER WAS OBSERVED.


RELATIVE HUMIDITY (PERCENT)
 HIGHEST    72           300 AM
 LOWEST     35          1100 AM
 AVERAGE    54

..........................................................


THE DOWNTOWN LOS ANGELES (USC) CA CLIMATE NORMALS FOR TOMORROW
                         NORMAL    RECORD    YEAR
 MAXIMUM TEMPERATURE (F)   74        93      2001
                                             1898
 MINIMUM TEMPERATURE (F)   55        44      1900
                                             1899


SUNRISE AND SUNSET
APRIL 23 2017.........SUNRISE   612 AM PDT   SUNSET   731 PM PDT
APRIL 24 2017.........SUNRISE   611 AM PDT   SUNSET   732 PM PDT


-  INDICATES NEGATIVE NUMBERS.
R  INDICATES RECORD WAS SET OR TIED.
MM INDICATES DATA IS MISSING.
T  INDICATES TRACE AMOUNT.




$$
