000
CDUS46 KLOX 210908
CLICQT


CLIMATE REPORT
NATIONAL WEATHER SERVICE LOS ANGELES/OXNARD CA
107 AM PST SUN DEC 21 2014


...................................

...THE DOWNTOWN LOS ANGELES (USC) CA CLIMATE SUMMARY FOR DECEMBER 20 2014...

CLIMATE NORMAL PERIOD 1981 TO 2010
CLIMATE RECORD PERIOD 1877 TO 2014


WEATHER ITEM   OBSERVED TIME   RECORD YEAR NORMAL DEPARTURE LAST
                VALUE   (LST)  VALUE       VALUE  FROM      YEAR
                                                  NORMAL
..................................................................
TEMPERATURE (F)
 YESTERDAY
  MAXIMUM         64    222 PM  83    1985  67     -3       65
  MINIMUM         50    648 AM  35    1887  47      3       44
  AVERAGE         57                        57      0       55

PRECIPITATION (IN)
  YESTERDAY        0.00          4.19 1879   0.08  -0.08     0.00
  MONTH TO DATE    3.69                      1.30   2.39     0.20
  SINCE JUL 1      4.47                      3.29   1.18     0.97
  SINCE JAN 1      9.58                     13.90  -4.32     3.60

SNOWFALL (IN)
  YESTERDAY        0.0
  MONTH TO DATE    0.0
  SINCE DEC 1      0.0
  SINCE JUL 1      0.0

DEGREE DAYS
 HEATING
  YESTERDAY        8                         8      0       10
  MONTH TO DATE   86                       149    -63      156
  SINCE DEC 1     86                       149    -63      156
  SINCE JUL 1    109                       280   -171      237

 COOLING
  YESTERDAY        0                         0      0        0
  MONTH TO DATE    2                         0      2       14
  SINCE DEC 1      2                         0      2       14
  SINCE JAN 1   1747                      1240    507     1223
..................................................................


WIND (MPH)
  HIGHEST WIND SPEED     5   HIGHEST WIND DIRECTION     E (100)
  HIGHEST GUST SPEED     8   HIGHEST GUST DIRECTION     E (100)
  AVERAGE WIND SPEED     0.9


SKY COVER
  POSSIBLE SUNSHINE  MM
  AVERAGE SKY COVER 0.0


WEATHER CONDITIONS
 THE FOLLOWING WEATHER WAS RECORDED YESTERDAY.
  NO SIGNIFICANT WEATHER WAS OBSERVED.


RELATIVE HUMIDITY (PERCENT)
 HIGHEST    86           600 AM
 LOWEST     56           200 PM
 AVERAGE    71

..........................................................


THE DOWNTOWN LOS ANGELES (USC) CA CLIMATE NORMALS FOR TODAY
                         NORMAL    RECORD    YEAR
 MAXIMUM TEMPERATURE (F)   67        85      1917
 MINIMUM TEMPERATURE (F)   47        30      1897


SUNRISE AND SUNSET
DECEMBER 21 2014......SUNRISE   655 AM PST   SUNSET   448 PM PST
DECEMBER 22 2014......SUNRISE   655 AM PST   SUNSET   448 PM PST


-  INDICATES NEGATIVE NUMBERS.
R  INDICATES RECORD WAS SET OR TIED.
MM INDICATES DATA IS MISSING.
T  INDICATES TRACE AMOUNT.




$$
