000
CDUS42 KILM 282051
CLICRE


CLIMATE REPORT
NATIONAL WEATHER SERVICE WILMINGTON NC
450 PM EDT FRI AUG 28 2015


...................................

...THE NORTH MYRTLE BEACH SC CLIMATE SUMMARY FOR AUGUST 28 2015...
VALID TODAY AS OF 0400 PM LOCAL TIME.

CLIMATE NORMAL PERIOD 1981 TO 2010
CLIMATE RECORD PERIOD 1949 TO 2015


WEATHER ITEM   OBSERVED TIME   RECORD YEAR NORMAL DEPARTURE LAST
                VALUE   (LST)  VALUE       VALUE  FROM      YEAR
                                                  NORMAL
..................................................................
TEMPERATURE (F)
 TODAY
  MAXIMUM         86    259 PM  96    1990  86      0       89
  MINIMUM         69    640 AM  65    2014  71     -2       65
  AVERAGE         78                        78      0       77

PRECIPITATION (IN)
  TODAY            0.00                      0.24  -0.24     0.00
  MONTH TO DATE    5.03                      6.68  -1.65     6.60
  SINCE JUN 1     11.94                     17.22  -5.28    15.67
  SINCE JAN 1     32.00                     34.62  -2.62    28.65

DEGREE DAYS
 HEATING
  TODAY            0                         0      0        0
  MONTH TO DATE    0                         0      0        0
  SINCE JUN 1      0                         0      0        0
  SINCE JUL 1      0                         0      0        0

 COOLING
  TODAY           13                        13      0       12
  MONTH TO DATE  412                       393     19      394
  SINCE JUN 1   1412                      1226    186     1260
  SINCE JAN 1   1671                      1438    233     1542
..................................................................


WIND (MPH)
  HIGHEST WIND SPEED    16   HIGHEST WIND DIRECTION    NE (40)
  HIGHEST GUST SPEED    21   HIGHEST GUST DIRECTION    NE (50)
  AVERAGE WIND SPEED     9.1


SKY COVER
  POSSIBLE SUNSHINE  MM
  AVERAGE SKY COVER 0.2


WEATHER CONDITIONS
 THE FOLLOWING WEATHER WAS RECORDED TODAY.
  NO SIGNIFICANT WEATHER WAS OBSERVED.


RELATIVE HUMIDITY (PERCENT)
 HIGHEST    93          1200 AM
 LOWEST     51           200 PM
 AVERAGE    72

..........................................................


THE NORTH MYRTLE BEACH SC CLIMATE NORMALS FOR TOMORROW
                         NORMAL    RECORD    YEAR
 MAXIMUM TEMPERATURE (F)   86        93      1951
 MINIMUM TEMPERATURE (F)   71        64      1953


SUNRISE AND SUNSET
AUGUST 28 2015........SUNRISE   646 AM EDT   SUNSET   746 PM EDT
AUGUST 29 2015........SUNRISE   646 AM EDT   SUNSET   745 PM EDT


-  INDICATES NEGATIVE NUMBERS.
R  INDICATES RECORD WAS SET OR TIED.
MM INDICATES DATA IS MISSING.
T  INDICATES TRACE AMOUNT.




$$
