000
CDUS42 KILM 242143
CLICRE


CLIMATE REPORT
NATIONAL WEATHER SERVICE WILMINGTON NC
442 PM EST FRI NOV 24 2017


...................................

...THE N.MYRTLE BEACH SOUTH CAROLINA CLIMATE SUMMARY FOR NOVEMBER 24 2017...
VALID TODAY AS OF 0400 PM LOCAL TIME.

CLIMATE NORMAL PERIOD 1981 TO 2010
CLIMATE RECORD PERIOD 1949 TO 2017


WEATHER ITEM   OBSERVED TIME   RECORD YEAR NORMAL DEPARTURE LAST
                VALUE   (LST)  VALUE       VALUE  FROM      YEAR
                                                  NORMAL
..................................................................
TEMPERATURE (F)
 TODAY
  MAXIMUM         61    356 PM  76    1993  64     -3       73
  MINIMUM         42    805 AM  27    2013  44     -2       52
  AVERAGE         52                        54     -2       63

PRECIPITATION (IN)
  TODAY            T             1.04 2001   0.10  -0.10     0.00
  MONTH TO DATE    1.54                      2.43  -0.89     0.17
  SINCE SEP 1     10.09                     12.59  -2.50    27.92
  SINCE JAN 1     45.70                     47.94  -2.24    53.56

SNOWFALL (IN)
  TODAY           MM
  MONTH TO DATE   MM
  SINCE SEP 1     MM
  SINCE JUL 1     MM
  SNOW DEPTH      MM

DEGREE DAYS
 HEATING
  TODAY           13                        11      2        2
  MONTH TO DATE  210                       199     11      230
  SINCE SEP 1    272                       289    -17      258
  SINCE JUL 1    272                       289    -17      258

 COOLING
  TODAY            0                         0      0        0
  MONTH TO DATE   17                        12      5        7
  SINCE SEP 1    532                       419    113      509
  SINCE JAN 1   2197                      1895    302     2365
..................................................................


WIND (MPH)
  HIGHEST WIND SPEED    15   HIGHEST WIND DIRECTION     N (10)
  HIGHEST GUST SPEED    21   HIGHEST GUST DIRECTION     N (10)
  AVERAGE WIND SPEED    10.0


SKY COVER
  POSSIBLE SUNSHINE  MM
  AVERAGE SKY COVER 0.4


WEATHER CONDITIONS
 THE FOLLOWING WEATHER WAS RECORDED TODAY.
  NO SIGNIFICANT WEATHER WAS OBSERVED.


RELATIVE HUMIDITY (PERCENT)
 HIGHEST    89           200 AM
 LOWEST     32           200 PM
 AVERAGE    61

..........................................................


THE N.MYRTLE BEACH SOUTH CAROLINA CLIMATE NORMALS FOR TOMORROW
                         NORMAL    RECORD    YEAR
 MAXIMUM TEMPERATURE (F)   64        76      1993
 MINIMUM TEMPERATURE (F)   44        17      1950


SUNRISE AND SUNSET
NOVEMBER 24 2017......SUNRISE   656 AM EST   SUNSET   507 PM EST
NOVEMBER 25 2017......SUNRISE   657 AM EST   SUNSET   507 PM EST


-  INDICATES NEGATIVE NUMBERS.
R  INDICATES RECORD WAS SET OR TIED.
MM INDICATES DATA IS MISSING.
T  INDICATES TRACE AMOUNT.




$$
