000
CDUS42 KILM 281157
CLICRE


CLIMATE REPORT
NATIONAL WEATHER SERVICE WILMINGTON NC
757 AM EDT TUE JUN 28 2016


...................................

...THE NORTH MYRTLE BEACH SC CLIMATE SUMMARY FOR JUNE 27 2016...

CLIMATE NORMAL PERIOD 1981 TO 2010
CLIMATE RECORD PERIOD 1949 TO 2016


WEATHER ITEM   OBSERVED TIME   RECORD YEAR NORMAL DEPARTURE LAST
                VALUE   (LST)  VALUE       VALUE  FROM      YEAR
                                                  NORMAL
..................................................................
TEMPERATURE (F)
 YESTERDAY
  MAXIMUM         85    358 PM 103    1954  87     -2       86
  MINIMUM         73    404 AM  58    2012  72      1       78
  AVERAGE         79                        79      0       82

PRECIPITATION (IN)
  YESTERDAY        0.00                      0.15  -0.15     0.10
  MONTH TO DATE    2.21                      4.14  -1.93     3.11
  SINCE JUN 1      2.21                      4.14  -1.93     3.11
  SINCE JAN 1     17.95                     21.54  -3.59    23.17

DEGREE DAYS
 HEATING
  YESTERDAY        0                         0      0        0
  MONTH TO DATE    0                         0      0        0
  SINCE JUN 1      0                         0      0        0
  SINCE JUL 1   1781                      2447   -666     2450

 COOLING
  YESTERDAY       14                        14      0       17
  MONTH TO DATE  398                       314     84      424
  SINCE JUN 1    398                       314     84      424
  SINCE JAN 1    694                       526    168      683
..................................................................


WIND (MPH)
  HIGHEST WIND SPEED    13   HIGHEST WIND DIRECTION    SE (120)
  HIGHEST GUST SPEED    17   HIGHEST GUST DIRECTION    SE (150)
  AVERAGE WIND SPEED     6.8


SKY COVER
  POSSIBLE SUNSHINE  MM
  AVERAGE SKY COVER 0.2


WEATHER CONDITIONS
 THE FOLLOWING WEATHER WAS RECORDED YESTERDAY.
  NO SIGNIFICANT WEATHER WAS OBSERVED.


RELATIVE HUMIDITY (PERCENT)
 HIGHEST    93           100 AM
 LOWEST     61          1100 AM
 AVERAGE    77

..........................................................


THE NORTH MYRTLE BEACH SC CLIMATE NORMALS FOR TODAY
                         NORMAL    RECORD    YEAR
 MAXIMUM TEMPERATURE (F)   87        99      1998
 MINIMUM TEMPERATURE (F)   72        60      2012


SUNRISE AND SUNSET
JUNE 28 2016..........SUNRISE   607 AM EDT   SUNSET   830 PM EDT
JUNE 29 2016..........SUNRISE   607 AM EDT   SUNSET   830 PM EDT


-  INDICATES NEGATIVE NUMBERS.
R  INDICATES RECORD WAS SET OR TIED.
MM INDICATES DATA IS MISSING.
T  INDICATES TRACE AMOUNT.




$$
