266
CDUS42 KILM 030943
CLICRE


CLIMATE REPORT
NATIONAL WEATHER SERVICE WILMINGTON NC
443 AM EST SAT DEC 3 2016


...................................

...THE NORTH MYRTLE BEACH SC CLIMATE SUMMARY FOR DECEMBER 2 2016...

CLIMATE NORMAL PERIOD 1981 TO 2010
CLIMATE RECORD PERIOD 1949 TO 2016


WEATHER ITEM   OBSERVED TIME   RECORD YEAR NORMAL DEPARTURE LAST
                VALUE   (LST)  VALUE       VALUE  FROM      YEAR
                                                  NORMAL
..................................................................
TEMPERATURE (F)
 YESTERDAY
  MAXIMUM         60    315 PM  78    1991  62     -2       75
  MINIMUM         39   1158 PM  23    1999  42     -3       56
  AVERAGE         50                        52     -2       66

PRECIPITATION (IN)
  YESTERDAY        0.00                      0.12  -0.12     0.04
  MONTH TO DATE    0.00                      0.24  -0.24     0.04
  SINCE DEC 1      0.00                      0.24  -0.24     0.04
  SINCE JAN 1     53.57                     48.79   4.78    61.75

SNOWFALL (IN)
  YESTERDAY       MM
  MONTH TO DATE   MM
  SINCE DEC 1     MM
  SINCE JUL 1     MM
  SNOW DEPTH      MM

DEGREE DAYS
 HEATING
  YESTERDAY       15                        13      2        0
  MONTH TO DATE   18                        26     -8        1
  SINCE DEC 1     18                        26     -8        1
  SINCE JUL 1    321                       387    -66      198

 COOLING
  YESTERDAY        0                         0      0        1
  MONTH TO DATE    0                         0      0        1
  SINCE DEC 1      0                         0      0        1
  SINCE JAN 1   2370                      1899    471     2211
..................................................................


WIND (MPH)
  HIGHEST WIND SPEED    16   HIGHEST WIND DIRECTION     N (20)
  HIGHEST GUST SPEED    19   HIGHEST GUST DIRECTION     N (10)
  AVERAGE WIND SPEED     4.6


SKY COVER
  POSSIBLE SUNSHINE  MM
  AVERAGE SKY COVER 0.0


WEATHER CONDITIONS
 THE FOLLOWING WEATHER WAS RECORDED YESTERDAY.
  NO SIGNIFICANT WEATHER WAS OBSERVED.


RELATIVE HUMIDITY (PERCENT)
 HIGHEST    96          1000 PM
 LOWEST     37           100 PM
 AVERAGE    67

..........................................................


THE NORTH MYRTLE BEACH SC CLIMATE NORMALS FOR TODAY
                         NORMAL    RECORD    YEAR
 MAXIMUM TEMPERATURE (F)   61        75      1998
 MINIMUM TEMPERATURE (F)   42        24      1954


SUNRISE AND SUNSET
DECEMBER  3 2016......SUNRISE   704 AM EST   SUNSET   506 PM EST
DECEMBER  4 2016......SUNRISE   705 AM EST   SUNSET   506 PM EST


-  INDICATES NEGATIVE NUMBERS.
R  INDICATES RECORD WAS SET OR TIED.
MM INDICATES DATA IS MISSING.
T  INDICATES TRACE AMOUNT.




$$
