000
CDUS42 KILM 302048
CLICRE


CLIMATE REPORT
NATIONAL WEATHER SERVICE WILMINGTON NC
447 PM EDT SAT AUG 30 2014


...................................

...THE NORTH MYRTLE BEACH SC CLIMATE SUMMARY FOR AUGUST 30 2014...
VALID TODAY AS OF 0400 PM LOCAL TIME.

CLIMATE NORMAL PERIOD 1981 TO 2010
CLIMATE RECORD PERIOD 1949 TO 2014


WEATHER ITEM   OBSERVED TIME   RECORD YEAR NORMAL DEPARTURE LAST
                VALUE   (LST)  VALUE       VALUE  FROM      YEAR
                                                  NORMAL
..................................................................
TEMPERATURE (F)
 TODAY
  MAXIMUM         87    938 AM  92    1951  86      1       83
  MINIMUM         74    638 AM  62    1953  71      3       70
  AVERAGE         81                        78      3       77

PRECIPITATION (IN)
  TODAY            T                         0.23  -0.23     0.00
  MONTH TO DATE    6.60                      7.15  -0.55     4.19
  SINCE JUN 1     15.67                     17.69  -2.02    23.32
  SINCE JAN 1     28.65                     35.09  -6.44    40.76

DEGREE DAYS
 HEATING
  TODAY            0                         0      0        0
  MONTH TO DATE    0                         0      0        0
  SINCE JUN 1      0                         0      0        0
  SINCE JUL 1      0                         0      0        0

 COOLING
  TODAY           16                        13      3       12
  MONTH TO DATE  423                       419      4      402
  SINCE JUN 1   1289                      1252     37     1258
  SINCE JAN 1   1571                      1464    107     1438
..................................................................


WIND (MPH)
  HIGHEST WIND SPEED    14   HIGHEST WIND DIRECTION     S (160)
  HIGHEST GUST SPEED    17   HIGHEST GUST DIRECTION     S (170)
  AVERAGE WIND SPEED     4.8


SKY COVER
  POSSIBLE SUNSHINE  MM
  AVERAGE SKY COVER 0.3


WEATHER CONDITIONS
 THE FOLLOWING WEATHER WAS RECORDED TODAY.
  LIGHT RAIN


RELATIVE HUMIDITY (PERCENT)
 HIGHEST    94           300 AM
 LOWEST     65          1200 PM
 AVERAGE    80

..........................................................


THE NORTH MYRTLE BEACH SC CLIMATE NORMALS FOR TOMORROW
                         NORMAL    RECORD    YEAR
 MAXIMUM TEMPERATURE (F)   86        97      1993
 MINIMUM TEMPERATURE (F)   70        61      1951


SUNRISE AND SUNSET
AUGUST 30 2014........SUNRISE   647 AM EDT   SUNSET   743 PM EDT
AUGUST 31 2014........SUNRISE   648 AM EDT   SUNSET   742 PM EDT


-  INDICATES NEGATIVE NUMBERS.
R  INDICATES RECORD WAS SET OR TIED.
MM INDICATES DATA IS MISSING.
T  INDICATES TRACE AMOUNT.




$$
