000
CDUS42 KILM 270849
CLICRE


CLIMATE REPORT
NATIONAL WEATHER SERVICE WILMINGTON NC
449 AM EDT WED MAY 27 2015


...................................

...THE NORTH MYRTLE BEACH SC CLIMATE SUMMARY FOR MAY 26 2015...

CLIMATE NORMAL PERIOD 1981 TO 2010
CLIMATE RECORD PERIOD 1949 TO 2015


WEATHER ITEM   OBSERVED TIME   RECORD YEAR NORMAL DEPARTURE LAST
                VALUE   (LST)  VALUE       VALUE  FROM      YEAR
                                                  NORMAL
..................................................................
TEMPERATURE (F)
 YESTERDAY
  MAXIMUM         82        MM  97    1953  81      1       80
  MINIMUM         74        MM  53    2005  64     10       65
  AVERAGE         78                        72      6       73

PRECIPITATION (IN)
  YESTERDAY        0.00                      0.12  -0.12     0.00
  MONTH TO DATE    6.80                      2.73   4.07     1.35
  SINCE MAR 1     12.87                      9.61   3.26     8.62
  SINCE JAN 1     20.06                     16.72   3.34    12.74

DEGREE DAYS
 HEATING
  YESTERDAY        0                         0      0        0
  MONTH TO DATE    8                        23    -15        9
  SINCE MAR 1    363                       502   -139      562
  SINCE JUL 1   2418                      2446    -28     2586

 COOLING
  YESTERDAY       13                         7      6        8
  MONTH TO DATE  156                       129     27      182
  SINCE MAR 1    208                       171     37      224
  SINCE JAN 1    209                       171     38      224
..................................................................


WIND (MPH)
  HIGHEST WIND SPEED    16   HIGHEST WIND DIRECTION     S (180)
  HIGHEST GUST SPEED    23   HIGHEST GUST DIRECTION     S (170)
  AVERAGE WIND SPEED     9.6


SKY COVER
  POSSIBLE SUNSHINE  MM
  AVERAGE SKY COVER 0.7


WEATHER CONDITIONS
 THE FOLLOWING WEATHER WAS RECORDED YESTERDAY.
  NO SIGNIFICANT WEATHER WAS OBSERVED.


RELATIVE HUMIDITY (PERCENT)
 HIGHEST    82           600 AM
 LOWEST     74           300 AM
 AVERAGE    78

..........................................................


THE NORTH MYRTLE BEACH SC CLIMATE NORMALS FOR TODAY
                         NORMAL    RECORD    YEAR
 MAXIMUM TEMPERATURE (F)   81        95      1989
 MINIMUM TEMPERATURE (F)   64        52      1949


SUNRISE AND SUNSET
MAY 27 2015...........SUNRISE   607 AM EDT   SUNSET   817 PM EDT
MAY 28 2015...........SUNRISE   607 AM EDT   SUNSET   818 PM EDT


-  INDICATES NEGATIVE NUMBERS.
R  INDICATES RECORD WAS SET OR TIED.
MM INDICATES DATA IS MISSING.
T  INDICATES TRACE AMOUNT.




$$
