000
CDUS42 KILM 020840
CLICRE


CLIMATE REPORT
NATIONAL WEATHER SERVICE WILMINGTON NC
440 AM EDT THU OCT 2 2014


...................................

...THE NORTH MYRTLE BEACH SC CLIMATE SUMMARY FOR OCTOBER 1 2014...

CLIMATE NORMAL PERIOD 1981 TO 2010
CLIMATE RECORD PERIOD 1949 TO 2014


WEATHER ITEM   OBSERVED TIME   RECORD YEAR NORMAL DEPARTURE LAST
                VALUE   (LST)  VALUE       VALUE  FROM      YEAR
                                                  NORMAL
..................................................................
TEMPERATURE (F)
 YESTERDAY
  MAXIMUM         80   1143 AM  88    1998  80      0       81
  MINIMUM         62    633 AM  46    2001  62      0       53
                                      1993
  AVERAGE         71                        71      0       67

PRECIPITATION (IN)
  YESTERDAY        0.00                      0.15  -0.15     0.00
  MONTH TO DATE    0.00                      0.15  -0.15     0.00
  SINCE SEP 1      4.57                      6.43  -1.86     1.36
  SINCE JAN 1     33.22                     41.78  -8.56    42.12

DEGREE DAYS
 HEATING
  YESTERDAY        0                         1     -1        0
  MONTH TO DATE    0                         1     -1        0
  SINCE SEP 1      1                         5     -4        0
  SINCE JUL 1      1                         5     -4        0

 COOLING
  YESTERDAY        6                         6      0        2
  MONTH TO DATE    6                         6      0        2
  SINCE SEP 1    327                       314     13      279
  SINCE JAN 1   1915                      1790    125     1730
..................................................................


WIND (MPH)
  HIGHEST WIND SPEED     8   HIGHEST WIND DIRECTION     S (190)
  HIGHEST GUST SPEED    10   HIGHEST GUST DIRECTION     E (100)
  AVERAGE WIND SPEED     3.8


SKY COVER
  POSSIBLE SUNSHINE  MM
  AVERAGE SKY COVER 0.0


WEATHER CONDITIONS
 THE FOLLOWING WEATHER WAS RECORDED YESTERDAY.
  FOG


RELATIVE HUMIDITY (PERCENT)
 HIGHEST   100           700 AM
 LOWEST     62          1100 AM
 AVERAGE    81

..........................................................


THE NORTH MYRTLE BEACH SC CLIMATE NORMALS FOR TODAY
                         NORMAL    RECORD    YEAR
 MAXIMUM TEMPERATURE (F)   79        86      1952
 MINIMUM TEMPERATURE (F)   61        46      2011


SUNRISE AND SUNSET
OCTOBER  2 2014.......SUNRISE   710 AM EDT   SUNSET   658 PM EDT
OCTOBER  3 2014.......SUNRISE   711 AM EDT   SUNSET   656 PM EDT


-  INDICATES NEGATIVE NUMBERS.
R  INDICATES RECORD WAS SET OR TIED.
MM INDICATES DATA IS MISSING.
T  INDICATES TRACE AMOUNT.




$$
