000
CDUS42 KILM 210944
CLICRE


CLIMATE REPORT
NATIONAL WEATHER SERVICE WILMINGTON NC
444 AM EST FRI NOV 21 2014


...................................

...THE NORTH MYRTLE BEACH SC CLIMATE SUMMARY FOR NOVEMBER 20 2014...

CLIMATE NORMAL PERIOD 1981 TO 2010
CLIMATE RECORD PERIOD 1949 TO 2014


WEATHER ITEM   OBSERVED TIME   RECORD YEAR NORMAL DEPARTURE LAST
                VALUE   (LST)  VALUE       VALUE  FROM      YEAR
                                                  NORMAL
..................................................................
TEMPERATURE (F)
 YESTERDAY
  MAXIMUM         63    315 PM  76    2007  65     -2       61
  MINIMUM         30    706 AM  20    1951  45    -15       42
  AVERAGE         47                        55     -8       52

PRECIPITATION (IN)
  YESTERDAY        0.00                      0.11  -0.11     0.00
  MONTH TO DATE    1.00                      2.02  -1.02     1.56
  SINCE SEP 1      6.28                     12.18  -5.90     4.29
  SINCE JAN 1     34.93                     47.53 -12.60    45.05

SNOWFALL (IN)
  YESTERDAY       MM
  MONTH TO DATE   MM
  SINCE SEP 1     MM
  SINCE JUL 1     MM
  SNOW DEPTH      MM

DEGREE DAYS
 HEATING
  YESTERDAY       18                        10      8       13
  MONTH TO DATE  260                       156    104      181
  SINCE SEP 1    320                       246     74      258
  SINCE JUL 1    320                       246     74      258

 COOLING
  YESTERDAY        0                         0      0        0
  MONTH TO DATE    4                        12     -8       23
  SINCE SEP 1    441                       419     22      389
  SINCE JAN 1   2029                      1895    134     1840
..................................................................


WIND (MPH)
  HIGHEST WIND SPEED    18   HIGHEST WIND DIRECTION     W (260)
  HIGHEST GUST SPEED    26   HIGHEST GUST DIRECTION     W (250)
  AVERAGE WIND SPEED     8.4


SKY COVER
  POSSIBLE SUNSHINE  MM
  AVERAGE SKY COVER 0.0


WEATHER CONDITIONS
 THE FOLLOWING WEATHER WAS RECORDED YESTERDAY.
  NO SIGNIFICANT WEATHER WAS OBSERVED.


RELATIVE HUMIDITY (PERCENT)
 HIGHEST    82           300 AM
 LOWEST     28          1200 PM
 AVERAGE    55

..........................................................


THE NORTH MYRTLE BEACH SC CLIMATE NORMALS FOR TODAY
                         NORMAL    RECORD    YEAR
 MAXIMUM TEMPERATURE (F)   65        77      2011
 MINIMUM TEMPERATURE (F)   45        20      1951


SUNRISE AND SUNSET
NOVEMBER 21 2014......SUNRISE   653 AM EST   SUNSET   509 PM EST
NOVEMBER 22 2014......SUNRISE   654 AM EST   SUNSET   508 PM EST


-  INDICATES NEGATIVE NUMBERS.
R  INDICATES RECORD WAS SET OR TIED.
MM INDICATES DATA IS MISSING.
T  INDICATES TRACE AMOUNT.




$$
