000
CDUS42 KILM 230841
CLICRE


CLIMATE REPORT
NATIONAL WEATHER SERVICE WILMINGTON NC
440 AM EDT TUE SEP 23 2014


...................................

...THE NORTH MYRTLE BEACH SC CLIMATE SUMMARY FOR SEPTEMBER 22 2014...

CLIMATE NORMAL PERIOD 1981 TO 2010
CLIMATE RECORD PERIOD 1949 TO 2014


WEATHER ITEM   OBSERVED TIME   RECORD YEAR NORMAL DEPARTURE LAST
                VALUE   (LST)  VALUE       VALUE  FROM      YEAR
                                                  NORMAL
..................................................................
TEMPERATURE (F)
 YESTERDAY
  MAXIMUM         79   1124 AM  90    1950  82     -3       79
  MINIMUM         67   1159 PM  50    1999  65      2       65
  AVERAGE         73                        74     -1       72

PRECIPITATION (IN)
  YESTERDAY        0.27                      0.17   0.10     0.36
  MONTH TO DATE    4.07                      4.76  -0.69     1.18
  SINCE SEP 1      4.07                      4.76  -0.69     1.18
  SINCE JAN 1     32.72                     40.11  -7.39    41.94

DEGREE DAYS
 HEATING
  YESTERDAY        0                         0      0        0
  MONTH TO DATE    0                         0      0        0
  SINCE SEP 1      0                         0      0        0
  SINCE JUL 1      0                         0      0        0

 COOLING
  YESTERDAY        8                         9     -1        7
  MONTH TO DATE  279                       247     32      253
  SINCE SEP 1    279                       247     32      253
  SINCE JAN 1   1867                      1723    144     1704
..................................................................


WIND (MPH)
  HIGHEST WIND SPEED    15   HIGHEST WIND DIRECTION     N (20)
  HIGHEST GUST SPEED    20   HIGHEST GUST DIRECTION     N (20)
  AVERAGE WIND SPEED     6.0


SKY COVER
  POSSIBLE SUNSHINE  MM
  AVERAGE SKY COVER 0.6


WEATHER CONDITIONS
 THE FOLLOWING WEATHER WAS RECORDED YESTERDAY.
  RAIN
  LIGHT RAIN
  FOG


RELATIVE HUMIDITY (PERCENT)
 HIGHEST    90           600 PM
 LOWEST     58          1000 AM
 AVERAGE    74

..........................................................


THE NORTH MYRTLE BEACH SC CLIMATE NORMALS FOR TODAY
                         NORMAL    RECORD    YEAR
 MAXIMUM TEMPERATURE (F)   82        90      2007
 MINIMUM TEMPERATURE (F)   65        47      1999


SUNRISE AND SUNSET
SEPTEMBER 23 2014.....SUNRISE   704 AM EDT   SUNSET   710 PM EDT
SEPTEMBER 24 2014.....SUNRISE   704 AM EDT   SUNSET   709 PM EDT


-  INDICATES NEGATIVE NUMBERS.
R  INDICATES RECORD WAS SET OR TIED.
MM INDICATES DATA IS MISSING.
T  INDICATES TRACE AMOUNT.




$$
