000
CDUS42 KILM 200841
CLICRE


CLIMATE REPORT
NATIONAL WEATHER SERVICE WILMINGTON NC
441 AM EDT SAT SEP 20 2014


...................................

...THE NORTH MYRTLE BEACH SC CLIMATE SUMMARY FOR SEPTEMBER 19 2014...

CLIMATE NORMAL PERIOD 1981 TO 2010
CLIMATE RECORD PERIOD 1949 TO 2014


WEATHER ITEM   OBSERVED TIME   RECORD YEAR NORMAL DEPARTURE LAST
                VALUE   (LST)  VALUE       VALUE  FROM      YEAR
                                                  NORMAL
..................................................................
TEMPERATURE (F)
 YESTERDAY
  MAXIMUM         82    401 PM  92    1949  83     -1       82
  MINIMUM         67    645 AM  54    1990  66      1       59
  AVERAGE         75                        75      0       71

PRECIPITATION (IN)
  YESTERDAY        0.01                      0.18  -0.17     0.00
  MONTH TO DATE    3.74                      4.28  -0.54     0.82
  SINCE SEP 1      3.74                      4.28  -0.54     0.82
  SINCE JAN 1     32.39                     39.63  -7.24    41.58

DEGREE DAYS
 HEATING
  YESTERDAY        0                         0      0        0
  MONTH TO DATE    0                         0      0        0
  SINCE SEP 1      0                         0      0        0
  SINCE JUL 1      0                         0      0        0

 COOLING
  YESTERDAY       10                        10      0        6
  MONTH TO DATE  253                       220     33      230
  SINCE SEP 1    253                       220     33      230
  SINCE JAN 1   1841                      1696    145     1681
..................................................................


WIND (MPH)
  HIGHEST WIND SPEED    21   HIGHEST WIND DIRECTION     E (80)
  HIGHEST GUST SPEED    27   HIGHEST GUST DIRECTION     E (90)
  AVERAGE WIND SPEED    10.8


SKY COVER
  POSSIBLE SUNSHINE  MM
  AVERAGE SKY COVER 0.1


WEATHER CONDITIONS
 THE FOLLOWING WEATHER WAS RECORDED YESTERDAY.
  LIGHT RAIN


RELATIVE HUMIDITY (PERCENT)
 HIGHEST    87           500 AM
 LOWEST     62          1100 AM
 AVERAGE    75

..........................................................


THE NORTH MYRTLE BEACH SC CLIMATE NORMALS FOR TODAY
                         NORMAL    RECORD    YEAR
 MAXIMUM TEMPERATURE (F)   83        89      1950
 MINIMUM TEMPERATURE (F)   66        55      1951


SUNRISE AND SUNSET
SEPTEMBER 20 2014.....SUNRISE   702 AM EDT   SUNSET   714 PM EDT
SEPTEMBER 21 2014.....SUNRISE   702 AM EDT   SUNSET   713 PM EDT


-  INDICATES NEGATIVE NUMBERS.
R  INDICATES RECORD WAS SET OR TIED.
MM INDICATES DATA IS MISSING.
T  INDICATES TRACE AMOUNT.




$$
