000
CDUS42 KILM 300842
CLICRE


CLIMATE REPORT
NATIONAL WEATHER SERVICE WILMINGTON NC
442 AM EDT TUE SEP 30 2014


...................................

...THE NORTH MYRTLE BEACH SC CLIMATE SUMMARY FOR SEPTEMBER 29 2014...

CLIMATE NORMAL PERIOD 1981 TO 2010
CLIMATE RECORD PERIOD 1949 TO 2014


WEATHER ITEM   OBSERVED TIME   RECORD YEAR NORMAL DEPARTURE LAST
                VALUE   (LST)  VALUE       VALUE  FROM      YEAR
                                                  NORMAL
..................................................................
TEMPERATURE (F)
 YESTERDAY
  MAXIMUM         75   1244 PM  87    2005  80     -5       78
  MINIMUM         63   1029 PM  51    2003  63      0       56
                                      2001
  AVERAGE         69                        71     -2       67

PRECIPITATION (IN)
  YESTERDAY        0.17                      0.17   0.00     0.00
  MONTH TO DATE    4.57                      6.10  -1.53     1.36
  SINCE SEP 1      4.57                      6.10  -1.53     1.36
  SINCE JAN 1     33.22                     41.45  -8.23    42.12

DEGREE DAYS
 HEATING
  YESTERDAY        0                         0      0        0
  MONTH TO DATE    1                         0      1        0
  SINCE SEP 1      1                         0      1        0
  SINCE JUL 1      1                         0      1        0

 COOLING
  YESTERDAY        4                         7     -3        2
  MONTH TO DATE  313                       301     12      275
  SINCE SEP 1    313                       301     12      275
  SINCE JAN 1   1901                      1777    124     1726
..................................................................


WIND (MPH)
  HIGHEST WIND SPEED    14   HIGHEST WIND DIRECTION    NE (60)
  HIGHEST GUST SPEED    17   HIGHEST GUST DIRECTION    NE (40)
  AVERAGE WIND SPEED     6.4


SKY COVER
  POSSIBLE SUNSHINE  MM
  AVERAGE SKY COVER 0.7


WEATHER CONDITIONS
 THE FOLLOWING WEATHER WAS RECORDED YESTERDAY.
  RAIN
  LIGHT RAIN
  FOG


RELATIVE HUMIDITY (PERCENT)
 HIGHEST    93           100 AM
 LOWEST     74          1200 PM
 AVERAGE    84

..........................................................


THE NORTH MYRTLE BEACH SC CLIMATE NORMALS FOR TODAY
                         NORMAL    RECORD    YEAR
 MAXIMUM TEMPERATURE (F)   80        86      2011
                                             1997
 MINIMUM TEMPERATURE (F)   62        48      2003
                                             2001


SUNRISE AND SUNSET
SEPTEMBER 30 2014.....SUNRISE   709 AM EDT   SUNSET   701 PM EDT
OCTOBER  1 2014.......SUNRISE   709 AM EDT   SUNSET   659 PM EDT


-  INDICATES NEGATIVE NUMBERS.
R  INDICATES RECORD WAS SET OR TIED.
MM INDICATES DATA IS MISSING.
T  INDICATES TRACE AMOUNT.




$$
