000
CDUS42 KILM 292044
CLICRE


CLIMATE REPORT
NATIONAL WEATHER SERVICE WILMINGTON NC
442 PM EDT WED JUL 29 2015


...................................

...THE NORTH MYRTLE BEACH SC CLIMATE SUMMARY FOR JULY 29 2015...
VALID TODAY AS OF 0400 PM LOCAL TIME.

CLIMATE NORMAL PERIOD 1981 TO 2010
CLIMATE RECORD PERIOD 1949 TO 2015


WEATHER ITEM   OBSERVED TIME   RECORD YEAR NORMAL DEPARTURE LAST
                VALUE   (LST)  VALUE       VALUE  FROM      YEAR
                                                  NORMAL
..................................................................
TEMPERATURE (F)
 TODAY
  MAXIMUM         88    200 PM  96    1989  87      1       88
  MINIMUM         72    520 AM  62    1954  73     -1       70
  AVERAGE         80                        80      0       79

PRECIPITATION (IN)
  TODAY            0.00                      0.18  -0.18     0.00
  MONTH TO DATE    3.73                      5.51  -1.78     6.44
  SINCE JUN 1      6.89                     10.15  -3.26     9.07
  SINCE JAN 1     26.95                     27.55  -0.60    22.05

DEGREE DAYS
 HEATING
  TODAY            0                         0      0        0
  MONTH TO DATE    0                         0      0        0
  SINCE JUN 1      0                         0      0        0
  SINCE JUL 1      0                         0      0        0

 COOLING
  TODAY           15                        15      0       14
  MONTH TO DATE  489                       447     42      435
  SINCE JUN 1    964                       804    160      840
  SINCE JAN 1   1223                      1016    207     1122
..................................................................


WIND (MPH)
  HIGHEST WIND SPEED    13   HIGHEST WIND DIRECTION     E (100)
  HIGHEST GUST SPEED    16   HIGHEST GUST DIRECTION    SE (130)
  AVERAGE WIND SPEED     6.5


SKY COVER
  POSSIBLE SUNSHINE  MM
  AVERAGE SKY COVER 0.0


WEATHER CONDITIONS
 THE FOLLOWING WEATHER WAS RECORDED TODAY.
  NO SIGNIFICANT WEATHER WAS OBSERVED.


RELATIVE HUMIDITY (PERCENT)
 HIGHEST    93           200 AM
 LOWEST     63           300 PM
 AVERAGE    78

..........................................................


THE NORTH MYRTLE BEACH SC CLIMATE NORMALS FOR TOMORROW
                         NORMAL    RECORD    YEAR
 MAXIMUM TEMPERATURE (F)   87        97      2002
 MINIMUM TEMPERATURE (F)   73        64      1954


SUNRISE AND SUNSET
JULY 29 2015..........SUNRISE   624 AM EDT   SUNSET   818 PM EDT
JULY 30 2015..........SUNRISE   625 AM EDT   SUNSET   817 PM EDT


-  INDICATES NEGATIVE NUMBERS.
R  INDICATES RECORD WAS SET OR TIED.
MM INDICATES DATA IS MISSING.
T  INDICATES TRACE AMOUNT.




$$
