557
CDUS42 KILM 270840
CLICRE


CLIMATE REPORT
NATIONAL WEATHER SERVICE WILMINGTON NC
440 AM EDT THU APR 27 2017


...................................

...THE NORTH MYRTLE BEACH SC CLIMATE SUMMARY FOR APRIL 26 2017...

CLIMATE NORMAL PERIOD 1981 TO 2010
CLIMATE RECORD PERIOD 1949 TO 2017


WEATHER ITEM   OBSERVED TIME   RECORD YEAR NORMAL DEPARTURE LAST
                VALUE   (LST)  VALUE       VALUE  FROM      YEAR
                                                  NORMAL
..................................................................
TEMPERATURE (F)
 YESTERDAY
  MAXIMUM         76    345 PM  92    1990  74      2       76
  MINIMUM         58    542 AM  42    2001  55      3       60
  AVERAGE         67                        64      3       68

PRECIPITATION (IN)
  YESTERDAY        0.00                      0.09  -0.09     0.00
  MONTH TO DATE    3.44                      2.60   0.84     0.90
  SINCE MAR 1      5.38                      6.52  -1.14     2.37
  SINCE JAN 1      8.91                     13.63  -4.72    10.44

SNOWFALL (IN)
  YESTERDAY       MM
  MONTH TO DATE   MM
  SINCE MAR 1     MM
  SINCE JUL 1     MM
  SNOW DEPTH      MM

DEGREE DAYS
 HEATING
  YESTERDAY        0                         3     -3        0
  MONTH TO DATE   48                       132    -84      123
  SINCE MAR 1    392                       470    -78      294
  SINCE JUL 1   1796                      2414   -618     1769

 COOLING
  YESTERDAY        2                         2      0        3
  MONTH TO DATE   60                        29     31       32
  SINCE MAR 1     72                        32     40       68
  SINCE JAN 1     73                        32     41       68
..................................................................


WIND (MPH)
  HIGHEST WIND SPEED    20   HIGHEST WIND DIRECTION    SW (210)
  HIGHEST GUST SPEED    25   HIGHEST GUST DIRECTION    SW (210)
  AVERAGE WIND SPEED     8.1


SKY COVER
  POSSIBLE SUNSHINE  MM
  AVERAGE SKY COVER 0.2


WEATHER CONDITIONS
 THE FOLLOWING WEATHER WAS RECORDED YESTERDAY.
  NO SIGNIFICANT WEATHER WAS OBSERVED.


RELATIVE HUMIDITY (PERCENT)
 HIGHEST   100          1200 AM
 LOWEST     68          1100 AM
 AVERAGE    84

..........................................................


THE NORTH MYRTLE BEACH SC CLIMATE NORMALS FOR TODAY
                         NORMAL    RECORD    YEAR
 MAXIMUM TEMPERATURE (F)   74        85      2012
 MINIMUM TEMPERATURE (F)   55        38      2001


SUNRISE AND SUNSET
APRIL 27 2017.........SUNRISE   630 AM EDT   SUNSET   755 PM EDT
APRIL 28 2017.........SUNRISE   629 AM EDT   SUNSET   756 PM EDT


-  INDICATES NEGATIVE NUMBERS.
R  INDICATES RECORD WAS SET OR TIED.
MM INDICATES DATA IS MISSING.
T  INDICATES TRACE AMOUNT.




$$
