000
CDUS41 KRLX 240724
CLICRW


CLIMATE REPORT
NATIONAL WEATHER SERVICE CHARLESTON WV
321 AM EDT FRI OCT 24 2014


...................................

...THE CHARLESTON WV CLIMATE SUMMARY FOR OCTOBER 23 2014...

CLIMATE NORMAL PERIOD 1981 TO 2010
CLIMATE RECORD PERIOD 1901 TO 2014


WEATHER ITEM   OBSERVED TIME   RECORD YEAR NORMAL DEPARTURE LAST
                VALUE   (LST)  VALUE       VALUE  FROM      YEAR
                                                  NORMAL
..................................................................
TEMPERATURE (F)
 YESTERDAY
  MAXIMUM         58    411 PM  85    1947  66     -8       48
                                      1931
                                      1920
  MINIMUM         40   1159 PM  24    1997  43     -3       37
                                      1976
                                      1930
  AVERAGE         49                        54     -5       43

PRECIPITATION (IN)
  YESTERDAY        0.00          0.98 2007   0.09  -0.09     0.20
  MONTH TO DATE    3.30                      1.92   1.38     0.96
  SINCE JAN 1     39.94                     36.28   3.66    37.49

SNOWFALL (IN)
  YESTERDAY        0.0
  MONTH TO DATE    0.0
  SINCE SEP 1      0.0
  SNOW DEPTH       0

DEGREE DAYS
 HEATING
  YESTERDAY       16                        11      5       22
  MONTH TO DATE  193                       185      8      138
  SINCE SEP 1    238                       241     -3      177
  SINCE JUL 1    238                       243     -5      180

 COOLING
  YESTERDAY        0                         0      0        0
  MONTH TO DATE   14                        16     -2       39
  SINCE SEP 1    141                       143     -2      154
  SINCE JAN 1   1048                      1089    -41     1120
..................................................................


WIND (MPH)
  HIGHEST WIND SPEED    10   HIGHEST WIND DIRECTION    NW (300)
  HIGHEST GUST SPEED    13   HIGHEST GUST DIRECTION    NW (300)
  AVERAGE WIND SPEED     2.8


SKY COVER
  POSSIBLE SUNSHINE  MM
  AVERAGE SKY COVER 0.7


WEATHER CONDITIONS
 THE FOLLOWING WEATHER WAS RECORDED YESTERDAY.
  FOG


RELATIVE HUMIDITY (PERCENT)
 HIGHEST   100          1100 PM
 LOWEST     61          1200 PM
 AVERAGE    81

..........................................................


THE CHARLESTON WV CLIMATE NORMALS FOR TODAY
                         NORMAL    RECORD    YEAR
 MAXIMUM TEMPERATURE (F)   65        86      1931
                                             1920
 MINIMUM TEMPERATURE (F)   43        20      1969


SUNRISE AND SUNSET
OCTOBER 24 2014.......SUNRISE   744 AM EDT   SUNSET   636 PM EDT
OCTOBER 25 2014.......SUNRISE   745 AM EDT   SUNSET   635 PM EDT


-  INDICATES NEGATIVE NUMBERS.
R  INDICATES RECORD WAS SET OR TIED.
MM INDICATES DATA IS MISSING.
T  INDICATES TRACE AMOUNT.




$$
