000
CDUS41 KRLX 230803
CLICRW


CLIMATE REPORT
NATIONAL WEATHER SERVICE CHARLESTON WV
402 AM EDT FRI JUN 23 2017


...................................

...THE CHARLESTON WV CLIMATE SUMMARY FOR JUNE 22 2017...

CLIMATE NORMAL PERIOD 1981 TO 2010
CLIMATE RECORD PERIOD 1901 TO 2017


WEATHER ITEM   OBSERVED TIME   RECORD YEAR NORMAL DEPARTURE LAST
                VALUE   (LST)  VALUE       VALUE  FROM      YEAR
                                                  NORMAL
..................................................................
TEMPERATURE (F)
 YESTERDAY
  MAXIMUM         82    330 PM  98    1988  84     -2       76
                                      1933
                                      1929
  MINIMUM         67    542 AM  40    1992  63      4       64
  AVERAGE         75                        74      1       70

PRECIPITATION (IN)
  YESTERDAY        0.38          3.35 1901   0.14   0.24     0.02
  MONTH TO DATE    6.67                      3.20   3.47     2.56
  SINCE JAN 1     26.40                     21.34   5.06    19.42

SNOWFALL (IN)
  YESTERDAY        0.0
  MONTH TO DATE    0.0
  SINCE SEP 1      7.5
  SNOW DEPTH       0

DEGREE DAYS
 HEATING
  YESTERDAY        0                         0      0        0
  MONTH TO DATE    5                        10     -5        3
  SINCE JUN 1      5                        10     -5        3
  SINCE JUL 1   3533                      4475   -942     3719

 COOLING
  YESTERDAY       10                         9      1        5
  MONTH TO DATE  147                       145      2      178
  SINCE JUN 1    147                       145      2      178
  SINCE JAN 1    292                       255     37      308
..................................................................


WIND (MPH)
  HIGHEST WIND SPEED    16   HIGHEST WIND DIRECTION    SW (230)
  HIGHEST GUST SPEED    23   HIGHEST GUST DIRECTION    SW (240)
  AVERAGE WIND SPEED     4.7


SKY COVER
  POSSIBLE SUNSHINE  MM
  AVERAGE SKY COVER 0.7


WEATHER CONDITIONS
 THE FOLLOWING WEATHER WAS RECORDED YESTERDAY.
  HEAVY RAIN
  LIGHT RAIN


RELATIVE HUMIDITY (PERCENT)
 HIGHEST    97          1100 PM
 LOWEST     60          1200 AM
 AVERAGE    79

..........................................................


THE CHARLESTON WV CLIMATE NORMALS FOR TODAY
                         NORMAL    RECORD    YEAR
 MAXIMUM TEMPERATURE (F)   84       100      1929
 MINIMUM TEMPERATURE (F)   64        44      1918


SUNRISE AND SUNSET
JUNE 23 2017..........SUNRISE   603 AM EDT   SUNSET   854 PM EDT
JUNE 24 2017..........SUNRISE   604 AM EDT   SUNSET   854 PM EDT


-  INDICATES NEGATIVE NUMBERS.
R  INDICATES RECORD WAS SET OR TIED.
MM INDICATES DATA IS MISSING.
T  INDICATES TRACE AMOUNT.




$$
