000
CDUS41 KRLX 272135
CLICRW


CLIMATE REPORT
NATIONAL WEATHER SERVICE CHARLESTON WV
535 PM EDT MON MAR 27 2017


...................................

...THE CHARLESTON WV CLIMATE SUMMARY FOR MARCH 27 2017...
VALID TODAY AS OF 0500 PM LOCAL TIME.

CLIMATE NORMAL PERIOD 1981 TO 2010
CLIMATE RECORD PERIOD 1901 TO 2017


WEATHER ITEM   OBSERVED TIME   RECORD YEAR NORMAL DEPARTURE LAST
                VALUE   (LST)  VALUE       VALUE  FROM      YEAR
                                                  NORMAL
..................................................................
TEMPERATURE (F)
 TODAY
  MAXIMUM         74    234 PM  90    1921  61     13       77
  MINIMUM         53    736 AM  16    1955  39     14       44
  AVERAGE         64                        50     14       61

PRECIPITATION (IN)
  TODAY            0.01          1.84 1994   0.12  -0.11     0.00
  MONTH TO DATE    2.53                      3.44  -0.91     2.30
  SINCE MAR 1      2.53                      3.44  -0.91     2.30
  SINCE JAN 1      9.83                      9.63   0.20     8.47

DEGREE DAYS
 HEATING
  TODAY            1                        16    -15        4
  MONTH TO DATE  543                       540      3      352
  SINCE MAR 1    543                       540      3      352
  SINCE JUL 1   3250                      3994   -744     3287

 COOLING
  TODAY            0                         0      0        0
  MONTH TO DATE    3                         0      3        1
  SINCE MAR 1      3                         0      3        1
  SINCE JAN 1      3                         0      3        1
..................................................................


WIND (MPH)
  HIGHEST WIND SPEED    14   HIGHEST WIND DIRECTION    SW (240)
  HIGHEST GUST SPEED    18   HIGHEST GUST DIRECTION    SW (240)
  AVERAGE WIND SPEED     2.9


SKY COVER
  POSSIBLE SUNSHINE  MM
  AVERAGE SKY COVER 0.7


WEATHER CONDITIONS
 THE FOLLOWING WEATHER WAS RECORDED TODAY.
  THUNDERSTORM
  LIGHT RAIN
  FOG


RELATIVE HUMIDITY (PERCENT)
 HIGHEST   100           700 AM
 LOWEST     49           200 PM
 AVERAGE    75

..........................................................


THE CHARLESTON WV CLIMATE NORMALS FOR TOMORROW
                         NORMAL    RECORD    YEAR
 MAXIMUM TEMPERATURE (F)   61        86      1989
                                             1907
 MINIMUM TEMPERATURE (F)   39        15      1947


SUNRISE AND SUNSET
MARCH 27 2017.........SUNRISE   719 AM EDT   SUNSET   745 PM EDT
MARCH 28 2017.........SUNRISE   717 AM EDT   SUNSET   746 PM EDT


-  INDICATES NEGATIVE NUMBERS.
R  INDICATES RECORD WAS SET OR TIED.
MM INDICATES DATA IS MISSING.
T  INDICATES TRACE AMOUNT.




$$
