000
CDUS41 KRLX 242227
CLICRW


CLIMATE REPORT
NATIONAL WEATHER SERVICE CHARLESTON WV
526 PM EST TUE JAN 24 2017


...................................

...THE CHARLESTON WV CLIMATE SUMMARY FOR JANUARY 24 2017...
VALID TODAY AS OF 0500 PM LOCAL TIME.

CLIMATE NORMAL PERIOD 1981 TO 2010
CLIMATE RECORD PERIOD 1901 TO 2017


WEATHER ITEM   OBSERVED TIME   RECORD YEAR NORMAL DEPARTURE LAST
                VALUE   (LST)  VALUE       VALUE  FROM      YEAR
                                                  NORMAL
..................................................................
TEMPERATURE (F)
 TODAY
  MAXIMUM         44    330 PM  77    1943  43      1       36
  MINIMUM         40    832 AM -12    1963  26     14       16
  AVERAGE         42                        35      7       26

PRECIPITATION (IN)
  TODAY            0.07          1.17 1958   0.09  -0.02     0.00
  MONTH TO DATE    4.57                      2.30   2.27     2.38
  SINCE DEC 1      8.40                      5.57   2.83     7.97
  SINCE JAN 1      4.57                      2.30   2.27     2.38

DEGREE DAYS
 HEATING
  TODAY           23                        30     -7       39
  MONTH TO DATE  538                       742   -204      849
  SINCE DEC 1   1330                      1598   -268     1327
  SINCE JUL 1   1984                      2482   -498     1979

 COOLING
  TODAY            0                         0      0        0
  MONTH TO DATE    0                         0      0        0
  SINCE DEC 1      0                         1     -1        0
  SINCE JAN 1      0                         0      0        0
..................................................................


WIND (MPH)
  HIGHEST WIND SPEED    15   HIGHEST WIND DIRECTION     W (270)
  HIGHEST GUST SPEED    23   HIGHEST GUST DIRECTION     W (270)
  AVERAGE WIND SPEED     6.0


SKY COVER
  POSSIBLE SUNSHINE  MM
  AVERAGE SKY COVER 0.9


WEATHER CONDITIONS
 THE FOLLOWING WEATHER WAS RECORDED TODAY.
  LIGHT RAIN
  FOG


RELATIVE HUMIDITY (PERCENT)
 HIGHEST    92           300 AM
 LOWEST     85           200 AM
 AVERAGE    89

..........................................................


THE CHARLESTON WV CLIMATE NORMALS FOR TOMORROW
                         NORMAL    RECORD    YEAR
 MAXIMUM TEMPERATURE (F)   43        79      1950
 MINIMUM TEMPERATURE (F)   27        -6      1961


SUNRISE AND SUNSET
JANUARY 24 2017.......SUNRISE   737 AM EST   SUNSET   540 PM EST
JANUARY 25 2017.......SUNRISE   737 AM EST   SUNSET   541 PM EST


-  INDICATES NEGATIVE NUMBERS.
R  INDICATES RECORD WAS SET OR TIED.
MM INDICATES DATA IS MISSING.
T  INDICATES TRACE AMOUNT.




$$
