000
CDUS41 KRLX 190716
CLICRW


CLIMATE REPORT
NATIONAL WEATHER SERVICE CHARLESTON WV
316 AM EDT SAT APR 19 2014


...................................

...THE CHARLESTON WV CLIMATE SUMMARY FOR APRIL 18 2014...

CLIMATE NORMAL PERIOD 1981 TO 2010
CLIMATE RECORD PERIOD 1901 TO 2014


WEATHER ITEM   OBSERVED TIME   RECORD YEAR NORMAL DEPARTURE LAST
                VALUE   (LST)  VALUE       VALUE  FROM      YEAR
                                                  NORMAL
..................................................................
TEMPERATURE (F)
 YESTERDAY
  MAXIMUM         72    400 PM  90    1976  69      3       88
  MINIMUM         47    653 AM  26    1983  45      2       56
  AVERAGE         60                        57      3       72

PRECIPITATION (IN)
  YESTERDAY        0.00          1.31 1892   0.10  -0.10     0.00
  MONTH TO DATE    1.47                      1.86  -0.39     0.81
  SINCE JAN 1     12.23                     11.96   0.27    10.01

SNOWFALL (IN)
  YESTERDAY        0.0
  MONTH TO DATE    0.3
  SINCE SEP 1     51.7
  SNOW DEPTH       0

DEGREE DAYS
 HEATING
  YESTERDAY        5                         9     -4        0
  MONTH TO DATE  149                       204    -55      154
  SINCE MAR 1    867                       804     63      931
  SINCE JUL 1   4634                      4258    376     4314

 COOLING
  YESTERDAY        0                         1     -1        7
  MONTH TO DATE   15                        17     -2       39
  SINCE MAR 1     15                        22     -7       39
  SINCE JAN 1     15                        22     -7       39
..................................................................


WIND (MPH)
  HIGHEST WIND SPEED    15   HIGHEST WIND DIRECTION    SW (230)
  HIGHEST GUST SPEED    20   HIGHEST GUST DIRECTION    SW (220)
  AVERAGE WIND SPEED     4.0


SKY COVER
  POSSIBLE SUNSHINE  MM
  AVERAGE SKY COVER 0.4


WEATHER CONDITIONS
 THE FOLLOWING WEATHER WAS RECORDED YESTERDAY.
  NO SIGNIFICANT WEATHER WAS OBSERVED.


RELATIVE HUMIDITY (PERCENT)
 HIGHEST    61          1100 PM
 LOWEST     26          1000 AM
 AVERAGE    44

..........................................................


THE CHARLESTON WV CLIMATE NORMALS FOR TODAY
                         NORMAL    RECORD    YEAR
 MAXIMUM TEMPERATURE (F)   69        91      1941
 MINIMUM TEMPERATURE (F)   46        26      1983


SUNRISE AND SUNSET
APRIL 19 2014.........SUNRISE   645 AM EDT   SUNSET   807 PM EDT
APRIL 20 2014.........SUNRISE   644 AM EDT   SUNSET   808 PM EDT


-  INDICATES NEGATIVE NUMBERS.
R  INDICATES RECORD WAS SET OR TIED.
MM INDICATES DATA IS MISSING.
T  INDICATES TRACE AMOUNT.




$$
