000
CDUS41 KRLX 310716
CLICRW


CLIMATE REPORT
NATIONAL WEATHER SERVICE CHARLESTON WV
316 AM EDT SUN JUL 31 2016


...................................

...THE CHARLESTON WV CLIMATE SUMMARY FOR JULY 30 2016...

CLIMATE NORMAL PERIOD 1981 TO 2010
CLIMATE RECORD PERIOD 1901 TO 2016


WEATHER ITEM   OBSERVED TIME   RECORD YEAR NORMAL DEPARTURE LAST
                VALUE   (LST)  VALUE       VALUE  FROM      YEAR
                                                  NORMAL
..................................................................
TEMPERATURE (F)
 YESTERDAY
  MAXIMUM         85    139 PM 103    1930  85      0       86
  MINIMUM         69    550 AM  53    2014  66      3       66
                                      1965
  AVERAGE         77                        75      2       76

PRECIPITATION (IN)
  YESTERDAY        T             1.31 1962   0.16  -0.16     0.03
  MONTH TO DATE    4.71                      4.78  -0.07     7.81
  SINCE JAN 1     26.33                     27.21  -0.88    32.99

SNOWFALL (IN)
  YESTERDAY        0.0
  MONTH TO DATE    0.0
  SINCE SEP 1     33.5
  SNOW DEPTH       0

DEGREE DAYS
 HEATING
  YESTERDAY        0                         0      0        0
  MONTH TO DATE    0                         0      0        0
  SINCE JUN 1      3                        13    -10        8
  SINCE JUL 1      0                         0      0        0

 COOLING
  YESTERDAY       12                        10      2       11
  MONTH TO DATE  362                       315     47      319
  SINCE JUN 1    617                       535     82      606
  SINCE JAN 1    747                       645    102      795
..................................................................


WIND (MPH)
  HIGHEST WIND SPEED    13   HIGHEST WIND DIRECTION    SW (240)
  HIGHEST GUST SPEED    15   HIGHEST GUST DIRECTION     W (250)
  AVERAGE WIND SPEED     3.4


SKY COVER
  POSSIBLE SUNSHINE  MM
  AVERAGE SKY COVER 0.6


WEATHER CONDITIONS
 THE FOLLOWING WEATHER WAS RECORDED YESTERDAY.
  LIGHT RAIN
  FOG


RELATIVE HUMIDITY (PERCENT)
 HIGHEST    97           400 AM
 LOWEST     65           100 PM
 AVERAGE    81

..........................................................


THE CHARLESTON WV CLIMATE NORMALS FOR TODAY
                         NORMAL    RECORD    YEAR
 MAXIMUM TEMPERATURE (F)   85       100      1931
 MINIMUM TEMPERATURE (F)   66        52      1956
                                             1936
                                             1925


SUNRISE AND SUNSET
JULY 31 2016..........SUNRISE   628 AM EDT   SUNSET   837 PM EDT
AUGUST  1 2016........SUNRISE   629 AM EDT   SUNSET   836 PM EDT


-  INDICATES NEGATIVE NUMBERS.
R  INDICATES RECORD WAS SET OR TIED.
MM INDICATES DATA IS MISSING.
T  INDICATES TRACE AMOUNT.




$$
