000
CDUS41 KRLX 120820
CLICRW


CLIMATE REPORT
NATIONAL WEATHER SERVICE CHARLESTON WV
318 AM EST TUE DEC 12 2017


...................................

...THE CHARLESTON WV CLIMATE SUMMARY FOR DECEMBER 11 2017...

CLIMATE NORMAL PERIOD 1981 TO 2010
CLIMATE RECORD PERIOD 1901 TO 2017


WEATHER ITEM   OBSERVED TIME   RECORD YEAR NORMAL DEPARTURE LAST
                VALUE   (LST)  VALUE       VALUE  FROM      YEAR
                                                  NORMAL
..................................................................
TEMPERATURE (F)
 YESTERDAY
  MAXIMUM         51   1159 PM  73    2007  47      4       57
  MINIMUM         30    826 AM  -2    1917  30      0       25
  AVERAGE         41                        38      3       41

PRECIPITATION (IN)
  YESTERDAY        0.00          1.72 2008   0.12  -0.12     0.00
  MONTH TO DATE    0.41                      1.23  -0.82     0.39
  SINCE JAN 1     44.62                     41.99   2.63    38.49

SNOWFALL (IN)
  YESTERDAY        0.0           2.7  1992   0.2   -0.2      0.0
  MONTH TO DATE    0.6                       1.7   -1.1      0.2
  SINCE SEP 1      0.6                       3.1   -2.5      0.3
  SNOW DEPTH       0

DEGREE DAYS
 HEATING
  YESTERDAY       24                        27     -3       24
  MONTH TO DATE  279                       278      1      293
  SINCE DEC 1    279                       278      1      293
  SINCE JUL 1   1065                      1162    -97      947

 COOLING
  YESTERDAY        0                         0      0        0
  MONTH TO DATE    0                         0      0        0
  SINCE DEC 1      0                         0      0        0
  SINCE JAN 1   1138                      1096     42     1473
..................................................................


WIND (MPH)
  HIGHEST WIND SPEED    17   HIGHEST WIND DIRECTION    SW (240)
  HIGHEST GUST SPEED    22   HIGHEST GUST DIRECTION    SW (220)
  AVERAGE WIND SPEED     6.7


SKY COVER
  POSSIBLE SUNSHINE  MM
  AVERAGE SKY COVER 0.6


WEATHER CONDITIONS
 THE FOLLOWING WEATHER WAS RECORDED YESTERDAY.
  NO SIGNIFICANT WEATHER WAS OBSERVED.


RELATIVE HUMIDITY (PERCENT)
 HIGHEST    69           800 AM
 LOWEST     38           500 PM
 AVERAGE    54

..........................................................


THE CHARLESTON WV CLIMATE NORMALS FOR TODAY
                         NORMAL    RECORD    YEAR
 MAXIMUM TEMPERATURE (F)   46        75      1931
 MINIMUM TEMPERATURE (F)   30         0      1962


SUNRISE AND SUNSET
DECEMBER 12 2017......SUNRISE   734 AM EST   SUNSET   506 PM EST
DECEMBER 13 2017......SUNRISE   735 AM EST   SUNSET   506 PM EST


-  INDICATES NEGATIVE NUMBERS.
R  INDICATES RECORD WAS SET OR TIED.
MM INDICATES DATA IS MISSING.
T  INDICATES TRACE AMOUNT.




$$
