000
CDUS41 KRLX 230716
CLICRW


CLIMATE REPORT
NATIONAL WEATHER SERVICE CHARLESTON WV
315 AM EDT TUE MAY 23 2017


...................................

...THE CHARLESTON WV CLIMATE SUMMARY FOR MAY 22 2017...

CLIMATE NORMAL PERIOD 1981 TO 2010
CLIMATE RECORD PERIOD 1901 TO 2017


WEATHER ITEM   OBSERVED TIME   RECORD YEAR NORMAL DEPARTURE LAST
                VALUE   (LST)  VALUE       VALUE  FROM      YEAR
                                                  NORMAL
..................................................................
TEMPERATURE (F)
 YESTERDAY
  MAXIMUM         71    305 PM  96    1941  76     -5       73
  MINIMUM         54   1159 PM  30    2002  54      0       52
  AVERAGE         63                        65     -2       63

PRECIPITATION (IN)
  YESTERDAY        T             1.57 1975   0.15  -0.15     0.23
  MONTH TO DATE    3.72                      3.33   0.39     5.09
  SINCE JAN 1     17.99                     16.67   1.32    16.86

SNOWFALL (IN)
  YESTERDAY        0.0
  MONTH TO DATE    0.0
  SINCE SEP 1      7.5
  SNOW DEPTH       0

DEGREE DAYS
 HEATING
  YESTERDAY        2                         3     -1        2
  MONTH TO DATE   95                        97     -2      136
  SINCE MAR 1    812                       991   -179      779
  SINCE JUL 1   3519                      4445   -926     3714

 COOLING
  YESTERDAY        0                         3     -3        0
  MONTH TO DATE   62                        43     19       26
  SINCE MAR 1    115                        75     40       72
  SINCE JAN 1    115                        75     40       72
..................................................................


WIND (MPH)
  HIGHEST WIND SPEED    18   HIGHEST WIND DIRECTION    NW (320)
  HIGHEST GUST SPEED    24   HIGHEST GUST DIRECTION    NW (300)
  AVERAGE WIND SPEED     4.3


SKY COVER
  POSSIBLE SUNSHINE  MM
  AVERAGE SKY COVER 0.7


WEATHER CONDITIONS
 THE FOLLOWING WEATHER WAS RECORDED YESTERDAY.
  LIGHT RAIN
  FOG


RELATIVE HUMIDITY (PERCENT)
 HIGHEST    93           100 AM
 LOWEST     51           300 PM
 AVERAGE    72

..........................................................


THE CHARLESTON WV CLIMATE NORMALS FOR TODAY
                         NORMAL    RECORD    YEAR
 MAXIMUM TEMPERATURE (F)   76        92      1925
                                             1921
 MINIMUM TEMPERATURE (F)   55        34      1963


SUNRISE AND SUNSET
MAY 23 2017...........SUNRISE   609 AM EDT   SUNSET   838 PM EDT
MAY 24 2017...........SUNRISE   608 AM EDT   SUNSET   839 PM EDT


-  INDICATES NEGATIVE NUMBERS.
R  INDICATES RECORD WAS SET OR TIED.
MM INDICATES DATA IS MISSING.
T  INDICATES TRACE AMOUNT.




$$
