000
CDUS41 KRLX 252116
CLICRW


CLIMATE REPORT
NATIONAL WEATHER SERVICE CHARLESTON WV
516 PM EDT SUN SEP 25 2016


...................................

...THE CHARLESTON WV CLIMATE SUMMARY FOR SEPTEMBER 25 2016...
VALID TODAY AS OF 0500 PM LOCAL TIME.

CLIMATE NORMAL PERIOD 1981 TO 2010
CLIMATE RECORD PERIOD 1901 TO 2016


WEATHER ITEM   OBSERVED TIME   RECORD YEAR NORMAL DEPARTURE LAST
                VALUE   (LST)  VALUE       VALUE  FROM      YEAR
                                                  NORMAL
..................................................................
TEMPERATURE (F)
 TODAY
  MAXIMUM         88    354 PM  96    1930  74     14       71
  MINIMUM         62    734 AM  35    1967  53      9       56
  AVERAGE         75                        64     11       64

PRECIPITATION (IN)
  TODAY            0.00          3.45 1940   0.10  -0.10     0.03
  MONTH TO DATE    0.38                      2.74  -2.36     0.76
  SINCE SEP 1      0.38                      2.74  -2.36     0.76
  SINCE JAN 1     29.88                     33.85  -3.97    37.15

DEGREE DAYS
 HEATING
  TODAY            0                         3     -3        1
  MONTH TO DATE    0                        33    -33       18
  SINCE SEP 1      0                        33    -33       18
  SINCE JUL 1      0                        35    -35       18

 COOLING
  TODAY           10                         2      8        0
  MONTH TO DATE  241                       115    126      164
  SINCE SEP 1    241                       115    126      164
  SINCE JAN 1   1422                      1061    361     1235
..................................................................


WIND (MPH)
  HIGHEST WIND SPEED    10   HIGHEST WIND DIRECTION     W (260)
  HIGHEST GUST SPEED    14   HIGHEST GUST DIRECTION     W (260)
  AVERAGE WIND SPEED     2.3


SKY COVER
  POSSIBLE SUNSHINE  MM
  AVERAGE SKY COVER 0.2


WEATHER CONDITIONS
 THE FOLLOWING WEATHER WAS RECORDED TODAY.
  FOG
  FOG W/VISIBILITY <= 1/4 MILE
  HAZE


RELATIVE HUMIDITY (PERCENT)
 HIGHEST   100           800 AM
 LOWEST     36           300 PM
 AVERAGE    68

..........................................................


THE CHARLESTON WV CLIMATE NORMALS FOR TOMORROW
                         NORMAL    RECORD    YEAR
 MAXIMUM TEMPERATURE (F)   74        93      1908
 MINIMUM TEMPERATURE (F)   53        33      1928


SUNRISE AND SUNSET
SEPTEMBER 25 2016.....SUNRISE   717 AM EDT   SUNSET   718 PM EDT
SEPTEMBER 26 2016.....SUNRISE   718 AM EDT   SUNSET   716 PM EDT


-  INDICATES NEGATIVE NUMBERS.
R  INDICATES RECORD WAS SET OR TIED.
MM INDICATES DATA IS MISSING.
T  INDICATES TRACE AMOUNT.




$$
