000
CDUS41 KRLX 030849
CLICRW


CLIMATE REPORT
NATIONAL WEATHER SERVICE CHARLESTON WV
347 AM EST SAT DEC 3 2016


...................................

...THE CHARLESTON WV CLIMATE SUMMARY FOR DECEMBER 2 2016...

CLIMATE NORMAL PERIOD 1981 TO 2010
CLIMATE RECORD PERIOD 1901 TO 2016


WEATHER ITEM   OBSERVED TIME   RECORD YEAR NORMAL DEPARTURE LAST
                VALUE   (LST)  VALUE       VALUE  FROM      YEAR
                                                  NORMAL
..................................................................
TEMPERATURE (F)
 YESTERDAY
  MAXIMUM         42    123 AM  78    1982  50     -8       53
  MINIMUM         35    736 AM  10    1929  32      3       40
  AVERAGE         39                        41     -2       47

PRECIPITATION (IN)
  YESTERDAY        0.00          1.56 1991   0.11  -0.11     0.93
  MONTH TO DATE    0.00                      0.22  -0.22     2.06
  SINCE JAN 1     38.10                     40.98  -2.88    44.98

SNOWFALL (IN)
  YESTERDAY        0.0
  MONTH TO DATE    0.0
  SINCE SEP 1      0.1
  SNOW DEPTH       0

DEGREE DAYS
 HEATING
  YESTERDAY       26                        24      2       18
  MONTH TO DATE   45                        48     -3       27
  SINCE DEC 1     45                        48     -3       27
  SINCE JUL 1    699                       932   -233      679

 COOLING
  YESTERDAY        0                         0      0        0
  MONTH TO DATE    0                         0      0        0
  SINCE DEC 1      0                         0      0        0
  SINCE JAN 1   1473                      1096    377     1266
..................................................................


WIND (MPH)
  HIGHEST WIND SPEED    15   HIGHEST WIND DIRECTION     W (260)
  HIGHEST GUST SPEED    23   HIGHEST GUST DIRECTION     W (290)
  AVERAGE WIND SPEED     7.5


SKY COVER
  POSSIBLE SUNSHINE  MM
  AVERAGE SKY COVER 0.9


WEATHER CONDITIONS
 THE FOLLOWING WEATHER WAS RECORDED YESTERDAY.
  NO SIGNIFICANT WEATHER WAS OBSERVED.


RELATIVE HUMIDITY (PERCENT)
 HIGHEST    75           500 AM
 LOWEST     62          1200 AM
 AVERAGE    69

..........................................................


THE CHARLESTON WV CLIMATE NORMALS FOR TODAY
                         NORMAL    RECORD    YEAR
 MAXIMUM TEMPERATURE (F)   49        80      1982
 MINIMUM TEMPERATURE (F)   32        10      1966
                                             1942


SUNRISE AND SUNSET
DECEMBER  3 2016......SUNRISE   727 AM EST   SUNSET   506 PM EST
DECEMBER  4 2016......SUNRISE   728 AM EST   SUNSET   506 PM EST


-  INDICATES NEGATIVE NUMBERS.
R  INDICATES RECORD WAS SET OR TIED.
MM INDICATES DATA IS MISSING.
T  INDICATES TRACE AMOUNT.




$$
