000
CDUS41 KRLX 050824
CLICRW


CLIMATE REPORT
NATIONAL WEATHER SERVICE CHARLESTON WV
322 AM EST THU MAR 5 2015


...................................

...THE CHARLESTON WV CLIMATE SUMMARY FOR MARCH 4 2015...

CLIMATE NORMAL PERIOD 1981 TO 2010
CLIMATE RECORD PERIOD 1901 TO 2015


WEATHER ITEM   OBSERVED TIME   RECORD YEAR NORMAL DEPARTURE LAST
                VALUE   (LST)  VALUE       VALUE  FROM      YEAR
                                                  NORMAL
..................................................................
TEMPERATURE (F)
 YESTERDAY
  MAXIMUM         58   1237 AM  84    1976  52      6       38
  MINIMUM         32   1159 PM  -5    1943  32      0        4
  AVERAGE         45                        42      3       21

PRECIPITATION (IN)
  YESTERDAY        2.03R         1.52 1955   0.13   1.90     0.00
  MONTH TO DATE    2.56                      0.51   2.05     1.14
  SINCE JAN 1      7.76                      6.70   1.06     8.20

SNOWFALL (IN)
  YESTERDAY        0.9
  MONTH TO DATE    0.9
  SINCE SEP 1     20.0
  SNOW DEPTH       0

DEGREE DAYS
 HEATING
  YESTERDAY       20                        23     -3       44
  MONTH TO DATE   97                        95      2      148
  SINCE MAR 1     97                        95      2      148
  SINCE JUL 1   4002                      3549    453     3915

 COOLING
  YESTERDAY        0                         0      0        0
  MONTH TO DATE    0                         0      0        0
  SINCE MAR 1      0                         0      0        0
  SINCE JAN 1      0                         0      0        0
..................................................................


WIND (MPH)
  HIGHEST WIND SPEED    15   HIGHEST WIND DIRECTION    NW (320)
  HIGHEST GUST SPEED    20   HIGHEST GUST DIRECTION    NW (330)
  AVERAGE WIND SPEED     5.3


SKY COVER
  POSSIBLE SUNSHINE  MM
  AVERAGE SKY COVER 1.0


WEATHER CONDITIONS
 THE FOLLOWING WEATHER WAS RECORDED YESTERDAY.
  HEAVY RAIN
  RAIN
  LIGHT RAIN
  LIGHT SNOW
  SLEET
  FOG


RELATIVE HUMIDITY (PERCENT)
 HIGHEST    96           400 AM
 LOWEST     85           700 PM
 AVERAGE    91

..........................................................


THE CHARLESTON WV CLIMATE NORMALS FOR TODAY
                         NORMAL    RECORD    YEAR
 MAXIMUM TEMPERATURE (F)   52        83      1992
 MINIMUM TEMPERATURE (F)   32         5      1978


SUNRISE AND SUNSET
MARCH  5 2015.........SUNRISE   653 AM EST   SUNSET   623 PM EST
MARCH  6 2015.........SUNRISE   652 AM EST   SUNSET   624 PM EST


-  INDICATES NEGATIVE NUMBERS.
R  INDICATES RECORD WAS SET OR TIED.
MM INDICATES DATA IS MISSING.
T  INDICATES TRACE AMOUNT.




$$
