000
CDUS41 KRLX 270737
CLICRW


CLIMATE REPORT
NATIONAL WEATHER SERVICE CHARLESTON WV
336 AM EDT FRI MAY 27 2016


...................................

...THE CHARLESTON WV CLIMATE SUMMARY FOR MAY 26 2016...

CLIMATE NORMAL PERIOD 1981 TO 2010
CLIMATE RECORD PERIOD 1901 TO 2016


WEATHER ITEM   OBSERVED TIME   RECORD YEAR NORMAL DEPARTURE LAST
                VALUE   (LST)  VALUE       VALUE  FROM      YEAR
                                                  NORMAL
..................................................................
TEMPERATURE (F)
 YESTERDAY
  MAXIMUM         80    431 PM  94    1916  77      3       88
  MINIMUM         63    450 AM  37    1925  56      7       65
  AVERAGE         72                        66      6       77

PRECIPITATION (IN)
  YESTERDAY        T             1.23 1957   0.17  -0.17     0.28
  MONTH TO DATE    5.09                      3.97   1.12     1.44
  SINCE JAN 1     16.86                     17.31  -0.45    18.70

SNOWFALL (IN)
  YESTERDAY        0.0
  MONTH TO DATE    0.0
  SINCE SEP 1     33.5
  SNOW DEPTH       0

DEGREE DAYS
 HEATING
  YESTERDAY        0                         2     -2        0
  MONTH TO DATE  138                       107     31       54
  SINCE MAR 1    781                      1001   -220      930
  SINCE JUL 1   3716                      4455   -739     4835

 COOLING
  YESTERDAY        7                         4      3       12
  MONTH TO DATE   37                        56    -19      125
  SINCE MAR 1     83                        88     -5      140
  SINCE JAN 1     83                        88     -5      140
..................................................................


WIND (MPH)
  HIGHEST WIND SPEED    18   HIGHEST WIND DIRECTION    SW (220)
  HIGHEST GUST SPEED    25   HIGHEST GUST DIRECTION    SW (230)
  AVERAGE WIND SPEED     5.2


SKY COVER
  POSSIBLE SUNSHINE  MM
  AVERAGE SKY COVER 0.6


WEATHER CONDITIONS
 THE FOLLOWING WEATHER WAS RECORDED YESTERDAY.
  FOG


RELATIVE HUMIDITY (PERCENT)
 HIGHEST    93          1200 AM
 LOWEST     58           300 PM
 AVERAGE    76

..........................................................


THE CHARLESTON WV CLIMATE NORMALS FOR TODAY
                         NORMAL    RECORD    YEAR
 MAXIMUM TEMPERATURE (F)   77        95      1918
 MINIMUM TEMPERATURE (F)   56        37      1949


SUNRISE AND SUNSET
MAY 27 2016...........SUNRISE   607 AM EDT   SUNSET   841 PM EDT
MAY 28 2016...........SUNRISE   606 AM EDT   SUNSET   842 PM EDT


-  INDICATES NEGATIVE NUMBERS.
R  INDICATES RECORD WAS SET OR TIED.
MM INDICATES DATA IS MISSING.
T  INDICATES TRACE AMOUNT.




$$
