000
CDUS42 KFFC 260820
CLICSG


CLIMATE REPORT
NATIONAL WEATHER SERVICE PEACHTREE CITY GA
419 AM EDT FRI AUG 26 2016


...................................

...THE COLUMBUS CLIMATE SUMMARY FOR AUGUST 25 2016...

CLIMATE NORMAL PERIOD 1981 TO 2010
CLIMATE RECORD PERIOD 1948 TO 2016


WEATHER ITEM   OBSERVED TIME   RECORD YEAR NORMAL DEPARTURE LAST
                VALUE   (LST)  VALUE       VALUE  FROM      YEAR
                                                  NORMAL
..................................................................
TEMPERATURE (F)
 YESTERDAY
  MAXIMUM         93    245 PM 103    1938  91      2       88
  MINIMUM         73    420 AM  58    1969  72      1       70
  AVERAGE         83                        81      2       79

PRECIPITATION (IN)
  YESTERDAY        0.00          2.00 1896   0.12  -0.12     0.00
  MONTH TO DATE    4.37                      3.11   1.26     6.99
  SINCE JUN 1      7.48                     11.59  -4.11    13.30
  SINCE JAN 1     26.92                     32.08  -5.16    32.78

DEGREE DAYS
 HEATING
  YESTERDAY        0                         0      0        0
  MONTH TO DATE    0                         0      0        0
  SINCE JUN 1      0                         0      0        0
  SINCE JUL 1      0                         0      0        0

 COOLING
  YESTERDAY       18                        16      2       14
  MONTH TO DATE  459                       427     32      438
  SINCE JUN 1   1562                      1417    145     1499
  SINCE JAN 1   1948                      1775    173     1945
..................................................................


WIND (MPH)
  HIGHEST WIND SPEED    13   HIGHEST WIND DIRECTION     E (90)
  HIGHEST GUST SPEED    17   HIGHEST GUST DIRECTION     E (110)
  AVERAGE WIND SPEED     3.8


SKY COVER
  AVERAGE SKY COVER 0.3


WEATHER CONDITIONS
 THE FOLLOWING WEATHER WAS RECORDED YESTERDAY.
  NO SIGNIFICANT WEATHER WAS OBSERVED.


RELATIVE HUMIDITY (PERCENT)
 HIGHEST    87           400 AM
 LOWEST     44           200 PM
 AVERAGE    66

..........................................................


THE COLUMBUS CLIMATE NORMALS FOR TODAY
                         NORMAL    RECORD    YEAR
 MAXIMUM TEMPERATURE (F)   91       102      2011
                                             1938
 MINIMUM TEMPERATURE (F)   72        61      1969


SUNRISE AND SUNSET
AUGUST 26 2016........SUNRISE   711 AM EDT   SUNSET   811 PM EDT
AUGUST 27 2016........SUNRISE   712 AM EDT   SUNSET   810 PM EDT


-  INDICATES NEGATIVE NUMBERS.
R  INDICATES RECORD WAS SET OR TIED.
MM INDICATES DATA IS MISSING.
T  INDICATES TRACE AMOUNT.




$$
