000
CDUS42 KFFC 032034
CLICSG


CLIMATE REPORT
NATIONAL WEATHER SERVICE PEACHTREE CITY GA
434 PM EDT TUE MAY 3 2016


...................................

...THE COLUMBUS CLIMATE SUMMARY FOR MAY 3 2016...
VALID TODAY AS OF 0400 PM LOCAL TIME.

CLIMATE NORMAL PERIOD 1981 TO 2010
CLIMATE RECORD PERIOD 1948 TO 2016


WEATHER ITEM   OBSERVED TIME   RECORD YEAR NORMAL DEPARTURE LAST
                VALUE   (LST)  VALUE       VALUE  FROM      YEAR
                                                  NORMAL
..................................................................
TEMPERATURE (F)
 TODAY
  MAXIMUM         78    205 PM  94    1915  81     -3       81
  MINIMUM         67    652 AM  43    1961  58      9       52
                                      1909
  AVERAGE         73                        69      4       67

PRECIPITATION (IN)
  TODAY            0.01          4.77 2010   0.10  -0.09     0.00
  MONTH TO DATE    0.01                      0.31  -0.30     0.00
  SINCE MAR 1      9.51                      9.32   0.19     8.93
  SINCE JAN 1     16.94                     17.61  -0.67    16.30

DEGREE DAYS
 HEATING
  TODAY            0                         1     -1        0
  MONTH TO DATE    0                         3     -3        2
  SINCE MAR 1    214                       338   -124      202
  SINCE JUL 1   1604                      2115   -511     2212

 COOLING
  TODAY            8                         5      3        2
  MONTH TO DATE   27                        15     12        2
  SINCE MAR 1    165                       115     50      151
  SINCE JAN 1    167                       119     48      151
..................................................................


WIND (MPH)
  RESULTANT WIND SPEED   6   RESULTANT WIND DIRECTION   W (280)
  HIGHEST WIND SPEED    14   HIGHEST WIND DIRECTION     W (280)
  HIGHEST GUST SPEED    17   HIGHEST GUST DIRECTION     W (280)
  AVERAGE WIND SPEED     6.6


SKY COVER
  AVERAGE SKY COVER 0.8


WEATHER CONDITIONS
 THE FOLLOWING WEATHER WAS RECORDED TODAY.
  THUNDERSTORM
  LIGHT RAIN


RELATIVE HUMIDITY (PERCENT)
 HIGHEST    93           400 AM
 LOWEST     60           300 PM
 AVERAGE    77

..........................................................


THE COLUMBUS CLIMATE NORMALS FOR TOMORROW
                         NORMAL    RECORD    YEAR
 MAXIMUM TEMPERATURE (F)   81        92      1930
 MINIMUM TEMPERATURE (F)   58        40      1971


SUNRISE AND SUNSET
MAY  3 2016...........SUNRISE   651 AM EDT   SUNSET   823 PM EDT
MAY  4 2016...........SUNRISE   650 AM EDT   SUNSET   824 PM EDT


-  INDICATES NEGATIVE NUMBERS.
R  INDICATES RECORD WAS SET OR TIED.
MM INDICATES DATA IS MISSING.
T  INDICATES TRACE AMOUNT.




$$
