000
CDUS42 KFFC 270023
CLICSG


CLIMATE REPORT
NATIONAL WEATHER SERVICE PEACHTREE CITY GA
723 PM EST WED NOV 26 2014


...................................

...THE COLUMBUS CLIMATE SUMMARY FOR NOVEMBER 26 2014...
VALID AS OF 0700 PM LOCAL TIME.

CLIMATE NORMAL PERIOD 1981 TO 2010
CLIMATE RECORD PERIOD 1948 TO 2014


WEATHER ITEM   OBSERVED TIME   RECORD YEAR NORMAL DEPARTURE LAST
                VALUE   (LST)  VALUE       VALUE  FROM      YEAR
                                                  NORMAL
..................................................................
TEMPERATURE (F)
 TODAY
  MAXIMUM         60    348 PM  81    2001  65     -5       52
  MINIMUM         42    748 AM  21    1950  43     -1       43
  AVERAGE         51                        54     -3       48

PRECIPITATION (IN)
  TODAY            0.05          3.30 1948   0.15  -0.10     0.91
  MONTH TO DATE    2.96                      3.45  -0.49     1.49
  SINCE SEP 1     11.33                      9.09   2.24     3.11
  SINCE JAN 1     47.51                     41.83   5.68    53.48

SNOWFALL (IN)
  TODAY           MM             0.0  2001   0.0   MM        0.0
  MONTH TO DATE    0.0                       0.0    0.0      0.0
  SINCE SEP 1      0.0                       0.0    0.0      0.0
  SINCE JUL 1      0.0                       0.0    0.0      0.0
  SNOW DEPTH       0

DEGREE DAYS
 HEATING
  TODAY           14                        11      3       17
  MONTH TO DATE  351                       207    144      210
  SINCE SEP 1    395                       283    112      257
  SINCE JUL 1    395                       283    112      257
..................................................................


WIND (MPH)
  HIGHEST WIND SPEED    17   HIGHEST WIND DIRECTION    NW (330)
  HIGHEST GUST SPEED    23   HIGHEST GUST DIRECTION    NW (320)
  AVERAGE WIND SPEED     8.2


SKY COVER
  AVERAGE SKY COVER 0.2


WEATHER CONDITIONS
 THE FOLLOWING WEATHER WAS RECORDED TODAY.
  LIGHT RAIN
  FOG


RELATIVE HUMIDITY (PERCENT)
 HIGHEST    93          1200 AM
 LOWEST     22           300 PM

..........................................................


THE COLUMBUS CLIMATE NORMALS FOR TOMORROW
                         NORMAL    RECORD
 MAXIMUM TEMPERATURE (F)   65        82
 MINIMUM TEMPERATURE (F)   43        26


SUNRISE AND SUNSET
NOVEMBER 26 2014......SUNRISE   719 AM EST   SUNSET   535 PM EST
NOVEMBER 27 2014......SUNRISE   720 AM EST   SUNSET   534 PM EST


-  INDICATES NEGATIVE NUMBERS.
R  INDICATES RECORD WAS SET OR TIED.
MM INDICATES DATA IS MISSING.
T  INDICATES TRACE AMOUNT.




$$
