000
CDUS42 KFFC 200026
CLICSG


CLIMATE REPORT
NATIONAL WEATHER SERVICE PEACHTREE CITY GA
726 PM EST THU JAN 19 2017


...................................

...THE COLUMBUS CLIMATE SUMMARY FOR JANUARY 19 2017...
VALID AS OF 0700 PM LOCAL TIME.

CLIMATE NORMAL PERIOD 1981 TO 2010
CLIMATE RECORD PERIOD 1948 TO 2017


WEATHER ITEM   OBSERVED TIME   RECORD YEAR NORMAL DEPARTURE LAST
                VALUE   (LST)  VALUE       VALUE  FROM      YEAR
                                                  NORMAL
..................................................................
TEMPERATURE (F)
 TODAY
  MAXIMUM         75    437 PM  82    1990  58     17       47
  MINIMUM         52    655 AM   6    1977  37     15       24
  AVERAGE         64                        47     17       36

PRECIPITATION (IN)
  TODAY            0.00          4.68 1936   0.13  -0.13     0.00
  MONTH TO DATE    8.55                      2.27   6.28     1.01
  SINCE DEC 1     12.92                      6.54   6.38    18.39
  SINCE JAN 1      8.55                      2.27   6.28     1.01

SNOWFALL (IN)
  TODAY            0.0           0.0  2002   0.0    0.0      0.0
  MONTH TO DATE    0.0                       0.1   -0.1      0.0
  SINCE DEC 1      0.0                       0.2   -0.2      0.0
  SINCE JUL 1      0.0                       0.2   -0.2      0.0
  SNOW DEPTH       0

DEGREE DAYS
 HEATING
  TODAY            1                        18    -17       29
  MONTH TO DATE  206                       342   -136      373
  SINCE DEC 1    593                       839   -246      582
  SINCE JUL 1    780                      1171   -391      778
..................................................................


WIND (MPH)
  HIGHEST WIND SPEED    15   HIGHEST WIND DIRECTION     S (200)
  HIGHEST GUST SPEED    22   HIGHEST GUST DIRECTION    SW (210)
  AVERAGE WIND SPEED     2.3


SKY COVER
  AVERAGE SKY COVER 0.4


WEATHER CONDITIONS
 THE FOLLOWING WEATHER WAS RECORDED TODAY.
  FOG
  FOG W/VISIBILITY <= 1/4 MILE


RELATIVE HUMIDITY (PERCENT)
 HIGHEST   100           400 AM
 LOWEST     57           500 PM

..........................................................


THE COLUMBUS CLIMATE NORMALS FOR TOMORROW
                         NORMAL    RECORD
 MAXIMUM TEMPERATURE (F)   58        78
 MINIMUM TEMPERATURE (F)   37         2


SUNRISE AND SUNSET
JANUARY 19 2017.......SUNRISE   741 AM EST   SUNSET   601 PM EST
JANUARY 20 2017.......SUNRISE   740 AM EST   SUNSET   602 PM EST


-  INDICATES NEGATIVE NUMBERS.
R  INDICATES RECORD WAS SET OR TIED.
MM INDICATES DATA IS MISSING.
T  INDICATES TRACE AMOUNT.




$$
