000
CDUS42 KFFC 210820
CLICSG


CLIMATE REPORT
NATIONAL WEATHER SERVICE PEACHTREE CITY GA
419 AM EDT MON APR 21 2014


...................................

...THE COLUMBUS CLIMATE SUMMARY FOR APRIL 20 2014...

CLIMATE NORMAL PERIOD 1981 TO 2010
CLIMATE RECORD PERIOD 1948 TO 2014


WEATHER ITEM   OBSERVED TIME   RECORD YEAR NORMAL DEPARTURE LAST
                VALUE   (LST)  VALUE       VALUE  FROM      YEAR
                                                  NORMAL
..................................................................
TEMPERATURE (F)
 YESTERDAY
  MAXIMUM         75    554 PM  91    2002  78     -3       69
  MINIMUM         54    738 AM  35    1953  54      0       41
  AVERAGE         65                        66     -1       55

PRECIPITATION (IN)
  YESTERDAY        0.00          1.05 1982   0.11  -0.11     0.00
  MONTH TO DATE    7.96                      2.49   5.47     2.61
  SINCE MAR 1     13.36                      7.95   5.41     5.95
  SINCE JAN 1     21.68                     16.24   5.44    21.64

DEGREE DAYS
 HEATING
  YESTERDAY        0                         2     -2       10
  MONTH TO DATE   79                        75      4       60
  SINCE MAR 1    391                       321     70      410
  SINCE JUL 1   2334                      2098    236     1766

 COOLING
  YESTERDAY        0                         3     -3        0
  MONTH TO DATE   25                        42    -17       59
  SINCE MAR 1     25                        65    -40       67
  SINCE JAN 1     28                        69    -41       92
..................................................................


WIND (MPH)
  HIGHEST WIND SPEED    21   HIGHEST WIND DIRECTION     E (80)
  HIGHEST GUST SPEED    26   HIGHEST GUST DIRECTION     E (90)
  AVERAGE WIND SPEED     6.4


SKY COVER
  AVERAGE SKY COVER 0.6


WEATHER CONDITIONS
 THE FOLLOWING WEATHER WAS RECORDED YESTERDAY.
  NO SIGNIFICANT WEATHER WAS OBSERVED.


RELATIVE HUMIDITY (PERCENT)
 HIGHEST    77           100 AM
 LOWEST     36           600 PM
 AVERAGE    57

..........................................................


THE COLUMBUS CLIMATE NORMALS FOR TODAY
                         NORMAL    RECORD    YEAR
 MAXIMUM TEMPERATURE (F)   78        92      1987
 MINIMUM TEMPERATURE (F)   54        32      1953


SUNRISE AND SUNSET
APRIL 21 2014.........SUNRISE   703 AM EDT   SUNSET   814 PM EDT
APRIL 22 2014.........SUNRISE   702 AM EDT   SUNSET   815 PM EDT


-  INDICATES NEGATIVE NUMBERS.
R  INDICATES RECORD WAS SET OR TIED.
MM INDICATES DATA IS MISSING.
T  INDICATES TRACE AMOUNT.




$$
