000
CDUS42 KFFC 300848
CLICSG


CLIMATE REPORT
NATIONAL WEATHER SERVICE PEACHTREE CITY GA
448 AM EDT SAT MAY 30 2015


...................................

...THE COLUMBUS CLIMATE SUMMARY FOR MAY 29 2015...

CLIMATE NORMAL PERIOD 1981 TO 2010
CLIMATE RECORD PERIOD 1948 TO 2015


WEATHER ITEM   OBSERVED TIME   RECORD YEAR NORMAL DEPARTURE LAST
                VALUE   (LST)  VALUE       VALUE  FROM      YEAR
                                                  NORMAL
..................................................................
TEMPERATURE (F)
 YESTERDAY
  MAXIMUM         86    716 PM  96    2011  87     -1       87
  MINIMUM         66    528 AM  48    1961  66      0       67
  AVERAGE         76                        76      0       77

PRECIPITATION (IN)
  YESTERDAY        0.00          3.22 1952   0.11  -0.11     0.00
  MONTH TO DATE    2.92                      2.96  -0.04     2.47
  SINCE MAR 1     11.85                     11.97  -0.12    17.17
  SINCE JAN 1     19.22                     20.26  -1.04    25.49

DEGREE DAYS
 HEATING
  YESTERDAY        0                         0      0        0
  MONTH TO DATE    2                         6     -4       15
  SINCE MAR 1    202                       341   -139      406
  SINCE JUL 1   2212                      2118     94     2349

 COOLING
  YESTERDAY       11                        11      0       12
  MONTH TO DATE  269                       229     40      237
  SINCE MAR 1    418                       329     89      305
  SINCE JAN 1    418                       333     85      308
..................................................................


WIND (MPH)
  HIGHEST WIND SPEED    14   HIGHEST WIND DIRECTION    SE (140)
  HIGHEST GUST SPEED    20   HIGHEST GUST DIRECTION     S (160)
  AVERAGE WIND SPEED     4.9


SKY COVER
  AVERAGE SKY COVER 0.1


WEATHER CONDITIONS
 THE FOLLOWING WEATHER WAS RECORDED YESTERDAY.
  NO SIGNIFICANT WEATHER WAS OBSERVED.


RELATIVE HUMIDITY (PERCENT)
 HIGHEST    93           300 AM
 LOWEST     35           400 PM
 AVERAGE    64

..........................................................


THE COLUMBUS CLIMATE NORMALS FOR TODAY
                         NORMAL    RECORD    YEAR
 MAXIMUM TEMPERATURE (F)   87        96      2011
 MINIMUM TEMPERATURE (F)   66        49      1984


SUNRISE AND SUNSET
MAY 30 2015...........SUNRISE   634 AM EDT   SUNSET   841 PM EDT
MAY 31 2015...........SUNRISE   634 AM EDT   SUNSET   841 PM EDT


-  INDICATES NEGATIVE NUMBERS.
R  INDICATES RECORD WAS SET OR TIED.
MM INDICATES DATA IS MISSING.
T  INDICATES TRACE AMOUNT.




$$
