000
CDUS42 KFFC 030819
CLICSG


CLIMATE REPORT
NATIONAL WEATHER SERVICE PEACHTREE CITY GA
418 AM EDT MON AUG 3 2015


...................................

...THE COLUMBUS CLIMATE SUMMARY FOR AUGUST 2 2015...

CLIMATE NORMAL PERIOD 1981 TO 2010
CLIMATE RECORD PERIOD 1948 TO 2015


WEATHER ITEM   OBSERVED TIME   RECORD YEAR NORMAL DEPARTURE LAST
                VALUE   (LST)  VALUE       VALUE  FROM      YEAR
                                                  NORMAL
..................................................................
TEMPERATURE (F)
 YESTERDAY
  MAXIMUM         94    358 PM 100    1999  92      2       86
                                      1986
  MINIMUM         72    626 AM  65    1966  73     -1       69
  AVERAGE         83                        83      0       78

PRECIPITATION (IN)
  YESTERDAY        0.00          1.68 1948   0.14  -0.14     0.01
  MONTH TO DATE    0.00                      0.27  -0.27     0.01
  SINCE JUN 1      6.31                      8.75  -2.44     8.71
  SINCE JAN 1     25.79                     29.24  -3.45    34.50

DEGREE DAYS
 HEATING
  YESTERDAY        0                         0      0        0
  MONTH TO DATE    0                         0      0        0
  SINCE JUN 1      0                         0      0        0
  SINCE JUL 1      0                         0      0        0

 COOLING
  YESTERDAY       18                        18      0       13
  MONTH TO DATE   36                        36      0       26
  SINCE JUN 1   1097                      1026     71      967
  SINCE JAN 1   1543                      1384    159     1303
..................................................................


WIND (MPH)
  HIGHEST WIND SPEED    13   HIGHEST WIND DIRECTION    SE (120)
  HIGHEST GUST SPEED    21   HIGHEST GUST DIRECTION     E (90)
  AVERAGE WIND SPEED     3.5


SKY COVER
  AVERAGE SKY COVER 0.1


WEATHER CONDITIONS
 THE FOLLOWING WEATHER WAS RECORDED YESTERDAY.
  NO SIGNIFICANT WEATHER WAS OBSERVED.


RELATIVE HUMIDITY (PERCENT)
 HIGHEST    93           200 AM
 LOWEST     41          1200 PM
 AVERAGE    67

..........................................................


THE COLUMBUS CLIMATE NORMALS FOR TODAY
                         NORMAL    RECORD    YEAR
 MAXIMUM TEMPERATURE (F)   92       101      2011
 MINIMUM TEMPERATURE (F)   73        62      1965


SUNRISE AND SUNSET
AUGUST  3 2015........SUNRISE   655 AM EDT   SUNSET   836 PM EDT
AUGUST  4 2015........SUNRISE   656 AM EDT   SUNSET   835 PM EDT


-  INDICATES NEGATIVE NUMBERS.
R  INDICATES RECORD WAS SET OR TIED.
MM INDICATES DATA IS MISSING.
T  INDICATES TRACE AMOUNT.




$$
