000
CDUS45 KTFX 221116
CLICTB


CLIMATE REPORT
NATIONAL WEATHER SERVICE GREAT FALLS MT
415 AM MST WED NOV 22 2017


...................................

...THE CUT BANK MT CLIMATE SUMMARY FOR NOVEMBER 21 2017...

CLIMATE NORMAL PERIOD 1981 TO 2010
CLIMATE RECORD PERIOD 1903 TO 2017


WEATHER ITEM   OBSERVED TIME   RECORD YEAR NORMAL DEPARTURE LAST
                VALUE   (LST)  VALUE       VALUE  FROM      YEAR
                                                  NORMAL
..................................................................
TEMPERATURE (F)
 YESTERDAY
  MAXIMUM         50   1159 PM  67    2002  38     12       44
  MINIMUM         14    255 AM -23    1996  18     -4       29
  AVERAGE         32                        28      4       37

PRECIPITATION (IN)
  YESTERDAY        0.00          0.08 1926   0.02  -0.02     0.00
  MONTH TO DATE    0.04                      0.27  -0.23     0.26
  SINCE OCT 1      0.54                      0.71  -0.17     1.33
  SINCE JAN 1      8.66                     10.59  -1.93    11.23

SNOWFALL (IN)
  YESTERDAY       MM
  SNOW DEPTH       T

DEGREE DAYS
 HEATING
  YESTERDAY       33                        37     -4       28
  MONTH TO DATE  875                       691    184      449
  SINCE SEP 1   1923                      1721    202     1509
  SINCE JUL 1   2006                      1915     91     1682

 COOLING
  YESTERDAY        0                         0      0        0
  MONTH TO DATE    0                         0      0        0
  SINCE SEP 1     24                         9     15        5
  SINCE JAN 1    250                       162     88      108
..................................................................


WIND (MPH)
  HIGHEST WIND SPEED    39   HIGHEST WIND DIRECTION    SW (240)
  HIGHEST GUST SPEED    48   HIGHEST GUST DIRECTION     W (250)
  AVERAGE WIND SPEED    10.7


SKY COVER
  AVERAGE SKY COVER 0.6


WEATHER CONDITIONS
 THE FOLLOWING WEATHER WAS RECORDED YESTERDAY.
  FOG


RELATIVE HUMIDITY (PERCENT)
 HIGHEST    92           800 AM
 LOWEST     66          1100 PM
 AVERAGE    79

..........................................................


THE CUT BANK MT CLIMATE NORMALS FOR TODAY
                         NORMAL    RECORD    YEAR
 MAXIMUM TEMPERATURE (F)   37        67      2005
 MINIMUM TEMPERATURE (F)   18       -22      1985


SUNRISE AND SUNSET
NOVEMBER 22 2017......SUNRISE   749 AM MST   SUNSET   442 PM MST
NOVEMBER 23 2017......SUNRISE   750 AM MST   SUNSET   441 PM MST


-  INDICATES NEGATIVE NUMBERS.
R  INDICATES RECORD WAS SET OR TIED.
MM INDICATES DATA IS MISSING.
T  INDICATES TRACE AMOUNT.




$$
