000
CDUS45 KTFX 261054
CLICTB


CLIMATE REPORT
NATIONAL WEATHER SERVICE GREAT FALLS MT
354 AM MST SUN FEB 26 2017


...................................

...THE CUT BANK MT CLIMATE SUMMARY FOR FEBRUARY 25 2017...

CLIMATE NORMAL PERIOD 1981 TO 2010
CLIMATE RECORD PERIOD 1903 TO 2017


WEATHER ITEM   OBSERVED TIME   RECORD YEAR NORMAL DEPARTURE LAST
                VALUE   (LST)  VALUE       VALUE  FROM      YEAR
                                                  NORMAL
..................................................................
TEMPERATURE (F)
 YESTERDAY
  MAXIMUM         30    138 PM  60    2005  37     -7       57
                                      1992
  MINIMUM          9    216 AM -35    2011  15     -6       15
  AVERAGE         20                        26     -6       36

PRECIPITATION (IN)
  YESTERDAY        0.00          0.30 1904   0.01  -0.01     0.00
  MONTH TO DATE    0.16                      0.18  -0.02     0.01
  SINCE OCT 1      2.19                      1.40   0.79     2.37
  SINCE JAN 1      0.76                      0.38   0.38     0.45

SNOWFALL (IN)
  YESTERDAY        0.0
  SNOW DEPTH       T

DEGREE DAYS
 HEATING
  YESTERDAY       45                        39      6       29
  MONTH TO DATE 1090                      1026     64      716
  SINCE DEC 1   4219                      3681    538     3329
  SINCE JUL 1   6197                      5944    253     5367

 COOLING
  YESTERDAY        0                         0      0        0
  MONTH TO DATE    0                         0      0        0
  SINCE DEC 1      0                         0      0        0
  SINCE JAN 1      0                         0      0        0
..................................................................


WIND (MPH)
  HIGHEST WIND SPEED    38   HIGHEST WIND DIRECTION     W (260)
  HIGHEST GUST SPEED    46   HIGHEST GUST DIRECTION     W (270)
  AVERAGE WIND SPEED    20.4


SKY COVER
  AVERAGE SKY COVER 0.2


WEATHER CONDITIONS
 THE FOLLOWING WEATHER WAS RECORDED YESTERDAY.
  NO SIGNIFICANT WEATHER WAS OBSERVED.


RELATIVE HUMIDITY (PERCENT)
 HIGHEST    84          1200 AM
 LOWEST     42           100 PM
 AVERAGE    63

..........................................................


THE CUT BANK MT CLIMATE NORMALS FOR TODAY
                         NORMAL    RECORD    YEAR
 MAXIMUM TEMPERATURE (F)   37        66      1992
 MINIMUM TEMPERATURE (F)   15       -30      1904


SUNRISE AND SUNSET
FEBRUARY 26 2017......SUNRISE   716 AM MST   SUNSET   609 PM MST
FEBRUARY 27 2017......SUNRISE   714 AM MST   SUNSET   611 PM MST


-  INDICATES NEGATIVE NUMBERS.
R  INDICATES RECORD WAS SET OR TIED.
MM INDICATES DATA IS MISSING.
T  INDICATES TRACE AMOUNT.




$$
