028
CDUS45 KTFX 250949
CLICTB


CLIMATE REPORT
NATIONAL WEATHER SERVICE GREAT FALLS MT
348 AM MDT MON JUL 25 2016


...................................

...THE CUT BANK MT CLIMATE SUMMARY FOR JULY 24 2016...

CLIMATE NORMAL PERIOD 1981 TO 2010
CLIMATE RECORD PERIOD 1903 TO 2016


WEATHER ITEM   OBSERVED TIME   RECORD YEAR NORMAL DEPARTURE LAST
                VALUE   (LST)  VALUE       VALUE  FROM      YEAR
                                                  NORMAL
..................................................................
TEMPERATURE (F)
 YESTERDAY
  MAXIMUM         85    414 PM  98    1936  81      4       85
  MINIMUM         49    359 AM  34    1918  51     -2       48
  AVERAGE         67                        66      1       67

PRECIPITATION (IN)
  YESTERDAY        0.00          0.44 1981   0.04  -0.04     0.00
  MONTH TO DATE    0.89                      1.04  -0.15     0.86
  SINCE OCT 1      8.82                      8.25   0.57     7.59
  SINCE JAN 1      6.90                      7.23  -0.33     5.06

SNOWFALL (IN)
  YESTERDAY       MM
  SNOW DEPTH       0

DEGREE DAYS
 HEATING
  YESTERDAY        0                         2     -2        0
  MONTH TO DATE   72                        74     -2       54
  SINCE JUN 1    236                       307    -71      184
  SINCE JUL 1     72                        74     -2       54

 COOLING
  YESTERDAY        2                         3     -1        2
  MONTH TO DATE   29                        51    -22       55
  SINCE JUN 1     51                        66    -15      115
  SINCE JAN 1     51                        68    -17      115
..................................................................


WIND (MPH)
  HIGHEST WIND SPEED    20   HIGHEST WIND DIRECTION     W (270)
  HIGHEST GUST SPEED    24   HIGHEST GUST DIRECTION     W (260)
  AVERAGE WIND SPEED     9.2


SKY COVER
  AVERAGE SKY COVER 0.0


WEATHER CONDITIONS
 THE FOLLOWING WEATHER WAS RECORDED YESTERDAY.
  NO SIGNIFICANT WEATHER WAS OBSERVED.


RELATIVE HUMIDITY (PERCENT)
 HIGHEST    77           300 AM
 LOWEST     22           400 PM
 AVERAGE    50

..........................................................


THE CUT BANK MT CLIMATE NORMALS FOR TODAY
                         NORMAL    RECORD    YEAR
 MAXIMUM TEMPERATURE (F)   82       100      1933
 MINIMUM TEMPERATURE (F)   51        40      2001


SUNRISE AND SUNSET
JULY 25 2016..........SUNRISE   555 AM MDT   SUNSET   916 PM MDT
JULY 26 2016..........SUNRISE   557 AM MDT   SUNSET   915 PM MDT


-  INDICATES NEGATIVE NUMBERS.
R  INDICATES RECORD WAS SET OR TIED.
MM INDICATES DATA IS MISSING.
T  INDICATES TRACE AMOUNT.




$$
