000
CDUS45 KTFX 211021
CLICTB


CLIMATE REPORT
NATIONAL WEATHER SERVICE GREAT FALLS MT
417 AM MDT TUE OCT 21 2014


...................................

...THE CUT BANK MT CLIMATE SUMMARY FOR OCTOBER 20 2014...

CLIMATE NORMAL PERIOD 1981 TO 2010
CLIMATE RECORD PERIOD 1903 TO 2014


WEATHER ITEM   OBSERVED TIME   RECORD YEAR NORMAL DEPARTURE LAST
                VALUE   (LST)  VALUE       VALUE  FROM      YEAR
                                                  NORMAL
..................................................................
TEMPERATURE (F)
 YESTERDAY
  MAXIMUM         78R   202 PM  76    1938  54     24       60
  MINIMUM         35    653 AM   2    1933  29      6       34
  AVERAGE         57                        41     16       47

PRECIPITATION (IN)
  YESTERDAY        0.00          0.30 1908   0.01  -0.01     0.00
  MONTH TO DATE    0.16                      0.33  -0.17     0.20
  SINCE OCT 1      0.16                      0.33  -0.17     0.20
  SINCE JAN 1     15.07                     10.21   4.86    13.90

SNOWFALL (IN)
  YESTERDAY       MM
  SNOW DEPTH       0

DEGREE DAYS
 HEATING
  YESTERDAY        8                        24    -16       18
  MONTH TO DATE  252                       401   -149      434
  SINCE SEP 1    566                       744   -178      657
  SINCE JUL 1    663                       938   -275      729

 COOLING
  YESTERDAY        0                         0      0        0
  MONTH TO DATE    0                         0      0        0
  SINCE SEP 1     11                         8      3       31
  SINCE JAN 1    208                       161     47      226
..................................................................


WIND (MPH)
  HIGHEST WIND SPEED    24   HIGHEST WIND DIRECTION    SW (240)
  HIGHEST GUST SPEED    30   HIGHEST GUST DIRECTION     W (260)
  AVERAGE WIND SPEED     7.6


SKY COVER
  AVERAGE SKY COVER 0.0


WEATHER CONDITIONS
 THE FOLLOWING WEATHER WAS RECORDED YESTERDAY.
  NO SIGNIFICANT WEATHER WAS OBSERVED.


RELATIVE HUMIDITY (PERCENT)
 HIGHEST    70           700 AM
 LOWEST     13           200 PM
 AVERAGE    42

..........................................................


THE CUT BANK MT CLIMATE NORMALS FOR TODAY
                         NORMAL    RECORD    YEAR
 MAXIMUM TEMPERATURE (F)   53        76      1927
 MINIMUM TEMPERATURE (F)   29        10      1984


SUNRISE AND SUNSET
OCTOBER 21 2014.......SUNRISE   759 AM MDT   SUNSET   629 PM MDT
OCTOBER 22 2014.......SUNRISE   800 AM MDT   SUNSET   627 PM MDT


-  INDICATES NEGATIVE NUMBERS.
R  INDICATES RECORD WAS SET OR TIED.
MM INDICATES DATA IS MISSING.
T  INDICATES TRACE AMOUNT.




$$
