604
CDUS45 KTFX 270725
CLICTB


CLIMATE REPORT
NATIONAL WEATHER SERVICE GREAT FALLS MT
125 AM MDT SAT MAY 27 2017


...................................

...THE CUT BANK MT CLIMATE SUMMARY FOR MAY 26 2017...

CLIMATE NORMAL PERIOD 1981 TO 2010
CLIMATE RECORD PERIOD 1903 TO 2017


WEATHER ITEM   OBSERVED TIME   RECORD YEAR NORMAL DEPARTURE LAST
                VALUE   (LST)  VALUE       VALUE  FROM      YEAR
                                                  NORMAL
..................................................................
TEMPERATURE (F)
 YESTERDAY
  MAXIMUM         66    522 PM  88    1928  65      1       64
  MINIMUM         35    524 AM  17    1918  41     -6       39
  AVERAGE         51                        53     -2       52

PRECIPITATION (IN)
  YESTERDAY        0.00          0.96 1942   0.08  -0.08     0.19
  MONTH TO DATE    0.96                      1.50  -0.54     2.15
  SINCE OCT 1      6.45                      4.21   2.24     6.73
  SINCE JAN 1      5.02                      3.19   1.83     4.81

SNOWFALL (IN)
  YESTERDAY       MM
  SNOW DEPTH       0

DEGREE DAYS
 HEATING
  YESTERDAY       14                        12      2       13
  MONTH TO DATE  356                       412    -56      414
  SINCE MAR 1   2064                      2172   -108     1829
  SINCE JUL 1   8415                      8232    183     7294

 COOLING
  YESTERDAY        0                         0      0        0
  MONTH TO DATE    0                         0      0        0
  SINCE MAR 1      0                         0      0        0
  SINCE JAN 1      0                         0      0        0
..................................................................


WIND (MPH)
  HIGHEST WIND SPEED    17   HIGHEST WIND DIRECTION    NW (330)
  HIGHEST GUST SPEED    22   HIGHEST GUST DIRECTION     N (350)
  AVERAGE WIND SPEED     8.7


SKY COVER
  AVERAGE SKY COVER 0.2


WEATHER CONDITIONS
 THE FOLLOWING WEATHER WAS RECORDED YESTERDAY.
  NO SIGNIFICANT WEATHER WAS OBSERVED.


RELATIVE HUMIDITY (PERCENT)
 HIGHEST    92          1200 AM
 LOWEST     26           400 PM
 AVERAGE    59

..........................................................


THE CUT BANK MT CLIMATE NORMALS FOR TODAY
                         NORMAL    RECORD    YEAR
 MAXIMUM TEMPERATURE (F)   66        91      1936
 MINIMUM TEMPERATURE (F)   41        27      1911


SUNRISE AND SUNSET
MAY 27 2017...........SUNRISE   535 AM MDT   SUNSET   919 PM MDT
MAY 28 2017...........SUNRISE   534 AM MDT   SUNSET   920 PM MDT


-  INDICATES NEGATIVE NUMBERS.
R  INDICATES RECORD WAS SET OR TIED.
MM INDICATES DATA IS MISSING.
T  INDICATES TRACE AMOUNT.




$$
