567
CDUS45 KTFX 121120
CLICTB


CLIMATE REPORT
NATIONAL WEATHER SERVICE GREAT FALLS MT
420 AM MST FRI FEB 12 2016


...................................

...THE CUT BANK MT CLIMATE SUMMARY FOR FEBRUARY 11 2016...

CLIMATE NORMAL PERIOD 1981 TO 2010
CLIMATE RECORD PERIOD 1903 TO 2016


WEATHER ITEM   OBSERVED TIME   RECORD YEAR NORMAL DEPARTURE LAST
                VALUE   (LST)  VALUE       VALUE  FROM      YEAR
                                                  NORMAL
..................................................................
TEMPERATURE (F)
 YESTERDAY
  MAXIMUM         54   1212 PM  65    2005  35     19       24
  MINIMUM         29   1158 PM -24    1904  13     16       18
  AVERAGE         42                        24     18       21

PRECIPITATION (IN)
  YESTERDAY        0.00          0.40 1961   0.01  -0.01     0.00
  MONTH TO DATE    0.01                      0.07  -0.06     0.06
  SINCE OCT 1      2.37                      1.29   1.08     3.30
  SINCE JAN 1      0.45                      0.27   0.18     0.77

SNOWFALL (IN)
  YESTERDAY       MM
  SNOW DEPTH       0

DEGREE DAYS
 HEATING
  YESTERDAY       23                        41    -18       44
  MONTH TO DATE  312                       461   -149      411
  SINCE DEC 1   2925                      3116   -191     2924
  SINCE JUL 1   4963                      5379   -416     5022

 COOLING
  YESTERDAY        0                         0      0        0
  MONTH TO DATE    0                         0      0        0
  SINCE DEC 1      0                         0      0        0
  SINCE JAN 1      0                         0      0        0
..................................................................


WIND (MPH)
  HIGHEST WIND SPEED    36   HIGHEST WIND DIRECTION     W (260)
  HIGHEST GUST SPEED    41   HIGHEST GUST DIRECTION     W (260)
  AVERAGE WIND SPEED    14.0


SKY COVER
  AVERAGE SKY COVER 0.0


WEATHER CONDITIONS
 THE FOLLOWING WEATHER WAS RECORDED YESTERDAY.
  NO SIGNIFICANT WEATHER WAS OBSERVED.


RELATIVE HUMIDITY (PERCENT)
 HIGHEST    82          1100 PM
 LOWEST     24          1200 PM
 AVERAGE    53

..........................................................


THE CUT BANK MT CLIMATE NORMALS FOR TODAY
                         NORMAL    RECORD    YEAR
 MAXIMUM TEMPERATURE (F)   35        57      2015
                                             1934
 MINIMUM TEMPERATURE (F)   13       -32      1936


SUNRISE AND SUNSET
FEBRUARY 12 2016......SUNRISE   743 AM MST   SUNSET   545 PM MST
FEBRUARY 13 2016......SUNRISE   741 AM MST   SUNSET   547 PM MST


-  INDICATES NEGATIVE NUMBERS.
R  INDICATES RECORD WAS SET OR TIED.
MM INDICATES DATA IS MISSING.
T  INDICATES TRACE AMOUNT.




$$
