000
CDUS45 KTFX 040944
CLICTB


CLIMATE REPORT
NATIONAL WEATHER SERVICE GREAT FALLS MT
343 AM MDT FRI SEP 4 2015


...................................

...THE CUT BANK MT CLIMATE SUMMARY FOR SEPTEMBER 3 2015...

CLIMATE NORMAL PERIOD 1981 TO 2010
CLIMATE RECORD PERIOD 1903 TO 2015


WEATHER ITEM   OBSERVED TIME   RECORD YEAR NORMAL DEPARTURE LAST
                VALUE   (LST)  VALUE       VALUE  FROM      YEAR
                                                  NORMAL
..................................................................
TEMPERATURE (F)
 YESTERDAY
  MAXIMUM         56    103 AM  94    1950  73    -17       55
  MINIMUM         48   1159 PM  24    1962  44      4       43
  AVERAGE         52                        58     -6       49

PRECIPITATION (IN)
  YESTERDAY        0.38          0.53 1965   0.05   0.33     0.09
  MONTH TO DATE    0.38                      0.13   0.25     0.09
  SINCE OCT 1      8.66                      9.81  -1.15    15.13
  SINCE JAN 1      6.13                      8.79  -2.66    13.93

SNOWFALL (IN)
  YESTERDAY       MM
  SNOW DEPTH       0

DEGREE DAYS
 HEATING
  YESTERDAY       13                         7      6       16
  MONTH TO DATE   13                        21     -8       28
  SINCE SEP 1     13                        21     -8       28
  SINCE JUL 1    164                       215    -51      125

 COOLING
  YESTERDAY        0                         1     -1        0
  MONTH TO DATE    1                         3     -2        0
  SINCE SEP 1      1                         3     -2        0
  SINCE JAN 1    229                       156     73      197
..................................................................


WIND (MPH)
  HIGHEST WIND SPEED    18   HIGHEST WIND DIRECTION     W (280)
  HIGHEST GUST SPEED    23   HIGHEST GUST DIRECTION     W (270)
  AVERAGE WIND SPEED     4.7


SKY COVER
  AVERAGE SKY COVER 1.0


WEATHER CONDITIONS
 THE FOLLOWING WEATHER WAS RECORDED YESTERDAY.
  LIGHT RAIN
  FOG


RELATIVE HUMIDITY (PERCENT)
 HIGHEST    93           400 AM
 LOWEST     50          1200 AM
 AVERAGE    72

..........................................................


THE CUT BANK MT CLIMATE NORMALS FOR TODAY
                         NORMAL    RECORD    YEAR
 MAXIMUM TEMPERATURE (F)   73        94      2003
 MINIMUM TEMPERATURE (F)   43        26      1929


SUNRISE AND SUNSET
SEPTEMBER  4 2015.....SUNRISE   651 AM MDT   SUNSET   806 PM MDT
SEPTEMBER  5 2015.....SUNRISE   652 AM MDT   SUNSET   803 PM MDT


-  INDICATES NEGATIVE NUMBERS.
R  INDICATES RECORD WAS SET OR TIED.
MM INDICATES DATA IS MISSING.
T  INDICATES TRACE AMOUNT.




$$
