665
CDUS45 KTFX 271019
CLICTB


CLIMATE REPORT
NATIONAL WEATHER SERVICE GREAT FALLS MT
418 AM MDT FRI MAY 27 2016


...................................

...THE CUT BANK MT CLIMATE SUMMARY FOR MAY 26 2016...

CLIMATE NORMAL PERIOD 1981 TO 2010
CLIMATE RECORD PERIOD 1903 TO 2016


WEATHER ITEM   OBSERVED TIME   RECORD YEAR NORMAL DEPARTURE LAST
                VALUE   (LST)  VALUE       VALUE  FROM      YEAR
                                                  NORMAL
..................................................................
TEMPERATURE (F)
 YESTERDAY
  MAXIMUM         64    344 PM  88    1928  65     -1       64
  MINIMUM         39    154 AM  17    1918  41     -2       49
  AVERAGE         52                        53     -1       57

PRECIPITATION (IN)
  YESTERDAY        0.19          0.96 1942   0.08   0.11     0.14
  MONTH TO DATE    2.15                      1.50   0.65     1.37
  SINCE OCT 1      6.73                      4.21   2.52     5.25
  SINCE JAN 1      4.81                      3.19   1.62     2.72

SNOWFALL (IN)
  YESTERDAY       MM
  SNOW DEPTH       0

DEGREE DAYS
 HEATING
  YESTERDAY       13                        12      1        8
  MONTH TO DATE  414                       412      2      455
  SINCE MAR 1   1829                      2172   -343     1931
  SINCE JUL 1   7294                      8232   -938     7593

 COOLING
  YESTERDAY        0                         0      0        0
  MONTH TO DATE    0                         0      0        0
  SINCE MAR 1      0                         0      0        0
  SINCE JAN 1      0                         0      0        0
..................................................................


WIND (MPH)
  HIGHEST WIND SPEED    29   HIGHEST WIND DIRECTION    NW (300)
  HIGHEST GUST SPEED    33   HIGHEST GUST DIRECTION    NW (300)
  AVERAGE WIND SPEED     6.4


SKY COVER
  AVERAGE SKY COVER 0.4


WEATHER CONDITIONS
 THE FOLLOWING WEATHER WAS RECORDED YESTERDAY.
  THUNDERSTORM
  RAIN
  LIGHT RAIN
  FOG


RELATIVE HUMIDITY (PERCENT)
 HIGHEST   100           700 PM
 LOWEST     48           400 PM
 AVERAGE    74

..........................................................


THE CUT BANK MT CLIMATE NORMALS FOR TODAY
                         NORMAL    RECORD    YEAR
 MAXIMUM TEMPERATURE (F)   66        91      1936
 MINIMUM TEMPERATURE (F)   41        27      1911


SUNRISE AND SUNSET
MAY 27 2016...........SUNRISE   535 AM MDT   SUNSET   919 PM MDT
MAY 28 2016...........SUNRISE   534 AM MDT   SUNSET   920 PM MDT


-  INDICATES NEGATIVE NUMBERS.
R  INDICATES RECORD WAS SET OR TIED.
MM INDICATES DATA IS MISSING.
T  INDICATES TRACE AMOUNT.




$$
