000
CDUS45 KTFX 232225
CLICTB


CLIMATE REPORT
NATIONAL WEATHER SERVICE GREAT FALLS MT
425 PM MDT TUE SEP 23 2014


...................................

...THE CUT BANK MT CLIMATE SUMMARY FOR SEPTEMBER 23 2014...
VALID TODAY AS OF 0400 PM LOCAL TIME.

CLIMATE NORMAL PERIOD 1981 TO 2010
CLIMATE RECORD PERIOD 1903 TO 2014


WEATHER ITEM   OBSERVED TIME   RECORD YEAR NORMAL DEPARTURE LAST
                VALUE   (LST)  VALUE       VALUE  FROM      YEAR
                                                  NORMAL
..................................................................
TEMPERATURE (F)
 TODAY
  MAXIMUM         79    241 PM  92    2009  65     14       61
  MINIMUM         56   1259 AM  15    1934  38     18       46
  AVERAGE         68                        51     17       54

PRECIPITATION (IN)
  TODAY            0.00          1.25 2007   0.03  -0.03     0.00
  MONTH TO DATE    0.61                      0.99  -0.38     2.45
  SINCE OCT 1     15.65                     10.67   4.98    15.64
  SINCE JAN 1     14.45                      9.65   4.80    13.47

SNOWFALL (IN)
  TODAY           MM
  SNOW DEPTH       0

DEGREE DAYS
 HEATING
  TODAY            0                        14    -14       11
  MONTH TO DATE  253                       238     15       90
  SINCE SEP 1    253                       238     15       90
  SINCE JUL 1    350                       432    -82      162

 COOLING
  TODAY            3                         0      3        0
  MONTH TO DATE    5                         6     -1       31
  SINCE SEP 1      5                         6     -1       31
  SINCE JAN 1    202                       159     43      226
..................................................................


WIND (MPH)
  HIGHEST WIND SPEED    21   HIGHEST WIND DIRECTION     W (260)
  HIGHEST GUST SPEED    25   HIGHEST GUST DIRECTION     W (260)
  AVERAGE WIND SPEED    13.3


SKY COVER
  AVERAGE SKY COVER 0.3


WEATHER CONDITIONS
 THE FOLLOWING WEATHER WAS RECORDED TODAY.
  NO SIGNIFICANT WEATHER WAS OBSERVED.


RELATIVE HUMIDITY (PERCENT)
 HIGHEST    62           600 AM
 LOWEST     33           100 PM
 AVERAGE    48

..........................................................


THE CUT BANK MT CLIMATE NORMALS FOR TOMORROW
                         NORMAL    RECORD    YEAR
 MAXIMUM TEMPERATURE (F)   65        92      2001
 MINIMUM TEMPERATURE (F)   37         0      1926


SUNRISE AND SUNSET
SEPTEMBER 23 2014.....SUNRISE   718 AM MDT   SUNSET   725 PM MDT
SEPTEMBER 24 2014.....SUNRISE   719 AM MDT   SUNSET   723 PM MDT


-  INDICATES NEGATIVE NUMBERS.
R  INDICATES RECORD WAS SET OR TIED.
MM INDICATES DATA IS MISSING.
T  INDICATES TRACE AMOUNT.




$$
