000
CDUS45 KTFX 021018
CLICTB


CLIMATE REPORT
NATIONAL WEATHER SERVICE GREAT FALLS MT
415 AM MDT SUN AUG 2 2015


...................................

...THE CUT BANK MT CLIMATE SUMMARY FOR AUGUST 1 2015...

CLIMATE NORMAL PERIOD 1981 TO 2010
CLIMATE RECORD PERIOD 1903 TO 2015


WEATHER ITEM   OBSERVED TIME   RECORD YEAR NORMAL DEPARTURE LAST
                VALUE   (LST)  VALUE       VALUE  FROM      YEAR
                                                  NORMAL
..................................................................
TEMPERATURE (F)
 YESTERDAY
  MAXIMUM         95R   429 PM  95    1914  82     13       87
  MINIMUM         52    547 AM  37    2002  51      1       56
  AVERAGE         74                        66      8       72

PRECIPITATION (IN)
  YESTERDAY        0.00          0.88 1960   0.04  -0.04     0.00
  MONTH TO DATE    0.00                      0.04  -0.04     0.00
  SINCE OCT 1      7.68                      8.53  -0.85    12.35
  SINCE JAN 1      5.15                      7.51  -2.36    11.15

SNOWFALL (IN)
  YESTERDAY       MM
  SNOW DEPTH       0

DEGREE DAYS
 HEATING
  YESTERDAY        0                         2     -2        0
  MONTH TO DATE    0                         2     -2        0
  SINCE JUN 1    197                       321   -124      290
  SINCE JUL 1     67                        88    -21       17

 COOLING
  YESTERDAY        9                         3      6        7
  MONTH TO DATE    9                         3      6        7
  SINCE JUN 1    139                        90     49      112
  SINCE JAN 1    139                        92     47      112
..................................................................


WIND (MPH)
  HIGHEST WIND SPEED    24   HIGHEST WIND DIRECTION     W (280)
  HIGHEST GUST SPEED    31   HIGHEST GUST DIRECTION     W (270)
  AVERAGE WIND SPEED    11.6


SKY COVER
  AVERAGE SKY COVER 0.0


WEATHER CONDITIONS
 THE FOLLOWING WEATHER WAS RECORDED YESTERDAY.
  NO SIGNIFICANT WEATHER WAS OBSERVED.


RELATIVE HUMIDITY (PERCENT)
 HIGHEST    46           600 AM
 LOWEST      8          1200 PM
 AVERAGE    27

..........................................................


THE CUT BANK MT CLIMATE NORMALS FOR TODAY
                         NORMAL    RECORD    YEAR
 MAXIMUM TEMPERATURE (F)   82        98      1983
 MINIMUM TEMPERATURE (F)   51        38      1926


SUNRISE AND SUNSET
AUGUST  2 2015........SUNRISE   605 AM MDT   SUNSET   906 PM MDT
AUGUST  3 2015........SUNRISE   606 AM MDT   SUNSET   904 PM MDT


-  INDICATES NEGATIVE NUMBERS.
R  INDICATES RECORD WAS SET OR TIED.
MM INDICATES DATA IS MISSING.
T  INDICATES TRACE AMOUNT.




$$
