000
CDUS42 KTAE 020646
CLICTY


CLIMATE REPORT
NATIONAL WEATHER SERVICE TALLAHASSEE FL
246 AM EDT SAT AUG 2 2014


...................................

...THE CROSS CITY (AWOS) CLIMATE SUMMARY FOR AUGUST 1 2014...

CLIMATE NORMAL PERIOD 1981 TO 2010
CLIMATE RECORD PERIOD 1948 TO 2014


WEATHER ITEM   OBSERVED TIME   NORMAL DEPARTURE LAST
                VALUE   (LST)  VALUE  FROM      YEAR
                                      NORMAL
......................................................
TEMPERATURE (F)
 YESTERDAY
  MAXIMUM         90    232 PM  91     -1
  MINIMUM         68    554 AM  72     -4
  AVERAGE         79            82     -3

PRECIPITATION (IN)
  YESTERDAY        0.00          0.26  -0.26     0.18
  MONTH TO DATE    0.00          0.26  -0.26     0.18
  SINCE JUN 1     11.06         11.01   0.05    30.54
  SINCE JAN 1     36.56         28.18   8.38    43.08

DEGREE DAYS
 HEATING
  YESTERDAY        0             0      0
  MONTH TO DATE    0             0      0
  SINCE JUN 1      0             0      0
  SINCE JUL 1      0             0      0

 COOLING
  YESTERDAY       14            17     -3
  MONTH TO DATE   14            17     -3
  SINCE JUN 1   1014           972     42
  SINCE JAN 1   1506          1451     55
......................................................


WIND (MPH)
  RESULTANT WIND SPEED   2   RESULTANT WIND DIRECTION   W (260)
  HIGHEST WIND SPEED    14   HIGHEST WIND DIRECTION     W (260)
  HIGHEST GUST SPEED    20   HIGHEST GUST DIRECTION     W (260)
  AVERAGE WIND SPEED     2.7



WEATHER CONDITIONS
 THE FOLLOWING WEATHER WAS RECORDED YESTERDAY.
  NO SIGNIFICANT WEATHER WAS OBSERVED.


RELATIVE HUMIDITY (PERCENT)
 HIGHEST    93
 LOWEST     50

..........................................................




SUNRISE AND SUNSET
AUGUST  2 2014........SUNRISE   653 AM EDT   SUNSET   824 PM EDT
AUGUST  3 2014........SUNRISE   653 AM EDT   SUNSET   823 PM EDT


-  INDICATES NEGATIVE NUMBERS.
R  INDICATES RECORD WAS SET OR TIED.
MM INDICATES DATA IS MISSING.
T  INDICATES TRACE AMOUNT.




$$
