000
CDUS42 KTAE 200638
CLICTY


CLIMATE REPORT
NATIONAL WEATHER SERVICE TALLAHASSEE FL
237 AM EDT WED AUG 20 2014


...................................

...THE CROSS CITY (AWOS) CLIMATE SUMMARY FOR AUGUST 19 2014...

CLIMATE NORMAL PERIOD 1981 TO 2010
CLIMATE RECORD PERIOD 1948 TO 2014


WEATHER ITEM   OBSERVED TIME   NORMAL DEPARTURE LAST
                VALUE   (LST)  VALUE  FROM      YEAR
                                      NORMAL
......................................................
TEMPERATURE (F)
 YESTERDAY
  MAXIMUM         93   1219 PM  91      2
  MINIMUM         73    602 AM  72      1
  AVERAGE         83            81      2

PRECIPITATION (IN)
  YESTERDAY        0.04          0.26  -0.22     0.67
  MONTH TO DATE    3.28          4.35  -1.07     5.55
  SINCE JUN 1     14.34         15.10  -0.76    35.91
  SINCE JAN 1     39.84         32.27   7.57    48.45

DEGREE DAYS
 HEATING
  YESTERDAY        0             0      0
  MONTH TO DATE    0             0      0
  SINCE JUN 1      0             0      0
  SINCE JUL 1      0             0      0

 COOLING
  YESTERDAY       18            16      2
  MONTH TO DATE  341           314     27
  SINCE JUN 1   1341          1269     72
  SINCE JAN 1   1833          1748     85
......................................................


WIND (MPH)
  RESULTANT WIND SPEED   5   RESULTANT WIND DIRECTION   W (250)
  HIGHEST WIND SPEED    16   HIGHEST WIND DIRECTION     W (280)
  HIGHEST GUST SPEED    22   HIGHEST GUST DIRECTION     W (280)
  AVERAGE WIND SPEED     5.3



WEATHER CONDITIONS
 THE FOLLOWING WEATHER WAS RECORDED YESTERDAY.
  NO SIGNIFICANT WEATHER WAS OBSERVED.


RELATIVE HUMIDITY (PERCENT)
 HIGHEST    94
 LOWEST     56

..........................................................




SUNRISE AND SUNSET
AUGUST 20 2014........SUNRISE   703 AM EDT   SUNSET   808 PM EDT
AUGUST 21 2014........SUNRISE   704 AM EDT   SUNSET   807 PM EDT


-  INDICATES NEGATIVE NUMBERS.
R  INDICATES RECORD WAS SET OR TIED.
MM INDICATES DATA IS MISSING.
T  INDICATES TRACE AMOUNT.




$$
