000
CDUS42 KTAE 130634
CLICTY


CLIMATE REPORT
NATIONAL WEATHER SERVICE TALLAHASSEE FL
234 AM EDT SUN JUL 13 2014


...................................

...THE CROSS CITY (AWOS) CLIMATE SUMMARY FOR JULY 12 2014...

CLIMATE NORMAL PERIOD 1981 TO 2010
CLIMATE RECORD PERIOD 1948 TO 2014


WEATHER ITEM   OBSERVED TIME   NORMAL DEPARTURE LAST
                VALUE   (LST)  VALUE  FROM      YEAR
                                      NORMAL
......................................................
TEMPERATURE (F)
 YESTERDAY
  MAXIMUM         88    332 PM  91     -3
  MINIMUM         72    603 AM  72      0
  AVERAGE         80            81     -1

PRECIPITATION (IN)
  YESTERDAY        0.03          0.19  -0.16     0.64
  MONTH TO DATE    3.11          2.04   1.07    10.17
  SINCE JUN 1      6.88          7.13  -0.25    19.52
  SINCE JAN 1     32.38         24.30   8.08    32.06

DEGREE DAYS
 HEATING
  YESTERDAY        0             0      0
  MONTH TO DATE    0             0      0
  SINCE JUN 1      0             0      0
  SINCE JUL 1      0             0      0

 COOLING
  YESTERDAY       15            16     -1
  MONTH TO DATE  202           192     10
  SINCE JUN 1    681           639     42
  SINCE JAN 1   1173          1118     55
......................................................


WIND (MPH)
  RESULTANT WIND SPEED   1   RESULTANT WIND DIRECTION   E (110)
  HIGHEST WIND SPEED    15   HIGHEST WIND DIRECTION    NE (60)
  HIGHEST GUST SPEED    25   HIGHEST GUST DIRECTION    NE (40)
  AVERAGE WIND SPEED     2.6



WEATHER CONDITIONS
 THE FOLLOWING WEATHER WAS RECORDED YESTERDAY.
  NO SIGNIFICANT WEATHER WAS OBSERVED.


RELATIVE HUMIDITY (PERCENT)
 HIGHEST   100
 LOWEST     61

..........................................................




SUNRISE AND SUNSET
JULY 13 2014..........SUNRISE   641 AM EDT   SUNSET   835 PM EDT
JULY 14 2014..........SUNRISE   642 AM EDT   SUNSET   834 PM EDT


-  INDICATES NEGATIVE NUMBERS.
R  INDICATES RECORD WAS SET OR TIED.
MM INDICATES DATA IS MISSING.
T  INDICATES TRACE AMOUNT.




$$
