000
CDUS42 KTAE 300639
CLICTY


CLIMATE REPORT
NATIONAL WEATHER SERVICE TALLAHASSEE FL
239 AM EDT SAT APR 30 2016


...................................

...THE CROSS CITY  CLIMATE SUMMARY FOR APRIL 29 2016...

CLIMATE NORMAL PERIOD 1981 TO 2010
CLIMATE RECORD PERIOD 1948 TO 2016


WEATHER ITEM   OBSERVED TIME   NORMAL DEPARTURE LAST
                VALUE   (LST)  VALUE  FROM      YEAR
                                      NORMAL
......................................................
TEMPERATURE (F)
 YESTERDAY
  MAXIMUM         90    237 PM  83      7       85
  MINIMUM         67    513 AM  56     11       63
  AVERAGE         79            70      9

PRECIPITATION (IN)
  YESTERDAY        0.00          0.05  -0.05     0.04
  MONTH TO DATE    4.50          2.91   1.59     1.93
  SINCE MAR 1      7.97          7.12   0.85     3.30
  SINCE JAN 1     14.73         14.43   0.30     9.27

DEGREE DAYS
 HEATING
  YESTERDAY        0             1     -1
  MONTH TO DATE    5            50    -45
  SINCE MAR 1     76           185   -109
  SINCE JUL 1    807          1305   -498

 COOLING
  YESTERDAY       14             5      9
  MONTH TO DATE  158           102     56
  SINCE MAR 1    292           149    143
  SINCE JAN 1    321           176    145
......................................................


WIND (MPH)
  RESULTANT WIND SPEED   2   RESULTANT WIND DIRECTION   W (250)
  HIGHEST WIND SPEED    14   HIGHEST WIND DIRECTION    SW (230)
  HIGHEST GUST SPEED    19   HIGHEST GUST DIRECTION    SW (220)
  AVERAGE WIND SPEED     3.4



WEATHER CONDITIONS
 THE FOLLOWING WEATHER WAS RECORDED YESTERDAY.
  NO SIGNIFICANT WEATHER WAS OBSERVED.


RELATIVE HUMIDITY (PERCENT)
 HIGHEST   100
 LOWEST     47

..........................................................




SUNRISE AND SUNSET
APRIL 30 2016.........SUNRISE   651 AM EDT   SUNSET   809 PM EDT
MAY  1 2016...........SUNRISE   650 AM EDT   SUNSET   810 PM EDT


-  INDICATES NEGATIVE NUMBERS.
R  INDICATES RECORD WAS SET OR TIED.
MM INDICATES DATA IS MISSING.
T  INDICATES TRACE AMOUNT.




$$
