000
CDUS42 KTAE 180634
CLICTY


CLIMATE REPORT
NATIONAL WEATHER SERVICE TALLAHASSEE FL
134 AM EST WED JAN 18 2017


...................................

...THE CROSS CITY  CLIMATE SUMMARY FOR JANUARY 17 2017...

CLIMATE NORMAL PERIOD 1981 TO 2010
CLIMATE RECORD PERIOD 1948 TO 2017


WEATHER ITEM   OBSERVED TIME   NORMAL DEPARTURE LAST
                VALUE   (LST)  VALUE  FROM      YEAR
                                      NORMAL
......................................................
TEMPERATURE (F)
 YESTERDAY
  MAXIMUM         79   1230 PM  66     13       65
  MINIMUM         50    450 AM  40     10       44
  AVERAGE         65            53     12

PRECIPITATION (IN)
  YESTERDAY        0.00          0.14  -0.14     1.20
  MONTH TO DATE    1.29          2.20  -0.91     2.53
  SINCE DEC 1      5.16          4.72   0.44     4.79
  SINCE JAN 1      1.29          2.20  -0.91     2.53

DEGREE DAYS
 HEATING
  YESTERDAY        0            12    -12
  MONTH TO DATE  108           215   -107
  SINCE DEC 1    269           552   -283
  SINCE JUL 1    394           720   -326

 COOLING
  YESTERDAY        0             0      0
  MONTH TO DATE   15             0     15
  SINCE DEC 1     68            18     50
  SINCE JAN 1     15             0     15
......................................................


WIND (MPH)
  RESULTANT WIND SPEED   3   RESULTANT WIND DIRECTION  SW (210)
  HIGHEST WIND SPEED    MM   HIGHEST WIND DIRECTION    MM
  HIGHEST GUST SPEED    MM   HIGHEST GUST DIRECTION    MM
  AVERAGE WIND SPEED     3.4



WEATHER CONDITIONS
 THE FOLLOWING WEATHER WAS RECORDED YESTERDAY.
  NO SIGNIFICANT WEATHER WAS OBSERVED.


RELATIVE HUMIDITY (PERCENT)
 HIGHEST   100
 LOWEST     52

..........................................................




SUNRISE AND SUNSET
JANUARY 18 2017.......SUNRISE   728 AM EST   SUNSET   559 PM EST
JANUARY 19 2017.......SUNRISE   727 AM EST   SUNSET   559 PM EST


-  INDICATES NEGATIVE NUMBERS.
R  INDICATES RECORD WAS SET OR TIED.
MM INDICATES DATA IS MISSING.
T  INDICATES TRACE AMOUNT.




$$
