000
CDUS42 KTAE 230642
CLICTY


CLIMATE REPORT
NATIONAL WEATHER SERVICE TALLAHASSEE FL
241 AM EDT SAT JUL 23 2016


...................................

...THE CROSS CITY  CLIMATE SUMMARY FOR JULY 22 2016...

CLIMATE NORMAL PERIOD 1981 TO 2010
CLIMATE RECORD PERIOD 1948 TO 2016


WEATHER ITEM   OBSERVED TIME   NORMAL DEPARTURE LAST
                VALUE   (LST)  VALUE  FROM      YEAR
                                      NORMAL
......................................................
TEMPERATURE (F)
 YESTERDAY
  MAXIMUM         93   1236 PM  91      2       80
  MINIMUM         74    601 AM  72      2       78
  AVERAGE         84            82      2

PRECIPITATION (IN)
  YESTERDAY        0.12          0.19  -0.07     0.01
  MONTH TO DATE    5.61          3.83   1.78    10.53
  SINCE JUN 1     10.69          8.92   1.77    17.90
  SINCE JAN 1     27.44         26.09   1.35    31.04

DEGREE DAYS
 HEATING
  YESTERDAY        0             0      0
  MONTH TO DATE    0             0      0
  SINCE JUN 1      0             0      0
  SINCE JUL 1      0             0      0

 COOLING
  YESTERDAY       19            17      2
  MONTH TO DATE  423           358     65
  SINCE JUN 1    958           805    153
  SINCE JAN 1   1633          1284    349
......................................................


WIND (MPH)
  RESULTANT WIND SPEED   1   RESULTANT WIND DIRECTION   S (170)
  HIGHEST WIND SPEED    15   HIGHEST WIND DIRECTION    SW (230)
  HIGHEST GUST SPEED    21   HIGHEST GUST DIRECTION    SW (220)
  AVERAGE WIND SPEED     3.6



WEATHER CONDITIONS
 THE FOLLOWING WEATHER WAS RECORDED YESTERDAY.
  NO SIGNIFICANT WEATHER WAS OBSERVED.


RELATIVE HUMIDITY (PERCENT)
 HIGHEST    93
 LOWEST     52

..........................................................




SUNRISE AND SUNSET
JULY 23 2016..........SUNRISE   647 AM EDT   SUNSET   830 PM EDT
JULY 24 2016..........SUNRISE   648 AM EDT   SUNSET   830 PM EDT


-  INDICATES NEGATIVE NUMBERS.
R  INDICATES RECORD WAS SET OR TIED.
MM INDICATES DATA IS MISSING.
T  INDICATES TRACE AMOUNT.




$$
