000
CDUS42 KCAE 010536
CLICUB


CLIMATE REPORT
NATIONAL WEATHER SERVICE COLUMBIA SC
135 AM EDT WED OCT 1 2014


...................................

...THE HAMILTON - OWENS AIRPORT SC CLIMATE SUMMARY FOR SEPTEMBER 30 2014...

CLIMATE NORMAL PERIOD 1981 TO 2010
CLIMATE RECORD PERIOD 9999 TO 9999


WEATHER ITEM   OBSERVED TIME   RECORD YEAR NORMAL DEPARTURE LAST
                VALUE   (LST)  VALUE       VALUE  FROM      YEAR
                                                  NORMAL
..................................................................
TEMPERATURE (F)
 YESTERDAY
  MAXIMUM         84    428 PM  MM      MM  82      2       78
  MINIMUM         62    654 AM  MM      MM  61      1       56
  AVERAGE         73                        71      2       67

PRECIPITATION (IN)
  YESTERDAY        0.00         MM      MM   0.12  -0.12     0.00
  MONTH TO DATE    5.54                      4.04   1.50     1.95
  SINCE SEP 1      5.54                      4.04   1.50     1.95
  SINCE JAN 1     35.20                     35.89  -0.69    44.84

DEGREE DAYS
 HEATING
  YESTERDAY        0                         1     -1        0
  MONTH TO DATE    4                         1      3        0
  SINCE SEP 1      4                         3      1        0
  SINCE JUL 1      4                         3      1        0

 COOLING
  YESTERDAY        8                         7      1        2
  MONTH TO DATE  348                       329     19      345
  SINCE SEP 1    348                       329     19      345
  SINCE JAN 1   2275                      2147    128     2073
..................................................................


WIND (MPH)
  HIGHEST WIND SPEED     8   HIGHEST WIND DIRECTION     E (70)
  HIGHEST GUST SPEED    10   HIGHEST GUST DIRECTION     E (70)
  AVERAGE WIND SPEED     1.6


SKY COVER
  AVERAGE SKY COVER 0.2


WEATHER CONDITIONS
 THE FOLLOWING WEATHER WAS RECORDED YESTERDAY.
  FOG


RELATIVE HUMIDITY (PERCENT)
 HIGHEST    93           400 AM
 LOWEST     45          1200 PM

..........................................................


THE HAMILTON - OWENS AIRPORT SC CLIMATE NORMALS FOR TODAY
                         NORMAL    RECORD    YEAR
 MAXIMUM TEMPERATURE (F)   81        MM        MM
 MINIMUM TEMPERATURE (F)   61        MM        MM


SUNRISE AND SUNSET
OCTOBER  1 2014.......SUNRISE   718 AM EDT   SUNSET   708 PM EDT
OCTOBER  2 2014.......SUNRISE   719 AM EDT   SUNSET   707 PM EDT


-  INDICATES NEGATIVE NUMBERS.
R  INDICATES RECORD WAS SET OR TIED.
MM INDICATES DATA IS MISSING.
T  INDICATES TRACE AMOUNT.




$$
