814
CDUS42 KCAE 210620
CLICUB


CLIMATE REPORT
NATIONAL WEATHER SERVICE COLUMBIA SC
119 AM EST TUE FEB 21 2017


...................................

...THE HAMILTON - OWENS AIRPORT SC CLIMATE SUMMARY FOR FEBRUARY 20 2017...

CLIMATE NORMAL PERIOD 1981 TO 2010
CLIMATE RECORD PERIOD 9999 TO 9999


WEATHER ITEM   OBSERVED TIME   NORMAL DEPARTURE LAST
                VALUE   (LST)  VALUE  FROM      YEAR
                                      NORMAL
......................................................
TEMPERATURE (F)
 YESTERDAY
  MAXIMUM         75    340 PM  62     13       68
  MINIMUM         43    731 AM  39      4       43
  AVERAGE         59            50      9       56

PRECIPITATION (IN)
  YESTERDAY        0.00          0.16  -0.16     0.00
  MONTH TO DATE    1.56          2.49  -0.93     2.28
  SINCE DEC 1     11.08          9.32   1.76     9.07
  SINCE JAN 1      7.70          6.12   1.58     3.83

DEGREE DAYS
 HEATING
  YESTERDAY        6            15     -9        9
  MONTH TO DATE  188           327   -139      356
  SINCE DEC 1    974          1448   -474     1163
  SINCE JUL 1   1235          1819   -584     1410

 COOLING
  YESTERDAY        0             0      0        0
  MONTH TO DATE    4             0      4        3
  SINCE DEC 1      7             5      2       59
  SINCE JAN 1      6             1      5        3
......................................................


WIND (MPH)
  HIGHEST WIND SPEED     9   HIGHEST WIND DIRECTION    NE (60)
  HIGHEST GUST SPEED    14   HIGHEST GUST DIRECTION     E (70)
  AVERAGE WIND SPEED     1.6


SKY COVER
  AVERAGE SKY COVER 0.0


WEATHER CONDITIONS
 THE FOLLOWING WEATHER WAS RECORDED YESTERDAY.
  NO SIGNIFICANT WEATHER WAS OBSERVED.


RELATIVE HUMIDITY (PERCENT)
 HIGHEST    96           700 AM
 LOWEST     29           200 PM

..........................................................


THE HAMILTON - OWENS AIRPORT SC CLIMATE NORMALS FOR TODAY
                         NORMAL    RECORD    YEAR
 MAXIMUM TEMPERATURE (F)   62        MM        MM
 MINIMUM TEMPERATURE (F)   39        MM        MM


SUNRISE AND SUNSET
FEBRUARY 21 2017......SUNRISE   702 AM EST   SUNSET   614 PM EST
FEBRUARY 22 2017......SUNRISE   701 AM EST   SUNSET   615 PM EST


-  INDICATES NEGATIVE NUMBERS.
R  INDICATES RECORD WAS SET OR TIED.
MM INDICATES DATA IS MISSING.
T  INDICATES TRACE AMOUNT.




$$
