000
CDUS42 KCAE 250546
CLICUB


CLIMATE REPORT
NATIONAL WEATHER SERVICE COLUMBIA SC
146 AM EDT MON JUL 25 2016


...................................

...THE HAMILTON - OWENS AIRPORT SC CLIMATE SUMMARY FOR JULY 24 2016...

CLIMATE NORMAL PERIOD 1981 TO 2010
CLIMATE RECORD PERIOD 9999 TO 9999


WEATHER ITEM   OBSERVED TIME   NORMAL DEPARTURE LAST
                VALUE   (LST)  VALUE  FROM      YEAR
                                      NORMAL
......................................................
TEMPERATURE (F)
 YESTERDAY
  MAXIMUM         97    405 PM  93      4       90
  MINIMUM         74    542 AM  73      1       76
  AVERAGE         86            83      3       83

PRECIPITATION (IN)
  YESTERDAY        0.14          0.14   0.00     0.02
  MONTH TO DATE    2.66          4.17  -1.51     2.08
  SINCE JUN 1      7.08          9.08  -2.00     9.49
  SINCE JAN 1     21.07         25.90  -4.83    24.63

DEGREE DAYS
 HEATING
  YESTERDAY        0             0      0        0
  MONTH TO DATE    0             0      0        0
  SINCE JUN 1      0             0      0        0
  SINCE JUL 1      0             0      0        0

 COOLING
  YESTERDAY       21            18      3       18
  MONTH TO DATE  494           425     69      486
  SINCE JUN 1   1025           858    167     1032
  SINCE JAN 1   1462          1194    268     1461
......................................................


WIND (MPH)
  HIGHEST WIND SPEED    12   HIGHEST WIND DIRECTION    NW (320)
  HIGHEST GUST SPEED    18   HIGHEST GUST DIRECTION    NW (320)
  AVERAGE WIND SPEED     2.7


SKY COVER
  AVERAGE SKY COVER 0.1


WEATHER CONDITIONS
 THE FOLLOWING WEATHER WAS RECORDED YESTERDAY.
  HEAVY RAIN
  RAIN
  LIGHT RAIN


RELATIVE HUMIDITY (PERCENT)
 HIGHEST    94           200 AM
 LOWEST     42           400 PM

..........................................................


THE HAMILTON - OWENS AIRPORT SC CLIMATE NORMALS FOR TODAY
                         NORMAL    RECORD    YEAR
 MAXIMUM TEMPERATURE (F)   93        MM        MM
 MINIMUM TEMPERATURE (F)   73        MM        MM


SUNRISE AND SUNSET
JULY 25 2016..........SUNRISE   631 AM EDT   SUNSET   830 PM EDT
JULY 26 2016..........SUNRISE   632 AM EDT   SUNSET   829 PM EDT


-  INDICATES NEGATIVE NUMBERS.
R  INDICATES RECORD WAS SET OR TIED.
MM INDICATES DATA IS MISSING.
T  INDICATES TRACE AMOUNT.




$$
