000
CDUS42 KCAE 160623
CLICUB


CLIMATE REPORT
NATIONAL WEATHER SERVICE COLUMBIA SC
223 AM EDT TUE SEP 16 2014


...................................

...THE HAMILTON - OWENS AIRPORT SC CLIMATE SUMMARY FOR SEPTEMBER 15 2014...

CLIMATE NORMAL PERIOD 1981 TO 2010
CLIMATE RECORD PERIOD 9999 TO 9999


WEATHER ITEM   OBSERVED TIME   RECORD YEAR NORMAL DEPARTURE LAST
                VALUE   (LST)  VALUE       VALUE  FROM      YEAR
                                                  NORMAL
..................................................................
TEMPERATURE (F)
 YESTERDAY
  MAXIMUM         76    528 PM  MM      MM  86    -10       89
  MINIMUM         68    652 AM  MM      MM  67      1       66
  AVERAGE         72                        76     -4       78

PRECIPITATION (IN)
  YESTERDAY        0.11         MM      MM   0.16  -0.05     0.00
  MONTH TO DATE    3.15                      2.13   1.02     0.02
  SINCE SEP 1      3.15                      2.13   1.02     0.02
  SINCE JAN 1     32.81                     33.98  -1.17    42.91

DEGREE DAYS
 HEATING
  YESTERDAY        0                         0      0        0
  MONTH TO DATE    0                         0      0        0
  SINCE SEP 1      0                         0      0        0
  SINCE JUL 1      0                         0      0        0

 COOLING
  YESTERDAY        7                        11     -4       13
  MONTH TO DATE  234                       194     40      239
  SINCE SEP 1    234                       194     40      239
  SINCE JAN 1   2161                      2012    149     1967
..................................................................


WIND (MPH)
  HIGHEST WIND SPEED     6   HIGHEST WIND DIRECTION     E (70)
  HIGHEST GUST SPEED     8   HIGHEST GUST DIRECTION     E (70)
  AVERAGE WIND SPEED     0.4


SKY COVER
  AVERAGE SKY COVER 1.0


WEATHER CONDITIONS
 THE FOLLOWING WEATHER WAS RECORDED YESTERDAY.
  HEAVY RAIN
  LIGHT RAIN
  FOG
  HAZE


RELATIVE HUMIDITY (PERCENT)
 HIGHEST    90           900 AM
 LOWEST     79          1200 PM

..........................................................


THE HAMILTON - OWENS AIRPORT SC CLIMATE NORMALS FOR TODAY
                         NORMAL    RECORD    YEAR
 MAXIMUM TEMPERATURE (F)   86        MM        MM
 MINIMUM TEMPERATURE (F)   66        MM        MM


SUNRISE AND SUNSET
SEPTEMBER 16 2014.....SUNRISE   708 AM EDT   SUNSET   729 PM EDT
SEPTEMBER 17 2014.....SUNRISE   709 AM EDT   SUNSET   728 PM EDT


-  INDICATES NEGATIVE NUMBERS.
R  INDICATES RECORD WAS SET OR TIED.
MM INDICATES DATA IS MISSING.
T  INDICATES TRACE AMOUNT.




$$
