566
CDUS42 KCAE 170645
CLICUB


CLIMATE REPORT
NATIONAL WEATHER SERVICE COLUMBIA SC
245 AM EDT TUE OCT 17 2017


...................................

...THE HAMILTON - OWENS AIRPORT SC CLIMATE SUMMARY FOR OCTOBER 16 2017...

CLIMATE NORMAL PERIOD 1981 TO 2010
CLIMATE RECORD PERIOD 9999 TO 9999


WEATHER ITEM   OBSERVED TIME   NORMAL DEPARTURE LAST
                VALUE   (LST)  VALUE  FROM      YEAR
                                      NORMAL
......................................................
TEMPERATURE (F)
 YESTERDAY
  MAXIMUM         75   1059 AM  76     -1       82
  MINIMUM         58   1159 PM  54      4       62
  AVERAGE         67            65      2       72

PRECIPITATION (IN)
  YESTERDAY        0.31          0.11   0.20     0.00
  MONTH TO DATE    0.87          1.83  -0.96     4.78
  SINCE SEP 1      4.77          5.87  -1.10    10.34
  SINCE JAN 1     40.97         37.72   3.25    38.07

DEGREE DAYS
 HEATING
  YESTERDAY        0             2     -2        0
  MONTH TO DATE    0            23    -23        5
  SINCE SEP 1      0            26    -26        5
  SINCE JUL 1      0            26    -26        5

 COOLING
  YESTERDAY        2             3     -1        7
  MONTH TO DATE  176            71    105       85
  SINCE SEP 1    551           400    151      527
  SINCE JAN 1   2651          2218    433     2761
......................................................


WIND (MPH)
  HIGHEST WIND SPEED    14   HIGHEST WIND DIRECTION    NE (30)
  HIGHEST GUST SPEED    23   HIGHEST GUST DIRECTION    NE (60)
  AVERAGE WIND SPEED     3.0


SKY COVER
  AVERAGE SKY COVER 0.5


WEATHER CONDITIONS
 THE FOLLOWING WEATHER WAS RECORDED YESTERDAY.
  HEAVY RAIN
  RAIN
  LIGHT RAIN
  FOG


RELATIVE HUMIDITY (PERCENT)
 HIGHEST    93           300 AM
 LOWEST     51          1000 PM

..........................................................


THE HAMILTON - OWENS AIRPORT SC CLIMATE NORMALS FOR TODAY
                         NORMAL    RECORD    YEAR
 MAXIMUM TEMPERATURE (F)   76        MM        MM
 MINIMUM TEMPERATURE (F)   54        MM        MM


SUNRISE AND SUNSET
OCTOBER 17 2017.......SUNRISE   731 AM EDT   SUNSET   647 PM EDT
OCTOBER 18 2017.......SUNRISE   732 AM EDT   SUNSET   646 PM EDT


-  INDICATES NEGATIVE NUMBERS.
R  INDICATES RECORD WAS SET OR TIED.
MM INDICATES DATA IS MISSING.
T  INDICATES TRACE AMOUNT.




$$
