000
CDUS43 KUNR 190832
CLICUT


CLIMATE REPORT
NATIONAL WEATHER SERVICE RAPID CITY SD
131 AM MST SUN FEB 19 2017


...................................

...THE CUSTER COUNTY AIRPORT SD CLIMATE SUMMARY FOR FEBRUARY 18 2017...

CLIMATE NORMAL PERIOD 1981 TO 2010
CLIMATE RECORD PERIOD 9999 TO 9999


WEATHER ITEM   OBSERVED TIME   NORMAL DEPARTURE LAST
                VALUE   (LST)  VALUE  FROM      YEAR
                                      NORMAL
......................................................
TEMPERATURE (F)
 YESTERDAY
  MAXIMUM         56    416 PM  37     19       61
  MINIMUM         30    148 AM  15     15       32
  AVERAGE         43            26     17       47

PRECIPITATION (IN)
  YESTERDAY        0.00          0.02  -0.02     0.13
  MONTH TO DATE    0.56          0.35   0.21     0.50
  SINCE DEC 1      2.83          1.06   1.77     0.92
  SINCE JAN 1      1.55          0.68   0.87     0.54

DEGREE DAYS
 HEATING
  YESTERDAY       22            39    -17       18
  MONTH TO DATE  608           721   -113      615
  SINCE DEC 1   3390          3275    115     2932
  SINCE JUL 1   5009          5456   -447     4720

 COOLING
  YESTERDAY        0             0      0        0
  MONTH TO DATE    0             0      0        0
  SINCE DEC 1      0             0      0        0
  SINCE JAN 1      0             0      0        0
......................................................


WIND (MPH)
  HIGHEST WIND SPEED    23   HIGHEST WIND DIRECTION     W (250)
  HIGHEST GUST SPEED    33   HIGHEST GUST DIRECTION     W (250)
  AVERAGE WIND SPEED     6.6


SKY COVER
  AVERAGE SKY COVER 0.2


WEATHER CONDITIONS
 THE FOLLOWING WEATHER WAS RECORDED YESTERDAY.
  NO SIGNIFICANT WEATHER WAS OBSERVED.


RELATIVE HUMIDITY (PERCENT)
 HIGHEST    63
 LOWEST     32
 AVERAGE    48

..........................................................




SUNRISE AND SUNSET
FEBRUARY 19 2017......SUNRISE   647 AM MST   SUNSET   530 PM MST
FEBRUARY 20 2017......SUNRISE   645 AM MST   SUNSET   532 PM MST


-  INDICATES NEGATIVE NUMBERS.
R  INDICATES RECORD WAS SET OR TIED.
MM INDICATES DATA IS MISSING.
T  INDICATES TRACE AMOUNT.




$$
