894
CDUS43 KUNR 270833
CLICUT


CLIMATE REPORT
NATIONAL WEATHER SERVICE RAPID CITY SD
232 AM MDT WED JUL 27 2016


...................................

...THE CUSTER COUNTY AIRPORT SD CLIMATE SUMMARY FOR JULY 26 2016...

CLIMATE NORMAL PERIOD 1981 TO 2010
CLIMATE RECORD PERIOD 9999 TO 9999


WEATHER ITEM   OBSERVED TIME   NORMAL DEPARTURE LAST
                VALUE   (LST)  VALUE  FROM      YEAR
                                      NORMAL
......................................................
TEMPERATURE (F)
 YESTERDAY
  MAXIMUM         81    328 PM  80      1       90
  MINIMUM         56    402 AM  52      4       55
  AVERAGE         69            66      3       73

PRECIPITATION (IN)
  YESTERDAY        0.25          0.07   0.18     0.00
  MONTH TO DATE    1.79          2.07  -0.28     1.02
  SINCE JUN 1      4.49          5.29  -0.80     7.52
  SINCE JAN 1      9.07         12.40  -3.33    16.83

DEGREE DAYS
 HEATING
  YESTERDAY        0             2     -2        0
  MONTH TO DATE   36            56    -20       40
  SINCE JUN 1     92           276   -184      142
  SINCE JUL 1     36            56    -20       40

 COOLING
  YESTERDAY        4             3      1        8
  MONTH TO DATE  106            68     38       63
  SINCE JUN 1    183            93     90       90
  SINCE JAN 1    183            94     89       90
......................................................


WIND (MPH)
  HIGHEST WIND SPEED    24   HIGHEST WIND DIRECTION    NE (30)
  HIGHEST GUST SPEED    32   HIGHEST GUST DIRECTION    NE (30)
  AVERAGE WIND SPEED     7.8


SKY COVER
  AVERAGE SKY COVER 0.0


WEATHER CONDITIONS
 THE FOLLOWING WEATHER WAS RECORDED YESTERDAY.
  THUNDERSTORM
  HEAVY RAIN
  LIGHT RAIN


RELATIVE HUMIDITY (PERCENT)
 HIGHEST    86
 LOWEST     35
 AVERAGE    61

..........................................................




SUNRISE AND SUNSET
JULY 27 2016..........SUNRISE   539 AM MDT   SUNSET   823 PM MDT
JULY 28 2016..........SUNRISE   540 AM MDT   SUNSET   822 PM MDT


-  INDICATES NEGATIVE NUMBERS.
R  INDICATES RECORD WAS SET OR TIED.
MM INDICATES DATA IS MISSING.
T  INDICATES TRACE AMOUNT.




$$
