000
CDUS43 KUNR 220840
CLICUT


CLIMATE REPORT
NATIONAL WEATHER SERVICE RAPID CITY SD
140 AM MST SAT NOV 22 2014


...................................

...THE CUSTER COUNTY AIRPORT SD CLIMATE SUMMARY FOR NOVEMBER 21 2014...

CLIMATE NORMAL PERIOD 1981 TO 2010
CLIMATE RECORD PERIOD 9999 TO 9999


WEATHER ITEM   OBSERVED TIME   NORMAL DEPARTURE LAST
                VALUE   (LST)  VALUE  FROM      YEAR
                                      NORMAL
......................................................
TEMPERATURE (F)
 YESTERDAY
  MAXIMUM         48    134 PM  39      9       16
  MINIMUM         21   1145 PM  19      2       -1
  AVERAGE         35            29      6        8

PRECIPITATION (IN)
  YESTERDAY        0.00          0.02  -0.02     0.12
  MONTH TO DATE    0.85          0.46   0.39     0.61
  SINCE SEP 1      5.48          3.50   1.98     5.47
  SINCE JAN 1     19.99         18.42   1.57    21.42

DEGREE DAYS
 HEATING
  YESTERDAY       30            36     -6       57
  MONTH TO DATE  811           660    151      689
  SINCE SEP 1   1636          1685    -49     1720
  SINCE JUL 1   1767          1839    -72     1817

 COOLING
  YESTERDAY        0             0      0        0
  MONTH TO DATE    0             0      0        0
  SINCE SEP 1     18            11      7       38
  SINCE JAN 1    152           177    -25      187
......................................................


WIND (MPH)
  HIGHEST WIND SPEED    13   HIGHEST WIND DIRECTION    NE (40)
  HIGHEST GUST SPEED    15   HIGHEST GUST DIRECTION     E (70)
  AVERAGE WIND SPEED     4.4


SKY COVER
  AVERAGE SKY COVER 0.1


WEATHER CONDITIONS
 THE FOLLOWING WEATHER WAS RECORDED YESTERDAY.
  NO SIGNIFICANT WEATHER WAS OBSERVED.


RELATIVE HUMIDITY (PERCENT)
 HIGHEST    81
 LOWEST     36
 AVERAGE    59

..........................................................




SUNRISE AND SUNSET
NOVEMBER 22 2014......SUNRISE   658 AM MST   SUNSET   423 PM MST
NOVEMBER 23 2014......SUNRISE   659 AM MST   SUNSET   423 PM MST


-  INDICATES NEGATIVE NUMBERS.
R  INDICATES RECORD WAS SET OR TIED.
MM INDICATES DATA IS MISSING.
T  INDICATES TRACE AMOUNT.




$$
