000
CDUS43 KUNR 100934
CLICUT


CLIMATE REPORT
NATIONAL WEATHER SERVICE RAPID CITY SD
233 AM MST WED FEB 10 2016


...................................

...THE CUSTER COUNTY AIRPORT SD CLIMATE SUMMARY FOR FEBRUARY 9 2016...

CLIMATE NORMAL PERIOD 1981 TO 2010
CLIMATE RECORD PERIOD 9999 TO 9999


WEATHER ITEM   OBSERVED TIME   NORMAL DEPARTURE LAST
                VALUE   (LST)  VALUE  FROM      YEAR
                                      NORMAL
......................................................
TEMPERATURE (F)
 YESTERDAY
  MAXIMUM         48    238 PM  36     12       57
  MINIMUM         33    324 AM  14     19       27
  AVERAGE         41            25     16       42

PRECIPITATION (IN)
  YESTERDAY        0.00          0.02  -0.02     0.01
  MONTH TO DATE    0.29          0.18   0.11     0.01
  SINCE DEC 1      0.71          0.89  -0.18     0.40
  SINCE JAN 1      0.33          0.51  -0.18     0.25

DEGREE DAYS
 HEATING
  YESTERDAY       24            40    -16       23
  MONTH TO DATE  364           365     -1      283
  SINCE DEC 1   2681          2919   -238     2553
  SINCE JUL 1   4469          5100   -631     4641

 COOLING
  YESTERDAY        0             0      0        0
  MONTH TO DATE    0             0      0        0
  SINCE DEC 1      0             0      0        0
  SINCE JAN 1      0             0      0        0
......................................................


WIND (MPH)
  HIGHEST WIND SPEED    21   HIGHEST WIND DIRECTION     W (290)
  HIGHEST GUST SPEED    33   HIGHEST GUST DIRECTION    NW (310)
  AVERAGE WIND SPEED    11.8


SKY COVER
  AVERAGE SKY COVER 0.3


WEATHER CONDITIONS
 THE FOLLOWING WEATHER WAS RECORDED YESTERDAY.
  NO SIGNIFICANT WEATHER WAS OBSERVED.


RELATIVE HUMIDITY (PERCENT)
 HIGHEST    64
 LOWEST     38
 AVERAGE    51

..........................................................




SUNRISE AND SUNSET
FEBRUARY 10 2016......SUNRISE   701 AM MST   SUNSET   517 PM MST
FEBRUARY 11 2016......SUNRISE   659 AM MST   SUNSET   519 PM MST


-  INDICATES NEGATIVE NUMBERS.
R  INDICATES RECORD WAS SET OR TIED.
MM INDICATES DATA IS MISSING.
T  INDICATES TRACE AMOUNT.




$$
