000
CDUS43 KUNR 060831
CLICUT


CLIMATE REPORT
NATIONAL WEATHER SERVICE RAPID CITY SD
231 AM MDT MON JUL 6 2015


...................................

...THE CUSTER COUNTY AIRPORT SD CLIMATE SUMMARY FOR JULY 5 2015...

CLIMATE NORMAL PERIOD 1981 TO 2010
CLIMATE RECORD PERIOD 9999 TO 9999


WEATHER ITEM   OBSERVED TIME   NORMAL DEPARTURE LAST
                VALUE   (LST)  VALUE  FROM      YEAR
                                      NORMAL
......................................................
TEMPERATURE (F)
 YESTERDAY
  MAXIMUM         82   1002 AM  78      4       89
  MINIMUM         53   1159 PM  51      2       56
  AVERAGE         68            65      3       73

PRECIPITATION (IN)
  YESTERDAY        0.47          0.07   0.40     0.00
  MONTH TO DATE    0.54          0.37   0.17      T
  SINCE JUN 1      7.04          3.59   3.45     3.39
  SINCE JAN 1     16.35         10.70   5.65    11.11

DEGREE DAYS
 HEATING
  YESTERDAY        0             2     -2        0
  MONTH TO DATE    1            14    -13       24
  SINCE JUN 1    103           234   -131      297
  SINCE JUL 1      1            14    -13       24

 COOLING
  YESTERDAY        3             2      1        8
  MONTH TO DATE   12            10      2       16
  SINCE JUN 1     39            35      4       17
  SINCE JAN 1     39            36      3       21
......................................................


WIND (MPH)
  HIGHEST WIND SPEED    24   HIGHEST WIND DIRECTION     N (20)
  HIGHEST GUST SPEED    33   HIGHEST GUST DIRECTION     N (360)
  AVERAGE WIND SPEED     9.0


SKY COVER
  AVERAGE SKY COVER 0.4


WEATHER CONDITIONS
 THE FOLLOWING WEATHER WAS RECORDED YESTERDAY.
  THUNDERSTORM
  HEAVY RAIN
  RAIN
  LIGHT RAIN
  FOG


RELATIVE HUMIDITY (PERCENT)
 HIGHEST    93
 LOWEST     42
 AVERAGE    68

..........................................................




SUNRISE AND SUNSET
JULY  6 2015..........SUNRISE   519 AM MDT   SUNSET   839 PM MDT
JULY  7 2015..........SUNRISE   520 AM MDT   SUNSET   838 PM MDT


-  INDICATES NEGATIVE NUMBERS.
R  INDICATES RECORD WAS SET OR TIED.
MM INDICATES DATA IS MISSING.
T  INDICATES TRACE AMOUNT.




$$
