000
CDUS43 KUNR 220835
CLICUT


CLIMATE REPORT
NATIONAL WEATHER SERVICE RAPID CITY SD
235 AM MDT SAT JUL 22 2017


...................................

...THE CUSTER COUNTY AIRPORT SD CLIMATE SUMMARY FOR JULY 21 2017...

CLIMATE NORMAL PERIOD 1981 TO 2010
CLIMATE RECORD PERIOD 9999 TO 9999


WEATHER ITEM   OBSERVED TIME   NORMAL DEPARTURE LAST
                VALUE   (LST)  VALUE  FROM      YEAR
                                      NORMAL
......................................................
TEMPERATURE (F)
 YESTERDAY
  MAXIMUM         89    303 PM  80      9       86
  MINIMUM         59    358 AM  52      7       61
  AVERAGE         74            66      8       74

PRECIPITATION (IN)
  YESTERDAY        T             0.08  -0.08     0.07
  MONTH TO DATE    1.48          1.69  -0.21     1.50
  SINCE JUN 1      2.82          4.91  -2.09     4.20
  SINCE JAN 1     10.70         12.02  -1.32     8.78

DEGREE DAYS
 HEATING
  YESTERDAY        0             2     -2        0
  MONTH TO DATE    3            46    -43       36
  SINCE JUN 1    158           266   -108       92
  SINCE JUL 1      3            46    -43       36

 COOLING
  YESTERDAY        9             3      6        9
  MONTH TO DATE  124            53     71       75
  SINCE JUN 1    144            78     66      152
  SINCE JAN 1    144            79     65      152
......................................................


WIND (MPH)
  HIGHEST WIND SPEED    17   HIGHEST WIND DIRECTION    NW (310)
  HIGHEST GUST SPEED    32   HIGHEST GUST DIRECTION     W (270)
  AVERAGE WIND SPEED     7.1


SKY COVER
  AVERAGE SKY COVER 0.1


WEATHER CONDITIONS
 THE FOLLOWING WEATHER WAS RECORDED YESTERDAY.
  HAZE


RELATIVE HUMIDITY (PERCENT)
 HIGHEST    90
 LOWEST     12
 AVERAGE    51

..........................................................




SUNRISE AND SUNSET
JULY 22 2017..........SUNRISE   533 AM MDT   SUNSET   828 PM MDT
JULY 23 2017..........SUNRISE   534 AM MDT   SUNSET   827 PM MDT


-  INDICATES NEGATIVE NUMBERS.
R  INDICATES RECORD WAS SET OR TIED.
MM INDICATES DATA IS MISSING.
T  INDICATES TRACE AMOUNT.




$$
