000
CDUS43 KUNR 210832
CLICUT


CLIMATE REPORT
NATIONAL WEATHER SERVICE RAPID CITY SD
131 AM MST SUN DEC 21 2014


...................................

...THE CUSTER COUNTY AIRPORT SD CLIMATE SUMMARY FOR DECEMBER 20 2014...

CLIMATE NORMAL PERIOD 1981 TO 2010
CLIMATE RECORD PERIOD 9999 TO 9999


WEATHER ITEM   OBSERVED TIME   NORMAL DEPARTURE LAST
                VALUE   (LST)  VALUE  FROM      YEAR
                                      NORMAL
......................................................
TEMPERATURE (F)
 YESTERDAY
  MAXIMUM         45    131 PM  33     12       23
  MINIMUM         24   1221 AM  12     12       -3
  AVERAGE         35            23     12       10

PRECIPITATION (IN)
  YESTERDAY        0.00          0.02  -0.02     0.00
  MONTH TO DATE    0.01          0.24  -0.23     0.85
  SINCE DEC 1      0.01          0.24  -0.23     0.85
  SINCE JAN 1     20.06         18.81   1.25    22.27

DEGREE DAYS
 HEATING
  YESTERDAY       30            42    -12       55
  MONTH TO DATE  617           829   -212      940
  SINCE DEC 1    617           829   -212      940
  SINCE JUL 1   2705          3010   -305     3052

 COOLING
  YESTERDAY        0             0      0        0
  MONTH TO DATE    0             0      0        0
  SINCE DEC 1      0             0      0        0
  SINCE JAN 1    152           177    -25      187
......................................................


WIND (MPH)
  HIGHEST WIND SPEED    10   HIGHEST WIND DIRECTION     W (260)
  HIGHEST GUST SPEED    15   HIGHEST GUST DIRECTION     W (260)
  AVERAGE WIND SPEED     4.1


SKY COVER
  AVERAGE SKY COVER 0.6


WEATHER CONDITIONS
 THE FOLLOWING WEATHER WAS RECORDED YESTERDAY.
  NO SIGNIFICANT WEATHER WAS OBSERVED.


RELATIVE HUMIDITY (PERCENT)
 HIGHEST    78
 LOWEST     33
 AVERAGE    56

..........................................................




SUNRISE AND SUNSET
DECEMBER 21 2014......SUNRISE   725 AM MST   SUNSET   420 PM MST
DECEMBER 22 2014......SUNRISE   726 AM MST   SUNSET   421 PM MST


-  INDICATES NEGATIVE NUMBERS.
R  INDICATES RECORD WAS SET OR TIED.
MM INDICATES DATA IS MISSING.
T  INDICATES TRACE AMOUNT.




$$
