000
CDUS43 KUNR 250837
CLICUT


CLIMATE REPORT
NATIONAL WEATHER SERVICE RAPID CITY SD
234 AM MDT SAT MAR 25 2017


...................................

...THE CUSTER COUNTY AIRPORT SD CLIMATE SUMMARY FOR MARCH 24 2017...

CLIMATE NORMAL PERIOD 1981 TO 2010
CLIMATE RECORD PERIOD 9999 TO 9999


WEATHER ITEM   OBSERVED TIME   NORMAL DEPARTURE LAST
                VALUE   (LST)  VALUE  FROM      YEAR
                                      NORMAL
......................................................
TEMPERATURE (F)
 YESTERDAY
  MAXIMUM         55    205 PM  43     12       44
  MINIMUM         32    642 AM  23      9       17
  AVERAGE         44            33     11       31

PRECIPITATION (IN)
  YESTERDAY        0.00          0.04  -0.04     0.00
  MONTH TO DATE    0.17          0.69  -0.52     0.42
  SINCE MAR 1      0.17          0.69  -0.52     0.42
  SINCE JAN 1      2.18          1.55   0.63     1.03

DEGREE DAYS
 HEATING
  YESTERDAY       21            32    -11       34
  MONTH TO DATE  662           823   -161      651
  SINCE MAR 1    662           823   -161      651
  SINCE JUL 1   6030          6658   -628     5706

 COOLING
  YESTERDAY        0             0      0        0
  MONTH TO DATE    0             0      0        0
  SINCE MAR 1      0             0      0        0
  SINCE JAN 1      0             0      0        0
......................................................


WIND (MPH)
  HIGHEST WIND SPEED    17   HIGHEST WIND DIRECTION    NE (40)
  HIGHEST GUST SPEED    24   HIGHEST GUST DIRECTION    NE (40)
  AVERAGE WIND SPEED     5.6


SKY COVER
  AVERAGE SKY COVER 0.3


WEATHER CONDITIONS
 THE FOLLOWING WEATHER WAS RECORDED YESTERDAY.
  NO SIGNIFICANT WEATHER WAS OBSERVED.


RELATIVE HUMIDITY (PERCENT)
 HIGHEST    89
 LOWEST     28
 AVERAGE    59

..........................................................




SUNRISE AND SUNSET
MARCH 25 2017.........SUNRISE   648 AM MDT   SUNSET   713 PM MDT
MARCH 26 2017.........SUNRISE   646 AM MDT   SUNSET   714 PM MDT


-  INDICATES NEGATIVE NUMBERS.
R  INDICATES RECORD WAS SET OR TIED.
MM INDICATES DATA IS MISSING.
T  INDICATES TRACE AMOUNT.




$$
