000
CDUS43 KUNR 240844
CLICUT


CLIMATE REPORT
NATIONAL WEATHER SERVICE RAPID CITY SD
242 AM MDT THU JUL 24 2014


...................................

...THE CUSTER COUNTY AIRPORT SD CLIMATE SUMMARY FOR JULY 23 2014...

CLIMATE NORMAL PERIOD 1981 TO 2010
CLIMATE RECORD PERIOD 9999 TO 9999


WEATHER ITEM   OBSERVED TIME   NORMAL DEPARTURE LAST
                VALUE   (LST)  VALUE  FROM      YEAR
                                      NORMAL
......................................................
TEMPERATURE (F)
 YESTERDAY
  MAXIMUM         81    129 PM  80      1       78
  MINIMUM         53    321 AM  52      1       53
  AVERAGE         67            66      1       66

PRECIPITATION (IN)
  YESTERDAY        0.04          0.07  -0.03     0.00
  MONTH TO DATE    1.44          1.85  -0.41     3.31
  SINCE JUN 1      4.83          5.07  -0.24     4.96
  SINCE JAN 1     12.55         12.18   0.37    11.49

DEGREE DAYS
 HEATING
  YESTERDAY        0             2     -2        0
  MONTH TO DATE   64            50     14       10
  SINCE JUN 1    337           270     67      203
  SINCE JUL 1     64            50     14       10

 COOLING
  YESTERDAY        2             3     -1        1
  MONTH TO DATE   66            59      7       61
  SINCE JUN 1     67            84    -17       70
  SINCE JAN 1     71            85    -14       72
......................................................


WIND (MPH)
  HIGHEST WIND SPEED    22   HIGHEST WIND DIRECTION     N (350)
  HIGHEST GUST SPEED    34   HIGHEST GUST DIRECTION     N (350)
  AVERAGE WIND SPEED     7.1


SKY COVER
  AVERAGE SKY COVER 0.1


WEATHER CONDITIONS
 THE FOLLOWING WEATHER WAS RECORDED YESTERDAY.
  THUNDERSTORM
  LIGHT RAIN
  FOG


RELATIVE HUMIDITY (PERCENT)
 HIGHEST   100
 LOWEST     42
 AVERAGE    71

..........................................................




SUNRISE AND SUNSET
JULY 24 2014..........SUNRISE   535 AM MDT   SUNSET   826 PM MDT
JULY 25 2014..........SUNRISE   536 AM MDT   SUNSET   825 PM MDT


-  INDICATES NEGATIVE NUMBERS.
R  INDICATES RECORD WAS SET OR TIED.
MM INDICATES DATA IS MISSING.
T  INDICATES TRACE AMOUNT.




$$
