000
CDUS43 KUNR 140837
CLICUT


CLIMATE REPORT
NATIONAL WEATHER SERVICE RAPID CITY SD
235 AM MDT SUN SEP 14 2014


...................................

...THE CUSTER COUNTY AIRPORT SD CLIMATE SUMMARY FOR SEPTEMBER 13 2014...

CLIMATE NORMAL PERIOD 1981 TO 2010
CLIMATE RECORD PERIOD 9999 TO 9999


WEATHER ITEM   OBSERVED TIME   NORMAL DEPARTURE LAST
                VALUE   (LST)  VALUE  FROM      YEAR
                                      NORMAL
......................................................
TEMPERATURE (F)
 YESTERDAY
  MAXIMUM         61    249 PM  69     -8       58
  MINIMUM         31    503 AM  42    -11       48
  AVERAGE         46            56    -10       53

PRECIPITATION (IN)
  YESTERDAY        0.00          0.05  -0.05     0.10
  MONTH TO DATE    0.71          0.80  -0.09     0.93
  SINCE SEP 1      0.71          0.80  -0.09     0.93
  SINCE JAN 1     15.22         15.72  -0.50    16.88

DEGREE DAYS
 HEATING
  YESTERDAY       19            10      9       12
  MONTH TO DATE  171            99     72       42
  SINCE SEP 1    171            99     72       42
  SINCE JUL 1    302           253     49      139

 COOLING
  YESTERDAY        0             0      0        0
  MONTH TO DATE    5            11     -6       38
  SINCE SEP 1      5            11     -6       38
  SINCE JAN 1    139           177    -38      187
......................................................


WIND (MPH)
  HIGHEST WIND SPEED    16   HIGHEST WIND DIRECTION    SE (120)
  HIGHEST GUST SPEED    21   HIGHEST GUST DIRECTION     S (170)
  AVERAGE WIND SPEED     6.4


SKY COVER
  AVERAGE SKY COVER 0.0


WEATHER CONDITIONS
 THE FOLLOWING WEATHER WAS RECORDED YESTERDAY.
  NO SIGNIFICANT WEATHER WAS OBSERVED.


RELATIVE HUMIDITY (PERCENT)
 HIGHEST    89
 LOWEST     21
 AVERAGE    55

..........................................................




SUNRISE AND SUNSET
SEPTEMBER 14 2014.....SUNRISE   633 AM MDT   SUNSET   706 PM MDT
SEPTEMBER 15 2014.....SUNRISE   634 AM MDT   SUNSET   705 PM MDT


-  INDICATES NEGATIVE NUMBERS.
R  INDICATES RECORD WAS SET OR TIED.
MM INDICATES DATA IS MISSING.
T  INDICATES TRACE AMOUNT.




$$
