000
CDUS43 KUNR 270834
CLICUT


CLIMATE REPORT
NATIONAL WEATHER SERVICE RAPID CITY SD
233 AM MDT SAT MAY 27 2017


...................................

...THE CUSTER COUNTY AIRPORT SD CLIMATE SUMMARY FOR MAY 26 2017...

CLIMATE NORMAL PERIOD 1981 TO 2010
CLIMATE RECORD PERIOD 9999 TO 9999


WEATHER ITEM   OBSERVED TIME   NORMAL DEPARTURE LAST
                VALUE   (LST)  VALUE  FROM      YEAR
                                      NORMAL
......................................................
TEMPERATURE (F)
 YESTERDAY
  MAXIMUM         59   1050 AM  63     -4       65
  MINIMUM         40    335 AM  39      1       37
  AVERAGE         50            51     -1       51

PRECIPITATION (IN)
  YESTERDAY        0.15          0.10   0.05     0.00
  MONTH TO DATE    1.61          2.56  -0.95     1.33
  SINCE MAR 1      5.77          5.69   0.08     3.63
  SINCE JAN 1      7.78          6.55   1.23     4.24

DEGREE DAYS
 HEATING
  YESTERDAY       15            14      1       14
  MONTH TO DATE  427           453    -26      452
  SINCE MAR 1   2011          2268   -257     1993
  SINCE JUL 1   7379          8103   -724     7048

 COOLING
  YESTERDAY        0             0      0        0
  MONTH TO DATE    0             0      0        0
  SINCE MAR 1      0             0      0        0
  SINCE JAN 1      0             0      0        0
......................................................


WIND (MPH)
  HIGHEST WIND SPEED    13   HIGHEST WIND DIRECTION     W (280)
  HIGHEST GUST SPEED    19   HIGHEST GUST DIRECTION    NW (310)
  AVERAGE WIND SPEED     4.4


SKY COVER
  AVERAGE SKY COVER 0.7


WEATHER CONDITIONS
 THE FOLLOWING WEATHER WAS RECORDED YESTERDAY.
  LIGHT RAIN
  FOG


RELATIVE HUMIDITY (PERCENT)
 HIGHEST    96
 LOWEST     30
 AVERAGE    63

..........................................................




SUNRISE AND SUNSET
MAY 27 2017...........SUNRISE   518 AM MDT   SUNSET   825 PM MDT
MAY 28 2017...........SUNRISE   518 AM MDT   SUNSET   826 PM MDT


-  INDICATES NEGATIVE NUMBERS.
R  INDICATES RECORD WAS SET OR TIED.
MM INDICATES DATA IS MISSING.
T  INDICATES TRACE AMOUNT.




$$
