000
CDUS43 KUNR 260841
CLICUT


CLIMATE REPORT
NATIONAL WEATHER SERVICE RAPID CITY SD
241 AM MDT TUE SEP 26 2017


...................................

...THE CUSTER COUNTY AIRPORT SD CLIMATE SUMMARY FOR SEPTEMBER 25 2017...

CLIMATE NORMAL PERIOD 1981 TO 2010
CLIMATE RECORD PERIOD 9999 TO 9999


WEATHER ITEM   OBSERVED TIME   NORMAL DEPARTURE LAST
                VALUE   (LST)  VALUE  FROM      YEAR
                                      NORMAL
......................................................
TEMPERATURE (F)
 YESTERDAY
  MAXIMUM         48    418 PM  63    -15       56
  MINIMUM         36    552 AM  37     -1       38
  AVERAGE         42            50     -8       47

PRECIPITATION (IN)
  YESTERDAY        0.21          0.04   0.17      T
  MONTH TO DATE    1.53          1.39   0.14     1.77
  SINCE SEP 1      1.53          1.39   0.14     1.77
  SINCE JAN 1     19.10         16.31   2.79    14.61

DEGREE DAYS
 HEATING
  YESTERDAY       23            15      8       18
  MONTH TO DATE  209           251    -42      219
  SINCE SEP 1    209           251    -42      219
  SINCE JUL 1    310           405    -95      355

 COOLING
  YESTERDAY        0             0      0        0
  MONTH TO DATE   27            11     16        7
  SINCE SEP 1     27            11     16        7
  SINCE JAN 1    235           177     58      259
......................................................


WIND (MPH)
  HIGHEST WIND SPEED    12   HIGHEST WIND DIRECTION     W (270)
  HIGHEST GUST SPEED    18   HIGHEST GUST DIRECTION     W (280)
  AVERAGE WIND SPEED     3.3


SKY COVER
  AVERAGE SKY COVER 0.9


WEATHER CONDITIONS
 THE FOLLOWING WEATHER WAS RECORDED YESTERDAY.
  RAIN
  LIGHT RAIN
  FOG


RELATIVE HUMIDITY (PERCENT)
 HIGHEST    92
 LOWEST     65
 AVERAGE    79

..........................................................




SUNRISE AND SUNSET
SEPTEMBER 26 2017.....SUNRISE   647 AM MDT   SUNSET   644 PM MDT
SEPTEMBER 27 2017.....SUNRISE   648 AM MDT   SUNSET   642 PM MDT


-  INDICATES NEGATIVE NUMBERS.
R  INDICATES RECORD WAS SET OR TIED.
MM INDICATES DATA IS MISSING.
T  INDICATES TRACE AMOUNT.




$$
