000
CDUS43 KUNR 300841
CLICUT


CLIMATE REPORT
NATIONAL WEATHER SERVICE RAPID CITY SD
138 AM MST FRI JAN 30 2015


...................................

...THE CUSTER COUNTY AIRPORT SD CLIMATE SUMMARY FOR JANUARY 29 2015...

CLIMATE NORMAL PERIOD 1981 TO 2010
CLIMATE RECORD PERIOD 9999 TO 9999


WEATHER ITEM   OBSERVED TIME   NORMAL DEPARTURE LAST
                VALUE   (LST)  VALUE  FROM      YEAR
                                      NORMAL
......................................................
TEMPERATURE (F)
 YESTERDAY
  MAXIMUM         43    129 PM  35      8       40
  MINIMUM         25    736 AM  14     11       19
  AVERAGE         34            24     10       30

PRECIPITATION (IN)
  YESTERDAY        0.00          0.01  -0.01     0.03
  MONTH TO DATE    0.24          0.30  -0.06     0.36
  SINCE DEC 1      0.39          0.68  -0.29     1.26
  SINCE JAN 1      0.24          0.30  -0.06     0.36

DEGREE DAYS
 HEATING
  YESTERDAY       31            41    -10       35
  MONTH TO DATE 1056          1189   -133      955
  SINCE DEC 1   2199          2478   -279     2303
  SINCE JUL 1   4287          4659   -372     4415

 COOLING
  YESTERDAY        0             0      0        0
  MONTH TO DATE    0             0      0        0
  SINCE DEC 1      0             0      0        0
  SINCE JAN 1      0             0      0        0
......................................................


WIND (MPH)
  HIGHEST WIND SPEED    14   HIGHEST WIND DIRECTION    NE (30)
  HIGHEST GUST SPEED    18   HIGHEST GUST DIRECTION    NE (30)
  AVERAGE WIND SPEED     5.8


SKY COVER
  AVERAGE SKY COVER 0.0


WEATHER CONDITIONS
 THE FOLLOWING WEATHER WAS RECORDED YESTERDAY.
  NO SIGNIFICANT WEATHER WAS OBSERVED.


RELATIVE HUMIDITY (PERCENT)
 HIGHEST    63
 LOWEST     10
 AVERAGE    37

..........................................................




SUNRISE AND SUNSET
JANUARY 30 2015.......SUNRISE   714 AM MST   SUNSET   502 PM MST
JANUARY 31 2015.......SUNRISE   712 AM MST   SUNSET   504 PM MST


-  INDICATES NEGATIVE NUMBERS.
R  INDICATES RECORD WAS SET OR TIED.
MM INDICATES DATA IS MISSING.
T  INDICATES TRACE AMOUNT.




$$
