000
CDUS41 KILN 010533
CLICVG


CLIMATE REPORT
NATIONAL WEATHER SERVICE WILMINGTON OH
1232 AM EST WED MAR 1 2017


...................................

...THE CINCINNATI OH CLIMATE SUMMARY FOR FEBRUARY 28 2017...

CLIMATE NORMAL PERIOD 1981 TO 2010
CLIMATE RECORD PERIOD 1869 TO 2017


WEATHER ITEM   OBSERVED TIME   RECORD YEAR NORMAL DEPARTURE LAST
                VALUE   (LST)  VALUE       VALUE  FROM      YEAR
                                                  NORMAL
..................................................................
TEMPERATURE (F)
 YESTERDAY
  MAXIMUM         64   1159 PM  72    1918  47     17       66
  MINIMUM         42   1220 AM   1    1934  29     13       42
  AVERAGE         53                        38     15       54

PRECIPITATION (IN)
  YESTERDAY        1.57R         0.92 1954   0.10   1.47      T
  MONTH TO DATE    3.55                      2.81   0.74     5.03
  SINCE DEC 1     11.65                      9.18   2.47    12.51
  SINCE JAN 1      7.22                      5.81   1.41     6.42

SNOWFALL (IN)
  YESTERDAY        0.0           4.2  1917   0.2   -0.2      0.0
  MONTH TO DATE    1.6                       6.5   -4.9      8.4
  SINCE DEC 1      8.0                      17.8   -9.8     16.9
  SINCE JUL 1      8.0                      18.6  -10.6     16.9
  SNOW DEPTH       0

DEGREE DAYS
 HEATING
  YESTERDAY       12                        27    -15       11
  MONTH TO DATE  581                       855   -274      808
  SINCE DEC 1   2398                      2867   -469     2447
  SINCE JUL 1   3080                      3827   -747     3192

 COOLING
  YESTERDAY        0                         0      0        0
  MONTH TO DATE    0                         0      0        0
  SINCE DEC 1      0                         0      0        0
  SINCE JAN 1      0                         0      0        0
..................................................................


WIND (MPH)
  RESULTANT WIND SPEED  10   RESULTANT WIND DIRECTION   S (180)
  HIGHEST WIND SPEED    21   HIGHEST WIND DIRECTION     S (180)
  HIGHEST GUST SPEED    26   HIGHEST GUST DIRECTION     S (190)
  AVERAGE WIND SPEED    10.9


SKY COVER
  POSSIBLE SUNSHINE  MM
  AVERAGE SKY COVER 1.0


WEATHER CONDITIONS
 THE FOLLOWING WEATHER WAS RECORDED YESTERDAY.
  THUNDERSTORM
  HEAVY RAIN
  RAIN
  LIGHT RAIN
  FOG


RELATIVE HUMIDITY (PERCENT)
 HIGHEST   100           800 AM
 LOWEST     83           100 AM
 AVERAGE    92

..........................................................


THE CINCINNATI OH CLIMATE NORMALS FOR TODAY
                         NORMAL    RECORD    YEAR
 MAXIMUM TEMPERATURE (F)   47        71      1976
 MINIMUM TEMPERATURE (F)   30         5      1960


SUNRISE AND SUNSET
MARCH  1 2017.........SUNRISE   711 AM EST   SUNSET   632 PM EST
MARCH  2 2017.........SUNRISE   709 AM EST   SUNSET   633 PM EST


-  INDICATES NEGATIVE NUMBERS.
R  INDICATES RECORD WAS SET OR TIED.
MM INDICATES DATA IS MISSING.
T  INDICATES TRACE AMOUNT.




$$
