933
CDUS41 KILN 050544
CLICVG


CLIMATE REPORT
NATIONAL WEATHER SERVICE WILMINGTON OH
143 AM EDT THU MAY 5 2016


...................................

...THE CINCINNATI OH CLIMATE SUMMARY FOR MAY 4 2016...

CLIMATE NORMAL PERIOD 1981 TO 2010
CLIMATE RECORD PERIOD 1869 TO 2016


WEATHER ITEM   OBSERVED TIME   RECORD YEAR NORMAL DEPARTURE LAST
                VALUE   (LST)  VALUE       VALUE  FROM      YEAR
                                                  NORMAL
..................................................................
TEMPERATURE (F)
 YESTERDAY
  MAXIMUM         60    430 PM  90    1949  71    -11       80
  MINIMUM         44   1149 PM  30    1971  50     -6       56
  AVERAGE         52                        60     -8       68

PRECIPITATION (IN)
  YESTERDAY        0.06          1.43 1884   0.17  -0.11     0.00
  MONTH TO DATE    0.40                      0.64  -0.24     0.00
  SINCE MAR 1     10.58                      8.49   2.09    11.45
  SINCE JAN 1     17.21                     14.30   2.91    15.60

SNOWFALL (IN)
  YESTERDAY        0.0           0.0         0.0    0.0      0.0
  MONTH TO DATE    0.0                       0.0    0.0      0.0
  SINCE MAR 1      2.3                       3.5   -1.2      4.9
  SINCE JUL 1     19.2                      22.1   -2.9     29.9
  SNOW DEPTH       0

DEGREE DAYS
 HEATING
  YESTERDAY       13                         6      7        0
  MONTH TO DATE   29                        26      3       13
  SINCE MAR 1    794                      1033   -239      995
  SINCE JUL 1   4002                      4860   -858     5222

 COOLING
  YESTERDAY        0                         1     -1        3
  MONTH TO DATE    5                         4      1        3
  SINCE MAR 1     23                        22      1        8
  SINCE JAN 1     23                        22      1        8
..................................................................


WIND (MPH)
  RESULTANT WIND SPEED   4   RESULTANT WIND DIRECTION   W (290)
  HIGHEST WIND SPEED    25   HIGHEST WIND DIRECTION    NW (330)
  HIGHEST GUST SPEED    32   HIGHEST GUST DIRECTION    NW (310)
  AVERAGE WIND SPEED     8.4


SKY COVER
  POSSIBLE SUNSHINE  MM
  AVERAGE SKY COVER 0.5


WEATHER CONDITIONS
 THE FOLLOWING WEATHER WAS RECORDED YESTERDAY.
  LIGHT RAIN
  FOG


RELATIVE HUMIDITY (PERCENT)
 HIGHEST   100          1200 AM
 LOWEST     54           700 PM
 AVERAGE    77

..........................................................


THE CINCINNATI OH CLIMATE NORMALS FOR TODAY
                         NORMAL    RECORD    YEAR
 MAXIMUM TEMPERATURE (F)   71        92      1959
 MINIMUM TEMPERATURE (F)   50        33      1979
                                             1973


SUNRISE AND SUNSET
MAY  5 2016...........SUNRISE   635 AM EDT   SUNSET   836 PM EDT
MAY  6 2016...........SUNRISE   634 AM EDT   SUNSET   837 PM EDT


-  INDICATES NEGATIVE NUMBERS.
R  INDICATES RECORD WAS SET OR TIED.
MM INDICATES DATA IS MISSING.
T  INDICATES TRACE AMOUNT.




$$
