000
CDUS41 KILN 070534
CLICVG


CLIMATE REPORT
NATIONAL WEATHER SERVICE WILMINGTON OH
1233 AM EST SUN FEB 7 2016


...................................

...THE CINCINNATI OH CLIMATE SUMMARY FOR FEBRUARY 6 2016...

CLIMATE NORMAL PERIOD 1981 TO 2010
CLIMATE RECORD PERIOD 1869 TO 2016


WEATHER ITEM   OBSERVED TIME   RECORD YEAR NORMAL DEPARTURE LAST
                VALUE   (LST)  VALUE       VALUE  FROM      YEAR
                                                  NORMAL
..................................................................
TEMPERATURE (F)
 YESTERDAY
  MAXIMUM         47    443 PM  66    1925  41      6       34
  MINIMUM         22    811 AM  -9    1977  24     -2        9
  AVERAGE         35                        32      3       22

PRECIPITATION (IN)
  YESTERDAY        0.00          2.01 1991   0.10  -0.10     0.00
  MONTH TO DATE    1.73                      0.63   1.10     0.35
  SINCE DEC 1      9.21                      7.00   2.21     6.30
  SINCE JAN 1      3.12                      3.63  -0.51     2.70

SNOWFALL (IN)
  YESTERDAY        0.0           6.4  2007   0.2   -0.2      0.0
  MONTH TO DATE    T                         1.6   -1.6      1.1
  SINCE DEC 1      8.5                      12.9   -4.4      2.4
  SINCE JUL 1      8.5                      13.7   -5.2      7.5
  SNOW DEPTH       0

DEGREE DAYS
 HEATING
  YESTERDAY       30                        33     -3       43
  MONTH TO DATE  150                       198    -48      214
  SINCE DEC 1   1789                      2210   -421     2131
  SINCE JUL 1   2534                      3170   -636     3269

 COOLING
  YESTERDAY        0                         0      0        0
  MONTH TO DATE    0                         0      0        0
  SINCE DEC 1      0                         0      0        0
  SINCE JAN 1      0                         0      0        0
..................................................................


WIND (MPH)
  RESULTANT WIND SPEED   3   RESULTANT WIND DIRECTION   W (250)
  HIGHEST WIND SPEED    13   HIGHEST WIND DIRECTION     W (280)
  HIGHEST GUST SPEED    16   HIGHEST GUST DIRECTION     W (260)
  AVERAGE WIND SPEED     4.3


SKY COVER
  POSSIBLE SUNSHINE  MM
  AVERAGE SKY COVER 0.3


WEATHER CONDITIONS
 THE FOLLOWING WEATHER WAS RECORDED YESTERDAY.
  FOG
  HAZE


RELATIVE HUMIDITY (PERCENT)
 HIGHEST   100           800 AM
 LOWEST     37           300 PM
 AVERAGE    69

..........................................................


THE CINCINNATI OH CLIMATE NORMALS FOR TODAY
                         NORMAL    RECORD    YEAR
 MAXIMUM TEMPERATURE (F)   41        67      1925
 MINIMUM TEMPERATURE (F)   24       -10      1978


SUNRISE AND SUNSET
FEBRUARY  7 2016......SUNRISE   740 AM EST   SUNSET   606 PM EST
FEBRUARY  8 2016......SUNRISE   739 AM EST   SUNSET   607 PM EST


-  INDICATES NEGATIVE NUMBERS.
R  INDICATES RECORD WAS SET OR TIED.
MM INDICATES DATA IS MISSING.
T  INDICATES TRACE AMOUNT.




$$
