000
CDUS41 KILN 190551
CLICVG


CLIMATE REPORT
NATIONAL WEATHER SERVICE WILMINGTON OH
1242 AM EST THU JAN 19 2017


...................................

...THE CINCINNATI OH CLIMATE SUMMARY FOR JANUARY 18 2017...

CLIMATE NORMAL PERIOD 1981 TO 2010
CLIMATE RECORD PERIOD 1869 TO 2017


WEATHER ITEM   OBSERVED TIME   RECORD YEAR NORMAL DEPARTURE LAST
                VALUE   (LST)  VALUE       VALUE  FROM      YEAR
                                                  NORMAL
..................................................................
TEMPERATURE (F)
 YESTERDAY
  MAXIMUM         44    124 AM  70    1929  39      5       15
  MINIMUM         37    928 AM -25    1977  23     14        5
  AVERAGE         41                        31     10       10

PRECIPITATION (IN)
  YESTERDAY        0.03          2.97 1876   0.09  -0.06      T
  MONTH TO DATE    2.73                      1.76   0.97     1.11
  SINCE DEC 1      7.16                      5.13   2.03     7.20
  SINCE JAN 1      2.73                      1.76   0.97     1.11

SNOWFALL (IN)
  YESTERDAY        0.0           1.7  1915   0.2   -0.2       T
  MONTH TO DATE    2.5                       3.5   -1.0      4.8
  SINCE DEC 1      4.7                       8.3   -3.6      4.8
  SINCE JUL 1      4.7                       9.1   -4.4      4.8
  SNOW DEPTH       0

DEGREE DAYS
 HEATING
  YESTERDAY       24                        34    -10       55
  MONTH TO DATE  539                       612    -73      619
  SINCE DEC 1   1508                      1571    -63     1195
  SINCE JUL 1   2190                      2531   -341     1940

 COOLING
  YESTERDAY        0                         0      0        0
  MONTH TO DATE    0                         0      0        0
  SINCE DEC 1      0                         0      0        0
  SINCE JAN 1      0                         0      0        0
..................................................................


WIND (MPH)
  RESULTANT WIND SPEED   7   RESULTANT WIND DIRECTION   W (260)
  HIGHEST WIND SPEED    20   HIGHEST WIND DIRECTION     W (280)
  HIGHEST GUST SPEED    24   HIGHEST GUST DIRECTION     W (280)
  AVERAGE WIND SPEED     7.6


SKY COVER
  POSSIBLE SUNSHINE  MM
  AVERAGE SKY COVER 0.9


WEATHER CONDITIONS
 THE FOLLOWING WEATHER WAS RECORDED YESTERDAY.
  LIGHT RAIN
  FOG


RELATIVE HUMIDITY (PERCENT)
 HIGHEST    92           500 AM
 LOWEST     79           200 PM
 AVERAGE    86

..........................................................


THE CINCINNATI OH CLIMATE NORMALS FOR TODAY
                         NORMAL    RECORD    YEAR
 MAXIMUM TEMPERATURE (F)   39        72      1907
 MINIMUM TEMPERATURE (F)   23       -24      1994


SUNRISE AND SUNSET
JANUARY 19 2017.......SUNRISE   754 AM EST   SUNSET   545 PM EST
JANUARY 20 2017.......SUNRISE   754 AM EST   SUNSET   546 PM EST


-  INDICATES NEGATIVE NUMBERS.
R  INDICATES RECORD WAS SET OR TIED.
MM INDICATES DATA IS MISSING.
T  INDICATES TRACE AMOUNT.




$$
