000
CDUS41 KILN 230545
CLICVG


CLIMATE REPORT
NATIONAL WEATHER SERVICE WILMINGTON OH
144 AM EDT SAT SEP 23 2017


...................................

...THE CINCINNATI OH CLIMATE SUMMARY FOR SEPTEMBER 22 2017...

CLIMATE NORMAL PERIOD 1981 TO 2010
CLIMATE RECORD PERIOD 1869 TO 2017


WEATHER ITEM   OBSERVED TIME   RECORD YEAR NORMAL DEPARTURE LAST
                VALUE   (LST)  VALUE       VALUE  FROM      YEAR
                                                  NORMAL
..................................................................
TEMPERATURE (F)
 YESTERDAY
  MAXIMUM         89    237 PM  95    1895  76     13       90
  MINIMUM         65    557 AM  34    1918  54     11       62
  AVERAGE         77                        65     12       76

PRECIPITATION (IN)
  YESTERDAY        0.00          2.37 2006   0.09  -0.09     0.00
  MONTH TO DATE    2.41                      1.90   0.51     1.26
  SINCE SEP 1      2.41                      1.90   0.51     1.26
  SINCE JAN 1     39.20                     31.69   7.51    34.34

SNOWFALL (IN)
  YESTERDAY        0.0          MM      MM   0.0    0.0      0.0
  MONTH TO DATE    0.0                       0.0    0.0      0.0
  SINCE SEP 1      0.0                       0.0    0.0      0.0
  SINCE JUL 1      0.0                       0.0    0.0      0.0
  SNOW DEPTH       0

DEGREE DAYS
 HEATING
  YESTERDAY        0                         3     -3        0
  MONTH TO DATE   39                        25     14        0
  SINCE SEP 1     39                        25     14        0
  SINCE JUL 1     40                        25     15        0

 COOLING
  YESTERDAY       12                         3      9       11
  MONTH TO DATE   76                       119    -43      204
  SINCE SEP 1     76                       119    -43      204
  SINCE JAN 1   1007                      1087    -80     1379
..................................................................


WIND (MPH)
  RESULTANT WIND SPEED   1   RESULTANT WIND DIRECTION  SE (140)
  HIGHEST WIND SPEED    10   HIGHEST WIND DIRECTION     E (100)
  HIGHEST GUST SPEED    13   HIGHEST GUST DIRECTION     E (100)
  AVERAGE WIND SPEED     1.4


SKY COVER
  POSSIBLE SUNSHINE  MM
  AVERAGE SKY COVER 0.3


WEATHER CONDITIONS
 THE FOLLOWING WEATHER WAS RECORDED YESTERDAY.
  FOG
  HAZE


RELATIVE HUMIDITY (PERCENT)
 HIGHEST   100           300 AM
 LOWEST     50           300 PM
 AVERAGE    75

..........................................................


THE CINCINNATI OH CLIMATE NORMALS FOR TODAY
                         NORMAL    RECORD    YEAR
 MAXIMUM TEMPERATURE (F)   75        95      2010
 MINIMUM TEMPERATURE (F)   54        34      1983


SUNRISE AND SUNSET
SEPTEMBER 23 2017.....SUNRISE   727 AM EDT   SUNSET   734 PM EDT
SEPTEMBER 24 2017.....SUNRISE   728 AM EDT   SUNSET   732 PM EDT


-  INDICATES NEGATIVE NUMBERS.
R  INDICATES RECORD WAS SET OR TIED.
MM INDICATES DATA IS MISSING.
T  INDICATES TRACE AMOUNT.




$$
