000
CDUS41 KILN 250625
CLICVG


CLIMATE REPORT
NATIONAL WEATHER SERVICE WILMINGTON OH
224 AM EDT THU MAY 25 2017


...................................

...THE CINCINNATI OH CLIMATE SUMMARY FOR MAY 24 2017...

CLIMATE NORMAL PERIOD 1981 TO 2010
CLIMATE RECORD PERIOD 1869 TO 2017


WEATHER ITEM   OBSERVED TIME   RECORD YEAR NORMAL DEPARTURE LAST
                VALUE   (LST)  VALUE       VALUE  FROM      YEAR
                                                  NORMAL
..................................................................
TEMPERATURE (F)
 YESTERDAY
  MAXIMUM         68   1217 PM  92    1975  76     -8       82
  MINIMUM         59   1159 PM  37    1925  56      3       50
  AVERAGE         64                        66     -2       66

PRECIPITATION (IN)
  YESTERDAY        0.92          2.02 1968   0.16   0.76     0.00
  MONTH TO DATE    5.25                      3.81   1.44     2.71
  SINCE MAR 1     15.22                     11.66   3.56    12.89
  SINCE JAN 1     22.44                     17.47   4.97    19.52

SNOWFALL (IN)
  YESTERDAY        0.0           0.0         0.0    0.0      0.0
  MONTH TO DATE    0.0                       0.0    0.0      0.0
  SINCE MAR 1      2.0                       3.5   -1.5      2.3
  SINCE JUL 1     10.0                      22.1  -12.1     19.2
  SNOW DEPTH       0

DEGREE DAYS
 HEATING
  YESTERDAY        1                         3     -2        0
  MONTH TO DATE  131                       111     20      161
  SINCE MAR 1    923                      1118   -195      926
  SINCE JUL 1   4003                      4945   -942     4134

 COOLING
  YESTERDAY        0                         3     -3        1
  MONTH TO DATE   57                        48      9       16
  SINCE MAR 1    109                        66     43       34
  SINCE JAN 1    109                        66     43       34
..................................................................


WIND (MPH)
  RESULTANT WIND SPEED   4   RESULTANT WIND DIRECTION  SE (140)
  HIGHEST WIND SPEED    17   HIGHEST WIND DIRECTION    NW (330)
  HIGHEST GUST SPEED    24   HIGHEST GUST DIRECTION    NW (320)
  AVERAGE WIND SPEED     7.5


SKY COVER
  POSSIBLE SUNSHINE  MM
  AVERAGE SKY COVER 1.0


WEATHER CONDITIONS
 THE FOLLOWING WEATHER WAS RECORDED YESTERDAY.
  THUNDERSTORM
  HEAVY RAIN
  RAIN
  LIGHT RAIN
  FOG
  HAZE


RELATIVE HUMIDITY (PERCENT)
 HIGHEST    97           700 AM
 LOWEST     81          1200 PM
 AVERAGE    89

..........................................................


THE CINCINNATI OH CLIMATE NORMALS FOR TODAY
                         NORMAL    RECORD    YEAR
 MAXIMUM TEMPERATURE (F)   76        93      1908
 MINIMUM TEMPERATURE (F)   56        32      1925


SUNRISE AND SUNSET
MAY 25 2017...........SUNRISE   618 AM EDT   SUNSET   854 PM EDT
MAY 26 2017...........SUNRISE   618 AM EDT   SUNSET   854 PM EDT


-  INDICATES NEGATIVE NUMBERS.
R  INDICATES RECORD WAS SET OR TIED.
MM INDICATES DATA IS MISSING.
T  INDICATES TRACE AMOUNT.




$$
