000
CDUS41 KILN 250542
CLICVG


CLIMATE REPORT
NATIONAL WEATHER SERVICE WILMINGTON OH
142 AM EDT FRI APR 25 2014


...................................

...THE CINCINNATI OH CLIMATE SUMMARY FOR APRIL 24 2014...

CLIMATE NORMAL PERIOD 1981 TO 2010
CLIMATE RECORD PERIOD 1869 TO 2014


WEATHER ITEM   OBSERVED TIME   RECORD YEAR NORMAL DEPARTURE LAST
                VALUE   (LST)  VALUE       VALUE  FROM      YEAR
                                                  NORMAL
..................................................................
TEMPERATURE (F)
 YESTERDAY
  MAXIMUM         66    509 PM  90    1925  68     -2       65
  MINIMUM         48    759 AM  29    1996  47      1       34
                                      1919
  AVERAGE         57                        57      0       50

PRECIPITATION (IN)
  YESTERDAY        0.00          1.63 1975   0.14  -0.14     0.71
  MONTH TO DATE    4.84                      3.07   1.77     3.03
  SINCE MAR 1      7.25                      7.03   0.22     6.94
  SINCE JAN 1     12.79                     12.84  -0.05    12.54

SNOWFALL (IN)
  YESTERDAY        0.0           0.3  2005   0.0    0.0      0.0
  MONTH TO DATE    0.6                       0.5    0.1       T
  SINCE MAR 1      3.9                       3.5    0.4      8.8
  SINCE JUL 1     47.5                      22.1   25.4     25.2
  SNOW DEPTH       0

DEGREE DAYS
 HEATING
  YESTERDAY        8                         9     -1       15
  MONTH TO DATE  254                       295    -41      265
  SINCE MAR 1   1036                       961     75     1120
  SINCE JUL 1   5280                      4788    492     4830

 COOLING
  YESTERDAY        0                         1     -1        0
  MONTH TO DATE    7                        12     -5       23
  SINCE MAR 1      7                        12     -5       23
  SINCE JAN 1      7                        12     -5       23
..................................................................


WIND (MPH)
  RESULTANT WIND SPEED  11   RESULTANT WIND DIRECTION   E (110)
  HIGHEST WIND SPEED    17   HIGHEST WIND DIRECTION    SE (130)
  HIGHEST GUST SPEED    21   HIGHEST GUST DIRECTION     E (100)
  AVERAGE WIND SPEED    11.4


SKY COVER
  POSSIBLE SUNSHINE  MM
  AVERAGE SKY COVER 0.9


WEATHER CONDITIONS
 THE FOLLOWING WEATHER WAS RECORDED YESTERDAY.
  NO SIGNIFICANT WEATHER WAS OBSERVED.


RELATIVE HUMIDITY (PERCENT)
 HIGHEST    56           400 AM
 LOWEST     27          1000 PM
 AVERAGE    42

..........................................................


THE CINCINNATI OH CLIMATE NORMALS FOR TODAY
                         NORMAL    RECORD    YEAR
 MAXIMUM TEMPERATURE (F)   68        87      1954
 MINIMUM TEMPERATURE (F)   47        26      1919


SUNRISE AND SUNSET
APRIL 25 2014.........SUNRISE   648 AM EDT   SUNSET   826 PM EDT
APRIL 26 2014.........SUNRISE   647 AM EDT   SUNSET   827 PM EDT


-  INDICATES NEGATIVE NUMBERS.
R  INDICATES RECORD WAS SET OR TIED.
MM INDICATES DATA IS MISSING.
T  INDICATES TRACE AMOUNT.




$$
