000
CDUS41 KILN 290547
CLICVG


CLIMATE REPORT
NATIONAL WEATHER SERVICE WILMINGTON OH
145 AM EDT FRI AUG 29 2014


...................................

...THE CINCINNATI OH CLIMATE SUMMARY FOR AUGUST 28 2014...

CLIMATE NORMAL PERIOD 1981 TO 2010
CLIMATE RECORD PERIOD 1869 TO 2014


WEATHER ITEM   OBSERVED TIME   RECORD YEAR NORMAL DEPARTURE LAST
                VALUE   (LST)  VALUE       VALUE  FROM      YEAR
                                                  NORMAL
..................................................................
TEMPERATURE (F)
 YESTERDAY
  MAXIMUM         86    154 PM  98    2007  84      2       95
                                      1953
  MINIMUM         71    711 AM  47    1986  63      8       74
  AVERAGE         79                        74      5       85

PRECIPITATION (IN)
  YESTERDAY        0.00          2.54 1974   0.10  -0.10      T
  MONTH TO DATE    3.78                      3.11   0.67     2.11
  SINCE JUN 1     12.83                     10.90   1.93    13.59
  SINCE JAN 1     30.30                     29.49   0.81    31.47

SNOWFALL (IN)
  YESTERDAY        0.0           0.0    MM   0.0    0.0      0.0
  MONTH TO DATE    0.0                       0.0    0.0      0.0
  SINCE JUN 1      0.0                       0.0    0.0      0.0
  SINCE JUL 1      0.0                       0.0    0.0      0.0
  SNOW DEPTH       0

DEGREE DAYS
 HEATING
  YESTERDAY        0                         0      0        0
  MONTH TO DATE    0                         0      0        2
  SINCE JUN 1      8                        15     -7        5
  SINCE JUL 1      5                         0      5        4

 COOLING
  YESTERDAY       14                         9      5       20
  MONTH TO DATE  284                       284      0      252
  SINCE JUN 1    775                       849    -74      795
  SINCE JAN 1    909                       943    -34      934
..................................................................


WIND (MPH)
  RESULTANT WIND SPEED   6   RESULTANT WIND DIRECTION   E (70)
  HIGHEST WIND SPEED    15   HIGHEST WIND DIRECTION     E (80)
  HIGHEST GUST SPEED    17   HIGHEST GUST DIRECTION     E (80)
  AVERAGE WIND SPEED     6.7


SKY COVER
  POSSIBLE SUNSHINE  MM
  AVERAGE SKY COVER 0.4


WEATHER CONDITIONS
 THE FOLLOWING WEATHER WAS RECORDED YESTERDAY.
  HAZE


RELATIVE HUMIDITY (PERCENT)
 HIGHEST    84           200 AM
 LOWEST     45           200 PM
 AVERAGE    65

..........................................................


THE CINCINNATI OH CLIMATE NORMALS FOR TODAY
                         NORMAL    RECORD    YEAR
 MAXIMUM TEMPERATURE (F)   84        99      1953
 MINIMUM TEMPERATURE (F)   63        43      1986
                                             1965


SUNRISE AND SUNSET
AUGUST 29 2014........SUNRISE   705 AM EDT   SUNSET   814 PM EDT
AUGUST 30 2014........SUNRISE   706 AM EDT   SUNSET   812 PM EDT


-  INDICATES NEGATIVE NUMBERS.
R  INDICATES RECORD WAS SET OR TIED.
MM INDICATES DATA IS MISSING.
T  INDICATES TRACE AMOUNT.




$$
