000
CDUS41 KILN 272049
CLICVG


CLIMATE REPORT
NATIONAL WEATHER SERVICE WILMINGTON OH
449 PM EDT TUE SEP 27 2016


...................................

...THE CINCINNATI OH CLIMATE SUMMARY FOR SEPTEMBER 27 2016...
VALID TODAY AS OF 0400 PM LOCAL TIME.

CLIMATE NORMAL PERIOD 1981 TO 2010
CLIMATE RECORD PERIOD 1869 TO 2016


WEATHER ITEM   OBSERVED TIME   RECORD YEAR NORMAL DEPARTURE LAST
                VALUE   (LST)  VALUE       VALUE  FROM      YEAR
                                                  NORMAL
..................................................................
TEMPERATURE (F)
 TODAY
  MAXIMUM         75    326 PM  90    1998  73      2       80
                                      1923
  MINIMUM         48    635 AM  37    1991  52     -4       62
  AVERAGE         62                        63     -1       71

PRECIPITATION (IN)
  TODAY            0.00          2.55 2002   0.09  -0.09     0.00
  MONTH TO DATE    1.63                      2.35  -0.72     0.89
  SINCE SEP 1      1.63                      2.35  -0.72     0.89
  SINCE JAN 1     34.71                     32.14   2.57    33.10

SNOWFALL (IN)
  TODAY            0.0          MM      MM   0.0    0.0      0.0
  MONTH TO DATE    0.0                       0.0    0.0      0.0
  SINCE SEP 1      0.0                       0.0    0.0      0.0
  SINCE JUL 1      0.0                       0.0    0.0      0.0
  SNOW DEPTH       0

DEGREE DAYS
 HEATING
  TODAY            3                         4     -1        0
  MONTH TO DATE    5                        43    -38       14
  SINCE SEP 1      5                        43    -38       14
  SINCE JUL 1      5                        43    -38       16

 COOLING
  TODAY            0                         2     -2        6
  MONTH TO DATE  236                       131    105      171
  SINCE SEP 1    236                       131    105      171
  SINCE JAN 1   1411                      1099    312     1126
..................................................................


WIND (MPH)
  HIGHEST WIND SPEED    16   HIGHEST WIND DIRECTION     W (270)
  HIGHEST GUST SPEED    23   HIGHEST GUST DIRECTION    SW (220)
  AVERAGE WIND SPEED     6.8


SKY COVER
  POSSIBLE SUNSHINE  MM
  AVERAGE SKY COVER 0.1


WEATHER CONDITIONS
 THE FOLLOWING WEATHER WAS RECORDED TODAY.
  NO SIGNIFICANT WEATHER WAS OBSERVED.


RELATIVE HUMIDITY (PERCENT)
 HIGHEST   100           600 AM
 LOWEST     35          1200 PM
 AVERAGE    68

..........................................................


THE CINCINNATI OH CLIMATE NORMALS FOR TOMORROW
                         NORMAL    RECORD    YEAR
 MAXIMUM TEMPERATURE (F)   73        92      1939
 MINIMUM TEMPERATURE (F)   52        32      1942


SUNRISE AND SUNSET
SEPTEMBER 27 2016.....SUNRISE   731 AM EDT   SUNSET   727 PM EDT
SEPTEMBER 28 2016.....SUNRISE   732 AM EDT   SUNSET   725 PM EDT


-  INDICATES NEGATIVE NUMBERS.
R  INDICATES RECORD WAS SET OR TIED.
MM INDICATES DATA IS MISSING.
T  INDICATES TRACE AMOUNT.




$$
