000
CDUS45 KCYS 310727
CLICYS


CLIMATE REPORT
NATIONAL WEATHER SERVICE CHEYENNE WY
127 AM MDT FRI JUL 31 2015


...................................

...THE CHEYENNE WYOMING AIRPORT CLIMATE SUMMARY FOR JULY 30 2015...

CLIMATE NORMAL PERIOD 1981 TO 2010
CLIMATE RECORD PERIOD 1871 TO 2015


WEATHER ITEM   OBSERVED TIME   RECORD YEAR NORMAL DEPARTURE LAST
                VALUE   (LST)  VALUE       VALUE  FROM      YEAR
                                                  NORMAL
..................................................................
TEMPERATURE (F)
 YESTERDAY
  MAXIMUM         85    310 PM  97    2006  84      1       61
  MINIMUM         53    447 AM  41    1971  56     -3       55
  AVERAGE         69                        70     -1       58

PRECIPITATION (IN)
  YESTERDAY        0.00          0.98 1997   0.07  -0.07     0.31
  MONTH TO DATE    1.81                      2.11  -0.30     3.24
  SINCE JAN 1     12.92                     10.42   2.50    12.18

SNOWFALL (IN)
  YESTERDAY        0.0          MM      MM   0.0    0.0      0.0
  MONTH TO DATE    0.0                       0.0    0.0      0.0
  SINCE JUL 1      0.0                       0.0    0.0      0.0
  SNOW DEPTH       0

DEGREE DAYS
 HEATING
  YESTERDAY        0                         1     -1        7
  MONTH TO DATE   27                        30     -3       28
  SINCE JUN 1     63                       164   -101      154
  SINCE JUL 1     27                        30     -3       28

 COOLING
  YESTERDAY        4                         5     -1        0
  MONTH TO DATE  125                       158    -33      158
  SINCE JUN 1    187                       205    -18      172
  SINCE JAN 1    187                       208    -21      173
..................................................................


WIND (MPH)
  HIGHEST WIND SPEED    16   HIGHEST WIND DIRECTION    NE (30)
  HIGHEST GUST SPEED    23   HIGHEST GUST DIRECTION    NE (40)
  AVERAGE WIND SPEED     8.1


SKY COVER
  AVERAGE SKY COVER 0.0


WEATHER CONDITIONS
 THE FOLLOWING WEATHER WAS RECORDED YESTERDAY.
  NO SIGNIFICANT WEATHER WAS OBSERVED.


RELATIVE HUMIDITY (PERCENT)
 HIGHEST    78          1100 PM
 LOWEST     20           200 PM
 AVERAGE    49

..........................................................


THE CHEYENNE WYOMING AIRPORT CLIMATE NORMALS FOR TODAY
                         NORMAL    RECORD    YEAR
 MAXIMUM TEMPERATURE (F)   83        98      2002
 MINIMUM TEMPERATURE (F)   56        43      1950
                                             1913


SUNRISE AND SUNSET
JULY 31 2015..........SUNRISE   554 AM MDT   SUNSET   817 PM MDT
AUGUST  1 2015........SUNRISE   555 AM MDT   SUNSET   816 PM MDT


-  INDICATES NEGATIVE NUMBERS.
R  INDICATES RECORD WAS SET OR TIED.
MM INDICATES DATA IS MISSING.
T  INDICATES TRACE AMOUNT.




$$
