124
CDUS45 KCYS 230735
CLICYS


CLIMATE REPORT
NATIONAL WEATHER SERVICE CHEYENNE WY
135 AM MDT SAT JUL 23 2016


...................................

...THE CHEYENNE WYOMING AIRPORT CLIMATE SUMMARY FOR JULY 22 2016...

CLIMATE NORMAL PERIOD 1981 TO 2010
CLIMATE RECORD PERIOD 1871 TO 2016


WEATHER ITEM   OBSERVED TIME   RECORD YEAR NORMAL DEPARTURE LAST
                VALUE   (LST)  VALUE       VALUE  FROM      YEAR
                                                  NORMAL
..................................................................
TEMPERATURE (F)
 YESTERDAY
  MAXIMUM         89   1202 PM  96    2005  84      5       83
  MINIMUM         66    544 AM  44    1990  56     10       55
                                      1978
  AVERAGE         78                        70      8       69

PRECIPITATION (IN)
  YESTERDAY        0.02          1.56 1991   0.09  -0.07     0.01
  MONTH TO DATE    0.58                      1.48  -0.90     1.75
  SINCE JAN 1     11.28                      9.79   1.49    12.86

SNOWFALL (IN)
  YESTERDAY        0.0          MM      MM   0.0    0.0      0.0
  MONTH TO DATE    0.0                       0.0    0.0      0.0
  SINCE JUL 1      0.0                       0.0    0.0      0.0
  SNOW DEPTH       0

DEGREE DAYS
 HEATING
  YESTERDAY        0                         1     -1        0
  MONTH TO DATE    3                        22    -19       28
  SINCE JUN 1     29                       156   -127       64
  SINCE JUL 1      3                        22    -19       28

 COOLING
  YESTERDAY       13                         6      7        4
  MONTH TO DATE  141                       111     30       67
  SINCE JUN 1    243                       158     85      128
  SINCE JAN 1    243                       161     82      128
..................................................................


WIND (MPH)
  HIGHEST WIND SPEED    22   HIGHEST WIND DIRECTION     S (190)
  HIGHEST GUST SPEED    29   HIGHEST GUST DIRECTION     S (200)
  AVERAGE WIND SPEED     6.7


SKY COVER
  AVERAGE SKY COVER 0.2


WEATHER CONDITIONS
 THE FOLLOWING WEATHER WAS RECORDED YESTERDAY.
  THUNDERSTORM
  LIGHT RAIN


RELATIVE HUMIDITY (PERCENT)
 HIGHEST    48           600 AM
 LOWEST     22          1100 AM
 AVERAGE    35

..........................................................


THE CHEYENNE WYOMING AIRPORT CLIMATE NORMALS FOR TODAY
                         NORMAL    RECORD    YEAR
 MAXIMUM TEMPERATURE (F)   84        97      1940
 MINIMUM TEMPERATURE (F)   56        44      1990


SUNRISE AND SUNSET
JULY 23 2016..........SUNRISE   547 AM MDT   SUNSET   824 PM MDT
JULY 24 2016..........SUNRISE   548 AM MDT   SUNSET   823 PM MDT


-  INDICATES NEGATIVE NUMBERS.
R  INDICATES RECORD WAS SET OR TIED.
MM INDICATES DATA IS MISSING.
T  INDICATES TRACE AMOUNT.




$$
