000
CDUS45 KCYS 020328
CLICYS


CLIMATE REPORT
NATIONAL WEATHER SERVICE CHEYENNE WY
928 PM MDT TUE SEP 1 2015


...................................

...THE CHEYENNE WYOMING AIRPORT CLIMATE SUMMARY FOR SEPTEMBER 1 2015...
VALID TODAY AS OF 0900 PM LOCAL TIME.

CLIMATE NORMAL PERIOD 1981 TO 2010
CLIMATE RECORD PERIOD 1871 TO 2015


WEATHER ITEM   OBSERVED TIME   RECORD YEAR NORMAL DEPARTURE
                VALUE   (LST)  VALUE       VALUE  FROM
                                                  NORMAL
...............................................................
TEMPERATURE (F)
 TODAY
  MAXIMUM         87    239 PM  95    1995  78      9
  MINIMUM         51    432 AM  36    1952  50      1
                                      1882
  AVERAGE         69                        64      5

PRECIPITATION (IN)
  TODAY            0.00          1.16 1966   0.05  -0.05
  MONTH TO DATE    0.00                      0.05  -0.05
  SINCE SEP 1      0.00                      0.05  -0.05
  SINCE JAN 1     13.61                     12.50   1.11

SNOWFALL (IN)
  TODAY            0.0          MM      MM   0.0    0.0
  MONTH TO DATE    0.0                       0.0    0.0
  SINCE JUL 1      0.0                       0.0    0.0
  SNOW DEPTH       0

DEGREE DAYS
 HEATING
  TODAY            0                               -3
  MONTH TO DATE    0                               -3
  SINCE SEP 1      0                               -3
  SINCE JUL 1     66                                7

 COOLING
  TODAY            4                                2
  MONTH TO DATE    4                                2
  SINCE SEP 1      4                                2
  SINCE JAN 1    351                               23
...............................................................


WIND (MPH)
  HIGHEST WIND SPEED    21   HIGHEST WIND DIRECTION     W (280)
  HIGHEST GUST SPEED    26   HIGHEST GUST DIRECTION    NW (320)
  AVERAGE WIND SPEED     9.8




RELATIVE HUMIDITY (PERCENT)
 HIGHEST    77
 LOWEST     14
 AVERAGE    46

..........................................................


THE CHEYENNE WYOMING AIRPORT CLIMATE NORMALS FOR TOMORROW
                         NORMAL    RECORD    YEAR
 MAXIMUM TEMPERATURE (F)   78        92      1947
 MINIMUM TEMPERATURE (F)   50        33      1874


SUNRISE AND SUNSET
SEPTEMBER  1 2015.....SUNRISE   626 AM MDT   SUNSET   732 PM MDT
SEPTEMBER  2 2015.....SUNRISE   627 AM MDT   SUNSET   731 PM MDT


-  INDICATES NEGATIVE NUMBERS.
R  INDICATES RECORD WAS SET OR TIED.
MM INDICATES DATA IS MISSING.
T  INDICATES TRACE AMOUNT.




$$
