000
CDUS45 KCYS 210727
CLICYS


CLIMATE REPORT
NATIONAL WEATHER SERVICE CHEYENNE WY
127 AM MDT TUE OCT 21 2014


...................................

...THE CHEYENNE WYOMING CLIMATE SUMMARY FOR OCTOBER 20 2014...

CLIMATE NORMAL PERIOD 1981 TO 2010
CLIMATE RECORD PERIOD 1871 TO 2014


WEATHER ITEM   OBSERVED TIME   RECORD YEAR NORMAL DEPARTURE LAST
                VALUE   (LST)  VALUE       VALUE  FROM      YEAR
                                                  NORMAL
..................................................................
TEMPERATURE (F)
 YESTERDAY
  MAXIMUM         72    119 PM  78    1950  57     15       46
  MINIMUM         36    539 AM  13    1911  33      3       31
  AVERAGE         54                        45      9       39

PRECIPITATION (IN)
  YESTERDAY        0.00          1.09 1924   0.03  -0.03     0.01
  MONTH TO DATE    0.32                      0.66  -0.34     1.88
  SINCE JAN 1     15.72                     14.59   1.13    17.26

SNOWFALL (IN)
  YESTERDAY        0.0           3.3  1906   0.2   -0.2       T
  MONTH TO DATE    0.8                       3.0   -2.2     10.2
  SINCE JUL 1      1.5                       4.3   -2.8     10.2
  SNOW DEPTH       0

DEGREE DAYS
 HEATING
  YESTERDAY       11                        20     -9       26
  MONTH TO DATE  268                       340    -72      430
  SINCE SEP 1    430                       565   -135      597
  SINCE JUL 1    488                       621   -133      612

 COOLING
  YESTERDAY        0                         0      0        0
  MONTH TO DATE    0                         0      0        0
  SINCE SEP 1     35                        22     13       67
  SINCE JAN 1    301                       348    -47      520
..................................................................


WIND (MPH)
  HIGHEST WIND SPEED    21   HIGHEST WIND DIRECTION     S (200)
  HIGHEST GUST SPEED    26   HIGHEST GUST DIRECTION     S (190)
  AVERAGE WIND SPEED     8.5


SKY COVER
  AVERAGE SKY COVER 0.0


WEATHER CONDITIONS
 THE FOLLOWING WEATHER WAS RECORDED YESTERDAY.
  NO SIGNIFICANT WEATHER WAS OBSERVED.


RELATIVE HUMIDITY (PERCENT)
 HIGHEST    82           500 AM
 LOWEST     25           100 PM
 AVERAGE    54

..........................................................


THE CHEYENNE WYOMING CLIMATE NORMALS FOR TODAY
                         NORMAL    RECORD    YEAR
 MAXIMUM TEMPERATURE (F)   57        78      2003
 MINIMUM TEMPERATURE (F)   33        13      1911


SUNRISE AND SUNSET
OCTOBER 21 2014.......SUNRISE   718 AM MDT   SUNSET   610 PM MDT
OCTOBER 22 2014.......SUNRISE   719 AM MDT   SUNSET   608 PM MDT


-  INDICATES NEGATIVE NUMBERS.
R  INDICATES RECORD WAS SET OR TIED.
MM INDICATES DATA IS MISSING.
T  INDICATES TRACE AMOUNT.




$$
