000
CDUS45 KCYS 062127
CLICYS


CLIMATE REPORT
NATIONAL WEATHER SERVICE CHEYENNE WY
327 PM MDT MON JUL 6 2015


...................................

...THE CHEYENNE WYOMING AIRPORT CLIMATE SUMMARY FOR JULY 6 2015...
VALID AS OF 0300 PM LOCAL TIME.

CLIMATE NORMAL PERIOD 1981 TO 2010
CLIMATE RECORD PERIOD 1871 TO 2015


WEATHER ITEM   OBSERVED TIME   RECORD YEAR NORMAL DEPARTURE LAST
                VALUE   (LST)  VALUE       VALUE  FROM      YEAR
                                                  NORMAL
..................................................................
TEMPERATURE (F)
 TODAY
  MAXIMUM         60    159 PM  98    1973  83    -23       86
  MINIMUM         54   1111 AM  40    1931  54      0       60
  AVERAGE         57                        68    -11       73

PRECIPITATION (IN)
  TODAY            0.09          1.04 1904   0.06   0.03     0.00
  MONTH TO DATE    0.84                      0.35   0.49      T
  SINCE JUN 1      2.37                      2.69  -0.32     1.98
  SINCE JAN 1     11.95                      8.66   3.29     8.94

SNOWFALL (IN)
  TODAY            0.0          MM      MM   0.0    0.0      0.0
  MONTH TO DATE    0.0                       0.0    0.0      0.0
  SINCE JUL 1      0.0                       0.0    0.0      0.0
  SNOW DEPTH       0

DEGREE DAYS
 HEATING
  TODAY            8                         1      7        0
  MONTH TO DATE    8                         6      2       13
  SINCE JUN 1     44                       140    -96      139
  SINCE JUL 1      8                         6      2       13

 COOLING
  TODAY            0                         4     -4        8
  MONTH TO DATE   30                        24      6       27
  SINCE JUN 1     92                        71     21       41
  SINCE JAN 1     92                        74     18       42
..................................................................


WIND (MPH)
  HIGHEST WIND SPEED    16   HIGHEST WIND DIRECTION    NE (30)
  HIGHEST GUST SPEED    20   HIGHEST GUST DIRECTION     N (360)
  AVERAGE WIND SPEED     8.7


SKY COVER
  AVERAGE SKY COVER 1.0


WEATHER CONDITIONS
 THE FOLLOWING WEATHER WAS RECORDED TODAY.
  LIGHT RAIN
  FOG
  HAZE


RELATIVE HUMIDITY (PERCENT)
 HIGHEST   100          1200 AM
 LOWEST     80           100 PM
 AVERAGE    90

..........................................................


THE CHEYENNE WYOMING AIRPORT CLIMATE NORMALS FOR TOMORROW
                         NORMAL    RECORD    YEAR
 MAXIMUM TEMPERATURE (F)   83        97      1989
 MINIMUM TEMPERATURE (F)   55        37      1904


SUNRISE AND SUNSET
JULY  6 2015..........SUNRISE   533 AM MDT   SUNSET   835 PM MDT
JULY  7 2015..........SUNRISE   534 AM MDT   SUNSET   834 PM MDT


-  INDICATES NEGATIVE NUMBERS.
R  INDICATES RECORD WAS SET OR TIED.
MM INDICATES DATA IS MISSING.
T  INDICATES TRACE AMOUNT.




$$
