000
CDUS46 KSGX 261416
CLICZZ


CLIMATE REPORT
NATIONAL WEATHER SERVICE SAN DIEGO, CA
716 AM PDT TUE JUL 26 2016


...................................

...THE CAMPO ASOS CA CLIMATE SUMMARY FOR JULY 25 2016...

CLIMATE NORMAL PERIOD 1981 TO 2010
CLIMATE RECORD PERIOD 1948 TO 2016


WEATHER ITEM   OBSERVED TIME   RECORD YEAR NORMAL DEPARTURE LAST
                VALUE   (LST)  VALUE       VALUE  FROM      YEAR
                                                  NORMAL
..................................................................
TEMPERATURE (F)
 YESTERDAY
  MAXIMUM         93    309 PM 104    1959  95     -2       93
  MINIMUM         66   1149 PM  41    1987  54     12       50
  AVERAGE         80                        74      6       72

PRECIPITATION (IN)
  YESTERDAY        0.00          0.44 2005   0.01  -0.01     0.00
  MONTH TO DATE    0.00                      0.22  -0.22     0.49
  SINCE OCT 1      9.32                     14.59  -5.27    10.09
  SINCE JAN 1      6.37                     10.37  -4.00     6.22

DEGREE DAYS
 HEATING
  YESTERDAY        0                         0      0        0
  MONTH TO DATE    0                         4     -4        9
  SINCE JUN 1     27                        60    -33       59
  SINCE JUL 1      0                         4     -4        9

 COOLING
  YESTERDAY       15                         9      6        7
  MONTH TO DATE  210                       196     14      134
  SINCE JUN 1    431                       288    143      322
  SINCE JAN 1    434                       318    116      339
..................................................................


WIND (MPH)
  RESULTANT WIND SPEED   4   RESULTANT WIND DIRECTION  SW (220)
  HIGHEST WIND SPEED    22   HIGHEST WIND DIRECTION     S (200)
  HIGHEST GUST SPEED    25   HIGHEST GUST DIRECTION     S (200)
  AVERAGE WIND SPEED     6.2


SKY COVER
  POSSIBLE SUNSHINE  MM
  AVERAGE SKY COVER 0.0



RELATIVE HUMIDITY (PERCENT)
 HIGHEST    70          1000 PM
 LOWEST     32          1200 PM
 AVERAGE    51

..........................................................


THE CAMPO ASOS CA CLIMATE NORMALS FOR TODAY
                         NORMAL    RECORD    YEAR
 MAXIMUM TEMPERATURE (F)   95       106      1995
 MINIMUM TEMPERATURE (F)   54        40      1986


SUNRISE AND SUNSET
JULY 26 2016..........SUNRISE   556 AM PDT   SUNSET   748 PM PDT
JULY 27 2016..........SUNRISE   557 AM PDT   SUNSET   747 PM PDT


-  INDICATES NEGATIVE NUMBERS.
R  INDICATES RECORD WAS SET OR TIED.
MM INDICATES DATA IS MISSING.
T  INDICATES TRACE AMOUNT.




$$
