000
CDUS46 KSGX 281417
CLICZZ


CLIMATE REPORT
NATIONAL WEATHER SERVICE SAN DIEGO, CA
716 AM PDT TUE MAR 28 2017


...................................

...THE CAMPO ASOS CA CLIMATE SUMMARY FOR MARCH 27 2017...

CLIMATE NORMAL PERIOD 1981 TO 2010
CLIMATE RECORD PERIOD 1948 TO 2017


WEATHER ITEM   OBSERVED TIME   RECORD YEAR NORMAL DEPARTURE LAST
                VALUE   (LST)  VALUE       VALUE  FROM      YEAR
                                                  NORMAL
..................................................................
TEMPERATURE (F)
 YESTERDAY
  MAXIMUM         63    214 PM  87    2015  68     -5       75
  MINIMUM         43   1145 PM  24    1975  36      7       36
  AVERAGE         53                        52      1       56

PRECIPITATION (IN)
  YESTERDAY        0.00          1.36 1991   0.07  -0.07     0.00
  MONTH TO DATE    0.11                      2.46  -2.35     0.59
  SINCE OCT 1     15.69                     12.89   2.80     7.34
  SINCE JAN 1     10.46                      8.67   1.79     4.39

DEGREE DAYS
 HEATING
  YESTERDAY       12                        13     -1        9
  MONTH TO DATE  261                       367   -106      312
  SINCE MAR 1    261                       367   -106      312
  SINCE JUL 1   2171                      2418   -247     2196

 COOLING
  YESTERDAY        0                         0      0        0
  MONTH TO DATE    0                         0      0        0
  SINCE MAR 1      0                         0      0        0
  SINCE JAN 1      0                         0      0        0
..................................................................


WIND (MPH)
  RESULTANT WIND SPEED  10   RESULTANT WIND DIRECTION   W (250)
  HIGHEST WIND SPEED    22   HIGHEST WIND DIRECTION     W (260)
  HIGHEST GUST SPEED    27   HIGHEST GUST DIRECTION     W (270)
  AVERAGE WIND SPEED    10.4


SKY COVER
  POSSIBLE SUNSHINE  MM
  AVERAGE SKY COVER 0.0



RELATIVE HUMIDITY (PERCENT)
 HIGHEST   100           200 AM
 LOWEST     51           200 PM
 AVERAGE    76

..........................................................


THE CAMPO ASOS CA CLIMATE NORMALS FOR TODAY
                         NORMAL    RECORD    YEAR
 MAXIMUM TEMPERATURE (F)   69        86      2015
 MINIMUM TEMPERATURE (F)   36        20      1972


SUNRISE AND SUNSET
MARCH 28 2017.........SUNRISE   639 AM PDT   SUNSET   703 PM PDT
MARCH 29 2017.........SUNRISE   637 AM PDT   SUNSET   704 PM PDT


-  INDICATES NEGATIVE NUMBERS.
R  INDICATES RECORD WAS SET OR TIED.
MM INDICATES DATA IS MISSING.
T  INDICATES TRACE AMOUNT.




$$
