000
CDUS46 KSGX 241136
CLICZZ


CLIMATE REPORT
NATIONAL WEATHER SERVICE SAN DIEGO, CA
436 AM PDT TUE OCT 24 2017


...................................

...THE CAMPO ASOS CA CLIMATE SUMMARY FOR OCTOBER 23 2017...

CLIMATE NORMAL PERIOD 1981 TO 2010
CLIMATE RECORD PERIOD 1948 TO 2017


WEATHER ITEM   OBSERVED TIME   RECORD YEAR NORMAL DEPARTURE LAST
                VALUE   (LST)  VALUE       VALUE  FROM      YEAR
                                                  NORMAL
..................................................................
TEMPERATURE (F)
 YESTERDAY
  MAXIMUM         91    149 PM  93    2003  77     14       81
  MINIMUM         61    924 PM  26    1996  41     20       46
  AVERAGE         76                        59     17       64

PRECIPITATION (IN)
  YESTERDAY        0.00          0.09 1987   0.03  -0.03     0.00
  MONTH TO DATE    0.00                      0.57  -0.57     0.00
  SINCE OCT 1      0.00                      0.57  -0.57     0.00
  SINCE JAN 1     11.72                     12.08  -0.36     7.38

DEGREE DAYS
 HEATING
  YESTERDAY        0                         6     -6        1
  MONTH TO DATE   81                       102    -21       78
  SINCE SEP 1    151                       138     13      115
  SINCE JUL 1    155                       152      3      115

 COOLING
  YESTERDAY       11                         0     11        0
  MONTH TO DATE   39                        27     12       23
  SINCE SEP 1    175                       188    -13      126
  SINCE JAN 1   1052                       838    214      946
..................................................................


WIND (MPH)
  RESULTANT WIND SPEED  10   RESULTANT WIND DIRECTION  NE (60)
  HIGHEST WIND SPEED    26   HIGHEST WIND DIRECTION     E (70)
  HIGHEST GUST SPEED    39   HIGHEST GUST DIRECTION    NE (50)
  AVERAGE WIND SPEED    11.5


SKY COVER
  POSSIBLE SUNSHINE  MM
  AVERAGE SKY COVER 0.0



RELATIVE HUMIDITY (PERCENT)
 HIGHEST    25           900 PM
 LOWEST      7          1100 AM
 AVERAGE    16

..........................................................


THE CAMPO ASOS CA CLIMATE NORMALS FOR TODAY
                         NORMAL    RECORD    YEAR
 MAXIMUM TEMPERATURE (F)   77        95      1959
 MINIMUM TEMPERATURE (F)   41        26      1961


SUNRISE AND SUNSET
OCTOBER 24 2017.......SUNRISE   657 AM PDT   SUNSET   603 PM PDT
OCTOBER 25 2017.......SUNRISE   658 AM PDT   SUNSET   601 PM PDT


-  INDICATES NEGATIVE NUMBERS.
R  INDICATES RECORD WAS SET OR TIED.
MM INDICATES DATA IS MISSING.
T  INDICATES TRACE AMOUNT.




$$
