000
CDUS46 KSGX 200120
CLICZZ


CLIMATE REPORT
NATIONAL WEATHER SERVICE SAN DIEGO, CA
520 PM PST SUN FEB 19 2017


...................................

...THE CAMPO ASOS CA CLIMATE SUMMARY FOR FEBRUARY 19 2017...
VALID TODAY AS OF 0500 PM LOCAL TIME.

CLIMATE NORMAL PERIOD 1981 TO 2010
CLIMATE RECORD PERIOD 1948 TO 2017


WEATHER ITEM   OBSERVED TIME   RECORD YEAR NORMAL DEPARTURE LAST
                VALUE   (LST)  VALUE       VALUE  FROM      YEAR
                                                  NORMAL
..................................................................
TEMPERATURE (F)
 TODAY
  MAXIMUM         49    226 PM  85    1995  64    -15       67
  MINIMUM         43    718 AM  16    1953  35      8       34
  AVERAGE         46                        50     -4       51

PRECIPITATION (IN)
  TODAY            0.05          2.20 2011   0.13  -0.08     0.00
  MONTH TO DATE    1.25                      2.14  -0.89     0.20
  SINCE OCT 1     13.14                      9.34   3.80     6.75
  SINCE JAN 1      7.91                      5.12   2.79     3.80

DEGREE DAYS
 HEATING
  TODAY           19                        15      4       14
  MONTH TO DATE  298                       301     -3      214
  SINCE DEC 1   1316                      1347    -31     1374
  SINCE JUL 1   1734                      1917   -183     1790

 COOLING
  TODAY            0                         0      0        0
  MONTH TO DATE    0                         0      0        0
  SINCE DEC 1      0                         0      0        0
  SINCE JAN 1      0                         0      0        0
..................................................................


WIND (MPH)
  RESULTANT WIND SPEED  10   RESULTANT WIND DIRECTION  SW (230)
  HIGHEST WIND SPEED    16   HIGHEST WIND DIRECTION    SW (220)
  HIGHEST GUST SPEED    20   HIGHEST GUST DIRECTION    SW (230)
  AVERAGE WIND SPEED    10.4


SKY COVER
  POSSIBLE SUNSHINE  MM
  AVERAGE SKY COVER 0.0



RELATIVE HUMIDITY (PERCENT)
 HIGHEST   100          1200 AM
 LOWEST     86          1100 AM
 AVERAGE    93

..........................................................


THE CAMPO ASOS CA CLIMATE NORMALS FOR TOMORROW
                         NORMAL    RECORD    YEAR
 MAXIMUM TEMPERATURE (F)   64        83      1977
 MINIMUM TEMPERATURE (F)   35        14      1953


SUNRISE AND SUNSET
FEBRUARY 19 2017......SUNRISE   624 AM PST   SUNSET   535 PM PST
FEBRUARY 20 2017......SUNRISE   623 AM PST   SUNSET   536 PM PST


-  INDICATES NEGATIVE NUMBERS.
R  INDICATES RECORD WAS SET OR TIED.
MM INDICATES DATA IS MISSING.
T  INDICATES TRACE AMOUNT.




$$
