000
CDUS46 KSGX 211243
CLICZZ


CLIMATE REPORT
NATIONAL WEATHER SERVICE SAN DIEGO, CA
442 AM PST SUN JAN 21 2018


...................................

...THE CAMPO ASOS CA CLIMATE SUMMARY FOR JANUARY 20 2018...

CLIMATE NORMAL PERIOD 1981 TO 2010
CLIMATE RECORD PERIOD 1948 TO 2018


WEATHER ITEM   OBSERVED TIME   RECORD YEAR NORMAL DEPARTURE LAST
                VALUE   (LST)  VALUE       VALUE  FROM      YEAR
                                                  NORMAL
..................................................................
TEMPERATURE (F)
 YESTERDAY
  MAXIMUM         50    244 PM  77    1975  63    -13       48
  MINIMUM         33   1155 PM  20    1973  35     -2       43
  AVERAGE         42                        49     -7       46

PRECIPITATION (IN)
  YESTERDAY        0.08          1.41 2017   0.09  -0.01     1.41
  MONTH TO DATE    2.16                      1.95   0.21     3.78
  SINCE OCT 1      2.51                      6.17  -3.66     9.01
  SINCE JAN 1      2.16                      1.95   0.21     3.78

DEGREE DAYS
 HEATING
  YESTERDAY       23                        16      7       19
  MONTH TO DATE  201                       331   -130      344
  SINCE DEC 1    593                       867   -274      809
  SINCE JUL 1    989                      1437   -448     1227

 COOLING
  YESTERDAY        0                         0      0        0
  MONTH TO DATE    0                         0      0        0
  SINCE DEC 1      0                         0      0        0
  SINCE JAN 1      0                         0      0        0
..................................................................


WIND (MPH)
  RESULTANT WIND SPEED  11   RESULTANT WIND DIRECTION   W (250)
  HIGHEST WIND SPEED    29   HIGHEST WIND DIRECTION    SW (240)
  HIGHEST GUST SPEED    35   HIGHEST GUST DIRECTION    SW (240)
  AVERAGE WIND SPEED    12.5


SKY COVER
  POSSIBLE SUNSHINE  MM
  AVERAGE SKY COVER 0.0



RELATIVE HUMIDITY (PERCENT)
 HIGHEST   100          1200 AM
 LOWEST     53           400 PM
 AVERAGE    77

..........................................................


THE CAMPO ASOS CA CLIMATE NORMALS FOR TODAY
                         NORMAL    RECORD    YEAR
 MAXIMUM TEMPERATURE (F)   63        78      1994
 MINIMUM TEMPERATURE (F)   35        18      1966


SUNRISE AND SUNSET
JANUARY 21 2018.......SUNRISE   646 AM PST   SUNSET   509 PM PST
JANUARY 22 2018.......SUNRISE   646 AM PST   SUNSET   509 PM PST


-  INDICATES NEGATIVE NUMBERS.
R  INDICATES RECORD WAS SET OR TIED.
MM INDICATES DATA IS MISSING.
T  INDICATES TRACE AMOUNT.




$$
