000
CDUS43 KUNR 310831
CLID07


CLIMATE REPORT
NATIONAL WEATHER SERVICE RAPID CITY SD
230 AM MDT FRI OCT 31 2014


...................................

...THE FAITH SD CLIMATE SUMMARY FOR OCTOBER 30 2014...

CLIMATE NORMAL PERIOD 1981 TO 2010
CLIMATE RECORD PERIOD 9999 TO 9999


WEATHER ITEM   OBSERVED TIME   NORMAL DEPARTURE LAST
                VALUE   (LST)  VALUE  FROM      YEAR
                                      NORMAL
......................................................
TEMPERATURE (F)
 YESTERDAY
  MAXIMUM         44   1205 AM  52     -8       33
  MINIMUM         31   1159 PM  30      1       30
  AVERAGE         38            41     -3       32

PRECIPITATION (IN)
  YESTERDAY        0.00          0.05  -0.05     0.00
  MONTH TO DATE    0.54          1.49  -0.95     2.63
  SINCE SEP 1      1.68          2.85  -1.17     3.73
  SINCE JAN 1     18.19         16.67   1.52    16.10

DEGREE DAYS
 HEATING
  YESTERDAY       27            24      3       33
  MONTH TO DATE  416           543   -127      663
  SINCE SEP 1    621           742   -121      743
  SINCE JUL 1    664           775   -111      758

 COOLING
  YESTERDAY        0             0      0        0
  MONTH TO DATE    0             0      0        0
  SINCE SEP 1     46            59    -13      130
  SINCE JAN 1    445           634   -189      720
......................................................


WIND (MPH)
  HIGHEST WIND SPEED    22   HIGHEST WIND DIRECTION     N (350)
  HIGHEST GUST SPEED    26   HIGHEST GUST DIRECTION     N (350)
  AVERAGE WIND SPEED    13.1




RELATIVE HUMIDITY (PERCENT)
 HIGHEST    92           500 AM
 LOWEST     70          1200 AM
 AVERAGE    81

..........................................................




SUNRISE AND SUNSET
OCTOBER 31 2014.......SUNRISE   725 AM MDT   SUNSET   537 PM MDT
NOVEMBER  1 2014......SUNRISE   727 AM MDT   SUNSET   536 PM MDT


-  INDICATES NEGATIVE NUMBERS.
R  INDICATES RECORD WAS SET OR TIED.
MM INDICATES DATA IS MISSING.
T  INDICATES TRACE AMOUNT.




$$
