000
CDUS43 KUNR 270850
CLID07


CLIMATE REPORT
NATIONAL WEATHER SERVICE RAPID CITY SD
245 AM MDT WED MAY 27 2015


...................................

...THE FAITH SD CLIMATE SUMMARY FOR MAY 26 2015...

CLIMATE NORMAL PERIOD 1981 TO 2010
CLIMATE RECORD PERIOD 9999 TO 9999


WEATHER ITEM   OBSERVED TIME   NORMAL DEPARTURE LAST
                VALUE   (LST)  VALUE  FROM      YEAR
                                      NORMAL
......................................................
TEMPERATURE (F)
 YESTERDAY
  MAXIMUM         74    318 PM  70      4       82
  MINIMUM         48    513 AM  46      2       56
  AVERAGE         61            58      3       69

PRECIPITATION (IN)
  YESTERDAY        0.00          0.09  -0.09     0.00
  MONTH TO DATE    5.65          2.54   3.11     0.90
  SINCE MAR 1      6.30          5.15   1.15     2.97
  SINCE JAN 1      6.73          5.77   0.96     3.87

DEGREE DAYS
 HEATING
  YESTERDAY        4             8     -4        0
  MONTH TO DATE  340           285     55      337
  SINCE MAR 1   1605          1896   -291     2063
  SINCE JUL 1   7104          7584   -480     8149

 COOLING
  YESTERDAY        0             0      0        4
  MONTH TO DATE    0             0      0       12
  SINCE MAR 1      2             1      1       12
  SINCE JAN 1      2             1      1       12
......................................................


WIND (MPH)
  HIGHEST WIND SPEED    12   HIGHEST WIND DIRECTION    SW (210)
  HIGHEST GUST SPEED    14   HIGHEST GUST DIRECTION    SW (210)
  AVERAGE WIND SPEED     4.7




RELATIVE HUMIDITY (PERCENT)
 HIGHEST    96           100 AM
 LOWEST     38           400 PM
 AVERAGE    67

..........................................................




SUNRISE AND SUNSET
MAY 27 2015...........SUNRISE   508 AM MDT   SUNSET   823 PM MDT
MAY 28 2015...........SUNRISE   507 AM MDT   SUNSET   824 PM MDT


-  INDICATES NEGATIVE NUMBERS.
R  INDICATES RECORD WAS SET OR TIED.
MM INDICATES DATA IS MISSING.
T  INDICATES TRACE AMOUNT.




$$
