808
CDUS43 KUNR 260841
CLID07


CLIMATE REPORT
NATIONAL WEATHER SERVICE RAPID CITY SD
241 AM MDT TUE SEP 26 2017


...................................

...THE FAITH SD CLIMATE SUMMARY FOR SEPTEMBER 25 2017...

CLIMATE NORMAL PERIOD 1981 TO 2010
CLIMATE RECORD PERIOD 9999 TO 9999


WEATHER ITEM   OBSERVED TIME   NORMAL DEPARTURE LAST
                VALUE   (LST)  VALUE  FROM      YEAR
                                      NORMAL
......................................................
TEMPERATURE (F)
 YESTERDAY
  MAXIMUM         54    415 PM  68    -14       66
  MINIMUM         42    947 PM  42      0       45
  AVERAGE         48            55     -7       56

PRECIPITATION (IN)
  YESTERDAY        0.00          0.04  -0.04     0.00
  MONTH TO DATE    0.91          1.18  -0.27     1.39
  SINCE SEP 1      0.91          1.18  -0.27     1.39
  SINCE JAN 1      9.38         15.00  -5.62    13.01

DEGREE DAYS
 HEATING
  YESTERDAY       17            10      7        9
  MONTH TO DATE  151           141     10       95
  SINCE SEP 1    151           141     10       95
  SINCE JUL 1    163           174    -11      124

 COOLING
  YESTERDAY        0             1     -1        0
  MONTH TO DATE   88            60     28       46
  SINCE SEP 1     88            60     28       46
  SINCE JAN 1    752           635    117      732
......................................................


WIND (MPH)
  HIGHEST WIND SPEED    10   HIGHEST WIND DIRECTION    NE (60)
  HIGHEST GUST SPEED    12   HIGHEST GUST DIRECTION    NE (60)
  AVERAGE WIND SPEED     5.6




RELATIVE HUMIDITY (PERCENT)
 HIGHEST   100           200 AM
 LOWEST     68           400 PM
 AVERAGE    84

..........................................................




SUNRISE AND SUNSET
SEPTEMBER 26 2017.....SUNRISE   640 AM MDT   SUNSET   637 PM MDT
SEPTEMBER 27 2017.....SUNRISE   642 AM MDT   SUNSET   635 PM MDT


-  INDICATES NEGATIVE NUMBERS.
R  INDICATES RECORD WAS SET OR TIED.
MM INDICATES DATA IS MISSING.
T  INDICATES TRACE AMOUNT.




$$
