852
CDUS43 KUNR 020833
CLID07


CLIMATE REPORT
NATIONAL WEATHER SERVICE RAPID CITY SD
232 AM MDT MON MAY 2 2016


...................................

...THE FAITH SD CLIMATE SUMMARY FOR MAY 1 2016...

CLIMATE NORMAL PERIOD 1981 TO 2010
CLIMATE RECORD PERIOD 9999 TO 9999


WEATHER ITEM   OBSERVED TIME   NORMAL DEPARTURE LAST
                VALUE   (LST)  VALUE  FROM      YEAR
                                      NORMAL
......................................................
TEMPERATURE (F)
 YESTERDAY
  MAXIMUM         61    256 PM  63     -2       74
  MINIMUM         31    456 AM  39     -8       42
  AVERAGE         46            51     -5       58

PRECIPITATION (IN)
  YESTERDAY        0.00          0.09  -0.09     0.00
  MONTH TO DATE    0.00          0.09  -0.09     0.00
  SINCE MAR 1      4.85          2.70   2.15     0.65
  SINCE JAN 1      6.36          3.32   3.04     1.08

DEGREE DAYS
 HEATING
  YESTERDAY       19            14      5        7
  MONTH TO DATE   19            14      5        7
  SINCE MAR 1   1356          1625   -269     1272
  SINCE JUL 1   6302          7313  -1011     6771

 COOLING
  YESTERDAY        0             0      0        0
  MONTH TO DATE    0             0      0        0
  SINCE MAR 1      0             1     -1        2
  SINCE JAN 1      0             1     -1        2
......................................................


WIND (MPH)
  HIGHEST WIND SPEED    21   HIGHEST WIND DIRECTION    NE (30)
  HIGHEST GUST SPEED    26   HIGHEST GUST DIRECTION     N (20)
  AVERAGE WIND SPEED     8.7




RELATIVE HUMIDITY (PERCENT)
 HIGHEST    78           500 AM
 LOWEST     27           200 PM
 AVERAGE    53

..........................................................




SUNRISE AND SUNSET
MAY  2 2016...........SUNRISE   535 AM MDT   SUNSET   756 PM MDT
MAY  3 2016...........SUNRISE   534 AM MDT   SUNSET   757 PM MDT


-  INDICATES NEGATIVE NUMBERS.
R  INDICATES RECORD WAS SET OR TIED.
MM INDICATES DATA IS MISSING.
T  INDICATES TRACE AMOUNT.




$$
