000
CDUS43 KUNR 010831
CLID07


CLIMATE REPORT
NATIONAL WEATHER SERVICE RAPID CITY SD
231 AM MDT WED OCT 1 2014


...................................

...THE FAITH SD CLIMATE SUMMARY FOR SEPTEMBER 30 2014...

CLIMATE NORMAL PERIOD 1981 TO 2010
CLIMATE RECORD PERIOD 9999 TO 9999


WEATHER ITEM   OBSERVED TIME   NORMAL DEPARTURE LAST
                VALUE   (LST)  VALUE  FROM      YEAR
                                      NORMAL
......................................................
TEMPERATURE (F)
 YESTERDAY
  MAXIMUM         59    349 PM  66     -7       82
  MINIMUM         53   1258 AM  40     13       45
  AVERAGE         56            53      3       64

PRECIPITATION (IN)
  YESTERDAY        0.17          0.03   0.14     0.00
  MONTH TO DATE    1.14          1.36  -0.22     1.10
  SINCE SEP 1      1.14          1.36  -0.22     1.10
  SINCE JAN 1     17.65         15.18   2.47    13.47

DEGREE DAYS
 HEATING
  YESTERDAY        9            12     -3        1
  MONTH TO DATE  205           197      8       80
  SINCE SEP 1    205           199      6       80
  SINCE JUL 1    248           232     16       95

 COOLING
  YESTERDAY        0             0      0        0
  MONTH TO DATE   46            59    -13      130
  SINCE SEP 1     46            59    -13      130
  SINCE JAN 1    445           634   -189      720
......................................................


WIND (MPH)
  HIGHEST WIND SPEED    31   HIGHEST WIND DIRECTION     W (270)
  HIGHEST GUST SPEED    38   HIGHEST GUST DIRECTION     W (270)
  AVERAGE WIND SPEED    18.1




RELATIVE HUMIDITY (PERCENT)
 HIGHEST   100           100 AM
 LOWEST     77           900 PM
 AVERAGE    89

..........................................................




SUNRISE AND SUNSET
OCTOBER  1 2014.......SUNRISE   646 AM MDT   SUNSET   628 PM MDT
OCTOBER  2 2014.......SUNRISE   647 AM MDT   SUNSET   627 PM MDT


-  INDICATES NEGATIVE NUMBERS.
R  INDICATES RECORD WAS SET OR TIED.
MM INDICATES DATA IS MISSING.
T  INDICATES TRACE AMOUNT.




$$
