000
CDUS43 KUNR 290832
CLID07


CLIMATE REPORT
NATIONAL WEATHER SERVICE RAPID CITY SD
231 AM MDT SAT APR 29 2017


...................................

...THE FAITH SD CLIMATE SUMMARY FOR APRIL 28 2017...

CLIMATE NORMAL PERIOD 1981 TO 2010
CLIMATE RECORD PERIOD 9999 TO 9999


WEATHER ITEM   OBSERVED TIME   NORMAL DEPARTURE LAST
                VALUE   (LST)  VALUE  FROM      YEAR
                                      NORMAL
......................................................
TEMPERATURE (F)
 YESTERDAY
  MAXIMUM         52    320 PM  62    -10       38
  MINIMUM         27    434 AM  38    -11       32
  AVERAGE         40            50    -10       35

PRECIPITATION (IN)
  YESTERDAY        0.00          0.09  -0.09     0.03
  MONTH TO DATE    1.55          1.45   0.10     4.02
  SINCE MAR 1      2.05          2.43  -0.38     4.85
  SINCE JAN 1      3.07          3.05   0.02     6.36

DEGREE DAYS
 HEATING
  YESTERDAY       25            15     10       30
  MONTH TO DATE  526           580    -54      528
  SINCE MAR 1   1436          1583   -147     1298
  SINCE JUL 1   6787          7271   -484     6244

 COOLING
  YESTERDAY        0             0      0        0
  MONTH TO DATE    0             0      0        0
  SINCE MAR 1      0             0      0        0
  SINCE JAN 1      0             0      0        0
......................................................


WIND (MPH)
  HIGHEST WIND SPEED    20   HIGHEST WIND DIRECTION     E (70)
  HIGHEST GUST SPEED    26   HIGHEST GUST DIRECTION     E (80)
  AVERAGE WIND SPEED     9.0




RELATIVE HUMIDITY (PERCENT)
 HIGHEST    92          1200 AM
 LOWEST     30           300 PM
 AVERAGE    61

..........................................................




SUNRISE AND SUNSET
APRIL 29 2017.........SUNRISE   540 AM MDT   SUNSET   752 PM MDT
APRIL 30 2017.........SUNRISE   538 AM MDT   SUNSET   753 PM MDT


-  INDICATES NEGATIVE NUMBERS.
R  INDICATES RECORD WAS SET OR TIED.
MM INDICATES DATA IS MISSING.
T  INDICATES TRACE AMOUNT.




$$
