000
CDUS43 KUNR 280833
CLID07


CLIMATE REPORT
NATIONAL WEATHER SERVICE RAPID CITY SD
132 AM MST TUE FEB 28 2017


...................................

...THE FAITH SD CLIMATE SUMMARY FOR FEBRUARY 27 2017...

CLIMATE NORMAL PERIOD 1981 TO 2010
CLIMATE RECORD PERIOD 9999 TO 9999


WEATHER ITEM   OBSERVED TIME   NORMAL DEPARTURE LAST
                VALUE   (LST)  VALUE  FROM      YEAR
                                      NORMAL
......................................................
TEMPERATURE (F)
 YESTERDAY
  MAXIMUM         37    303 PM  37      0       69
  MINIMUM         20   1140 PM  17      3       36
  AVERAGE         29            27      2       53

PRECIPITATION (IN)
  YESTERDAY        0.00          0.01  -0.01     0.00
  MONTH TO DATE    0.14          0.41  -0.27     0.80
  SINCE DEC 1      1.13          1.01   0.12     1.59
  SINCE JAN 1      0.69          0.61   0.08     1.06

DEGREE DAYS
 HEATING
  YESTERDAY       36            38     -2       12
  MONTH TO DATE  998          1122   -124      866
  SINCE DEC 1   4055          3868    187     3502
  SINCE JUL 1   5306          5651   -345     4888

 COOLING
  YESTERDAY        0             0      0        0
  MONTH TO DATE    0             0      0        0
  SINCE DEC 1      0             0      0        0
  SINCE JAN 1      0             0      0        0
......................................................


WIND (MPH)
  HIGHEST WIND SPEED    23   HIGHEST WIND DIRECTION    NE (30)
  HIGHEST GUST SPEED    26   HIGHEST GUST DIRECTION    NE (30)
  AVERAGE WIND SPEED    10.7




RELATIVE HUMIDITY (PERCENT)
 HIGHEST   100          1200 AM
 LOWEST     48           300 PM
 AVERAGE    74

..........................................................




SUNRISE AND SUNSET
FEBRUARY 28 2017......SUNRISE   627 AM MST   SUNSET   535 PM MST
MARCH  1 2017.........SUNRISE   625 AM MST   SUNSET   536 PM MST


-  INDICATES NEGATIVE NUMBERS.
R  INDICATES RECORD WAS SET OR TIED.
MM INDICATES DATA IS MISSING.
T  INDICATES TRACE AMOUNT.




$$
