000
CDUS43 KUNR 280833
CLID07


CLIMATE REPORT
NATIONAL WEATHER SERVICE RAPID CITY SD
232 AM MDT WED JUN 28 2017


...................................

...THE FAITH SD CLIMATE SUMMARY FOR JUNE 27 2017...

CLIMATE NORMAL PERIOD 1981 TO 2010
CLIMATE RECORD PERIOD 9999 TO 9999


WEATHER ITEM   OBSERVED TIME   NORMAL DEPARTURE LAST
                VALUE   (LST)  VALUE  FROM      YEAR
                                      NORMAL
......................................................
TEMPERATURE (F)
 YESTERDAY
  MAXIMUM         95    354 PM  82     13       86
  MINIMUM         56    433 AM  56      0       54
  AVERAGE         76            69      7       70

PRECIPITATION (IN)
  YESTERDAY        0.00          0.13  -0.13     0.00
  MONTH TO DATE    2.05          2.71  -0.66     1.12
  SINCE JUN 1      2.05          2.71  -0.66     1.12
  SINCE JAN 1      6.33          9.01  -2.68     7.97

DEGREE DAYS
 HEATING
  YESTERDAY        0             1     -1        0
  MONTH TO DATE   27            86    -59       15
  SINCE JUN 1     27            86    -59       15
  SINCE JUL 1   7127          7705   -578     6578

 COOLING
  YESTERDAY       11             5      6        5
  MONTH TO DATE  117            71     46      157
  SINCE JUN 1    117            71     46      157
  SINCE JAN 1    129            83     46      159
......................................................


WIND (MPH)
  HIGHEST WIND SPEED    38   HIGHEST WIND DIRECTION     S (170)
  HIGHEST GUST SPEED    44   HIGHEST GUST DIRECTION     S (170)
  AVERAGE WIND SPEED    20.1




RELATIVE HUMIDITY (PERCENT)
 HIGHEST    62           500 AM
 LOWEST     19           400 PM
 AVERAGE    41

..........................................................




SUNRISE AND SUNSET
JUNE 28 2017..........SUNRISE   504 AM MDT   SUNSET   839 PM MDT
JUNE 29 2017..........SUNRISE   504 AM MDT   SUNSET   839 PM MDT


-  INDICATES NEGATIVE NUMBERS.
R  INDICATES RECORD WAS SET OR TIED.
MM INDICATES DATA IS MISSING.
T  INDICATES TRACE AMOUNT.




$$
