000
CDUS43 KUNR 040842
CLID07


CLIMATE REPORT
NATIONAL WEATHER SERVICE RAPID CITY SD
140 AM MST WED MAR 4 2015


...................................

...THE FAITH SD CLIMATE SUMMARY FOR MARCH 3 2015...

CLIMATE NORMAL PERIOD 1981 TO 2010
CLIMATE RECORD PERIOD 9999 TO 9999


WEATHER ITEM   OBSERVED TIME   NORMAL DEPARTURE LAST
                VALUE   (LST)  VALUE  FROM      YEAR
                                      NORMAL
......................................................
TEMPERATURE (F)
 YESTERDAY
  MAXIMUM         25   1215 AM  38    -13       10
  MINIMUM          3   1045 PM  18    -15       -8
  AVERAGE         14            28    -14        1

PRECIPITATION (IN)
  YESTERDAY        0.00          0.02  -0.02     0.00
  MONTH TO DATE    0.00          0.04  -0.04     0.12
  SINCE MAR 1      0.00          0.04  -0.04     0.12
  SINCE JAN 1      0.43          0.66  -0.23     1.02

DEGREE DAYS
 HEATING
  YESTERDAY       51            37     14       64
  MONTH TO DATE  131           112     19      213
  SINCE MAR 1    131           112     19      213
  SINCE JUL 1   5630          5800   -170     6299

 COOLING
  YESTERDAY        0             0      0        0
  MONTH TO DATE    0             0      0        0
  SINCE MAR 1      0             0      0        0
  SINCE JAN 1      0             0      0        0
......................................................


WIND (MPH)
  HIGHEST WIND SPEED    37   HIGHEST WIND DIRECTION    NW (330)
  HIGHEST GUST SPEED    44   HIGHEST GUST DIRECTION     N (350)
  AVERAGE WIND SPEED    21.8




RELATIVE HUMIDITY (PERCENT)
 HIGHEST    80           200 AM
 LOWEST     42           500 PM
 AVERAGE    61

..........................................................




SUNRISE AND SUNSET
MARCH  4 2015.........SUNRISE   621 AM MST   SUNSET   539 PM MST
MARCH  5 2015.........SUNRISE   619 AM MST   SUNSET   541 PM MST


-  INDICATES NEGATIVE NUMBERS.
R  INDICATES RECORD WAS SET OR TIED.
MM INDICATES DATA IS MISSING.
T  INDICATES TRACE AMOUNT.




$$
