000
CDUS43 KUNR 290841
CLID07


CLIMATE REPORT
NATIONAL WEATHER SERVICE RAPID CITY SD
240 AM MDT WED JUL 29 2015


...................................

...THE FAITH SD CLIMATE SUMMARY FOR JULY 28 2015...

CLIMATE NORMAL PERIOD 1981 TO 2010
CLIMATE RECORD PERIOD 9999 TO 9999


WEATHER ITEM   OBSERVED TIME   NORMAL DEPARTURE LAST
                VALUE   (LST)  VALUE  FROM      YEAR
                                      NORMAL
......................................................
TEMPERATURE (F)
 YESTERDAY
  MAXIMUM         77    220 PM  87    -10       79
  MINIMUM         55    512 AM  60     -5       50
  AVERAGE         66            74     -8       65

PRECIPITATION (IN)
  YESTERDAY        0.00          0.05  -0.05     0.00
  MONTH TO DATE    0.58          2.62  -2.04     0.43
  SINCE JUN 1      3.22          5.71  -2.49     6.36
  SINCE JAN 1     10.46         12.01  -1.55    10.94

DEGREE DAYS
 HEATING
  YESTERDAY        0             0      0        0
  MONTH TO DATE    0             5     -5       17
  SINCE JUN 1     34            95    -61      122
  SINCE JUL 1      0             5     -5       17

 COOLING
  YESTERDAY        1             9     -8        0
  MONTH TO DATE  235           221     14      159
  SINCE JUN 1    330           309     21      181
  SINCE JAN 1    332           321     11      211
......................................................


WIND (MPH)
  HIGHEST WIND SPEED    40   HIGHEST WIND DIRECTION     W (270)
  HIGHEST GUST SPEED    51   HIGHEST GUST DIRECTION     W (270)
  AVERAGE WIND SPEED    23.9




RELATIVE HUMIDITY (PERCENT)
 HIGHEST    80           200 AM
 LOWEST     27           100 PM
 AVERAGE    54

..........................................................




SUNRISE AND SUNSET
JULY 29 2015..........SUNRISE   530 AM MDT   SUNSET   819 PM MDT
JULY 30 2015..........SUNRISE   531 AM MDT   SUNSET   817 PM MDT


-  INDICATES NEGATIVE NUMBERS.
R  INDICATES RECORD WAS SET OR TIED.
MM INDICATES DATA IS MISSING.
T  INDICATES TRACE AMOUNT.




$$
