000
CDUS43 KUNR 290833
CLID07


CLIMATE REPORT
NATIONAL WEATHER SERVICE RAPID CITY SD
231 AM MDT TUE JUL 29 2014


...................................

...THE FAITH SD CLIMATE SUMMARY FOR JULY 28 2014...

CLIMATE NORMAL PERIOD 1981 TO 2010
CLIMATE RECORD PERIOD 9999 TO 9999


WEATHER ITEM   OBSERVED TIME   NORMAL DEPARTURE LAST
                VALUE   (LST)  VALUE  FROM      YEAR
                                      NORMAL
......................................................
TEMPERATURE (F)
 YESTERDAY
  MAXIMUM         79    405 PM  87     -8       81
  MINIMUM         50    412 AM  60    -10       53
  AVERAGE         65            74     -9       67

PRECIPITATION (IN)
  YESTERDAY        0.00          0.05  -0.05     0.00
  MONTH TO DATE    0.43          2.62  -2.19     1.57
  SINCE JUN 1      6.36          5.71   0.65     2.83
  SINCE JAN 1     10.94         12.01  -1.07    10.47

DEGREE DAYS
 HEATING
  YESTERDAY        0             0      0        0
  MONTH TO DATE   17             5     12       13
  SINCE JUN 1    122            95     27       86
  SINCE JUL 1     17             5     12       13

 COOLING
  YESTERDAY        0             9     -9        2
  MONTH TO DATE  159           221    -62      249
  SINCE JUN 1    181           309   -128      331
  SINCE JAN 1    211           321   -110      344
......................................................


WIND (MPH)
  HIGHEST WIND SPEED    14   HIGHEST WIND DIRECTION    SE (130)
  HIGHEST GUST SPEED    17   HIGHEST GUST DIRECTION    SE (120)
  AVERAGE WIND SPEED     6.7




RELATIVE HUMIDITY (PERCENT)
 HIGHEST    89           200 AM
 LOWEST     39           200 PM
 AVERAGE    64

..........................................................




SUNRISE AND SUNSET
JULY 29 2014..........SUNRISE   530 AM MDT   SUNSET   818 PM MDT
JULY 30 2014..........SUNRISE   531 AM MDT   SUNSET   817 PM MDT


-  INDICATES NEGATIVE NUMBERS.
R  INDICATES RECORD WAS SET OR TIED.
MM INDICATES DATA IS MISSING.
T  INDICATES TRACE AMOUNT.




$$
