000
CDUS42 KMLB 250648
CLIDAB


CLIMATE REPORT
NATIONAL WEATHER SERVICE MELBOURNE FL
237 AM EDT MON JUL 25 2016


...................................

...THE DAYTONA BEACH CLIMATE SUMMARY FOR JULY 24 2016...

CLIMATE NORMAL PERIOD 1981 TO 2010
CLIMATE RECORD PERIOD 1923 TO 2016


WEATHER ITEM   OBSERVED TIME   RECORD YEAR NORMAL DEPARTURE LAST
                VALUE   (LST)  VALUE       VALUE  FROM      YEAR
                                                  NORMAL
..................................................................
TEMPERATURE (F)
 YESTERDAY
  MAXIMUM         94   1232 PM 100    1932  91      3       92
  MINIMUM         73    602 AM  68    1939  73      0       76
                                      1937
  AVERAGE         84                        82      2       84

PRECIPITATION (IN)
  YESTERDAY        0.00          1.82 1963   0.19  -0.19     0.19
  MONTH TO DATE    0.71                      4.48  -3.77     3.02
  SINCE JUN 1      4.28                     10.31  -6.03     8.41
  SINCE JAN 1     24.28                     25.38  -1.10    22.75

SNOWFALL (IN)
  YESTERDAY        0.0
  MONTH TO DATE    0.0
  SINCE JUL 1      0.0

DEGREE DAYS
 HEATING
  YESTERDAY        0                         0      0        0
  MONTH TO DATE    0                         0      0        0
  SINCE JUN 1      0                         0      0        0
  SINCE JUL 1      0                         0      0        0

 COOLING
  YESTERDAY       19                        17      2       19
  MONTH TO DATE  463                       397     66      424
  SINCE JUN 1    964                       844    120      921
  SINCE JAN 1   1738                      1445    293     1834
..................................................................


WIND (MPH)
  HIGHEST WIND SPEED    16   HIGHEST WIND DIRECTION     E (80)
  HIGHEST GUST SPEED    23   HIGHEST GUST DIRECTION     E (80)
  AVERAGE WIND SPEED     4.6


SKY COVER
  AVERAGE SKY COVER 0.2


WEATHER CONDITIONS
 THE FOLLOWING WEATHER WAS RECORDED YESTERDAY.
  NO SIGNIFICANT WEATHER WAS OBSERVED.


RELATIVE HUMIDITY (PERCENT)
 HIGHEST    94           100 AM
 LOWEST     41          1200 PM
 AVERAGE    68

..........................................................


THE DAYTONA BEACH CLIMATE NORMALS FOR TODAY
                         NORMAL    RECORD    YEAR
 MAXIMUM TEMPERATURE (F)   91        99      1983
 MINIMUM TEMPERATURE (F)   73        68      1965
                                             1951
                                             1939


SUNRISE AND SUNSET
JULY 25 2016..........SUNRISE   641 AM EDT   SUNSET   820 PM EDT
JULY 26 2016..........SUNRISE   642 AM EDT   SUNSET   820 PM EDT


-  INDICATES NEGATIVE NUMBERS.
R  INDICATES RECORD WAS SET OR TIED.
MM INDICATES DATA IS MISSING.
T  INDICATES TRACE AMOUNT.




$$
