000
CDUS42 KMLB 250627
CLIDAB


CLIMATE REPORT
NATIONAL WEATHER SERVICE MELBOURNE FL
227 AM EDT THU MAY 25 2017


...................................

...THE DAYTONA BEACH CLIMATE SUMMARY FOR MAY 24 2017...

CLIMATE NORMAL PERIOD 1981 TO 2010
CLIMATE RECORD PERIOD 1923 TO 2017


WEATHER ITEM   OBSERVED TIME   RECORD YEAR NORMAL DEPARTURE LAST
                VALUE   (LST)  VALUE       VALUE  FROM      YEAR
                                                  NORMAL
..................................................................
TEMPERATURE (F)
 YESTERDAY
  MAXIMUM         88   1145 AM  96    2000  86      2       86
                                      1953
  MINIMUM         71    737 PM  53    1941  68      3       66
  AVERAGE         80                        77      3       76

PRECIPITATION (IN)
  YESTERDAY        0.06          1.32 1943   0.13  -0.07     0.00
  MONTH TO DATE    1.90                      2.09  -0.19     4.52
  SINCE MAR 1      4.19                      8.51  -4.32     8.11
  SINCE JAN 1      8.20                     14.03  -5.83    18.82

SNOWFALL (IN)
  YESTERDAY        0.0
  MONTH TO DATE    0.0
  SINCE JUL 1      0.0

DEGREE DAYS
 HEATING
  YESTERDAY        0                         0      0        0
  MONTH TO DATE    0                         0      0        0
  SINCE MAR 1     95                       125    -30       43
  SINCE JUL 1    401                       807   -406      508

 COOLING
  YESTERDAY       15                        12      3       11
  MONTH TO DATE  262                       225     37      248
  SINCE MAR 1    608                       447    161      632
  SINCE JAN 1    728                       512    216      682
..................................................................


WIND (MPH)
  HIGHEST WIND SPEED    30   HIGHEST WIND DIRECTION     W (250)
  HIGHEST GUST SPEED    39   HIGHEST GUST DIRECTION     W (260)
  AVERAGE WIND SPEED    10.8


SKY COVER
  AVERAGE SKY COVER 0.8


WEATHER CONDITIONS
 THE FOLLOWING WEATHER WAS RECORDED YESTERDAY.
  THUNDERSTORM
  HEAVY RAIN
  RAIN
  LIGHT RAIN
  FOG
  HAZE


RELATIVE HUMIDITY (PERCENT)
 HIGHEST    94           200 AM
 LOWEST     59          1200 PM
 AVERAGE    77

..........................................................


THE DAYTONA BEACH CLIMATE NORMALS FOR TODAY
                         NORMAL    RECORD    YEAR
 MAXIMUM TEMPERATURE (F)   86        97      2000
 MINIMUM TEMPERATURE (F)   68        57      1951
                                             1941
                                             1935


SUNRISE AND SUNSET
MAY 25 2017...........SUNRISE   627 AM EDT   SUNSET   815 PM EDT
MAY 26 2017...........SUNRISE   627 AM EDT   SUNSET   816 PM EDT


-  INDICATES NEGATIVE NUMBERS.
R  INDICATES RECORD WAS SET OR TIED.
MM INDICATES DATA IS MISSING.
T  INDICATES TRACE AMOUNT.




$$
