000
CDUS42 KMLB 270632
CLIDAB


CLIMATE REPORT
NATIONAL WEATHER SERVICE MELBOURNE FL
130 AM EST TUE JAN 27 2015


...................................

...THE DAYTONA BEACH CLIMATE SUMMARY FOR JANUARY 26 2015...

CLIMATE NORMAL PERIOD 1981 TO 2010
CLIMATE RECORD PERIOD 1923 TO 2015


WEATHER ITEM   OBSERVED TIME   RECORD YEAR NORMAL DEPARTURE LAST
                VALUE   (LST)  VALUE       VALUE  FROM      YEAR
                                                  NORMAL
..................................................................
TEMPERATURE (F)
 YESTERDAY
  MAXIMUM         65    334 PM  84    1976  69     -4       67
                                      1937
  MINIMUM         49   1159 PM  25    1940  48      1       51
  AVERAGE         57                        58     -1       59

PRECIPITATION (IN)
  YESTERDAY        0.11          1.70 1980   0.09   0.02      T
  MONTH TO DATE    2.55                      2.28   0.27     1.48
  SINCE DEC 1      5.38                      4.91   0.47     3.17
  SINCE JAN 1      2.55                      2.28   0.27     1.48

SNOWFALL (IN)
  YESTERDAY       MM
  MONTH TO DATE    0.0
  SINCE JUL 1      0.0

DEGREE DAYS
 HEATING
  YESTERDAY        8                         8      0        6
  MONTH TO DATE  145                       208    -63      253
  SINCE DEC 1    260                       400   -140      326
  SINCE JUL 1    389                       474    -85      357

 COOLING
  YESTERDAY        0                         1     -1        0
  MONTH TO DATE   31                        26      5       23
  SINCE DEC 1    114                        77     37      137
  SINCE JAN 1     31                        26      5       23
..................................................................


WIND (MPH)
  HIGHEST WIND SPEED    29   HIGHEST WIND DIRECTION     W (250)
  HIGHEST GUST SPEED    37   HIGHEST GUST DIRECTION     W (270)
  AVERAGE WIND SPEED    13.2


SKY COVER
  AVERAGE SKY COVER 0.4


WEATHER CONDITIONS
 THE FOLLOWING WEATHER WAS RECORDED YESTERDAY.
  LIGHT RAIN
  FOG


RELATIVE HUMIDITY (PERCENT)
 HIGHEST    93           800 AM
 LOWEST     34           400 PM
 AVERAGE    64

..........................................................


THE DAYTONA BEACH CLIMATE NORMALS FOR TODAY
                         NORMAL    RECORD    YEAR
 MAXIMUM TEMPERATURE (F)   69        84      1962
 MINIMUM TEMPERATURE (F)   48        21      1940


SUNRISE AND SUNSET
JANUARY 27 2015.......SUNRISE   716 AM EST   SUNSET   558 PM EST
JANUARY 28 2015.......SUNRISE   715 AM EST   SUNSET   559 PM EST


-  INDICATES NEGATIVE NUMBERS.
R  INDICATES RECORD WAS SET OR TIED.
MM INDICATES DATA IS MISSING.
T  INDICATES TRACE AMOUNT.




$$
