000
CDUS42 KMLB 022023
CLIDAB


CLIMATE REPORT
NATIONAL WEATHER SERVICE MELBOURNE FL
423 PM EDT SUN AUG 2 2015


...................................

...THE DAYTONA BEACH CLIMATE SUMMARY FOR AUGUST 2 2015...
VALID TODAY AS OF 0400 PM LOCAL TIME.

CLIMATE NORMAL PERIOD 1981 TO 2010
CLIMATE RECORD PERIOD 1923 TO 2015


WEATHER ITEM   OBSERVED TIME   RECORD YEAR NORMAL DEPARTURE LAST
                VALUE   (LST)  VALUE       VALUE  FROM      YEAR
                                                  NORMAL
..................................................................
TEMPERATURE (F)
 TODAY
  MAXIMUM         89    128 PM 100    1999  91     -2       90
  MINIMUM         73    645 AM  69    1952  73      0       76
                                      1940
                                      1939
  AVERAGE         81                        82     -1       83

PRECIPITATION (IN)
  TODAY            T             3.82 1952   0.19  -0.19     0.00
  MONTH TO DATE    1.21                      0.38   0.83     0.03
  SINCE JUN 1     10.64                     12.04  -1.40    11.21
  SINCE JAN 1     24.98                     27.11  -2.13    30.96

SNOWFALL (IN)
  TODAY            0.0
  MONTH TO DATE    0.0
  SINCE JUL 1      0.0

DEGREE DAYS
 HEATING
  TODAY            0                         0      0        0
  MONTH TO DATE    0                         0      0        0
  SINCE JUN 1      0                         0      0        0
  SINCE JUL 1      0                         0      0        0

 COOLING
  TODAY           16                        17     -1       18
  MONTH TO DATE   34                        34      0       37
  SINCE JUN 1   1079                       996     83      999
  SINCE JAN 1   1992                      1597    395     1665
..................................................................


WIND (MPH)
  HIGHEST WIND SPEED    30   HIGHEST WIND DIRECTION     S (190)
  HIGHEST GUST SPEED    43   HIGHEST GUST DIRECTION     S (190)
  AVERAGE WIND SPEED     8.9


SKY COVER
  AVERAGE SKY COVER 0.8


WEATHER CONDITIONS
 THE FOLLOWING WEATHER WAS RECORDED TODAY.
  LIGHT RAIN


RELATIVE HUMIDITY (PERCENT)
 HIGHEST    87          1200 AM
 LOWEST     65          1200 PM
 AVERAGE    76

..........................................................


THE DAYTONA BEACH CLIMATE NORMALS FOR TOMORROW
                         NORMAL    RECORD    YEAR
 MAXIMUM TEMPERATURE (F)   90        96      1956
 MINIMUM TEMPERATURE (F)   73        67      1938


SUNRISE AND SUNSET
AUGUST  2 2015........SUNRISE   645 AM EDT   SUNSET   815 PM EDT
AUGUST  3 2015........SUNRISE   646 AM EDT   SUNSET   815 PM EDT


-  INDICATES NEGATIVE NUMBERS.
R  INDICATES RECORD WAS SET OR TIED.
MM INDICATES DATA IS MISSING.
T  INDICATES TRACE AMOUNT.




$$
