000
CDUS42 KMLB 080635
CLIDAB


CLIMATE REPORT
NATIONAL WEATHER SERVICE MELBOURNE FL
135 AM EST THU DEC 8 2016


...................................

...THE DAYTONA BEACH CLIMATE SUMMARY FOR DECEMBER 7 2016...

CLIMATE NORMAL PERIOD 1981 TO 2010
CLIMATE RECORD PERIOD 1923 TO 2016


WEATHER ITEM   OBSERVED TIME   RECORD YEAR NORMAL DEPARTURE LAST
                VALUE   (LST)  VALUE       VALUE  FROM      YEAR
                                                  NORMAL
..................................................................
TEMPERATURE (F)
 YESTERDAY
  MAXIMUM         76    215 PM  84    1978  72      4       68
                                      1943
  MINIMUM         58   1159 PM  24    1937  52      6       51
  AVERAGE         67                        62      5       60

PRECIPITATION (IN)
  YESTERDAY        0.00          1.21 1996   0.08  -0.08     0.00
  MONTH TO DATE    0.56                      0.54   0.02     0.15
  SINCE DEC 1      0.56                      0.54   0.02     0.15
  SINCE JAN 1     44.50                     47.53  -3.03    43.50

SNOWFALL (IN)
  YESTERDAY        0.0
  MONTH TO DATE    0.0
  SINCE JUL 1      0.0

DEGREE DAYS
 HEATING
  YESTERDAY        0                         5     -5        5
  MONTH TO DATE    8                        31    -23        5
  SINCE DEC 1      8                        31    -23        5
  SINCE JUL 1     45                       105    -60       17

 COOLING
  YESTERDAY        2                         2      0        0
  MONTH TO DATE   32                        14     18       36
  SINCE DEC 1     32                        14     18       36
  SINCE JAN 1   3411                      2926    485     3584
..................................................................


WIND (MPH)
  HIGHEST WIND SPEED    10   HIGHEST WIND DIRECTION     W (260)
  HIGHEST GUST SPEED    14   HIGHEST GUST DIRECTION    SW (240)
  AVERAGE WIND SPEED     4.1


SKY COVER
  AVERAGE SKY COVER 0.4


WEATHER CONDITIONS
 THE FOLLOWING WEATHER WAS RECORDED YESTERDAY.
  FOG
  FOG W/VISIBILITY <= 1/4 MILE


RELATIVE HUMIDITY (PERCENT)
 HIGHEST   100          1200 AM
 LOWEST     61          1200 PM
 AVERAGE    81

..........................................................


THE DAYTONA BEACH CLIMATE NORMALS FOR TODAY
                         NORMAL    RECORD    YEAR
 MAXIMUM TEMPERATURE (F)   72        85      1978
 MINIMUM TEMPERATURE (F)   52        28      1937


SUNRISE AND SUNSET
DECEMBER  8 2016......SUNRISE   706 AM EST   SUNSET   526 PM EST
DECEMBER  9 2016......SUNRISE   707 AM EST   SUNSET   527 PM EST


-  INDICATES NEGATIVE NUMBERS.
R  INDICATES RECORD WAS SET OR TIED.
MM INDICATES DATA IS MISSING.
T  INDICATES TRACE AMOUNT.




$$
