000
CDUS42 KMLB 202114
CLIDAB


CLIMATE REPORT
NATIONAL WEATHER SERVICE MELBOURNE FL
414 PM EST MON NOV 20 2017


...................................

...THE DAYTONA BEACH CLIMATE SUMMARY FOR NOVEMBER 20 2017...
VALID TODAY AS OF 0400 PM LOCAL TIME.

CLIMATE NORMAL PERIOD 1981 TO 2010
CLIMATE RECORD PERIOD 1923 TO 2017


WEATHER ITEM   OBSERVED TIME   RECORD YEAR NORMAL DEPARTURE LAST
                VALUE   (LST)  VALUE       VALUE  FROM      YEAR
                                                  NORMAL
..................................................................
TEMPERATURE (F)
 TODAY
  MAXIMUM         76    135 PM  88    1988  75      1       65
  MINIMUM         48    723 AM  37    1949  56     -8       46
  AVERAGE         62                        66     -4       56

PRECIPITATION (IN)
  TODAY            0.00          1.21 1952   0.07  -0.07     0.00
  MONTH TO DATE    0.17                      1.86  -1.69     0.10
  SINCE SEP 1     17.64                     13.03   4.61    16.31
  SINCE JAN 1     47.31                     46.16   1.15    43.94

SNOWFALL (IN)
  TODAY            0.0
  MONTH TO DATE    0.0
  SINCE JUL 1      0.0

DEGREE DAYS
 HEATING
  TODAY            3                         3      0        9
  MONTH TO DATE    4                        33    -29       20
  SINCE SEP 1     26                        41    -15       21
  SINCE JUL 1     26                        41    -15       21

 COOLING
  TODAY            0                         3     -3        0
  MONTH TO DATE  107                        88     19       74
  SINCE SEP 1    951                       810    141      881
  SINCE JAN 1   3378                      2884    494     3346
..................................................................


WIND (MPH)
  HIGHEST WIND SPEED    20   HIGHEST WIND DIRECTION     E (70)
  HIGHEST GUST SPEED    26   HIGHEST GUST DIRECTION     E (70)
  AVERAGE WIND SPEED     8.8


SKY COVER
  AVERAGE SKY COVER 0.3


WEATHER CONDITIONS
 THE FOLLOWING WEATHER WAS RECORDED TODAY.
  NO SIGNIFICANT WEATHER WAS OBSERVED.


RELATIVE HUMIDITY (PERCENT)
 HIGHEST    83           800 AM
 LOWEST     50          1200 PM
 AVERAGE    67

..........................................................


THE DAYTONA BEACH CLIMATE NORMALS FOR TOMORROW
                         NORMAL    RECORD    YEAR
 MAXIMUM TEMPERATURE (F)   75        84      1996
 MINIMUM TEMPERATURE (F)   56        30      1937


SUNRISE AND SUNSET
NOVEMBER 20 2017......SUNRISE   652 AM EST   SUNSET   527 PM EST
NOVEMBER 21 2017......SUNRISE   653 AM EST   SUNSET   527 PM EST


-  INDICATES NEGATIVE NUMBERS.
R  INDICATES RECORD WAS SET OR TIED.
MM INDICATES DATA IS MISSING.
T  INDICATES TRACE AMOUNT.




$$
