576
CDUS42 KMLB 230627
CLIDAB


CLIMATE REPORT
NATIONAL WEATHER SERVICE MELBOURNE FL
126 AM EST TUE JAN 23 2018


...................................

...THE DAYTONA BEACH CLIMATE SUMMARY FOR JANUARY 22 2018...

CLIMATE NORMAL PERIOD 1981 TO 2010
CLIMATE RECORD PERIOD 1923 TO 2018


WEATHER ITEM   OBSERVED TIME   RECORD YEAR NORMAL DEPARTURE LAST
                VALUE   (LST)  VALUE       VALUE  FROM      YEAR
                                                  NORMAL
..................................................................
TEMPERATURE (F)
 YESTERDAY
  MAXIMUM         78    201 PM  85    2017  69      9       85
  MINIMUM         51    727 AM  18    1985  47      4       63
  AVERAGE         65                        58      7       74

PRECIPITATION (IN)
  YESTERDAY        T             5.67 1989   0.10  -0.10     0.44
  MONTH TO DATE    4.90                      1.92   2.98     1.76
  SINCE DEC 1      6.09                      4.55   1.54     2.46
  SINCE JAN 1      4.90                      1.92   2.98     1.76

SNOWFALL (IN)
  YESTERDAY        0.0
  MONTH TO DATE    0.0
  SINCE JUL 1      0.0

DEGREE DAYS
 HEATING
  YESTERDAY        0                         8     -8        0
  MONTH TO DATE  267                       176     91       64
  SINCE DEC 1    398                       368     30      143
  SINCE JUL 1    432                       442    -10      180

 COOLING
  YESTERDAY        0                         1     -1        9
  MONTH TO DATE   14                        22     -8       61
  SINCE DEC 1     83                        73     10      169
  SINCE JAN 1     14                        22     -8       61
..................................................................


WIND (MPH)
  HIGHEST WIND SPEED    14   HIGHEST WIND DIRECTION    SE (120)
  HIGHEST GUST SPEED    20   HIGHEST GUST DIRECTION     S (160)
  AVERAGE WIND SPEED     4.6


SKY COVER
  AVERAGE SKY COVER 0.6


WEATHER CONDITIONS
 THE FOLLOWING WEATHER WAS RECORDED YESTERDAY.
  LIGHT RAIN
  FOG
  FOG W/VISIBILITY <= 1/4 MILE


RELATIVE HUMIDITY (PERCENT)
 HIGHEST   100          1200 AM
 LOWEST     64          1200 PM
 AVERAGE    82

..........................................................


THE DAYTONA BEACH CLIMATE NORMALS FOR TODAY
                         NORMAL    RECORD    YEAR
 MAXIMUM TEMPERATURE (F)   69        85      2002
                                             1937
 MINIMUM TEMPERATURE (F)   47        25      1985


SUNRISE AND SUNSET
JANUARY 23 2018.......SUNRISE   717 AM EST   SUNSET   555 PM EST
JANUARY 24 2018.......SUNRISE   717 AM EST   SUNSET   556 PM EST


-  INDICATES NEGATIVE NUMBERS.
R  INDICATES RECORD WAS SET OR TIED.
MM INDICATES DATA IS MISSING.
T  INDICATES TRACE AMOUNT.




$$
