000
CDUS41 KRNK 130909
CLIDAN


CLIMATE REPORT
NATIONAL WEATHER SERVICE BLACKSBURG VA
508 AM EDT SUN JUL 13 2014


...................................

...THE DANVILLE VA CLIMATE SUMMARY FOR JULY 12 2014...

CLIMATE NORMAL PERIOD 1981 TO 2010
CLIMATE RECORD PERIOD 1948 TO 2014


WEATHER ITEM   OBSERVED TIME   RECORD YEAR NORMAL DEPARTURE LAST
                VALUE   (LST)  VALUE       VALUE  FROM      YEAR
                                                  NORMAL
..................................................................
TEMPERATURE (F)
 YESTERDAY
  MAXIMUM         90    520 PM 100    1990  88      2       76
  MINIMUM         66    500 AM  54    1963  69     -3       69
  AVERAGE         78                        78      0

PRECIPITATION (IN)
  YESTERDAY        0.00          2.99 2013   0.15  -0.15     2.99
  MONTH TO DATE    2.13                      1.67   0.46     7.63
  SINCE JUN 1      3.36                      5.52  -2.16    13.57
  SINCE JAN 1     21.92                     23.40  -1.48    33.78

SNOWFALL (IN)
  YESTERDAY        0.0
  MONTH TO DATE    0.0
  SINCE JUN 1      0.0
  SINCE JUL 1      0.0
  SNOW DEPTH       0

DEGREE DAYS
 HEATING
  YESTERDAY        0                         0      0
  MONTH TO DATE    0                         0      0
  SINCE JUN 1      0                         3     -3
  SINCE JUL 1      0                         0      0

 COOLING
  YESTERDAY       13                        13      0
  MONTH TO DATE  168                       156     12
  SINCE JUN 1    513                       453     60
  SINCE JAN 1    674                       597     77
..................................................................


WIND (MPH)
  HIGHEST WIND SPEED     8   HIGHEST WIND DIRECTION    SW (210)
  HIGHEST GUST SPEED    13   HIGHEST GUST DIRECTION    SE (150)
  AVERAGE WIND SPEED     2.5


SKY COVER
  POSSIBLE SUNSHINE  MM
  AVERAGE SKY COVER 0.1


WEATHER CONDITIONS
 THE FOLLOWING WEATHER WAS RECORDED YESTERDAY.
  FOG


RELATIVE HUMIDITY (PERCENT)
 HIGHEST    93           200 AM
 LOWEST     41           500 PM
 AVERAGE    67

..........................................................


THE DANVILLE VA CLIMATE NORMALS FOR TODAY
                         NORMAL    RECORD    YEAR
 MAXIMUM TEMPERATURE (F)   88       100      1966
 MINIMUM TEMPERATURE (F)   69        51      1963


SUNRISE AND SUNSET
JULY 13 2014..........SUNRISE   609 AM EDT   SUNSET   837 PM EDT
JULY 14 2014..........SUNRISE   610 AM EDT   SUNSET   836 PM EDT


-  INDICATES NEGATIVE NUMBERS.
R  INDICATES RECORD WAS SET OR TIED.
MM INDICATES DATA IS MISSING.
T  INDICATES TRACE AMOUNT.




$$
