000
CDUS41 KRNK 012117
CLIDAN


CLIMATE REPORT
NATIONAL WEATHER SERVICE BLACKSBURG VA
515 PM EDT FRI AUG 1 2014


...................................

...THE DANVILLE VA CLIMATE SUMMARY FOR AUGUST 1 2014...
VALID TODAY AS OF 0500 PM LOCAL TIME.

CLIMATE NORMAL PERIOD 1981 TO 2010
CLIMATE RECORD PERIOD 1948 TO 2014


WEATHER ITEM   OBSERVED TIME   RECORD YEAR NORMAL DEPARTURE LAST
                VALUE   (LST)  VALUE       VALUE  FROM      YEAR
                                                  NORMAL
..................................................................
TEMPERATURE (F)
 TODAY
  MAXIMUM         72    311 PM 100    1999  87    -15       86
  MINIMUM         66    655 AM  56    1997  69     -3       68
  AVERAGE         69                        78     -9

PRECIPITATION (IN)
  TODAY            0.42          1.63 1973   0.13   0.29      T
  MONTH TO DATE    0.42                      0.13   0.29      T
  SINCE JUN 1      5.38                      8.57  -3.19    17.44
  SINCE JAN 1     23.94                     26.45  -2.51    37.65

SNOWFALL (IN)
  TODAY            0.0
  MONTH TO DATE    0.0
  SINCE JUN 1      0.0
  SINCE JUL 1      0.0
  SNOW DEPTH       0

DEGREE DAYS
 HEATING
  TODAY            0                         0      0
  MONTH TO DATE    0                         0      0
  SINCE JUN 1      0                         3     -3
  SINCE JUL 1      0                         0      0

 COOLING
  TODAY            4                        13     -9
  MONTH TO DATE    4                        13     -9
  SINCE JUN 1    732                       722     10
  SINCE JAN 1    893                       866     27
..................................................................


WIND (MPH)
  HIGHEST WIND SPEED    15   HIGHEST WIND DIRECTION    NE (50)
  HIGHEST GUST SPEED    17   HIGHEST GUST DIRECTION    NE (30)
  AVERAGE WIND SPEED     4.1


SKY COVER
  POSSIBLE SUNSHINE  MM
  AVERAGE SKY COVER 1.0


WEATHER CONDITIONS
 THE FOLLOWING WEATHER WAS RECORDED TODAY.
  LIGHT RAIN
  FOG


RELATIVE HUMIDITY (PERCENT)
 HIGHEST    93           200 AM
 LOWEST     81           400 AM
 AVERAGE    87

..........................................................


THE DANVILLE VA CLIMATE NORMALS FOR TOMORROW
                         NORMAL    RECORD    YEAR
 MAXIMUM TEMPERATURE (F)   87        98      1999
 MINIMUM TEMPERATURE (F)   69        56      1997


SUNRISE AND SUNSET
AUGUST  1 2014........SUNRISE   623 AM EDT   SUNSET   823 PM EDT
AUGUST  2 2014........SUNRISE   624 AM EDT   SUNSET   822 PM EDT


-  INDICATES NEGATIVE NUMBERS.
R  INDICATES RECORD WAS SET OR TIED.
MM INDICATES DATA IS MISSING.
T  INDICATES TRACE AMOUNT.



$$
