000
CDUS41 KRNK 230922
CLIDAN


CLIMATE REPORT
NATIONAL WEATHER SERVICE BLACKSBURG VA
518 AM EDT WED APR 23 2014


...................................

...THE DANVILLE VA CLIMATE SUMMARY FOR APRIL 22 2014...

CLIMATE NORMAL PERIOD 1981 TO 2010
CLIMATE RECORD PERIOD 1948 TO 2014


WEATHER ITEM   OBSERVED TIME   RECORD YEAR NORMAL DEPARTURE LAST
                VALUE   (LST)  VALUE       VALUE  FROM      YEAR
                                                  NORMAL
..................................................................
TEMPERATURE (F)
 YESTERDAY
  MAXIMUM         81    158 PM  95    1985  72      9       63
  MINIMUM         46    603 AM  27    1953  49     -3       37
  AVERAGE         64                        60      4

PRECIPITATION (IN)
  YESTERDAY        0.05          4.17 1992   0.11  -0.06     0.00
  MONTH TO DATE    3.26                      2.58   0.68     1.96
  SINCE MAR 1      6.46                      6.69  -0.23     4.51
  SINCE JAN 1     11.58                     13.12  -1.54    14.32

SNOWFALL (IN)
  YESTERDAY        0.0
  MONTH TO DATE    0.0
  SINCE MAR 1      5.5
  SINCE JUL 1     13.4
  SNOW DEPTH       0

DEGREE DAYS
 HEATING
  YESTERDAY        1                         6     -5
  MONTH TO DATE  166                       191    -25
  SINCE MAR 1    811                       701    110
  SINCE JUL 1   3816                      3702    114

 COOLING
  YESTERDAY        0                         1     -1
  MONTH TO DATE   13                        21     -8
  SINCE MAR 1     13                        24    -11
  SINCE JAN 1     13                        24    -11
..................................................................


WIND (MPH)
  HIGHEST WIND SPEED    25   HIGHEST WIND DIRECTION    NW (330)
  HIGHEST GUST SPEED    37   HIGHEST GUST DIRECTION     W (290)
  AVERAGE WIND SPEED     6.3


SKY COVER
  POSSIBLE SUNSHINE  MM
  AVERAGE SKY COVER 0.2


WEATHER CONDITIONS
 THE FOLLOWING WEATHER WAS RECORDED YESTERDAY.
  LIGHT RAIN


RELATIVE HUMIDITY (PERCENT)
 HIGHEST    84          1000 PM
 LOWEST     33           200 PM
 AVERAGE    59

..........................................................


THE DANVILLE VA CLIMATE NORMALS FOR TODAY
                         NORMAL    RECORD    YEAR
 MAXIMUM TEMPERATURE (F)   72        95      1985
 MINIMUM TEMPERATURE (F)   49        31      1982


SUNRISE AND SUNSET
APRIL 23 2014.........SUNRISE   633 AM EDT   SUNSET   759 PM EDT
APRIL 24 2014.........SUNRISE   632 AM EDT   SUNSET   759 PM EDT


-  INDICATES NEGATIVE NUMBERS.
R  INDICATES RECORD WAS SET OR TIED.
MM INDICATES DATA IS MISSING.
T  INDICATES TRACE AMOUNT.


REMARKS:
DUE TO A POWER FAILURE CAUSING A MISSING LOW TEMPERATURE ON
JANUARY 22...THE SEASONAL TOTAL AND DEPARTURE FROM NORMAL FOR HDD
WILL BE CALCULATED WITHOUT DATA FROM THAT DATE.


$$
