000
CDUS41 KRNK 262224
CLIDAN


CLIMATE REPORT
NATIONAL WEATHER SERVICE BLACKSBURG VA
519 PM EST FRI DEC 26 2014


...................................

...THE DANVILLE VA CLIMATE SUMMARY FOR DECEMBER 26 2014...
VALID TODAY AS OF 0500 PM LOCAL TIME.

CLIMATE NORMAL PERIOD 1981 TO 2010
CLIMATE RECORD PERIOD 1948 TO 2014


WEATHER ITEM   OBSERVED TIME   RECORD YEAR NORMAL DEPARTURE LAST
                VALUE   (LST)  VALUE       VALUE  FROM      YEAR
                                                  NORMAL
..................................................................
TEMPERATURE (F)
 TODAY
  MAXIMUM         59    406 PM  75    1982  47     12       51
  MINIMUM         26    758 AM   2    1983  29     -3       18
  AVERAGE         43                        38      5

PRECIPITATION (IN)
  TODAY            0.00          1.50 1969   0.10  -0.10     0.00
  MONTH TO DATE    1.96                      2.85  -0.89     3.13
  SINCE DEC 1      1.96                      2.85  -0.89     3.13
  SINCE JAN 1     42.44                     43.99  -1.55    49.68

SNOWFALL (IN)
  TODAY            0.0
  MONTH TO DATE    T
  SINCE DEC 1      T
  SINCE JUL 1      T
  SNOW DEPTH       0

DEGREE DAYS
 HEATING
  TODAY           22                        27     -5
  MONTH TO DATE  554                       638    -84
  SINCE DEC 1    554                       638    -84
  SINCE JUL 1   1314                      1347    -33

 COOLING
  TODAY            0                         0      0
  MONTH TO DATE    0                         0      0
  SINCE DEC 1      0                         0      0
  SINCE JAN 1   1419                      1439    -20
..................................................................


WIND (MPH)
  HIGHEST WIND SPEED     7   HIGHEST WIND DIRECTION     S (200)
  HIGHEST GUST SPEED    MM   HIGHEST GUST DIRECTION    MM
  AVERAGE WIND SPEED     2.9


SKY COVER
  POSSIBLE SUNSHINE  MM
  AVERAGE SKY COVER 0.0


WEATHER CONDITIONS
 THE FOLLOWING WEATHER WAS RECORDED TODAY.
  NO SIGNIFICANT WEATHER WAS OBSERVED.


RELATIVE HUMIDITY (PERCENT)
 HIGHEST    92          1200 AM
 LOWEST     36           300 PM
 AVERAGE    64

..........................................................


THE DANVILLE VA CLIMATE NORMALS FOR TOMORROW
                         NORMAL    RECORD    YEAR
 MAXIMUM TEMPERATURE (F)   47        77      1982
 MINIMUM TEMPERATURE (F)   29         6      1983


SUNRISE AND SUNSET
DECEMBER 26 2014......SUNRISE   728 AM EST   SUNSET   508 PM EST
DECEMBER 27 2014......SUNRISE   728 AM EST   SUNSET   509 PM EST


-  INDICATES NEGATIVE NUMBERS.
R  INDICATES RECORD WAS SET OR TIED.
MM INDICATES DATA IS MISSING.
T  INDICATES TRACE AMOUNT.




$$
