000
CDUS41 KRNK 170916
CLIDAN


CLIMATE REPORT
NATIONAL WEATHER SERVICE BLACKSBURG VA
513 AM EDT WED SEP 17 2014


...................................

...THE DANVILLE VA CLIMATE SUMMARY FOR SEPTEMBER 16 2014...

CLIMATE NORMAL PERIOD 1981 TO 2010
CLIMATE RECORD PERIOD 1948 TO 2014


WEATHER ITEM   OBSERVED TIME   RECORD YEAR NORMAL DEPARTURE LAST
                VALUE   (LST)  VALUE       VALUE  FROM      YEAR
                                                  NORMAL
..................................................................
TEMPERATURE (F)
 YESTERDAY
  MAXIMUM         82    102 PM  95    1958  80      2       84
  MINIMUM         62    631 AM  44    1985  60      2       59
  AVERAGE         72                        70      2

PRECIPITATION (IN)
  YESTERDAY        0.00          2.72 1999   0.14  -0.14     0.00
  MONTH TO DATE    3.10                      2.15   0.95     0.24
  SINCE SEP 1      3.10                      2.15   0.95     0.24
  SINCE JAN 1     32.85                     32.44   0.41    41.55

SNOWFALL (IN)
  YESTERDAY        0.0
  MONTH TO DATE    0.0
  SINCE SEP 1      0.0
  SINCE JUL 1      0.0
  SNOW DEPTH       0

DEGREE DAYS
 HEATING
  YESTERDAY        0                         1     -1
  MONTH TO DATE    0                         3     -3
  SINCE SEP 1      0                         3     -3
  SINCE JUL 1      0                         3     -3

 COOLING
  YESTERDAY        7                         6      1
  MONTH TO DATE  160                       123     37
  SINCE SEP 1    160                       123     37
  SINCE JAN 1   1349                      1350     -1
..................................................................


WIND (MPH)
  HIGHEST WIND SPEED     9   HIGHEST WIND DIRECTION    NE (50)
  HIGHEST GUST SPEED    12   HIGHEST GUST DIRECTION     N (350)
  AVERAGE WIND SPEED     3.5


SKY COVER
  POSSIBLE SUNSHINE  MM
  AVERAGE SKY COVER 0.5


WEATHER CONDITIONS
 THE FOLLOWING WEATHER WAS RECORDED YESTERDAY.
  FOG


RELATIVE HUMIDITY (PERCENT)
 HIGHEST    93          1200 AM
 LOWEST     54          1100 AM
 AVERAGE    74

..........................................................


THE DANVILLE VA CLIMATE NORMALS FOR TODAY
                         NORMAL    RECORD    YEAR
 MAXIMUM TEMPERATURE (F)   79        98      1958
 MINIMUM TEMPERATURE (F)   60        44      1966


SUNRISE AND SUNSET
SEPTEMBER 17 2014.....SUNRISE   701 AM EDT   SUNSET   722 PM EDT
SEPTEMBER 18 2014.....SUNRISE   702 AM EDT   SUNSET   720 PM EDT


-  INDICATES NEGATIVE NUMBERS.
R  INDICATES RECORD WAS SET OR TIED.
MM INDICATES DATA IS MISSING.
T  INDICATES TRACE AMOUNT.



$$
