000
CDUS41 KRNK 010924
CLIDAN


CLIMATE REPORT
NATIONAL WEATHER SERVICE BLACKSBURG VA
521 AM EDT WED OCT 1 2014


...................................

...THE DANVILLE VA CLIMATE SUMMARY FOR SEPTEMBER 30 2014...

CLIMATE NORMAL PERIOD 1981 TO 2010
CLIMATE RECORD PERIOD 1948 TO 2014


WEATHER ITEM   OBSERVED TIME   RECORD YEAR NORMAL DEPARTURE LAST
                VALUE   (LST)  VALUE       VALUE  FROM      YEAR
                                                  NORMAL
..................................................................
TEMPERATURE (F)
 YESTERDAY
  MAXIMUM         80    331 PM  92    1973  75      5       78
  MINIMUM         61   1257 AM  34    1951  55      6       49
  AVERAGE         71                        65      6

PRECIPITATION (IN)
  YESTERDAY        0.00          2.29 1959   0.13  -0.13     0.00
  MONTH TO DATE    3.88                      3.96  -0.08     1.15
  SINCE SEP 1      3.88                      3.96  -0.08     1.15
  SINCE JAN 1     33.63                     34.25  -0.62    42.46

SNOWFALL (IN)
  YESTERDAY        0.0
  MONTH TO DATE    0.0
  SINCE SEP 1      0.0
  SINCE JUL 1      0.0
  SNOW DEPTH       0

DEGREE DAYS
 HEATING
  YESTERDAY        0                         3     -3
  MONTH TO DATE   12                        27    -15
  SINCE SEP 1     12                        28    -16
  SINCE JUL 1     12                        28    -16

 COOLING
  YESTERDAY        6                         3      3
  MONTH TO DATE  196                       176     20
  SINCE SEP 1    196                       176     20
  SINCE JAN 1   1385                      1403    -18
..................................................................


WIND (MPH)
  HIGHEST WIND SPEED     9   HIGHEST WIND DIRECTION     W (250)
  HIGHEST GUST SPEED    11   HIGHEST GUST DIRECTION     W (250)
  AVERAGE WIND SPEED     2.4


SKY COVER
  POSSIBLE SUNSHINE  MM
  AVERAGE SKY COVER 0.5


WEATHER CONDITIONS
 THE FOLLOWING WEATHER WAS RECORDED YESTERDAY.
  FOG
  FOG W/VISIBILITY <= 1/4 MILE


RELATIVE HUMIDITY (PERCENT)
 HIGHEST   100           100 AM
 LOWEST     62           200 PM
 AVERAGE    81

..........................................................


THE DANVILLE VA CLIMATE NORMALS FOR TODAY
                         NORMAL    RECORD    YEAR
 MAXIMUM TEMPERATURE (F)   74        92      1954
 MINIMUM TEMPERATURE (F)   54        38      1993


SUNRISE AND SUNSET
OCTOBER  1 2014.......SUNRISE   713 AM EDT   SUNSET   701 PM EDT
OCTOBER  2 2014.......SUNRISE   713 AM EDT   SUNSET   659 PM EDT


-  INDICATES NEGATIVE NUMBERS.
R  INDICATES RECORD WAS SET OR TIED.
MM INDICATES DATA IS MISSING.
T  INDICATES TRACE AMOUNT.



$$
