000
CDUS41 KRNK 282213
CLIDAN


CLIMATE REPORT
NATIONAL WEATHER SERVICE BLACKSBURG VA
510 PM EST FRI NOV 28 2014


...................................

...THE DANVILLE VA CLIMATE SUMMARY FOR NOVEMBER 28 2014...
VALID TODAY AS OF 0500 PM LOCAL TIME.

CLIMATE NORMAL PERIOD 1981 TO 2010
CLIMATE RECORD PERIOD 1948 TO 2014


WEATHER ITEM   OBSERVED TIME   RECORD YEAR NORMAL DEPARTURE LAST
                VALUE   (LST)  VALUE       VALUE  FROM      YEAR
                                                  NORMAL
..................................................................
TEMPERATURE (F)
 TODAY
  MAXIMUM         44    312 PM  81    1963  55    -11       42
  MINIMUM         26    735 AM  17    1991  34     -8       20
  AVERAGE         35                        45    -10

PRECIPITATION (IN)
  TODAY            0.00          3.65 1993   0.10  -0.10     0.00
  MONTH TO DATE    2.72                      3.14  -0.42     2.89
  SINCE SEP 1     10.73                     10.63   0.10     5.24
  SINCE JAN 1     40.48                     40.92  -0.44    46.55

SNOWFALL (IN)
  TODAY            0.0
  MONTH TO DATE    0.0
  SINCE SEP 1      0.0
  SINCE JUL 1      0.0
  SNOW DEPTH       0

DEGREE DAYS
 HEATING
  TODAY           30                        20     10
  MONTH TO DATE  551                       434    117
  SINCE SEP 1    720                       667     53
  SINCE JUL 1    720                       667     53

 COOLING
  TODAY            0                         0      0
  MONTH TO DATE    1                         0      1
  SINCE SEP 1    230                       209     21
  SINCE JAN 1   1419                      1436    -17
..................................................................


WIND (MPH)
  HIGHEST WIND SPEED    14   HIGHEST WIND DIRECTION    NW (300)
  HIGHEST GUST SPEED    18   HIGHEST GUST DIRECTION    NW (300)
  AVERAGE WIND SPEED     6.1


SKY COVER
  POSSIBLE SUNSHINE  MM
  AVERAGE SKY COVER 0.1


WEATHER CONDITIONS
 THE FOLLOWING WEATHER WAS RECORDED TODAY.
  NO SIGNIFICANT WEATHER WAS OBSERVED.


RELATIVE HUMIDITY (PERCENT)
 HIGHEST    75           600 AM
 LOWEST     39           100 PM
 AVERAGE    57

..........................................................


THE DANVILLE VA CLIMATE NORMALS FOR TOMORROW
                         NORMAL    RECORD    YEAR
 MAXIMUM TEMPERATURE (F)   55        78      1985
 MINIMUM TEMPERATURE (F)   34        15      1955


SUNRISE AND SUNSET
NOVEMBER 28 2014......SUNRISE   708 AM EST   SUNSET   502 PM EST
NOVEMBER 29 2014......SUNRISE   709 AM EST   SUNSET   502 PM EST


-  INDICATES NEGATIVE NUMBERS.
R  INDICATES RECORD WAS SET OR TIED.
MM INDICATES DATA IS MISSING.
T  INDICATES TRACE AMOUNT.




$$
