000
CDUS41 KRNK 262108
CLIDAN


CLIMATE REPORT
NATIONAL WEATHER SERVICE BLACKSBURG VA
506 PM EDT SUN MAR 26 2017


...................................

...THE DANVILLE VA CLIMATE SUMMARY FOR MARCH 26 2017...
VALID TODAY AS OF 0500 PM LOCAL TIME.

CLIMATE NORMAL PERIOD 1981 TO 2010
CLIMATE RECORD PERIOD 1948 TO 2017


WEATHER ITEM   OBSERVED TIME   RECORD YEAR NORMAL DEPARTURE LAST
                VALUE   (LST)  VALUE       VALUE  FROM      YEAR
                                                  NORMAL
..................................................................
TEMPERATURE (F)
 TODAY
  MAXIMUM         77    226 PM  80    2003  63     14       62
  MINIMUM         49    636 AM  25    1983  41      8       48
  AVERAGE         63                        52     11       55

PRECIPITATION (IN)
  TODAY            0.00          1.00 1965   0.17  -0.17     0.04
  MONTH TO DATE    1.39                      3.29  -1.90     1.06
  SINCE MAR 1      1.39                      3.29  -1.90     1.06
  SINCE JAN 1      6.16                      9.72  -3.56     7.91

SNOWFALL (IN)
  TODAY            0.0                                       0.0
  MONTH TO DATE    T                                         0.0
  SINCE MAR 1      T                                         0.0
  SINCE JUL 1      8.8                                      11.1
  SNOW DEPTH       0

DEGREE DAYS
 HEATING
  TODAY            2                        13    -11       10
  MONTH TO DATE  465                       448     17      255
  SINCE MAR 1    465                       448     17      255
  SINCE JUL 1   2921                      3449   -528     2717

 COOLING
  TODAY            0                         0      0        0
  MONTH TO DATE    1                         0      1       21
  SINCE MAR 1      1                         0      1       21
  SINCE JAN 1      6                         0      6       21
..................................................................


WIND (MPH)
  HIGHEST WIND SPEED    15   HIGHEST WIND DIRECTION    SE (150)
  HIGHEST GUST SPEED    24   HIGHEST GUST DIRECTION    SE (140)
  AVERAGE WIND SPEED     5.3


SKY COVER
  AVERAGE SKY COVER 0.4


WEATHER CONDITIONS
 THE FOLLOWING WEATHER WAS RECORDED TODAY.
  NO SIGNIFICANT WEATHER WAS OBSERVED.


RELATIVE HUMIDITY (PERCENT)
 HIGHEST   100           500 AM
 LOWEST     47           100 PM
 AVERAGE    74

..........................................................


THE DANVILLE VA CLIMATE NORMALS FOR TOMORROW
                         NORMAL    RECORD    YEAR
 MAXIMUM TEMPERATURE (F)   63        86      1950
 MINIMUM TEMPERATURE (F)   41        19      1955


SUNRISE AND SUNSET
MARCH 26 2017.........SUNRISE   712 AM EDT   SUNSET   735 PM EDT
MARCH 27 2017.........SUNRISE   710 AM EDT   SUNSET   735 PM EDT


-  INDICATES NEGATIVE NUMBERS.
R  INDICATES RECORD WAS SET OR TIED.
MM INDICATES DATA IS MISSING.
T  INDICATES TRACE AMOUNT.


$$

PW
