000
CDUS41 KRNK 202116
CLIDAN


CLIMATE REPORT
NATIONAL WEATHER SERVICE BLACKSBURG VA
514 PM EDT WED AUG 20 2014


...................................

...THE DANVILLE VA CLIMATE SUMMARY FOR AUGUST 20 2014...
VALID TODAY AS OF 0500 PM LOCAL TIME.

CLIMATE NORMAL PERIOD 1981 TO 2010
CLIMATE RECORD PERIOD 1948 TO 2014


WEATHER ITEM   OBSERVED TIME   RECORD YEAR NORMAL DEPARTURE LAST
                VALUE   (LST)  VALUE       VALUE  FROM      YEAR
                                                  NORMAL
..................................................................
TEMPERATURE (F)
 TODAY
  MAXIMUM         88    311 PM  99    2007  86      2       83
  MINIMUM         69    446 AM  56    1998  68      1       65
  AVERAGE         79                        77      2

PRECIPITATION (IN)
  TODAY            0.00          2.87 1956   0.12  -0.12     0.00
  MONTH TO DATE    5.87                      2.44   3.43     3.38
  SINCE JUN 1     10.83                     10.88  -0.05    20.82
  SINCE JAN 1     29.39                     28.76   0.63    41.03

SNOWFALL (IN)
  TODAY            0.0
  MONTH TO DATE    0.0
  SINCE JUN 1      0.0
  SINCE JUL 1      0.0
  SNOW DEPTH       0

DEGREE DAYS
 HEATING
  TODAY            0                         0      0
  MONTH TO DATE    0                         0      0
  SINCE JUN 1      0                         3     -3
  SINCE JUL 1      0                         0      0

 COOLING
  TODAY           14                        12      2
  MONTH TO DATE  179                       254    -75
  SINCE JUN 1    907                       963    -56
  SINCE JAN 1   1068                      1107    -39
..................................................................


WIND (MPH)
  HIGHEST WIND SPEED     9   HIGHEST WIND DIRECTION    SW (220)
  HIGHEST GUST SPEED    14   HIGHEST GUST DIRECTION     S (190)
  AVERAGE WIND SPEED     2.4


SKY COVER
  POSSIBLE SUNSHINE  MM
  AVERAGE SKY COVER 0.6


WEATHER CONDITIONS
 THE FOLLOWING WEATHER WAS RECORDED TODAY.
  FOG


RELATIVE HUMIDITY (PERCENT)
 HIGHEST    97          1200 AM
 LOWEST     59           300 PM
 AVERAGE    78

..........................................................


THE DANVILLE VA CLIMATE NORMALS FOR TOMORROW
                         NORMAL    RECORD    YEAR
 MAXIMUM TEMPERATURE (F)   86       104      1983
 MINIMUM TEMPERATURE (F)   68        53      1981


SUNRISE AND SUNSET
AUGUST 20 2014........SUNRISE   639 AM EDT   SUNSET   802 PM EDT
AUGUST 21 2014........SUNRISE   640 AM EDT   SUNSET   801 PM EDT


-  INDICATES NEGATIVE NUMBERS.
R  INDICATES RECORD WAS SET OR TIED.
MM INDICATES DATA IS MISSING.
T  INDICATES TRACE AMOUNT.



$$
