768
CDUS41 KRNK 230715
CLIDAN


CLIMATE REPORT
NATIONAL WEATHER SERVICE BLACKSBURG VA
307 AM EDT MON OCT 23 2017


...................................

...THE DANVILLE VA CLIMATE SUMMARY FOR OCTOBER 22 2017...

CLIMATE NORMAL PERIOD 1981 TO 2010
CLIMATE RECORD PERIOD 1948 TO 2017


WEATHER ITEM   OBSERVED TIME   RECORD YEAR NORMAL DEPARTURE LAST
                VALUE   (LST)  VALUE       VALUE  FROM      YEAR
                                                  NORMAL
..................................................................
TEMPERATURE (F)
 YESTERDAY
  MAXIMUM         79    228 PM  85    1984  68     11       60
  MINIMUM         47    709 AM  25    1974  47      0       38
  AVERAGE         63                        58      5       49

PRECIPITATION (IN)
  YESTERDAY        0.00          0.95 1985   0.10  -0.10     0.00
  MONTH TO DATE    1.43                      2.54  -1.11     5.01
  SINCE SEP 1      4.03                      6.50  -2.47     7.92
  SINCE JAN 1     38.13                     36.79   1.34    44.18

SNOWFALL (IN)
  YESTERDAY        0.0                                       0.0
  MONTH TO DATE    0.0                                       0.0
  SINCE SEP 1      0.0                                       0.0
  SINCE JUL 1      0.0                                       0.0
  SNOW DEPTH       0

DEGREE DAYS
 HEATING
  YESTERDAY        2                         8     -6       16
  MONTH TO DATE   73                       120    -47       70
  SINCE SEP 1    105                       148    -43       70
  SINCE JUL 1    105                       148    -43       70

 COOLING
  YESTERDAY        0                         1     -1        0
  MONTH TO DATE   64                        29     35       34
  SINCE SEP 1    227                       205     22      338
  SINCE JAN 1   1401                      1432    -31     1643
..................................................................


WIND (MPH)
  HIGHEST WIND SPEED     8   HIGHEST WIND DIRECTION     E (100)
  HIGHEST GUST SPEED    12   HIGHEST GUST DIRECTION    SE (150)
  AVERAGE WIND SPEED     1.6


SKY COVER
  AVERAGE SKY COVER 0.0


WEATHER CONDITIONS
 THE FOLLOWING WEATHER WAS RECORDED YESTERDAY.
  FOG


RELATIVE HUMIDITY (PERCENT)
 HIGHEST   100          1200 AM
 LOWEST     35           200 PM
 AVERAGE    68

..........................................................


THE DANVILLE VA CLIMATE NORMALS FOR TODAY
                         NORMAL    RECORD    YEAR
 MAXIMUM TEMPERATURE (F)   68        84      1979
 MINIMUM TEMPERATURE (F)   46        25      1974


SUNRISE AND SUNSET
OCTOBER 23 2017.......SUNRISE   732 AM EDT   SUNSET   630 PM EDT
OCTOBER 24 2017.......SUNRISE   733 AM EDT   SUNSET   629 PM EDT


-  INDICATES NEGATIVE NUMBERS.
R  INDICATES RECORD WAS SET OR TIED.
MM INDICATES DATA IS MISSING.
T  INDICATES TRACE AMOUNT.

REMARKS:
DUE TO MISSING RAINFALL ON AUGUST 21-24...ALL PRECIPITATION DATA
WILL BE CALUCLATED WITHOUT DATA FROM THESE DATES.


$$
