000
CDUS41 KRNK 270649
CLIDAN


CLIMATE REPORT
NATIONAL WEATHER SERVICE BLACKSBURG VA
247 AM EDT WED MAY 27 2015


...................................

...THE DANVILLE VA CLIMATE SUMMARY FOR MAY 26 2015...

CLIMATE NORMAL PERIOD 1981 TO 2010
CLIMATE RECORD PERIOD 1948 TO 2015


WEATHER ITEM   OBSERVED TIME   RECORD YEAR NORMAL DEPARTURE LAST
                VALUE   (LST)  VALUE       VALUE  FROM      YEAR
                                                  NORMAL
..................................................................
TEMPERATURE (F)
 YESTERDAY
  MAXIMUM         87    431 PM  96    1953  79      8       87
  MINIMUM         62    526 AM  44    2013  59      3       56
                                      1963
  AVERAGE         75                        69      6       72

PRECIPITATION (IN)
  YESTERDAY        0.00          1.20 2001   0.14  -0.14     0.00
  MONTH TO DATE    1.09                      3.18  -2.09     3.80
  SINCE MAR 1      6.06                     10.75  -4.69    12.76
  SINCE JAN 1      9.85                     17.18  -7.33    17.88

SNOWFALL (IN)
  YESTERDAY        0.0                                       0.0
  MONTH TO DATE    0.0                                       0.0
  SINCE MAR 1      T                                         5.5
  SINCE JUL 1      9.8                                      13.4
  SNOW DEPTH       0

DEGREE DAYS
 HEATING
  YESTERDAY        0                         1     -1        0
  MONTH TO DATE   24                        64    -40       35
  SINCE MAR 1    680                       806   -126      889
  SINCE JUL 1   3774                      3807    -33     3894

 COOLING
  YESTERDAY       10                         5      5        7
  MONTH TO DATE  134                        82     52      108
  SINCE MAR 1    168                       116     52      123
  SINCE JAN 1    168                       116     52      123
..................................................................


WIND (MPH)
  HIGHEST WIND SPEED    13   HIGHEST WIND DIRECTION    SW (220)
  HIGHEST GUST SPEED    23   HIGHEST GUST DIRECTION    SW (240)
  AVERAGE WIND SPEED     5.2


SKY COVER
  AVERAGE SKY COVER 0.3


WEATHER CONDITIONS
 THE FOLLOWING WEATHER WAS RECORDED YESTERDAY.
  NO SIGNIFICANT WEATHER WAS OBSERVED.


RELATIVE HUMIDITY (PERCENT)
 HIGHEST    93           500 AM
 LOWEST     48           500 PM
 AVERAGE    71

..........................................................


THE DANVILLE VA CLIMATE NORMALS FOR TODAY
                         NORMAL    RECORD    YEAR
 MAXIMUM TEMPERATURE (F)   80        98      1965
 MINIMUM TEMPERATURE (F)   59        31      1961


SUNRISE AND SUNSET
MAY 27 2015...........SUNRISE   603 AM EDT   SUNSET   827 PM EDT
MAY 28 2015...........SUNRISE   602 AM EDT   SUNSET   827 PM EDT


-  INDICATES NEGATIVE NUMBERS.
R  INDICATES RECORD WAS SET OR TIED.
MM INDICATES DATA IS MISSING.
T  INDICATES TRACE AMOUNT.

REMARKS:
DUE TO EQUIPMENT FAILURE RESULTING IN MISSING TEMPERATURE DATA ON
FEBRUARY 15...THE SEASONAL TOTAL AND DEPARTURE FROM NORMAL FOR HDD
WILL BE CALCULATED WITHOUT DATA FROM THIS DATE. ALSO...DUE TO A
TIPPING BUCKET FAILURE RESULTING IN MISSING PRECIPITATION DATA ON
MARCH 14 AND 19-20...THE SEASONAL AND ANNUAL TOTALS AND DEPARTURES
FROM NORMAL FOR PRECIPITATION WILL BE CALCULATED WITHOUT DATA FROM
THESE DATES.


$$
