000
CDUS41 KRNK 190532
CLIDAN


CLIMATE REPORT
NATIONAL WEATHER SERVICE BLACKSBURG VA
130 AM EDT SAT AUG 19 2017


...................................

...THE DANVILLE VA CLIMATE SUMMARY FOR AUGUST 18 2017...

CLIMATE NORMAL PERIOD 1981 TO 2010
CLIMATE RECORD PERIOD 1948 TO 2017


WEATHER ITEM   OBSERVED TIME   RECORD YEAR NORMAL DEPARTURE LAST
                VALUE   (LST)  VALUE       VALUE  FROM      YEAR
                                                  NORMAL
..................................................................
TEMPERATURE (F)
 YESTERDAY
  MAXIMUM         92    453 PM 101    1988  86      6       88
  MINIMUM         74    251 AM  54    1981  68      6       71
  AVERAGE         83                        77      6       80

PRECIPITATION (IN)
  YESTERDAY        T             2.96 1985   0.13  -0.13     0.00
  MONTH TO DATE    3.28                      2.19   1.09     4.53
  SINCE JUN 1     12.31                     10.63   1.68    16.30
  SINCE JAN 1     33.31                     28.51   4.80    35.85

SNOWFALL (IN)
  YESTERDAY        0.0                                       0.0
  MONTH TO DATE    0.0                                       0.0
  SINCE JUN 1      0.0                                       0.0
  SINCE JUL 1      0.0                                       0.0
  SNOW DEPTH       0

DEGREE DAYS
 HEATING
  YESTERDAY        0                         0      0        0
  MONTH TO DATE    0                         0      0        0
  SINCE JUN 1      3                         3      0        0
  SINCE JUL 1      0                         0      0        0

 COOLING
  YESTERDAY       18                        12      6       15
  MONTH TO DATE  202                       230    -28      271
  SINCE JUN 1    860                       939    -79      999
  SINCE JAN 1   1056                      1083    -27     1138
..................................................................


WIND (MPH)
  HIGHEST WIND SPEED    16   HIGHEST WIND DIRECTION    NW (300)
  HIGHEST GUST SPEED    24   HIGHEST GUST DIRECTION     W (290)
  AVERAGE WIND SPEED     4.6


SKY COVER
  AVERAGE SKY COVER 0.5


WEATHER CONDITIONS
 THE FOLLOWING WEATHER WAS RECORDED YESTERDAY.
  THUNDERSTORM
  FOG


RELATIVE HUMIDITY (PERCENT)
 HIGHEST   100           100 AM
 LOWEST     52           400 PM
 AVERAGE    76

..........................................................


THE DANVILLE VA CLIMATE NORMALS FOR TODAY
                         NORMAL    RECORD    YEAR
 MAXIMUM TEMPERATURE (F)   86       102      1988
 MINIMUM TEMPERATURE (F)   68        52      1964


SUNRISE AND SUNSET
AUGUST 19 2017........SUNRISE   638 AM EDT   SUNSET   803 PM EDT
AUGUST 20 2017........SUNRISE   639 AM EDT   SUNSET   802 PM EDT


-  INDICATES NEGATIVE NUMBERS.
R  INDICATES RECORD WAS SET OR TIED.
MM INDICATES DATA IS MISSING.
T  INDICATES TRACE AMOUNT.




$$
