000
CDUS41 KRNK 290533
CLIDAN


CLIMATE REPORT
NATIONAL WEATHER SERVICE BLACKSBURG VA
130 AM EDT THU JUN 29 2017


...................................

...THE DANVILLE VA CLIMATE SUMMARY FOR JUNE 28 2017...

CLIMATE NORMAL PERIOD 1981 TO 2010
CLIMATE RECORD PERIOD 1948 TO 2017


WEATHER ITEM   OBSERVED TIME   RECORD YEAR NORMAL DEPARTURE LAST
                VALUE   (LST)  VALUE       VALUE  FROM      YEAR
                                                  NORMAL
..................................................................
TEMPERATURE (F)
 YESTERDAY
  MAXIMUM         81    324 PM 102    1959  88     -7       81
  MINIMUM         51    517 AM  48    1987  68    -17       69
  AVERAGE         66                        78    -12       75

PRECIPITATION (IN)
  YESTERDAY        0.00          0.98 2011   0.12  -0.12      T
  MONTH TO DATE    4.37                      3.62   0.75     7.38
  SINCE JUN 1      4.37                      3.62   0.75     7.38
  SINCE JAN 1     25.37                     21.50   3.87    26.93

SNOWFALL (IN)
  YESTERDAY        0.0                                       0.0
  MONTH TO DATE    0.0                                       0.0
  SINCE JUN 1      0.0                                       0.0
  SINCE JUL 1      8.8                                      11.1
  SNOW DEPTH       0

DEGREE DAYS
 HEATING
  YESTERDAY        0                         0      0        0
  MONTH TO DATE    3                         0      3        0
  SINCE JUN 1      3                         0      3        0
  SINCE JUL 1   3145                      3811   -666     3061

 COOLING
  YESTERDAY        1                        13    -12       10
  MONTH TO DATE  225                       271    -46      257
  SINCE JUN 1    225                       271    -46      257
  SINCE JAN 1    421                       415      6      396
..................................................................


WIND (MPH)
  HIGHEST WIND SPEED     7   HIGHEST WIND DIRECTION     W (280)
  HIGHEST GUST SPEED    13   HIGHEST GUST DIRECTION     E (90)
  AVERAGE WIND SPEED     1.6


SKY COVER
  AVERAGE SKY COVER 0.0


WEATHER CONDITIONS
 THE FOLLOWING WEATHER WAS RECORDED YESTERDAY.
  NO SIGNIFICANT WEATHER WAS OBSERVED.


RELATIVE HUMIDITY (PERCENT)
 HIGHEST   100          1200 AM
 LOWEST     42           400 PM
 AVERAGE    71

..........................................................


THE DANVILLE VA CLIMATE NORMALS FOR TODAY
                         NORMAL    RECORD    YEAR
 MAXIMUM TEMPERATURE (F)   88       104      2012
 MINIMUM TEMPERATURE (F)   68        54      1968


SUNRISE AND SUNSET
JUNE 29 2017..........SUNRISE   602 AM EDT   SUNSET   840 PM EDT
JUNE 30 2017..........SUNRISE   602 AM EDT   SUNSET   840 PM EDT


-  INDICATES NEGATIVE NUMBERS.
R  INDICATES RECORD WAS SET OR TIED.
MM INDICATES DATA IS MISSING.
T  INDICATES TRACE AMOUNT.




$$
