000
CDUS41 KILN 250607
CLIDAY


CLIMATE REPORT
NATIONAL WEATHER SERVICE WILMINGTON OH
207 AM EDT THU AUG 25 2016


...................................

...THE DAYTON OH CLIMATE SUMMARY FOR AUGUST 24 2016...

CLIMATE NORMAL PERIOD 1981 TO 2010
CLIMATE RECORD PERIOD 1869 TO 2016


WEATHER ITEM   OBSERVED TIME   RECORD YEAR NORMAL DEPARTURE LAST
                VALUE   (LST)  VALUE       VALUE  FROM      YEAR
                                                  NORMAL
..................................................................
TEMPERATURE (F)
 YESTERDAY
  MAXIMUM         84    300 PM  99    1903  82      2       75
  MINIMUM         66    619 AM  44    1902  62      4       55
  AVERAGE         75                        72      3       65

PRECIPITATION (IN)
  YESTERDAY        0.06          1.53 1982   0.09  -0.03     0.00
  MONTH TO DATE    2.95                      2.28   0.67     1.75
  SINCE JUN 1      9.52                     10.56  -1.04    14.23
  SINCE JAN 1     25.74                     27.60  -1.86    29.55

SNOWFALL (IN)
  YESTERDAY        0.0           0.0    MM   0.0    0.0      0.0
  MONTH TO DATE    0.0                       0.0    0.0      0.0
  SINCE JUN 1      0.0                       0.0    0.0      0.0
  SINCE JUL 1      0.0                       0.0    0.0      0.0
  SNOW DEPTH       0

DEGREE DAYS
 HEATING
  YESTERDAY        0                         0      0        0
  MONTH TO DATE    0                         0      0        0
  SINCE JUN 1      7                        22    -15       20
  SINCE JUL 1      3                         0      3        0

 COOLING
  YESTERDAY       10                         7      3        0
  MONTH TO DATE  276                       196     80      157
  SINCE JUN 1    853                       665    188      690
  SINCE JAN 1    932                       735    197      865
..................................................................


WIND (MPH)
  RESULTANT WIND SPEED   9   RESULTANT WIND DIRECTION   S (180)
  HIGHEST WIND SPEED    16   HIGHEST WIND DIRECTION    NW (320)
  HIGHEST GUST SPEED    22   HIGHEST GUST DIRECTION     S (180)
  AVERAGE WIND SPEED     9.2



WEATHER CONDITIONS
 THE FOLLOWING WEATHER WAS RECORDED YESTERDAY.
  THUNDERSTORM
  RAIN
  LIGHT RAIN
  FOG


RELATIVE HUMIDITY (PERCENT)
 HIGHEST    88           900 PM
 LOWEST     64           900 AM
 AVERAGE    76

..........................................................


THE DAYTON OH CLIMATE NORMALS FOR TODAY
                         NORMAL    RECORD    YEAR
 MAXIMUM TEMPERATURE (F)   82        99      1903
 MINIMUM TEMPERATURE (F)   62        49      1984
                                             1942
                                             1927


SUNRISE AND SUNSET
AUGUST 25 2016........SUNRISE   659 AM EDT   SUNSET   818 PM EDT
AUGUST 26 2016........SUNRISE   659 AM EDT   SUNSET   817 PM EDT


-  INDICATES NEGATIVE NUMBERS.
R  INDICATES RECORD WAS SET OR TIED.
MM INDICATES DATA IS MISSING.
T  INDICATES TRACE AMOUNT.




$$
