288
CDUS41 KILN 160527
CLIDAY


CLIMATE REPORT
NATIONAL WEATHER SERVICE WILMINGTON OH
1227 AM EST MON JAN 16 2017


...................................

...THE DAYTON OH CLIMATE SUMMARY FOR JANUARY 15 2017...

CLIMATE NORMAL PERIOD 1981 TO 2010
CLIMATE RECORD PERIOD 1869 TO 2017


WEATHER ITEM   OBSERVED TIME   RECORD YEAR NORMAL DEPARTURE LAST
                VALUE   (LST)  VALUE       VALUE  FROM      YEAR
                                                  NORMAL
..................................................................
TEMPERATURE (F)
 YESTERDAY
  MAXIMUM         33    504 PM  65    1932  34     -1       47
  MINIMUM         25    526 AM -12    1972  20      5       32
  AVERAGE         29                        27      2       40

PRECIPITATION (IN)
  YESTERDAY        0.00          1.23 1950   0.09  -0.09     0.20
  MONTH TO DATE    2.03                      1.41   0.62     1.32
  SINCE DEC 1      5.02                      4.53   0.49     5.71
  SINCE JAN 1      2.03                      1.41   0.62     1.32

SNOWFALL (IN)
  YESTERDAY        0.0           6.2  1929   0.2   -0.2      0.0
  MONTH TO DATE    1.2                       3.7   -2.5      2.8
  SINCE DEC 1      5.3                       8.2   -2.9      3.0
  SINCE JUL 1      5.3                       9.2   -3.9      3.0
  SNOW DEPTH       0

DEGREE DAYS
 HEATING
  YESTERDAY       36                        38     -2       25
  MONTH TO DATE  535                       564    -29      536
  SINCE DEC 1   1603                      1612     -9     1189
  SINCE JUL 1   2376                      2723   -347     2025

 COOLING
  YESTERDAY        0                         0      0        0
  MONTH TO DATE    0                         0      0        0
  SINCE DEC 1      0                         0      0        0
  SINCE JAN 1      0                         0      0        0
..................................................................


WIND (MPH)
  RESULTANT WIND SPEED   3   RESULTANT WIND DIRECTION  NE (60)
  HIGHEST WIND SPEED     9   HIGHEST WIND DIRECTION     N (350)
  HIGHEST GUST SPEED    11   HIGHEST GUST DIRECTION     N (360)
  AVERAGE WIND SPEED     4.1



WEATHER CONDITIONS
 THE FOLLOWING WEATHER WAS RECORDED YESTERDAY.
  FOG
  HAZE


RELATIVE HUMIDITY (PERCENT)
 HIGHEST   100           400 AM
 LOWEST     78           200 PM
 AVERAGE    89

..........................................................


THE DAYTON OH CLIMATE NORMALS FOR TODAY
                         NORMAL    RECORD    YEAR
 MAXIMUM TEMPERATURE (F)   34        59      1990
                                             1928
 MINIMUM TEMPERATURE (F)   20       -17      1977


SUNRISE AND SUNSET
JANUARY 16 2017.......SUNRISE   756 AM EST   SUNSET   538 PM EST
JANUARY 17 2017.......SUNRISE   755 AM EST   SUNSET   539 PM EST


-  INDICATES NEGATIVE NUMBERS.
R  INDICATES RECORD WAS SET OR TIED.
MM INDICATES DATA IS MISSING.
T  INDICATES TRACE AMOUNT.




$$
