576
CDUS41 KILN 250534
CLIDAY


CLIMATE REPORT
NATIONAL WEATHER SERVICE WILMINGTON OH
1234 AM EST SAT FEB 25 2017


...................................

...THE DAYTON OH CLIMATE SUMMARY FOR FEBRUARY 24 2017...

CLIMATE NORMAL PERIOD 1981 TO 2010
CLIMATE RECORD PERIOD 1869 TO 2017


WEATHER ITEM   OBSERVED TIME   RECORD YEAR NORMAL DEPARTURE LAST
                VALUE   (LST)  VALUE       VALUE  FROM      YEAR
                                                  NORMAL
..................................................................
TEMPERATURE (F)
 YESTERDAY
  MAXIMUM         76R   241 PM  67    1961  42     34       50
                                      1930
  MINIMUM         50   1158 PM  -3    1914  25     25       32
  AVERAGE         63                        33     30       41

PRECIPITATION (IN)
  YESTERDAY        0.33          1.63 2016   0.08   0.25     1.63
  MONTH TO DATE    1.34                      1.91  -0.57     3.09
  SINCE DEC 1      7.75                      7.74   0.01     8.98
  SINCE JAN 1      4.76                      4.62   0.14     4.59

SNOWFALL (IN)
  YESTERDAY        0.0           3.0  1974   0.2   -0.2      0.5
  MONTH TO DATE    1.2                       5.1   -3.9      4.6
  SINCE DEC 1      7.2                      17.5  -10.3      9.6
  SINCE JUL 1      7.2                      18.5  -11.3      9.6
  SNOW DEPTH       0

DEGREE DAYS
 HEATING
  YESTERDAY        2                        32    -30       24
  MONTH TO DATE  552                       829   -277      784
  SINCE DEC 1   2563                      3041   -478     2579
  SINCE JUL 1   3336                      4152   -816     3415

 COOLING
  YESTERDAY        0                         0      0        0
  MONTH TO DATE    0                         0      0        0
  SINCE DEC 1      0                         0      0        0
  SINCE JAN 1      0                         0      0        0
..................................................................


WIND (MPH)
  RESULTANT WIND SPEED  15   RESULTANT WIND DIRECTION   S (190)
  HIGHEST WIND SPEED    35   HIGHEST WIND DIRECTION     W (270)
  HIGHEST GUST SPEED    44   HIGHEST GUST DIRECTION     W (270)
  AVERAGE WIND SPEED    15.9



WEATHER CONDITIONS
 THE FOLLOWING WEATHER WAS RECORDED YESTERDAY.
  THUNDERSTORM
  HEAVY RAIN
  RAIN
  LIGHT RAIN
  FOG


RELATIVE HUMIDITY (PERCENT)
 HIGHEST    93          1200 AM
 LOWEST     44           400 PM
 AVERAGE    69

..........................................................


THE DAYTON OH CLIMATE NORMALS FOR TODAY
                         NORMAL    RECORD    YEAR
 MAXIMUM TEMPERATURE (F)   42        73      2000
 MINIMUM TEMPERATURE (F)   25        -9      1900


SUNRISE AND SUNSET
FEBRUARY 25 2017......SUNRISE   715 AM EST   SUNSET   625 PM EST
FEBRUARY 26 2017......SUNRISE   714 AM EST   SUNSET   626 PM EST


-  INDICATES NEGATIVE NUMBERS.
R  INDICATES RECORD WAS SET OR TIED.
MM INDICATES DATA IS MISSING.
T  INDICATES TRACE AMOUNT.




$$
