000
CDUS41 KILN 270549
CLIDAY


CLIMATE REPORT
NATIONAL WEATHER SERVICE WILMINGTON OH
149 AM EDT FRI MAY 27 2016


...................................

...THE DAYTON OH CLIMATE SUMMARY FOR MAY 26 2016...

CLIMATE NORMAL PERIOD 1981 TO 2010
CLIMATE RECORD PERIOD 1869 TO 2016


WEATHER ITEM   OBSERVED TIME   RECORD YEAR NORMAL DEPARTURE LAST
                VALUE   (LST)  VALUE       VALUE  FROM      YEAR
                                                  NORMAL
..................................................................
TEMPERATURE (F)
 YESTERDAY
  MAXIMUM         80    347 PM  95    1911  74      6       86
  MINIMUM         65   1158 PM  37    1983  55     10       68
                                      1897
  AVERAGE         73                        64      9       77

PRECIPITATION (IN)
  YESTERDAY        T             1.78 1989   0.15  -0.15     0.29
  MONTH TO DATE    2.75                      3.90  -1.15     1.59
  SINCE MAR 1     11.20                     11.33  -0.13    10.76
  SINCE JAN 1     16.02                     16.28  -0.26    15.12

SNOWFALL (IN)
  YESTERDAY        0.0           0.0    MM   0.0    0.0      0.0
  MONTH TO DATE    0.0                       0.0    0.0      0.0
  SINCE MAR 1      2.1                       4.0   -1.9      5.7
  SINCE JUL 1     12.7                      23.3  -10.6     27.7
  SNOW DEPTH       0

DEGREE DAYS
 HEATING
  YESTERDAY        0                         3     -3        0
  MONTH TO DATE  188                       154     34       67
  SINCE MAR 1   1136                      1330   -194     1198
  SINCE JUL 1   4677                      5605   -928     5761

 COOLING
  YESTERDAY        8                         3      5       12
  MONTH TO DATE   25                        44    -19      129
  SINCE MAR 1     29                        54    -25      133
  SINCE JAN 1     29                        54    -25      133
..................................................................


WIND (MPH)
  RESULTANT WIND SPEED  10   RESULTANT WIND DIRECTION   S (200)
  HIGHEST WIND SPEED    22   HIGHEST WIND DIRECTION     S (200)
  HIGHEST GUST SPEED    28   HIGHEST GUST DIRECTION    SW (220)
  AVERAGE WIND SPEED    10.4



WEATHER CONDITIONS
 THE FOLLOWING WEATHER WAS RECORDED YESTERDAY.
  LIGHT RAIN


RELATIVE HUMIDITY (PERCENT)
 HIGHEST    87           300 AM
 LOWEST     67           400 PM
 AVERAGE    77

..........................................................


THE DAYTON OH CLIMATE NORMALS FOR TODAY
                         NORMAL    RECORD    YEAR
 MAXIMUM TEMPERATURE (F)   75        95      1911
 MINIMUM TEMPERATURE (F)   55        33      1961


SUNRISE AND SUNSET
MAY 27 2016...........SUNRISE   613 AM EDT   SUNSET   856 PM EDT
MAY 28 2016...........SUNRISE   612 AM EDT   SUNSET   857 PM EDT


-  INDICATES NEGATIVE NUMBERS.
R  INDICATES RECORD WAS SET OR TIED.
MM INDICATES DATA IS MISSING.
T  INDICATES TRACE AMOUNT.




$$
