222
CDUS41 KILN 130534
CLIDAY


CLIMATE REPORT
NATIONAL WEATHER SERVICE WILMINGTON OH
1234 AM EST SAT FEB 13 2016


...................................

...THE DAYTON OH CLIMATE SUMMARY FOR FEBRUARY 12 2016...

CLIMATE NORMAL PERIOD 1981 TO 2010
CLIMATE RECORD PERIOD 1869 TO 2016


WEATHER ITEM   OBSERVED TIME   RECORD YEAR NORMAL DEPARTURE LAST
                VALUE   (LST)  VALUE       VALUE  FROM      YEAR
                                                  NORMAL
..................................................................
TEMPERATURE (F)
 YESTERDAY
  MAXIMUM         26    308 PM  68    1984  38    -12       32
  MINIMUM         11    403 AM -12    1899  22    -11       13
  AVERAGE         19                        30    -11       23

PRECIPITATION (IN)
  YESTERDAY        T             1.15 1894   0.08  -0.08     0.04
  MONTH TO DATE    1.36                      0.96   0.40     0.63
  SINCE DEC 1      7.25                      6.79   0.46     6.39
  SINCE JAN 1      2.86                      3.67  -0.81     3.60

SNOWFALL (IN)
  YESTERDAY        0.3           7.1  1979   0.2    0.1      0.8
  MONTH TO DATE    2.1                       2.6   -0.5      1.8
  SINCE DEC 1      7.1                      15.0   -7.9      9.6
  SINCE JUL 1      7.1                      16.0   -8.9     13.7
  SNOW DEPTH       1

DEGREE DAYS
 HEATING
  YESTERDAY       46                        35     11       42
  MONTH TO DATE  420                       430    -10      414
  SINCE DEC 1   2215                      2642   -427     2520
  SINCE JUL 1   3051                      3753   -702     3736

 COOLING
  YESTERDAY        0                         0      0        0
  MONTH TO DATE    0                         0      0        0
  SINCE DEC 1      0                         0      0        0
  SINCE JAN 1      0                         0      0        0
..................................................................


WIND (MPH)
  RESULTANT WIND SPEED   7   RESULTANT WIND DIRECTION   W (260)
  HIGHEST WIND SPEED    30   HIGHEST WIND DIRECTION     W (290)
  HIGHEST GUST SPEED    35   HIGHEST GUST DIRECTION     W (290)
  AVERAGE WIND SPEED    11.5



WEATHER CONDITIONS
 THE FOLLOWING WEATHER WAS RECORDED YESTERDAY.
  HEAVY SNOW
  SNOW
  LIGHT SNOW
  FOG


RELATIVE HUMIDITY (PERCENT)
 HIGHEST    80           500 AM
 LOWEST     55           100 PM
 AVERAGE    68

..........................................................


THE DAYTON OH CLIMATE NORMALS FOR TODAY
                         NORMAL    RECORD    YEAR
 MAXIMUM TEMPERATURE (F)   38        70      1938
 MINIMUM TEMPERATURE (F)   23       -28      1899


SUNRISE AND SUNSET
FEBRUARY 13 2016......SUNRISE   733 AM EST   SUNSET   610 PM EST
FEBRUARY 14 2016......SUNRISE   731 AM EST   SUNSET   611 PM EST


-  INDICATES NEGATIVE NUMBERS.
R  INDICATES RECORD WAS SET OR TIED.
MM INDICATES DATA IS MISSING.
T  INDICATES TRACE AMOUNT.




$$
