000
CDUS41 KILN 200553
CLIDAY


CLIMATE REPORT
NATIONAL WEATHER SERVICE WILMINGTON OH
147 AM EDT FRI OCT 20 2017


...................................

...THE DAYTON OH CLIMATE SUMMARY FOR OCTOBER 19 2017...

CLIMATE NORMAL PERIOD 1981 TO 2010
CLIMATE RECORD PERIOD 1869 TO 2017


WEATHER ITEM   OBSERVED TIME   RECORD YEAR NORMAL DEPARTURE LAST
                VALUE   (LST)  VALUE       VALUE  FROM      YEAR
                                                  NORMAL
..................................................................
TEMPERATURE (F)
 YESTERDAY
  MAXIMUM         74    307 PM  84    1953  63     11       79
                                      1910
  MINIMUM         49    720 AM  23    1992  43      6       56
  AVERAGE         62                        53      9       68

PRECIPITATION (IN)
  YESTERDAY        0.00          1.92 2011   0.09  -0.09     0.21
  MONTH TO DATE    2.52                      1.83   0.69     0.50
  SINCE SEP 1      4.68                      5.13  -0.45     3.78
  SINCE JAN 1     41.79                     33.44   8.35    30.31

SNOWFALL (IN)
  YESTERDAY        0.0           4.8  1989   0.1   -0.1      0.0
  MONTH TO DATE    0.0                       0.1   -0.1      0.0
  SINCE SEP 1      0.0                       0.1   -0.1      0.0
  SINCE JUL 1      0.0                       0.1   -0.1      0.0
  SNOW DEPTH       0

DEGREE DAYS
 HEATING
  YESTERDAY        3                        12     -9        0
  MONTH TO DATE   66                       185   -119       74
  SINCE SEP 1    139                       273   -134      104
  SINCE JUL 1    144                       275   -131      107

 COOLING
  YESTERDAY        0                         0      0        3
  MONTH TO DATE   28                        10     18       38
  SINCE SEP 1    150                       109     41      213
  SINCE JAN 1    899                       891      8     1241
..................................................................


WIND (MPH)
  RESULTANT WIND SPEED   9   RESULTANT WIND DIRECTION  SW (220)
  HIGHEST WIND SPEED    17   HIGHEST WIND DIRECTION    SW (220)
  HIGHEST GUST SPEED    22   HIGHEST GUST DIRECTION    SW (220)
  AVERAGE WIND SPEED     9.2



WEATHER CONDITIONS
 THE FOLLOWING WEATHER WAS RECORDED YESTERDAY.
  NO SIGNIFICANT WEATHER WAS OBSERVED.


RELATIVE HUMIDITY (PERCENT)
 HIGHEST    86           400 AM
 LOWEST     46           300 PM
 AVERAGE    66

..........................................................


THE DAYTON OH CLIMATE NORMALS FOR TODAY
                         NORMAL    RECORD    YEAR
 MAXIMUM TEMPERATURE (F)   62        84      1953
 MINIMUM TEMPERATURE (F)   43        24      1952


SUNRISE AND SUNSET
OCTOBER 20 2017.......SUNRISE   753 AM EDT   SUNSET   650 PM EDT
OCTOBER 21 2017.......SUNRISE   754 AM EDT   SUNSET   648 PM EDT


-  INDICATES NEGATIVE NUMBERS.
R  INDICATES RECORD WAS SET OR TIED.
MM INDICATES DATA IS MISSING.
T  INDICATES TRACE AMOUNT.




$$
