000
CDUS41 KILN 270608
CLIDAY


CLIMATE REPORT
NATIONAL WEATHER SERVICE WILMINGTON OH
208 AM EDT TUE JUN 27 2017


...................................

...THE DAYTON OH CLIMATE SUMMARY FOR JUNE 26 2017...

CLIMATE NORMAL PERIOD 1981 TO 2010
CLIMATE RECORD PERIOD 1869 TO 2017


WEATHER ITEM   OBSERVED TIME   RECORD YEAR NORMAL DEPARTURE LAST
                VALUE   (LST)  VALUE       VALUE  FROM      YEAR
                                                  NORMAL
..................................................................
TEMPERATURE (F)
 YESTERDAY
  MAXIMUM         74    226 PM  98    1954  83     -9       92
  MINIMUM         53   1136 PM  49    1902  64    -11       69
  AVERAGE         64                        73     -9       81

PRECIPITATION (IN)
  YESTERDAY        T             1.85 1994   0.14  -0.14     0.96
  MONTH TO DATE    6.27                      3.63   2.64     3.60
  SINCE JUN 1      6.27                      3.63   2.64     3.60
  SINCE JAN 1     28.12                     20.67   7.45    19.82

SNOWFALL (IN)
  YESTERDAY        0.0           0.0         0.0    0.0      0.0
  MONTH TO DATE    0.0                       0.0    0.0      0.0
  SINCE JUN 1      0.0                       0.0    0.0      0.0
  SINCE JUL 1      8.5                      23.3  -14.8     12.7
  SNOW DEPTH       0

DEGREE DAYS
 HEATING
  YESTERDAY        1                         0      1        0
  MONTH TO DATE   11                        22    -11        4
  SINCE JUN 1     11                        22    -11        4
  SINCE JUL 1   4566                      5642  -1076     4681

 COOLING
  YESTERDAY        0                         8     -8       16
  MONTH TO DATE  166                       155     11      215
  SINCE JUN 1    166                       155     11      215
  SINCE JAN 1    258                       225     33      294
..................................................................


WIND (MPH)
  RESULTANT WIND SPEED  10   RESULTANT WIND DIRECTION   W (280)
  HIGHEST WIND SPEED    22   HIGHEST WIND DIRECTION     W (250)
  HIGHEST GUST SPEED    26   HIGHEST GUST DIRECTION     W (250)
  AVERAGE WIND SPEED    10.5



WEATHER CONDITIONS
 THE FOLLOWING WEATHER WAS RECORDED YESTERDAY.
  LIGHT RAIN


RELATIVE HUMIDITY (PERCENT)
 HIGHEST    83           100 AM
 LOWEST     38           300 PM
 AVERAGE    61

..........................................................


THE DAYTON OH CLIMATE NORMALS FOR TODAY
                         NORMAL    RECORD    YEAR
 MAXIMUM TEMPERATURE (F)   83       102      1944
 MINIMUM TEMPERATURE (F)   64        48      1927
                                             1926


SUNRISE AND SUNSET
JUNE 27 2017..........SUNRISE   610 AM EDT   SUNSET   909 PM EDT
JUNE 28 2017..........SUNRISE   611 AM EDT   SUNSET   909 PM EDT


-  INDICATES NEGATIVE NUMBERS.
R  INDICATES RECORD WAS SET OR TIED.
MM INDICATES DATA IS MISSING.
T  INDICATES TRACE AMOUNT.




$$
