000
CDUS43 KDVN 260915
CLIDBQ


CLIMATE REPORT
NATIONAL WEATHER SERVICE QUAD CITIES IA IL
413 AM CDT SAT JUL 26 2014


...................................

...THE DUBUQUE IA CLIMATE SUMMARY FOR JULY 25 2014...

CLIMATE NORMAL PERIOD 1981 TO 2010
CLIMATE RECORD PERIOD 1873 TO 2014


WEATHER ITEM   OBSERVED TIME   RECORD YEAR NORMAL DEPARTURE LAST
                VALUE   (LST)  VALUE       VALUE  FROM      YEAR
                                                  NORMAL
..................................................................
TEMPERATURE (F)
 YESTERDAY
  MAXIMUM         72    238 PM 102    1940  82    -10       80
  MINIMUM         58    102 AM  50    2004  62     -4       55
  AVERAGE         65                        72     -7       68

PRECIPITATION (IN)
  YESTERDAY        0.27          0.86 1897   0.13   0.14     0.46
  MONTH TO DATE    2.08                      3.47  -1.39     2.42
  SINCE JUN 1     14.65                      7.87   6.78     6.05
  SINCE JAN 1     27.03                     20.74   6.29    27.63

SNOWFALL (IN)
  YESTERDAY        0.0          MM      MM   0.0    0.0      0.0
  MONTH TO DATE    0.0                       0.0    0.0      0.0
  SINCE JUN 1      0.0                       0.0    0.0      0.0
  SINCE JUL 1      0.0                       0.0    0.0      0.0
  SNOW DEPTH       0

DEGREE DAYS
 HEATING
  YESTERDAY        0                         0      0        0
  MONTH TO DATE   25                         0     25        2
  SINCE JUN 1     35                        40     -5       41
  SINCE JUL 1     25                         0     25        2

 COOLING
  YESTERDAY        0                         7     -7        3
  MONTH TO DATE   87                       176    -89      191
  SINCE JUN 1    241                       315    -74      300
  SINCE JAN 1    295                       352    -57      345
..................................................................


WIND (MPH)
  HIGHEST WIND SPEED    31   HIGHEST WIND DIRECTION     S (170)
  HIGHEST GUST SPEED    41   HIGHEST GUST DIRECTION     S (170)
  AVERAGE WIND SPEED    11.8


SKY COVER
  POSSIBLE SUNSHINE  MM
  AVERAGE SKY COVER 0.6


WEATHER CONDITIONS
 THE FOLLOWING WEATHER WAS RECORDED YESTERDAY.
  THUNDERSTORM
  RAIN
  LIGHT RAIN
  FOG


RELATIVE HUMIDITY (PERCENT)
 HIGHEST   100          1000 AM
 LOWEST     73           100 PM
 AVERAGE    87

..........................................................


THE DUBUQUE IA CLIMATE NORMALS FOR TODAY
                         NORMAL    RECORD    YEAR
 MAXIMUM TEMPERATURE (F)   82       107      1936
 MINIMUM TEMPERATURE (F)   62        48      1962


SUNRISE AND SUNSET
JULY 26 2014..........SUNRISE   549 AM CDT   SUNSET   829 PM CDT
JULY 27 2014..........SUNRISE   550 AM CDT   SUNSET   828 PM CDT


-  INDICATES NEGATIVE NUMBERS.
R  INDICATES RECORD WAS SET OR TIED.
MM INDICATES DATA IS MISSING.
T  INDICATES TRACE AMOUNT.




$$
