000
CDUS43 KDVN 251010
CLIDBQ


CLIMATE REPORT
NATIONAL WEATHER SERVICE QUAD CITIES IA IL
408 AM CST THU DEC 25 2014


...................................

...THE DUBUQUE IA CLIMATE SUMMARY FOR DECEMBER 24 2014...

CLIMATE NORMAL PERIOD 1981 TO 2010
CLIMATE RECORD PERIOD 1873 TO 2014


WEATHER ITEM   OBSERVED TIME   RECORD YEAR NORMAL DEPARTURE LAST
                VALUE   (LST)  VALUE       VALUE  FROM      YEAR
                                                  NORMAL
..................................................................
TEMPERATURE (F)
 YESTERDAY
  MAXIMUM         34    829 PM  67    1889  28      6       10
  MINIMUM         32   1159 PM -25    1983  13     19      -21
  AVERAGE         33                        20     13       -5

PRECIPITATION (IN)
  YESTERDAY        0.00          1.34 1965   0.05  -0.05     0.05
  MONTH TO DATE    0.88                      1.52  -0.64     1.01
  SINCE DEC 1      0.88                      1.52  -0.64     1.01
  SINCE JAN 1     37.40                     35.97   1.43    37.82

SNOWFALL (IN)
  YESTERDAY        0.0          MM      MM   0.4   -0.4      1.0
  MONTH TO DATE    T                         9.2   -9.2     13.7
  SINCE DEC 1      T                         9.2   -9.2     13.7
  SINCE JUL 1      3.5                      12.0   -8.5     17.6
  SNOW DEPTH       0

DEGREE DAYS
 HEATING
  YESTERDAY       32                        45    -13       70
  MONTH TO DATE  849                       994   -145     1166
  SINCE DEC 1    849                       994   -145     1166
  SINCE JUL 1   2631                      2494    137     2765

 COOLING
  YESTERDAY        0                         0      0        0
  MONTH TO DATE    0                         0      0        0
  SINCE DEC 1      0                         0      0        0
  SINCE JAN 1    526                       643   -117      640
..................................................................


WIND (MPH)
  HIGHEST WIND SPEED    18   HIGHEST WIND DIRECTION    NW (310)
  HIGHEST GUST SPEED    23   HIGHEST GUST DIRECTION    NW (310)
  AVERAGE WIND SPEED    10.9


SKY COVER
  POSSIBLE SUNSHINE  MM
  AVERAGE SKY COVER 1.0


WEATHER CONDITIONS
 THE FOLLOWING WEATHER WAS RECORDED YESTERDAY.
  FOG
  FOG W/VISIBILITY <= 1/4 MILE
  HAZE


RELATIVE HUMIDITY (PERCENT)
 HIGHEST   100          1200 AM
 LOWEST     82          1100 PM
 AVERAGE    91

..........................................................


THE DUBUQUE IA CLIMATE NORMALS FOR TODAY
                         NORMAL    RECORD    YEAR
 MAXIMUM TEMPERATURE (F)   28        58      1936
 MINIMUM TEMPERATURE (F)   13       -19      1879


SUNRISE AND SUNSET
DECEMBER 25 2014......SUNRISE   731 AM CST   SUNSET   435 PM CST
DECEMBER 26 2014......SUNRISE   731 AM CST   SUNSET   436 PM CST


-  INDICATES NEGATIVE NUMBERS.
R  INDICATES RECORD WAS SET OR TIED.
MM INDICATES DATA IS MISSING.
T  INDICATES TRACE AMOUNT.




$$
