000
CDUS43 KDVN 230906
CLIDBQ


CLIMATE REPORT
NATIONAL WEATHER SERVICE QUAD CITIES IA IL
405 AM CDT WED AUG 23 2017


...................................

...THE DUBUQUE IA CLIMATE SUMMARY FOR AUGUST 22 2017...

CLIMATE NORMAL PERIOD 1981 TO 2010
CLIMATE RECORD PERIOD 1873 TO 2017


WEATHER ITEM   OBSERVED TIME   RECORD YEAR NORMAL DEPARTURE LAST
                VALUE   (LST)  VALUE       VALUE  FROM      YEAR
                                                  NORMAL
..................................................................
TEMPERATURE (F)
 YESTERDAY
  MAXIMUM         74    212 PM 100    1936  79     -5       77
  MINIMUM         55   1159 PM  41    1875  60     -5       52
  AVERAGE         65                        70     -5       65

PRECIPITATION (IN)
  YESTERDAY        0.00          2.97 2002   0.14  -0.14     0.00
  MONTH TO DATE    1.60                      3.19  -1.59     3.03
  SINCE JUN 1     12.08                     11.90   0.18    17.49
  SINCE JAN 1     25.79                     24.77   1.02    28.44

SNOWFALL (IN)
  YESTERDAY        0.0          MM      MM   0.0    0.0      0.0
  MONTH TO DATE    0.0                       0.0    0.0      0.0
  SINCE JUN 1      0.0                       0.0    0.0      0.0
  SINCE JUL 1      0.0                       0.0    0.0      0.0
  SNOW DEPTH       0

DEGREE DAYS
 HEATING
  YESTERDAY        0                         1     -1        0
  MONTH TO DATE    9                         7      2        2
  SINCE JUN 1     37                        55    -18       20
  SINCE JUL 1     11                        15     -4        7

 COOLING
  YESTERDAY        0                         5     -5        0
  MONTH TO DATE   61                       135    -74      169
  SINCE JUN 1    428                       498    -70      568
  SINCE JAN 1    452                       535    -83      619
..................................................................


WIND (MPH)
  HIGHEST WIND SPEED    22   HIGHEST WIND DIRECTION    NW (320)
  HIGHEST GUST SPEED    27   HIGHEST GUST DIRECTION    NW (320)
  AVERAGE WIND SPEED    11.3


SKY COVER
  POSSIBLE SUNSHINE  MM
  AVERAGE SKY COVER 0.3


WEATHER CONDITIONS
 THE FOLLOWING WEATHER WAS RECORDED YESTERDAY.
  HAZE


RELATIVE HUMIDITY (PERCENT)
 HIGHEST   100           500 AM
 LOWEST     46           300 PM
 AVERAGE    73

..........................................................


THE DUBUQUE IA CLIMATE NORMALS FOR TODAY
                         NORMAL    RECORD    YEAR
 MAXIMUM TEMPERATURE (F)   79        97      1948
                                             1947
 MINIMUM TEMPERATURE (F)   60        44      1875


SUNRISE AND SUNSET
AUGUST 23 2017........SUNRISE   619 AM CDT   SUNSET   751 PM CDT
AUGUST 24 2017........SUNRISE   620 AM CDT   SUNSET   750 PM CDT


-  INDICATES NEGATIVE NUMBERS.
R  INDICATES RECORD WAS SET OR TIED.
MM INDICATES DATA IS MISSING.
T  INDICATES TRACE AMOUNT.




$$
