000
CDUS43 KDVN 290920
CLIDBQ


CLIMATE REPORT
NATIONAL WEATHER SERVICE QUAD CITIES IA IL
420 AM CDT FRI APR 29 2016


...................................

...THE DUBUQUE IA CLIMATE SUMMARY FOR APRIL 28 2016...

CLIMATE NORMAL PERIOD 1981 TO 2010
CLIMATE RECORD PERIOD 1873 TO 2016


WEATHER ITEM   OBSERVED TIME   RECORD YEAR NORMAL DEPARTURE LAST
                VALUE   (LST)  VALUE       VALUE  FROM      YEAR
                                                  NORMAL
..................................................................
TEMPERATURE (F)
 YESTERDAY
  MAXIMUM         46    308 PM  87    1915  63    -17       68
  MINIMUM         40   1159 PM  30    2008  42     -2       35
  AVERAGE         43                        53    -10       52

PRECIPITATION (IN)
  YESTERDAY        0.11          2.60 1896   0.13  -0.02     0.00
  MONTH TO DATE    1.83                      3.38  -1.55     1.90
  SINCE MAR 1      4.85                      5.79  -0.94     2.70
  SINCE JAN 1      5.93                      8.40  -2.47     4.99

SNOWFALL (IN)
  YESTERDAY        0.0          MM      MM   0.1   -0.1      0.0
  MONTH TO DATE    0.5                       2.0   -1.5      0.0
  SINCE MAR 1      3.3                       8.3   -5.0      4.1
  SINCE JUL 1     34.8                      41.9   -7.1     33.7
  SNOW DEPTH       0

DEGREE DAYS
 HEATING
  YESTERDAY       22                        12     10       13
  MONTH TO DATE  476                       486    -10      421
  SINCE MAR 1   1221                      1404   -183     1333
  SINCE JUL 1   5698                      6797  -1099     7181

 COOLING
  YESTERDAY        0                         0      0        0
  MONTH TO DATE    3                         0      3        0
  SINCE MAR 1      3                         0      3        0
  SINCE JAN 1      3                         0      3        0
..................................................................


WIND (MPH)
  HIGHEST WIND SPEED    23   HIGHEST WIND DIRECTION    NE (60)
  HIGHEST GUST SPEED    30   HIGHEST GUST DIRECTION    NE (60)
  AVERAGE WIND SPEED    10.8


SKY COVER
  POSSIBLE SUNSHINE  MM
  AVERAGE SKY COVER 0.9


WEATHER CONDITIONS
 THE FOLLOWING WEATHER WAS RECORDED YESTERDAY.
  LIGHT RAIN
  FOG


RELATIVE HUMIDITY (PERCENT)
 HIGHEST   100           400 PM
 LOWEST     86          1100 AM
 AVERAGE    93

..........................................................


THE DUBUQUE IA CLIMATE NORMALS FOR TODAY
                         NORMAL    RECORD    YEAR
 MAXIMUM TEMPERATURE (F)   64        89      1952
 MINIMUM TEMPERATURE (F)   43        23      1958


SUNRISE AND SUNSET
APRIL 29 2016.........SUNRISE   600 AM CDT   SUNSET   801 PM CDT
APRIL 30 2016.........SUNRISE   559 AM CDT   SUNSET   802 PM CDT


-  INDICATES NEGATIVE NUMBERS.
R  INDICATES RECORD WAS SET OR TIED.
MM INDICATES DATA IS MISSING.
T  INDICATES TRACE AMOUNT.




$$
