000
CDUS43 KDVN 111017
CLIDBQ


CLIMATE REPORT
NATIONAL WEATHER SERVICE QUAD CITIES IA IL
415 AM CST MON DEC 11 2017


...................................

...THE DUBUQUE IA CLIMATE SUMMARY FOR DECEMBER 10 2017...

CLIMATE NORMAL PERIOD 1981 TO 2010
CLIMATE RECORD PERIOD 1873 TO 2017


WEATHER ITEM   OBSERVED TIME   RECORD YEAR NORMAL DEPARTURE LAST
                VALUE   (LST)  VALUE       VALUE  FROM      YEAR
                                                  NORMAL
..................................................................
TEMPERATURE (F)
 YESTERDAY
  MAXIMUM         32    134 PM  57    1911  32      0       21
  MINIMUM         16   1140 PM -18    1919  17     -1       12
  AVERAGE         24                        24      0       17

PRECIPITATION (IN)
  YESTERDAY        0.00          0.67 1970   0.06  -0.06     0.15
  MONTH TO DATE    0.16                      0.72  -0.56     0.64
  SINCE DEC 1      0.16                      0.72  -0.56     0.64
  SINCE JAN 1     35.45                     35.17   0.28    40.07

SNOWFALL (IN)
  YESTERDAY        0.0          MM      MM   0.4   -0.4      3.2
  MONTH TO DATE    0.1                       3.6   -3.5      8.8
  SINCE DEC 1      0.1                       3.6   -3.5      8.8
  SINCE JUL 1      0.1                       6.4   -6.3      8.8
  SNOW DEPTH       0

DEGREE DAYS
 HEATING
  YESTERDAY       41                        41      0       48
  MONTH TO DATE  340                       389    -49      393
  SINCE DEC 1    340                       389    -49      393
  SINCE JUL 1   1705                      1889   -184     1385

 COOLING
  YESTERDAY        0                         0      0        0
  MONTH TO DATE    0                         0      0        0
  SINCE DEC 1      0                         0      0        0
  SINCE JAN 1    569                       643    -74      781
..................................................................


WIND (MPH)
  HIGHEST WIND SPEED    17   HIGHEST WIND DIRECTION    NW (330)
  HIGHEST GUST SPEED    21   HIGHEST GUST DIRECTION     N (350)
  AVERAGE WIND SPEED     8.6


SKY COVER
  POSSIBLE SUNSHINE  MM
  AVERAGE SKY COVER 0.4


WEATHER CONDITIONS
 THE FOLLOWING WEATHER WAS RECORDED YESTERDAY.
  NO SIGNIFICANT WEATHER WAS OBSERVED.


RELATIVE HUMIDITY (PERCENT)
 HIGHEST    84           500 AM
 LOWEST     63          1100 AM
 AVERAGE    74

..........................................................


THE DUBUQUE IA CLIMATE NORMALS FOR TODAY
                         NORMAL    RECORD    YEAR
 MAXIMUM TEMPERATURE (F)   31        62      1949
 MINIMUM TEMPERATURE (F)   16       -15      1976


SUNRISE AND SUNSET
DECEMBER 11 2017......SUNRISE   722 AM CST   SUNSET   430 PM CST
DECEMBER 12 2017......SUNRISE   723 AM CST   SUNSET   430 PM CST


-  INDICATES NEGATIVE NUMBERS.
R  INDICATES RECORD WAS SET OR TIED.
MM INDICATES DATA IS MISSING.
T  INDICATES TRACE AMOUNT.




$$
