000
CDUS43 KDVN 020921
CLIDBQ


CLIMATE REPORT
NATIONAL WEATHER SERVICE QUAD CITIES IA IL
420 AM CDT WED SEP 2 2015


...................................

...THE DUBUQUE IA CLIMATE SUMMARY FOR SEPTEMBER 1 2015...

CLIMATE NORMAL PERIOD 1981 TO 2010
CLIMATE RECORD PERIOD 1873 TO 2015


WEATHER ITEM   OBSERVED TIME   RECORD YEAR NORMAL DEPARTURE LAST
                VALUE   (LST)  VALUE       VALUE  FROM      YEAR
                                                  NORMAL
..................................................................
TEMPERATURE (F)
 YESTERDAY
  MAXIMUM         86    356 PM  97    1913  77      9       79
  MINIMUM         67    543 AM  42    1967  58      9       62
                                      1895
  AVERAGE         77                        67     10       71

PRECIPITATION (IN)
  YESTERDAY        0.00          1.94 1897   0.13  -0.13     0.29
  MONTH TO DATE    0.00                      0.13  -0.13     0.29
  SINCE SEP 1      0.00                      0.13  -0.13     0.29
  SINCE JAN 1     22.83                     26.11  -3.28    30.44

SNOWFALL (IN)
  YESTERDAY        0.0          MM      MM   0.0    0.0      0.0
  MONTH TO DATE    0.0                       0.0    0.0      0.0
  SINCE SEP 1      0.0                       0.0    0.0      0.0
  SINCE JUL 1      0.0                       0.0    0.0      0.0
  SNOW DEPTH       0

DEGREE DAYS
 HEATING
  YESTERDAY        0                         2     -2        0
  MONTH TO DATE    0                         2     -2        0
  SINCE SEP 1      0                         2     -2        0
  SINCE JUL 1     33                        29      4       29

 COOLING
  YESTERDAY       12                         4      8        6
  MONTH TO DATE   12                         4      8        6
  SINCE SEP 1     12                         4      8        6
  SINCE JAN 1    505                       580    -75      488
..................................................................


WIND (MPH)
  HIGHEST WIND SPEED    17   HIGHEST WIND DIRECTION     S (200)
  HIGHEST GUST SPEED    21   HIGHEST GUST DIRECTION     S (190)
  AVERAGE WIND SPEED     9.0


SKY COVER
  POSSIBLE SUNSHINE  MM
  AVERAGE SKY COVER 0.0


WEATHER CONDITIONS
 THE FOLLOWING WEATHER WAS RECORDED YESTERDAY.
  FOG
  HAZE


RELATIVE HUMIDITY (PERCENT)
 HIGHEST   100           300 AM
 LOWEST     61           300 PM
 AVERAGE    81

..........................................................


THE DUBUQUE IA CLIMATE NORMALS FOR TODAY
                         NORMAL    RECORD    YEAR
 MAXIMUM TEMPERATURE (F)   77        97      1913
 MINIMUM TEMPERATURE (F)   57        44      1946


SUNRISE AND SUNSET
SEPTEMBER  2 2015.....SUNRISE   629 AM CDT   SUNSET   735 PM CDT
SEPTEMBER  3 2015.....SUNRISE   630 AM CDT   SUNSET   734 PM CDT


-  INDICATES NEGATIVE NUMBERS.
R  INDICATES RECORD WAS SET OR TIED.
MM INDICATES DATA IS MISSING.
T  INDICATES TRACE AMOUNT.




$$
