000
CDUS43 KDVN 270916
CLIDBQ


CLIMATE REPORT
NATIONAL WEATHER SERVICE QUAD CITIES IA IL
415 AM CDT MON MAR 27 2017


...................................

...THE DUBUQUE IA CLIMATE SUMMARY FOR MARCH 26 2017...

CLIMATE NORMAL PERIOD 1981 TO 2010
CLIMATE RECORD PERIOD 1873 TO 2017


WEATHER ITEM   OBSERVED TIME   RECORD YEAR NORMAL DEPARTURE LAST
                VALUE   (LST)  VALUE       VALUE  FROM      YEAR
                                                  NORMAL
..................................................................
TEMPERATURE (F)
 YESTERDAY
  MAXIMUM         48    356 PM  82    1907  49     -1       50
  MINIMUM         40    421 AM   5    1955  30     10       32
  AVERAGE         44                        40      4       41

PRECIPITATION (IN)
  YESTERDAY        0.09          1.54 1916   0.09   0.00     0.00
  MONTH TO DATE    1.24                      1.93  -0.69     2.67
  SINCE MAR 1      1.24                      1.93  -0.69     2.67
  SINCE JAN 1      5.05                      4.54   0.51     3.75

SNOWFALL (IN)
  YESTERDAY        0.0          MM      MM   0.2   -0.2      0.0
  MONTH TO DATE    4.5                       5.6   -1.1      2.8
  SINCE MAR 1      4.5                       5.6   -1.1      2.8
  SINCE JUL 1     27.1                      39.2  -12.1     34.3
  SNOW DEPTH       0

DEGREE DAYS
 HEATING
  YESTERDAY       21                        25     -4       24
  MONTH TO DATE  773                       798    -25      653
  SINCE MAR 1    773                       798    -25      653
  SINCE JUL 1   5254                      6191   -937     5130

 COOLING
  YESTERDAY        0                         0      0        0
  MONTH TO DATE    0                         0      0        0
  SINCE MAR 1      0                         0      0        0
  SINCE JAN 1      0                         0      0        0
..................................................................


WIND (MPH)
  HIGHEST WIND SPEED    16   HIGHEST WIND DIRECTION    NE (50)
  HIGHEST GUST SPEED    20   HIGHEST GUST DIRECTION    NE (40)
  AVERAGE WIND SPEED     8.6


SKY COVER
  POSSIBLE SUNSHINE  MM
  AVERAGE SKY COVER 1.0


WEATHER CONDITIONS
 THE FOLLOWING WEATHER WAS RECORDED YESTERDAY.
  LIGHT RAIN
  FOG
  FOG W/VISIBILITY <= 1/4 MILE


RELATIVE HUMIDITY (PERCENT)
 HIGHEST   100          1200 AM
 LOWEST     92           900 PM
 AVERAGE    96

..........................................................


THE DUBUQUE IA CLIMATE NORMALS FOR TODAY
                         NORMAL    RECORD    YEAR
 MAXIMUM TEMPERATURE (F)   50        80      1945
                                             1910
 MINIMUM TEMPERATURE (F)   31         6      1964


SUNRISE AND SUNSET
MARCH 27 2017.........SUNRISE   653 AM CDT   SUNSET   723 PM CDT
MARCH 28 2017.........SUNRISE   652 AM CDT   SUNSET   725 PM CDT


-  INDICATES NEGATIVE NUMBERS.
R  INDICATES RECORD WAS SET OR TIED.
MM INDICATES DATA IS MISSING.
T  INDICATES TRACE AMOUNT.




$$
