443
CDUS43 KDVN 312123
CLIDBQ


CLIMATE REPORT
NATIONAL WEATHER SERVICE QUAD CITIES IA IL
420 PM CDT TUE MAY 31 2016


...................................

...THE DUBUQUE IA CLIMATE SUMMARY FOR MAY 31 2016...
VALID TODAY AS OF 0400 PM LOCAL TIME.

CLIMATE NORMAL PERIOD 1981 TO 2010
CLIMATE RECORD PERIOD 1873 TO 2016


WEATHER ITEM   OBSERVED TIME   RECORD YEAR NORMAL DEPARTURE LAST
                VALUE   (LST)  VALUE       VALUE  FROM      YEAR
                                                  NORMAL
..................................................................
TEMPERATURE (F)
 TODAY
  MAXIMUM         76   1043 AM 104    1934  74      2       64
  MINIMUM         61    354 AM  36    1897  53      8       41
  AVERAGE         69                        64      5       53

PRECIPITATION (IN)
  TODAY            0.06          1.83 1971   0.14  -0.08     0.00
  MONTH TO DATE    3.92                      4.19  -0.27     5.78
  SINCE MAR 1      9.46                     10.26  -0.80     8.48
  SINCE JAN 1     10.54                     12.87  -2.33    10.77

SNOWFALL (IN)
  TODAY            0.0          MM      MM   0.0    0.0      0.0
  MONTH TO DATE    0.0                       0.0    0.0      0.0
  SINCE MAR 1      3.3                       8.3   -5.0      4.1
  SINCE JUL 1     34.8                      41.9   -7.1     33.7
  SNOW DEPTH       0

DEGREE DAYS
 HEATING
  TODAY            0                         4     -4       12
  MONTH TO DATE  229                       225      4      183
  SINCE MAR 1   1490                      1653   -163     1538
  SINCE JUL 1   5967                      7046  -1079     7386

 COOLING
  TODAY            4                         2      2        0
  MONTH TO DATE   48                        32     16       36
  SINCE MAR 1     51                        37     14       36
  SINCE JAN 1     51                        37     14       36
..................................................................


WIND (MPH)
  HIGHEST WIND SPEED    20   HIGHEST WIND DIRECTION    SE (120)
  HIGHEST GUST SPEED    26   HIGHEST GUST DIRECTION    SE (120)
  AVERAGE WIND SPEED    10.7


SKY COVER
  POSSIBLE SUNSHINE  MM
  AVERAGE SKY COVER 0.6


WEATHER CONDITIONS
 THE FOLLOWING WEATHER WAS RECORDED TODAY.
  THUNDERSTORM
  HEAVY RAIN
  LIGHT RAIN
  FOG
  HAZE


RELATIVE HUMIDITY (PERCENT)
 HIGHEST    93          1200 AM
 LOWEST     73           700 AM
 AVERAGE    83

..........................................................


THE DUBUQUE IA CLIMATE NORMALS FOR TOMORROW
                         NORMAL    RECORD    YEAR
 MAXIMUM TEMPERATURE (F)   74       102      1934
 MINIMUM TEMPERATURE (F)   54        37      1993


SUNRISE AND SUNSET
MAY 31 2016...........SUNRISE   529 AM CDT   SUNSET   833 PM CDT
JUNE  1 2016..........SUNRISE   528 AM CDT   SUNSET   834 PM CDT


-  INDICATES NEGATIVE NUMBERS.
R  INDICATES RECORD WAS SET OR TIED.
MM INDICATES DATA IS MISSING.
T  INDICATES TRACE AMOUNT.




$$
