000
CDUS43 KDVN 220920
CLIDBQ


CLIMATE REPORT
NATIONAL WEATHER SERVICE QUAD CITIES IA IL
420 AM CDT FRI AUG 22 2014


...................................

...THE DUBUQUE IA CLIMATE SUMMARY FOR AUGUST 21 2014...

CLIMATE NORMAL PERIOD 1981 TO 2010
CLIMATE RECORD PERIOD 1873 TO 2014


WEATHER ITEM   OBSERVED TIME   RECORD YEAR NORMAL DEPARTURE LAST
                VALUE   (LST)  VALUE       VALUE  FROM      YEAR
                                                  NORMAL
..................................................................
TEMPERATURE (F)
 YESTERDAY
  MAXIMUM         76    349 PM  98    1947  79     -3       88
  MINIMUM         69    652 AM  41    2004  60      9       66
  AVERAGE         73                        70      3       77

PRECIPITATION (IN)
  YESTERDAY        0.16          5.99 2002   0.15   0.01     0.00
  MONTH TO DATE    0.20                      3.05  -2.85     0.47
  SINCE JUN 1     14.85                     11.76   3.09     6.60
  SINCE JAN 1     27.23                     24.63   2.60    28.18

SNOWFALL (IN)
  YESTERDAY        0.0          MM      MM   0.0    0.0      0.0
  MONTH TO DATE    0.0                       0.0    0.0      0.0
  SINCE JUN 1      0.0                       0.0    0.0      0.0
  SINCE JUL 1      0.0                       0.0    0.0      0.0
  SNOW DEPTH       0

DEGREE DAYS
 HEATING
  YESTERDAY        0                         1     -1        0
  MONTH TO DATE    2                         6     -4       10
  SINCE JUN 1     39                        54    -15       71
  SINCE JUL 1     29                        14     15       32

 COOLING
  YESTERDAY        8                         5      3       12
  MONTH TO DATE   89                       130    -41       76
  SINCE JUN 1    345                       493   -148      383
  SINCE JAN 1    399                       530   -131      428
..................................................................


WIND (MPH)
  HIGHEST WIND SPEED    20   HIGHEST WIND DIRECTION     S (170)
  HIGHEST GUST SPEED    24   HIGHEST GUST DIRECTION     S (170)
  AVERAGE WIND SPEED     8.1


SKY COVER
  POSSIBLE SUNSHINE  MM
  AVERAGE SKY COVER 0.6


WEATHER CONDITIONS
 THE FOLLOWING WEATHER WAS RECORDED YESTERDAY.
  THUNDERSTORM
  LIGHT RAIN
  FOG


RELATIVE HUMIDITY (PERCENT)
 HIGHEST    94          1200 PM
 LOWEST     87           500 PM
 AVERAGE    91

..........................................................


THE DUBUQUE IA CLIMATE NORMALS FOR TODAY
                         NORMAL    RECORD    YEAR
 MAXIMUM TEMPERATURE (F)   79       100      1936
 MINIMUM TEMPERATURE (F)   60        41      1875


SUNRISE AND SUNSET
AUGUST 22 2014........SUNRISE   617 AM CDT   SUNSET   753 PM CDT
AUGUST 23 2014........SUNRISE   618 AM CDT   SUNSET   752 PM CDT


-  INDICATES NEGATIVE NUMBERS.
R  INDICATES RECORD WAS SET OR TIED.
MM INDICATES DATA IS MISSING.
T  INDICATES TRACE AMOUNT.




$$
