454
CDUS43 KDVN 181019
CLIDBQ


CLIMATE REPORT
NATIONAL WEATHER SERVICE QUAD CITIES IA IL
417 AM CST WED JAN 18 2017


...................................

...THE DUBUQUE IA CLIMATE SUMMARY FOR JANUARY 17 2017...

CLIMATE NORMAL PERIOD 1981 TO 2010
CLIMATE RECORD PERIOD 1873 TO 2017


WEATHER ITEM   OBSERVED TIME   RECORD YEAR NORMAL DEPARTURE LAST
                VALUE   (LST)  VALUE       VALUE  FROM      YEAR
                                                  NORMAL
..................................................................
TEMPERATURE (F)
 YESTERDAY
  MAXIMUM         33   1158 PM  60    1894  27      6        0
  MINIMUM         32   1159 PM -23    1982  11     21       -9
                                      1930
                                      1893
  AVERAGE         33                        19     14       -4

PRECIPITATION (IN)
  YESTERDAY        T             0.46 2011   0.03  -0.03     0.00
  MONTH TO DATE    1.30                      0.64   0.66     0.28
  SINCE DEC 1      2.84                      2.48   0.36     4.47
  SINCE JAN 1      1.30                      0.64   0.66     0.28

SNOWFALL (IN)
  YESTERDAY        0.0          MM      MM   0.3   -0.3      0.0
  MONTH TO DATE    0.2                       5.4   -5.2      1.6
  SINCE DEC 1     17.6                      17.2    0.4     10.0
  SINCE JUL 1     17.6                      20.0   -2.4     21.8
  SNOW DEPTH       T

DEGREE DAYS
 HEATING
  YESTERDAY       32                        46    -14       69
  MONTH TO DATE  786                       782      4      788
  SINCE DEC 1   2141                      2092     49     1734
  SINCE JUL 1   3133                      3592   -459     2941

 COOLING
  YESTERDAY        0                         0      0        0
  MONTH TO DATE    0                         0      0        0
  SINCE DEC 1      0                         0      0        0
  SINCE JAN 1      0                         0      0        0
..................................................................


WIND (MPH)
  HIGHEST WIND SPEED    16   HIGHEST WIND DIRECTION     W (280)
  HIGHEST GUST SPEED    20   HIGHEST GUST DIRECTION     W (290)
  AVERAGE WIND SPEED     9.5


SKY COVER
  POSSIBLE SUNSHINE  MM
  AVERAGE SKY COVER 1.0


WEATHER CONDITIONS
 THE FOLLOWING WEATHER WAS RECORDED YESTERDAY.
  LIGHT RAIN
  FOG
  FOG W/VISIBILITY <= 1/4 MILE


RELATIVE HUMIDITY (PERCENT)
 HIGHEST   100          1200 AM
 LOWEST     96          1100 AM
 AVERAGE    98

..........................................................


THE DUBUQUE IA CLIMATE NORMALS FOR TODAY
                         NORMAL    RECORD    YEAR
 MAXIMUM TEMPERATURE (F)   27        55      1880
 MINIMUM TEMPERATURE (F)   11       -24      1994


SUNRISE AND SUNSET
JANUARY 18 2017.......SUNRISE   728 AM CST   SUNSET   459 PM CST
JANUARY 19 2017.......SUNRISE   727 AM CST   SUNSET   501 PM CST


-  INDICATES NEGATIVE NUMBERS.
R  INDICATES RECORD WAS SET OR TIED.
MM INDICATES DATA IS MISSING.
T  INDICATES TRACE AMOUNT.




$$
