000
CDUS41 KLWX 090525
CLIDCA


CLIMATE REPORT
NATIONAL WEATHER SERVICE BALTIMORE MD/WASHINGTON DC
1223 AM EST TUE FEB 9 2016


...................................

...THE WASHINGTON NATIONAL DC CLIMATE SUMMARY FOR FEBRUARY 8 2016...

CLIMATE NORMAL PERIOD 1981 TO 2010
CLIMATE RECORD PERIOD 1871 TO 2016


WEATHER ITEM   OBSERVED TIME   RECORD YEAR NORMAL DEPARTURE LAST
                VALUE   (LST)  VALUE       VALUE  FROM      YEAR
                                                  NORMAL
..................................................................
TEMPERATURE (F)
 YESTERDAY
  MAXIMUM         46    355 PM  68    2015  46      0       68
                                      1900
  MINIMUM         34    739 AM   0    1895  30      4       35
  AVERAGE         40                        38      2       52

PRECIPITATION (IN)
  YESTERDAY        0.01          1.63 1961   0.10  -0.09     0.00
  MONTH TO DATE    0.69                      0.76  -0.07     0.13
  SINCE DEC 1      8.21                      6.62   1.59     7.36
  SINCE JAN 1      3.37                      3.57  -0.20     3.86

SNOWFALL (IN)
  YESTERDAY        0.0           6.4  1961   0.2   -0.2
  MONTH TO DATE    T                         1.9   -1.9
  SINCE JUL 1     18.8                      10.3    8.5
  SNOW DEPTH       0

DEGREE DAYS
 HEATING
  YESTERDAY       25                        27     -2       13
  MONTH TO DATE  171                       222    -51      220
  SINCE DEC 1   1515                      1907   -392     1773
  SINCE JUL 1   2050                      2602   -552     2380

 COOLING
  YESTERDAY        0                         0      0        0
  MONTH TO DATE    0                         0      0        0
  SINCE DEC 1      1                         0      1        0
  SINCE JAN 1      0                         0      0        0
..................................................................


WIND (MPH)
  HIGHEST WIND SPEED    17   HIGHEST WIND DIRECTION    NW (330)
  HIGHEST GUST SPEED    19   HIGHEST GUST DIRECTION    NW (330)
  AVERAGE WIND SPEED     8.5


SKY COVER
  POSSIBLE SUNSHINE  MM
  AVERAGE SKY COVER 0.9


WEATHER CONDITIONS
 THE FOLLOWING WEATHER WAS RECORDED YESTERDAY.
  LIGHT RAIN


RELATIVE HUMIDITY (PERCENT)
 HIGHEST    79          1100 PM
 LOWEST     48           900 AM
 AVERAGE    64

..........................................................


THE WASHINGTON NATIONAL DC CLIMATE NORMALS FOR TODAY
                         NORMAL    RECORD    YEAR
 MAXIMUM TEMPERATURE (F)   46        70      2001
 MINIMUM TEMPERATURE (F)   30        -7      1899


SUNRISE AND SUNSET
FEBRUARY  9 2016......SUNRISE   707 AM EST   SUNSET   538 PM EST
FEBRUARY 10 2016......SUNRISE   706 AM EST   SUNSET   539 PM EST


-  INDICATES NEGATIVE NUMBERS.
R  INDICATES RECORD WAS SET OR TIED.
MM INDICATES DATA IS MISSING.
T  INDICATES TRACE AMOUNT.




$$
