000
CDUS41 KALY 060626
CLIDDH


CLIMATE REPORT
NATIONAL WEATHER SERVICE ALBANY NY
124 AM EST FRI MAR 6 2015


...................................

...THE BENNINGTON VT CLIMATE SUMMARY FOR MARCH 5 2015...

CLIMATE NORMAL PERIOD 1981 TO 2010
CLIMATE RECORD PERIOD 9999 TO 9999


WEATHER ITEM   OBSERVED TIME   NORMAL DEPARTURE LAST
                VALUE   (LST)  VALUE  FROM      YEAR
                                      NORMAL
......................................................
TEMPERATURE (F)
 YESTERDAY
  MAXIMUM         31    125 AM  40     -9       24
  MINIMUM          6   1159 PM  19    -13        2
  AVERAGE         19            29    -10       13

PRECIPITATION (IN)
  YESTERDAY        T             0.09  -0.09      T
  MONTH TO DATE    0.16          0.44  -0.28     0.01
  SINCE MAR 1      0.16          0.44  -0.28     0.01
  SINCE JAN 1      3.57          5.43  -1.86     5.87

DEGREE DAYS
 HEATING
  YESTERDAY       46            36     10       52
  MONTH TO DATE  218           181     37      255
  SINCE MAR 1    218           181     37      255
  SINCE JUL 1   5720          5432    288     5503

 COOLING
  YESTERDAY        0             0      0        0
  MONTH TO DATE    0             0      0        0
  SINCE MAR 1      0             0      0        0
  SINCE JAN 1      0             0      0        0
......................................................


WIND (MPH)
  HIGHEST WIND SPEED    16   HIGHEST WIND DIRECTION     N (340)
  HIGHEST GUST SPEED    23   HIGHEST GUST DIRECTION    NW (300)
  AVERAGE WIND SPEED     8.1


SKY COVER
  AVERAGE SKY COVER 0.5



RELATIVE HUMIDITY (PERCENT)
 HIGHEST    69          1200 AM
 LOWEST     39           900 AM
 AVERAGE    54

..........................................................


THE BENNINGTON VT CLIMATE NORMALS FOR TODAY
                         NORMAL
 MAXIMUM TEMPERATURE (F)   40
 MINIMUM TEMPERATURE (F)   19


SUNRISE AND SUNSET
MARCH  6 2015.........SUNRISE   621 AM EST   SUNSET   548 PM EST
MARCH  7 2015.........SUNRISE   619 AM EST   SUNSET   549 PM EST


-  INDICATES NEGATIVE NUMBERS.
R  INDICATES RECORD WAS SET OR TIED.
MM INDICATES DATA IS MISSING.
T  INDICATES TRACE AMOUNT.




$$
