000
CDUS41 KALY 050622
CLIDDH


CLIMATE REPORT
NATIONAL WEATHER SERVICE ALBANY NY
221 AM EDT THU MAY 5 2016


...................................

...THE BENNINGTON VT CLIMATE SUMMARY FOR MAY 4 2016...

CLIMATE NORMAL PERIOD 1981 TO 2010
CLIMATE RECORD PERIOD 9999 TO 9999


WEATHER ITEM   OBSERVED TIME   NORMAL DEPARTURE LAST
                VALUE   (LST)  VALUE  FROM      YEAR
                                      NORMAL
......................................................
TEMPERATURE (F)
 YESTERDAY
  MAXIMUM         50   1209 PM  64    -14       83
  MINIMUM         45   1159 PM  40      5       43
  AVERAGE         48            52     -4       63

PRECIPITATION (IN)
  YESTERDAY        0.23          0.11   0.12     0.00
  MONTH TO DATE    0.88          0.40   0.48     0.00
  SINCE MAR 1      5.97          6.82  -0.85     3.18
  SINCE JAN 1     11.01         11.81  -0.80     6.59

DEGREE DAYS
 HEATING
  YESTERDAY       17            13      4        2
  MONTH TO DATE   68            55     13       33
  SINCE MAR 1   1476          1627   -151     1813
  SINCE JUL 1   5809          6878  -1069     7315

 COOLING
  YESTERDAY        0             0      0        0
  MONTH TO DATE    0             0      0        0
  SINCE MAR 1      1             3     -2        0
  SINCE JAN 1      1             3     -2        0
......................................................


WIND (MPH)
  HIGHEST WIND SPEED    14   HIGHEST WIND DIRECTION     E (110)
  HIGHEST GUST SPEED    21   HIGHEST GUST DIRECTION     E (110)
  AVERAGE WIND SPEED     4.6


SKY COVER
  AVERAGE SKY COVER 1.0



RELATIVE HUMIDITY (PERCENT)
 HIGHEST   100           100 AM
 LOWEST     71          1100 AM
 AVERAGE    86

..........................................................


THE BENNINGTON VT CLIMATE NORMALS FOR TODAY
                         NORMAL
 MAXIMUM TEMPERATURE (F)   64
 MINIMUM TEMPERATURE (F)   40


SUNRISE AND SUNSET
MAY  5 2016...........SUNRISE   541 AM EDT   SUNSET   759 PM EDT
MAY  6 2016...........SUNRISE   540 AM EDT   SUNSET   800 PM EDT


-  INDICATES NEGATIVE NUMBERS.
R  INDICATES RECORD WAS SET OR TIED.
MM INDICATES DATA IS MISSING.
T  INDICATES TRACE AMOUNT.




$$
