000
CDUS41 KALY 280626
CLIDDH


CLIMATE REPORT
NATIONAL WEATHER SERVICE ALBANY NY
223 AM EDT FRI APR 28 2017


...................................

...THE BENNINGTON VT CLIMATE SUMMARY FOR APRIL 27 2017...

CLIMATE NORMAL PERIOD 1981 TO 2010
CLIMATE RECORD PERIOD 9999 TO 9999


WEATHER ITEM   OBSERVED TIME   NORMAL DEPARTURE LAST
                VALUE   (LST)  VALUE  FROM      YEAR
                                      NORMAL
......................................................
TEMPERATURE (F)
 YESTERDAY
  MAXIMUM         75    223 PM  61     14       56
  MINIMUM         53    447 AM  38     15       29
  AVERAGE         64            50     14       43

PRECIPITATION (IN)
  YESTERDAY        0.00          0.10  -0.10     0.00
  MONTH TO DATE    2.35          2.93  -0.58     2.63
  SINCE MAR 1      5.46          6.08  -0.62     5.09
  SINCE JAN 1      9.09         11.07  -1.98    10.13

DEGREE DAYS
 HEATING
  YESTERDAY        1            15    -14       22
  MONTH TO DATE  416           543   -127      595
  SINCE MAR 1   1522          1527     -5     1359
  SINCE JUL 1   6057          6778   -721     5692

 COOLING
  YESTERDAY        0             0      0        0
  MONTH TO DATE    3             0      3        1
  SINCE MAR 1      3             0      3        1
  SINCE JAN 1      3             0      3        1
......................................................


WIND (MPH)
  HIGHEST WIND SPEED    16   HIGHEST WIND DIRECTION    SE (130)
  HIGHEST GUST SPEED    24   HIGHEST GUST DIRECTION    SE (120)
  AVERAGE WIND SPEED     6.5


SKY COVER
  AVERAGE SKY COVER 0.8



RELATIVE HUMIDITY (PERCENT)
 HIGHEST    93           400 AM
 LOWEST     53          1200 PM
 AVERAGE    73

..........................................................


THE BENNINGTON VT CLIMATE NORMALS FOR TODAY
                         NORMAL
 MAXIMUM TEMPERATURE (F)   62
 MINIMUM TEMPERATURE (F)   39


SUNRISE AND SUNSET
APRIL 28 2017.........SUNRISE   551 AM EDT   SUNSET   751 PM EDT
APRIL 29 2017.........SUNRISE   550 AM EDT   SUNSET   752 PM EDT


-  INDICATES NEGATIVE NUMBERS.
R  INDICATES RECORD WAS SET OR TIED.
MM INDICATES DATA IS MISSING.
T  INDICATES TRACE AMOUNT.




$$
