000
CDUS41 KALY 240624
CLIDDH


CLIMATE REPORT
NATIONAL WEATHER SERVICE ALBANY NY
223 AM EDT FRI OCT 24 2014


...................................

...THE BENNINGTON VT CLIMATE SUMMARY FOR OCTOBER 23 2014...

CLIMATE NORMAL PERIOD 1981 TO 2010
CLIMATE RECORD PERIOD 9999 TO 9999


WEATHER ITEM   OBSERVED TIME   NORMAL DEPARTURE LAST
                VALUE   (LST)  VALUE  FROM      YEAR
                                      NORMAL
......................................................
TEMPERATURE (F)
 YESTERDAY
  MAXIMUM         50   1234 AM  56     -6       50
  MINIMUM         43   1052 AM  34      9       28
  AVERAGE         47            45      2       39

PRECIPITATION (IN)
  YESTERDAY        1.31          0.11   1.20     0.00
  MONTH TO DATE    3.45          2.86   0.59     2.78
  SINCE SEP 1      4.47          6.43  -1.96     6.81
  SINCE JAN 1     30.43         33.97  -3.54    38.53

DEGREE DAYS
 HEATING
  YESTERDAY       18            20     -2       26
  MONTH TO DATE  265           374   -109      235
  SINCE SEP 1    459           580   -121      494
  SINCE JUL 1    512           652   -140      557

 COOLING
  YESTERDAY        0             0      0        0
  MONTH TO DATE   11             0     11        0
  SINCE SEP 1     55            23     32       44
  SINCE JAN 1    308           311     -3      503
......................................................


WIND (MPH)
  HIGHEST WIND SPEED    10   HIGHEST WIND DIRECTION    NW (330)
  HIGHEST GUST SPEED    16   HIGHEST GUST DIRECTION     N (360)
  AVERAGE WIND SPEED     5.9


SKY COVER
  AVERAGE SKY COVER 1.0



RELATIVE HUMIDITY (PERCENT)
 HIGHEST    96           700 AM
 LOWEST     86           100 AM
 AVERAGE    91

..........................................................


THE BENNINGTON VT CLIMATE NORMALS FOR TODAY
                         NORMAL
 MAXIMUM TEMPERATURE (F)   56
 MINIMUM TEMPERATURE (F)   34


SUNRISE AND SUNSET
OCTOBER 24 2014.......SUNRISE   717 AM EDT   SUNSET   557 PM EDT
OCTOBER 25 2014.......SUNRISE   718 AM EDT   SUNSET   555 PM EDT


-  INDICATES NEGATIVE NUMBERS.
R  INDICATES RECORD WAS SET OR TIED.
MM INDICATES DATA IS MISSING.
T  INDICATES TRACE AMOUNT.




$$
