000
CDUS41 KALY 030624
CLIDDH


CLIMATE REPORT
NATIONAL WEATHER SERVICE ALBANY NY
223 AM EDT MON AUG 3 2015


...................................

...THE BENNINGTON VT CLIMATE SUMMARY FOR AUGUST 2 2015...

CLIMATE NORMAL PERIOD 1981 TO 2010
CLIMATE RECORD PERIOD 9999 TO 9999


WEATHER ITEM   OBSERVED TIME   NORMAL DEPARTURE LAST
                VALUE   (LST)  VALUE  FROM      YEAR
                                      NORMAL
......................................................
TEMPERATURE (F)
 YESTERDAY
  MAXIMUM         83    228 PM  79      4       81
  MINIMUM         51    518 AM  57     -6       58
  AVERAGE         67            68     -1       70

PRECIPITATION (IN)
  YESTERDAY        0.00          0.15  -0.15     0.00
  MONTH TO DATE    T             0.29  -0.29     0.04
  SINCE JUN 1      4.94          8.76  -3.82    11.32
  SINCE JAN 1     12.50         23.83 -11.33    24.15

DEGREE DAYS
 HEATING
  YESTERDAY        0             1     -1        0
  MONTH TO DATE    0             2     -2        0
  SINCE JUN 1    122           123     -1       58
  SINCE JUL 1     27            26      1       11

 COOLING
  YESTERDAY        2             4     -2        5
  MONTH TO DATE    6             8     -2        8
  SINCE JUN 1    190           189      1      194
  SINCE JAN 1    254           203     51      210
......................................................


WIND (MPH)
  HIGHEST WIND SPEED    13   HIGHEST WIND DIRECTION     S (190)
  HIGHEST GUST SPEED    18   HIGHEST GUST DIRECTION    SW (230)
  AVERAGE WIND SPEED     4.7


SKY COVER
  AVERAGE SKY COVER 0.1



RELATIVE HUMIDITY (PERCENT)
 HIGHEST    96           400 AM
 LOWEST     40           200 PM
 AVERAGE    68

..........................................................


THE BENNINGTON VT CLIMATE NORMALS FOR TODAY
                         NORMAL
 MAXIMUM TEMPERATURE (F)   79
 MINIMUM TEMPERATURE (F)   57


SUNRISE AND SUNSET
AUGUST  3 2015........SUNRISE   546 AM EDT   SUNSET   812 PM EDT
AUGUST  4 2015........SUNRISE   547 AM EDT   SUNSET   811 PM EDT


-  INDICATES NEGATIVE NUMBERS.
R  INDICATES RECORD WAS SET OR TIED.
MM INDICATES DATA IS MISSING.
T  INDICATES TRACE AMOUNT.




$$
