000
CDUS41 KALY 020712
CLIDDH


CLIMATE REPORT
NATIONAL WEATHER SERVICE ALBANY NY
312 AM EDT SAT AUG 2 2014


...................................

...THE BENNINGTON VT CLIMATE SUMMARY FOR AUGUST 1 2014...

CLIMATE NORMAL PERIOD 1981 TO 2010
CLIMATE RECORD PERIOD 9999 TO 9999


WEATHER ITEM   OBSERVED TIME   NORMAL DEPARTURE LAST
                VALUE   (LST)  VALUE  FROM      YEAR
                                      NORMAL
......................................................
TEMPERATURE (F)
 YESTERDAY
  MAXIMUM         82    224 PM  79      3       77
  MINIMUM         54    343 AM  57     -3       56
  AVERAGE         68            68      0       67

PRECIPITATION (IN)
  YESTERDAY        0.04          0.14  -0.10     0.09
  MONTH TO DATE    0.04          0.14  -0.10     0.09
  SINCE JUN 1     11.32          8.61   2.71    12.98
  SINCE JAN 1     24.15         23.68   0.47    27.45

DEGREE DAYS
 HEATING
  YESTERDAY        0             1     -1        0
  MONTH TO DATE    0             1     -1        0
  SINCE JUN 1     58           122    -64      110
  SINCE JUL 1     11            25    -14       10

 COOLING
  YESTERDAY        3             4     -1        2
  MONTH TO DATE    3             4     -1        2
  SINCE JUN 1    189           185      4      348
  SINCE JAN 1    205           199      6      380
......................................................


WIND (MPH)
  HIGHEST WIND SPEED    10   HIGHEST WIND DIRECTION     S (190)
  HIGHEST GUST SPEED    15   HIGHEST GUST DIRECTION     S (190)
  AVERAGE WIND SPEED     1.9


SKY COVER
  AVERAGE SKY COVER 0.2



RELATIVE HUMIDITY (PERCENT)
 HIGHEST   100           200 AM
 LOWEST     54           200 PM
 AVERAGE    77

..........................................................


THE BENNINGTON VT CLIMATE NORMALS FOR TODAY
                         NORMAL
 MAXIMUM TEMPERATURE (F)   79
 MINIMUM TEMPERATURE (F)   57


SUNRISE AND SUNSET
AUGUST  2 2014........SUNRISE   545 AM EDT   SUNSET   813 PM EDT
AUGUST  3 2014........SUNRISE   546 AM EDT   SUNSET   811 PM EDT


-  INDICATES NEGATIVE NUMBERS.
R  INDICATES RECORD WAS SET OR TIED.
MM INDICATES DATA IS MISSING.
T  INDICATES TRACE AMOUNT.




$$
