000
CDUS43 KILX 230641
CLIDEC


CLIMATE REPORT
NATIONAL WEATHER SERVICE LINCOLN IL
134 AM CDT WED APR 23 2014


...................................

...THE DECATUR IL AIRPORT CLIMATE SUMMARY FOR APRIL 22 2014...

CLIMATE NORMAL PERIOD 1981 TO 2010
CLIMATE RECORD PERIOD 9999 TO 9999


WEATHER ITEM   OBSERVED TIME   RECORD YEAR NORMAL DEPARTURE LAST
                VALUE   (LST)  VALUE       VALUE  FROM      YEAR
                                                  NORMAL
..................................................................
TEMPERATURE (F)
 YESTERDAY
  MAXIMUM         66    348 PM  MM      MM  66      0       68
  MINIMUM         43   1159 PM  MM      MM  44     -1       34
  AVERAGE         55                        55      0       51

PRECIPITATION (IN)
  YESTERDAY        0.00         MM      MM   0.13  -0.13      T
  MONTH TO DATE    2.84                      2.44   0.40     5.68
  SINCE MAR 1      4.33                      5.08  -0.75     6.12
  SINCE JAN 1      5.45                      8.80  -3.35    10.76

DEGREE DAYS
 HEATING
  YESTERDAY       10                        10      0       14
  MONTH TO DATE  276                       309    -33      314
  SINCE MAR 1   1162                      1036    126     1221
  SINCE JUL 1   5974                      5293    681     5191

 COOLING
  YESTERDAY        0                         0      0        0
  MONTH TO DATE    1                         0      1        4
  SINCE MAR 1      1                         1      0        4
  SINCE JAN 1      1                         1      0        4
..................................................................


WIND (MPH)
  HIGHEST WIND SPEED    22   HIGHEST WIND DIRECTION     N (10)
  HIGHEST GUST SPEED    29   HIGHEST GUST DIRECTION     N (340)
  AVERAGE WIND SPEED    13.0


SKY COVER
  POSSIBLE SUNSHINE  MM
  AVERAGE SKY COVER 0.1


WEATHER CONDITIONS
 THE FOLLOWING WEATHER WAS RECORDED YESTERDAY.
  NO SIGNIFICANT WEATHER WAS OBSERVED.


RELATIVE HUMIDITY (PERCENT)
 HIGHEST    84          1200 AM
 LOWEST     26           300 PM
 AVERAGE    55

..........................................................


THE DECATUR IL AIRPORT CLIMATE NORMALS FOR TODAY
                         NORMAL    RECORD    YEAR
 MAXIMUM TEMPERATURE (F)   67        MM        MM
 MINIMUM TEMPERATURE (F)   44        MM        MM


SUNRISE AND SUNSET
APRIL 23 2014.........SUNRISE   606 AM CDT   SUNSET   742 PM CDT
APRIL 24 2014.........SUNRISE   605 AM CDT   SUNSET   743 PM CDT


-  INDICATES NEGATIVE NUMBERS.
R  INDICATES RECORD WAS SET OR TIED.
MM INDICATES DATA IS MISSING.
T  INDICATES TRACE AMOUNT.




$$
