000
CDUS43 KILX 050635
CLIDEC


CLIMATE REPORT
NATIONAL WEATHER SERVICE LINCOLN IL
135 AM CDT THU MAY 5 2016


...................................

...THE DECATUR IL AIRPORT CLIMATE SUMMARY FOR MAY 4 2016...

CLIMATE NORMAL PERIOD 1981 TO 2010
CLIMATE RECORD PERIOD 9999 TO 9999


WEATHER ITEM   OBSERVED TIME   RECORD YEAR NORMAL DEPARTURE LAST
                VALUE   (LST)  VALUE       VALUE  FROM      YEAR
                                                  NORMAL
..................................................................
TEMPERATURE (F)
 YESTERDAY
  MAXIMUM         61    135 PM  MM      MM  71    -10       81
  MINIMUM         45   1021 PM  MM      MM  48     -3       62
  AVERAGE         53                        59     -6       72

PRECIPITATION (IN)
  YESTERDAY        0.14         MM      MM   0.16  -0.02     0.13
  MONTH TO DATE    0.14                      0.64  -0.50     0.13
  SINCE MAR 1      6.66                      7.08  -0.42     3.76
  SINCE JAN 1      7.85                     10.80  -2.95     5.01

DEGREE DAYS
 HEATING
  YESTERDAY       12                         7      5        0
  MONTH TO DATE   37                        28      9       17
  SINCE MAR 1    892                      1134   -242     1107
  SINCE JUL 1   4384                      5391  -1007     5753

 COOLING
  YESTERDAY        0                         1     -1        7
  MONTH TO DATE    0                         4     -4       14
  SINCE MAR 1      7                        18    -11       17
  SINCE JAN 1      7                        18    -11       17
..................................................................


WIND (MPH)
  HIGHEST WIND SPEED    26   HIGHEST WIND DIRECTION     N (340)
  HIGHEST GUST SPEED    34   HIGHEST GUST DIRECTION    NW (320)
  AVERAGE WIND SPEED    11.2


SKY COVER
  POSSIBLE SUNSHINE  MM
  AVERAGE SKY COVER 0.7


WEATHER CONDITIONS
 THE FOLLOWING WEATHER WAS RECORDED YESTERDAY.
  THUNDERSTORM
  RAIN
  LIGHT RAIN


RELATIVE HUMIDITY (PERCENT)
 HIGHEST    89           400 AM
 LOWEST     47           200 PM
 AVERAGE    68

..........................................................


THE DECATUR IL AIRPORT CLIMATE NORMALS FOR TODAY
                         NORMAL    RECORD    YEAR
 MAXIMUM TEMPERATURE (F)   71        MM        MM
 MINIMUM TEMPERATURE (F)   48        MM        MM


SUNRISE AND SUNSET
MAY  5 2016...........SUNRISE   550 AM CDT   SUNSET   754 PM CDT
MAY  6 2016...........SUNRISE   549 AM CDT   SUNSET   755 PM CDT


-  INDICATES NEGATIVE NUMBERS.
R  INDICATES RECORD WAS SET OR TIED.
MM INDICATES DATA IS MISSING.
T  INDICATES TRACE AMOUNT.




$$
