000
CDUS43 KILX 250641
CLIDEC


CLIMATE REPORT
NATIONAL WEATHER SERVICE LINCOLN IL
140 AM CDT SAT MAR 25 2017


...................................

...THE DECATUR IL AIRPORT CLIMATE SUMMARY FOR MARCH 24 2017...

CLIMATE NORMAL PERIOD 1981 TO 2010
CLIMATE RECORD PERIOD 9999 TO 9999


WEATHER ITEM   OBSERVED TIME   RECORD YEAR NORMAL DEPARTURE LAST
                VALUE   (LST)  VALUE       VALUE  FROM      YEAR
                                                  NORMAL
..................................................................
TEMPERATURE (F)
 YESTERDAY
  MAXIMUM         75    216 PM  MM      MM  55     20       64
  MINIMUM         48   1228 AM  MM      MM  34     14       34
  AVERAGE         62                        45     17       49

PRECIPITATION (IN)
  YESTERDAY        T            MM      MM   0.09  -0.09     0.66
  MONTH TO DATE    1.22                      1.98  -0.76     1.90
  SINCE MAR 1      1.22                      1.98  -0.76     1.90
  SINCE JAN 1      3.32                      5.70  -2.38     3.09

DEGREE DAYS
 HEATING
  YESTERDAY        3                        20    -17       16
  MONTH TO DATE  571                       593    -22      390
  SINCE MAR 1    571                       593    -22      390
  SINCE JUL 1   3930                      4850   -920     3882

 COOLING
  YESTERDAY        0                         0      0        0
  MONTH TO DATE    0                         0      0        0
  SINCE MAR 1      0                         0      0        0
  SINCE JAN 1      0                         0      0        0
..................................................................


WIND (MPH)
  HIGHEST WIND SPEED    35   HIGHEST WIND DIRECTION    SW (210)
  HIGHEST GUST SPEED    43   HIGHEST GUST DIRECTION     S (200)
  AVERAGE WIND SPEED    17.9


SKY COVER
  POSSIBLE SUNSHINE  MM
  AVERAGE SKY COVER 0.3


WEATHER CONDITIONS
 THE FOLLOWING WEATHER WAS RECORDED YESTERDAY.
  LIGHT RAIN


RELATIVE HUMIDITY (PERCENT)
 HIGHEST    83           700 AM
 LOWEST     50          1200 PM
 AVERAGE    67

..........................................................


THE DECATUR IL AIRPORT CLIMATE NORMALS FOR TODAY
                         NORMAL    RECORD    YEAR
 MAXIMUM TEMPERATURE (F)   55        MM        MM
 MINIMUM TEMPERATURE (F)   35        MM        MM


SUNRISE AND SUNSET
MARCH 25 2017.........SUNRISE   650 AM CDT   SUNSET   713 PM CDT
MARCH 26 2017.........SUNRISE   649 AM CDT   SUNSET   714 PM CDT


-  INDICATES NEGATIVE NUMBERS.
R  INDICATES RECORD WAS SET OR TIED.
MM INDICATES DATA IS MISSING.
T  INDICATES TRACE AMOUNT.




$$
