000
CDUS43 KILX 280635
CLIDEC


CLIMATE REPORT
NATIONAL WEATHER SERVICE LINCOLN IL
134 AM CDT SAT MAR 28 2015


...................................

...THE DECATUR IL AIRPORT CLIMATE SUMMARY FOR MARCH 27 2015...

CLIMATE NORMAL PERIOD 1981 TO 2010
CLIMATE RECORD PERIOD 9999 TO 9999


WEATHER ITEM   OBSERVED TIME   RECORD YEAR NORMAL DEPARTURE LAST
                VALUE   (LST)  VALUE       VALUE  FROM      YEAR
                                                  NORMAL
..................................................................
TEMPERATURE (F)
 YESTERDAY
  MAXIMUM         40    117 PM  MM      MM  56    -16       56
  MINIMUM         23   1159 PM  MM      MM  35    -12       36
  AVERAGE         32                        46    -14       46

PRECIPITATION (IN)
  YESTERDAY        0.00         MM      MM   0.10  -0.10     0.47
  MONTH TO DATE    1.59                      2.26  -0.67     1.49
  SINCE MAR 1      1.59                      2.26  -0.67     1.49
  SINCE JAN 1      2.84                      5.98  -3.14     2.61

DEGREE DAYS
 HEATING
  YESTERDAY       33                        19     14       19
  MONTH TO DATE  710                       652     58      810
  SINCE MAR 1    710                       652     58      810
  SINCE JUL 1   5356                      4909    447     5622

 COOLING
  YESTERDAY        0                         0      0        0
  MONTH TO DATE    0                         0      0        0
  SINCE MAR 1      0                         0      0        0
  SINCE JAN 1      0                         0      0        0
..................................................................


WIND (MPH)
  HIGHEST WIND SPEED    25   HIGHEST WIND DIRECTION     N (360)
  HIGHEST GUST SPEED    31   HIGHEST GUST DIRECTION     N (350)
  AVERAGE WIND SPEED    12.2


SKY COVER
  POSSIBLE SUNSHINE  MM
  AVERAGE SKY COVER 0.4


WEATHER CONDITIONS
 THE FOLLOWING WEATHER WAS RECORDED YESTERDAY.
  NO SIGNIFICANT WEATHER WAS OBSERVED.


RELATIVE HUMIDITY (PERCENT)
 HIGHEST    75          1200 AM
 LOWEST     35          1100 AM
 AVERAGE    55

..........................................................


THE DECATUR IL AIRPORT CLIMATE NORMALS FOR TODAY
                         NORMAL    RECORD    YEAR
 MAXIMUM TEMPERATURE (F)   57        MM        MM
 MINIMUM TEMPERATURE (F)   36        MM        MM


SUNRISE AND SUNSET
MARCH 28 2015.........SUNRISE   646 AM CDT   SUNSET   715 PM CDT
MARCH 29 2015.........SUNRISE   645 AM CDT   SUNSET   716 PM CDT


-  INDICATES NEGATIVE NUMBERS.
R  INDICATES RECORD WAS SET OR TIED.
MM INDICATES DATA IS MISSING.
T  INDICATES TRACE AMOUNT.




$$
