000
CDUS45 KBOU 222326
CLIDEN


CLIMATE REPORT
NATIONAL WEATHER SERVICE DENVER/BOULDER CO
526 PM MDT MON MAY 22 2017


...................................

...THE DENVER CO CLIMATE SUMMARY FOR MAY 22 2017...
VALID TODAY AS OF 0500 PM LOCAL TIME.

CLIMATE NORMAL PERIOD 1981 TO 2010
CLIMATE RECORD PERIOD 1872 TO 2017


WEATHER ITEM   OBSERVED TIME   RECORD YEAR NORMAL DEPARTURE LAST
                VALUE   (LST)  VALUE       VALUE  FROM      YEAR
                                                  NORMAL
..................................................................
TEMPERATURE (F)
 TODAY
  MAXIMUM         67    225 PM  93    2012  74     -7       77
  MINIMUM         43    507 AM  32    1930  45     -2       47
                                      1910
  AVERAGE         55                        59     -4       62

PRECIPITATION (IN)
  TODAY            T             6.50 1876   0.07  -0.07     0.00
  MONTH TO DATE    2.99                      1.47   1.52     0.83
  SINCE MAR 1      4.87                      4.10   0.77     4.57
  SINCE JAN 1      5.64                      4.88   0.76     5.55

DEGREE DAYS
 HEATING
  TODAY           10                         7      3        3
  MONTH TO DATE  221                       217      4      258
  SINCE MAR 1   1222                      1509   -287     1500
  SINCE JUL 1   5024                      5948   -924     5488

 COOLING
  TODAY            0                         1     -1        0
  MONTH TO DATE    6                         7     -1        3
  SINCE MAR 1      6                         8     -2        3
  SINCE JAN 1      6                         8     -2        3
..................................................................


WIND (MPH)
  HIGHEST WIND SPEED    40   HIGHEST WIND DIRECTION     N (10)
  HIGHEST GUST SPEED    49   HIGHEST GUST DIRECTION     N (10)
  AVERAGE WIND SPEED     8.1


SKY COVER **
  POSSIBLE SUNSHINE  MM
  AVERAGE SKY COVER 0.6


WEATHER CONDITIONS
 THE FOLLOWING WEATHER WAS RECORDED TODAY.
  LIGHT RAIN


RELATIVE HUMIDITY (PERCENT)
 HIGHEST    96           500 AM
 LOWEST     26           200 PM
 AVERAGE    61

..........................................................


THE DENVER CO CLIMATE NORMALS FOR TOMORROW
                         NORMAL    RECORD    YEAR
 MAXIMUM TEMPERATURE (F)   74        93      1989
 MINIMUM TEMPERATURE (F)   45        31      2002


SUNRISE AND SUNSET
MAY 22 2017...........SUNRISE   538 AM MDT   SUNSET   813 PM MDT
MAY 23 2017...........SUNRISE   537 AM MDT   SUNSET   814 PM MDT


-  INDICATES NEGATIVE NUMBERS.
R  INDICATES RECORD WAS SET OR TIED.
MM INDICATES DATA IS MISSING.
T  INDICATES TRACE AMOUNT.




$$
