000
CDUS45 KBOU 282330
CLIDEN


CLIMATE REPORT
NATIONAL WEATHER SERVICE DENVER CO
430 PM MST FRI NOV 28 2014


...................................

...THE DENVER CO CLIMATE SUMMARY FOR NOVEMBER 28 2014...
VALID TODAY AS OF 0400 PM LOCAL TIME.

CLIMATE NORMAL PERIOD 1981 TO 2010
CLIMATE RECORD PERIOD 1872 TO 2014


WEATHER ITEM   OBSERVED TIME   RECORD YEAR NORMAL DEPARTURE LAST
                VALUE   (LST)  VALUE       VALUE  FROM      YEAR
                                                  NORMAL
..................................................................
TEMPERATURE (F)
 TODAY
  MAXIMUM         67    122 PM  72    1901  46     21       51
  MINIMUM         36    724 AM -10    1877  20     16       24
  AVERAGE         52                        33     19       38

PRECIPITATION (IN)
  TODAY            0.00          0.28 1891   0.02  -0.02     0.00
  MONTH TO DATE    0.76                      0.58   0.18     0.27
  SINCE SEP 1      3.07                      2.56   0.51     6.60
  SINCE JAN 1     18.18                     13.92   4.26    17.35

DEGREE DAYS
 HEATING
  TODAY           13                        32    -19       27
  MONTH TO DATE  818                       736     82      677
  SINCE SEP 1   1208                      1301    -93     1285
  SINCE JUL 1   1215                      1317   -102     1285

 COOLING
  TODAY            0                         0      0        0
  MONTH TO DATE    0                         0      0        0
  SINCE SEP 1     88                        81      7      133
  SINCE JAN 1    701                       769    -68      999
..................................................................


WIND (MPH)
  HIGHEST WIND SPEED    16   HIGHEST WIND DIRECTION    SW (220)
  HIGHEST GUST SPEED    18   HIGHEST GUST DIRECTION    SW (220)
  AVERAGE WIND SPEED     8.8


SKY COVER **
  POSSIBLE SUNSHINE  MM
  AVERAGE SKY COVER 0.7


WEATHER CONDITIONS
 THE FOLLOWING WEATHER WAS RECORDED TODAY.
  NO SIGNIFICANT WEATHER WAS OBSERVED.


RELATIVE HUMIDITY (PERCENT)
 HIGHEST    41           800 AM
 LOWEST     12          1200 PM
 AVERAGE    27

..........................................................


THE DENVER CO CLIMATE NORMALS FOR TOMORROW
                         NORMAL    RECORD    YEAR
 MAXIMUM TEMPERATURE (F)   46        74      1899
 MINIMUM TEMPERATURE (F)   19       -18      1877


SUNRISE AND SUNSET
NOVEMBER 28 2014......SUNRISE   658 AM MST   SUNSET   435 PM MST
NOVEMBER 29 2014......SUNRISE   659 AM MST   SUNSET   435 PM MST


-  INDICATES NEGATIVE NUMBERS.
R  INDICATES RECORD WAS SET OR TIED.
MM INDICATES DATA IS MISSING.
T  INDICATES TRACE AMOUNT.




$$
