000
CDUS45 KBOU 232239
CLIDEN


CLIMATE REPORT
NATIONAL WEATHER SERVICE DENVER CO
437 PM MDT WED JUL 23 2014


...................................

...THE DENVER CO CLIMATE SUMMARY FOR JULY 23 2014...
VALID TODAY AS OF 0400 PM LOCAL TIME.

CLIMATE NORMAL PERIOD 1981 TO 2010
CLIMATE RECORD PERIOD 1872 TO 2014


WEATHER ITEM   OBSERVED TIME   RECORD YEAR NORMAL DEPARTURE LAST
                VALUE   (LST)  VALUE       VALUE  FROM      YEAR
                                                  NORMAL
..................................................................
TEMPERATURE (F)
 TODAY
  MAXIMUM         92    103 PM 102    2005  90      2       90
  MINIMUM         65    502 AM  49    1961  60      5       66
  AVERAGE         79                        75      4       78

PRECIPITATION (IN)
  TODAY            0.00          1.44 2001   0.08  -0.08     0.00
  MONTH TO DATE    0.92                      1.53  -0.61     1.48
  SINCE JUN 1      2.74                      3.51  -0.77     2.23
  SINCE JAN 1      9.45                      9.04   0.41     7.47

DEGREE DAYS
 HEATING
  TODAY            0                         0      0        0
  MONTH TO DATE    0                         1     -1        0
  SINCE JUN 1     30                        63    -33       29
  SINCE JUL 1      0                         1     -1        0

 COOLING
  TODAY           14                        10      4       13
  MONTH TO DATE  234                       209     25      249
  SINCE JUN 1    340                       342     -2      470
  SINCE JAN 1    361                       364     -3      512
..................................................................


WIND (MPH)
  HIGHEST WIND SPEED    23   HIGHEST WIND DIRECTION     W (280)
  HIGHEST GUST SPEED    26   HIGHEST GUST DIRECTION     W (270)
  AVERAGE WIND SPEED     9.6


SKY COVER **
  POSSIBLE SUNSHINE  MM
  AVERAGE SKY COVER 0.4


WEATHER CONDITIONS
 THE FOLLOWING WEATHER WAS RECORDED TODAY.
  NO SIGNIFICANT WEATHER WAS OBSERVED.


RELATIVE HUMIDITY (PERCENT)
 HIGHEST    87           600 AM
 LOWEST     38           100 AM
 AVERAGE    63

..........................................................


THE DENVER CO CLIMATE NORMALS FOR TOMORROW
                         NORMAL    RECORD    YEAR
 MAXIMUM TEMPERATURE (F)   90       100      2003
 MINIMUM TEMPERATURE (F)   60        49      2004


SUNRISE AND SUNSET
JULY 23 2014..........SUNRISE   549 AM MDT   SUNSET   821 PM MDT
JULY 24 2014..........SUNRISE   550 AM MDT   SUNSET   820 PM MDT


-  INDICATES NEGATIVE NUMBERS.
R  INDICATES RECORD WAS SET OR TIED.
MM INDICATES DATA IS MISSING.
T  INDICATES TRACE AMOUNT.




$$
