000
CDUS45 KBOU 232329
CLIDEN


CLIMATE REPORT
NATIONAL WEATHER SERVICE DENVER/BOULDER CO
529 PM MDT WED AUG 23 2017


...................................

...THE DENVER CO CLIMATE SUMMARY FOR AUGUST 23 2017...
VALID TODAY AS OF 0500 PM LOCAL TIME.

CLIMATE NORMAL PERIOD 1981 TO 2010
CLIMATE RECORD PERIOD 1872 TO 2017


WEATHER ITEM   OBSERVED TIME   RECORD YEAR NORMAL DEPARTURE LAST
                VALUE   (LST)  VALUE       VALUE  FROM      YEAR
                                                  NORMAL
..................................................................
TEMPERATURE (F)
 TODAY
  MAXIMUM         91    309 PM  98    2011  86      5       87
                                      2009
  MINIMUM         62    249 AM  41    1964  57      5       61
  AVERAGE         77                        71      6       74

PRECIPITATION (IN)
  TODAY            0.00          2.93 1921   0.04  -0.04      T
  MONTH TO DATE    1.86                      1.37   0.49     0.05
  SINCE JUN 1      2.66                      5.51  -2.85     2.74
  SINCE JAN 1      8.97                     11.04  -2.07     9.84

DEGREE DAYS
 HEATING
  TODAY            0                         0      0        0
  MONTH TO DATE    8                         0      8        3
  SINCE JUN 1     33                        68    -35        7
  SINCE JUL 1      8                         6      2        3

 COOLING
  TODAY           12                         7      5        9
  MONTH TO DATE  140                       197    -57      196
  SINCE JUN 1    667                       619     48      737
  SINCE JAN 1    673                       641     32      740
..................................................................


WIND (MPH)
  HIGHEST WIND SPEED    26   HIGHEST WIND DIRECTION    NW (330)
  HIGHEST GUST SPEED    33   HIGHEST GUST DIRECTION    NW (330)
  AVERAGE WIND SPEED    10.8


SKY COVER **
  POSSIBLE SUNSHINE  MM
  AVERAGE SKY COVER 0.6


WEATHER CONDITIONS
 THE FOLLOWING WEATHER WAS RECORDED TODAY.
  NO SIGNIFICANT WEATHER WAS OBSERVED.


RELATIVE HUMIDITY (PERCENT)
 HIGHEST    60           200 AM
 LOWEST     15           300 PM
 AVERAGE    38

..........................................................


THE DENVER CO CLIMATE NORMALS FOR TOMORROW
                         NORMAL    RECORD    YEAR
 MAXIMUM TEMPERATURE (F)   86        98      2011
 MINIMUM TEMPERATURE (F)   57        40      1910


SUNRISE AND SUNSET
AUGUST 23 2017........SUNRISE   619 AM MDT   SUNSET   744 PM MDT
AUGUST 24 2017........SUNRISE   620 AM MDT   SUNSET   742 PM MDT


-  INDICATES NEGATIVE NUMBERS.
R  INDICATES RECORD WAS SET OR TIED.
MM INDICATES DATA IS MISSING.
T  INDICATES TRACE AMOUNT.




$$
