923
CDUS45 KBOU 302239
CLIDEN


CLIMATE REPORT
NATIONAL WEATHER SERVICE DENVER/BOULDER CO
439 PM MDT THU MAR 30 2017


...................................

...THE DENVER CO CLIMATE SUMMARY FOR MARCH 30 2017...
VALID TODAY AS OF 0400 PM LOCAL TIME.

CLIMATE NORMAL PERIOD 1981 TO 2010
CLIMATE RECORD PERIOD 1872 TO 2017


WEATHER ITEM   OBSERVED TIME   RECORD YEAR NORMAL DEPARTURE LAST
                VALUE   (LST)  VALUE       VALUE  FROM      YEAR
                                                  NORMAL
..................................................................
TEMPERATURE (F)
 TODAY
  MAXIMUM         67    231 PM  82    2010  58      9       47
  MINIMUM         31    229 AM  10    1987  30      1       29
  AVERAGE         49                        44      5       38

PRECIPITATION (IN)
  TODAY            0.00          0.93 1953   0.04  -0.04     0.04
  MONTH TO DATE    0.78                      0.88  -0.10     1.17
  SINCE MAR 1      0.78                      0.88  -0.10     1.17
  SINCE JAN 1      1.55                      1.66  -0.11     2.15

DEGREE DAYS
 HEATING
  TODAY           16                        21     -5       27
  MONTH TO DATE  500                       741   -241      687
  SINCE MAR 1    500                       741   -241      687
  SINCE JUL 1   4302                      5180   -878     4675

 COOLING
  TODAY            0                         0      0        0
  MONTH TO DATE    0                         0      0        0
  SINCE MAR 1      0                         0      0        0
  SINCE JAN 1      0                         0      0        0
..................................................................


WIND (MPH)
  HIGHEST WIND SPEED    13   HIGHEST WIND DIRECTION     E (70)
  HIGHEST GUST SPEED    18   HIGHEST GUST DIRECTION     E (70)
  AVERAGE WIND SPEED     7.8


SKY COVER **
  POSSIBLE SUNSHINE  MM
  AVERAGE SKY COVER 0.6


WEATHER CONDITIONS
 THE FOLLOWING WEATHER WAS RECORDED TODAY.
  NO SIGNIFICANT WEATHER WAS OBSERVED.


RELATIVE HUMIDITY (PERCENT)
 HIGHEST    82           100 AM
 LOWEST     26          1200 PM
 AVERAGE    54

..........................................................


THE DENVER CO CLIMATE NORMALS FOR TOMORROW
                         NORMAL    RECORD    YEAR
 MAXIMUM TEMPERATURE (F)   58        81      2012
 MINIMUM TEMPERATURE (F)   30         5      1954
                                             1899


SUNRISE AND SUNSET
MARCH 30 2017.........SUNRISE   645 AM MDT   SUNSET   721 PM MDT
MARCH 31 2017.........SUNRISE   643 AM MDT   SUNSET   722 PM MDT


-  INDICATES NEGATIVE NUMBERS.
R  INDICATES RECORD WAS SET OR TIED.
MM INDICATES DATA IS MISSING.
T  INDICATES TRACE AMOUNT.




$$
