000
CDUS45 KBOU 270013
CLIDEN


CLIMATE REPORT
NATIONAL WEATHER SERVICE DENVER CO
513 PM MST FRI DEC 26 2014


...................................

...THE DENVER CO CLIMATE SUMMARY FOR DECEMBER 26 2014...
VALID TODAY AS OF 0400 PM LOCAL TIME.

CLIMATE NORMAL PERIOD 1981 TO 2010
CLIMATE RECORD PERIOD 1872 TO 2014


WEATHER ITEM   OBSERVED TIME   RECORD YEAR NORMAL DEPARTURE LAST
                VALUE   (LST)  VALUE       VALUE  FROM      YEAR
                                                  NORMAL
..................................................................
TEMPERATURE (F)
 TODAY
  MAXIMUM         20    124 PM  68    1980  42    -22       51
  MINIMUM         13    714 AM  -5    1982  17     -4       26
                                      1916
                                      1878
  AVERAGE         17                        30    -13       39

PRECIPITATION (IN)
  TODAY            0.05          0.58 1878   0.01   0.04     0.00
  MONTH TO DATE    0.35                      0.30   0.05     0.21
  SINCE DEC 1      0.35                      0.30   0.05     0.21
  SINCE JAN 1     18.53                     14.25   4.28    17.56

DEGREE DAYS
 HEATING
  TODAY           48                        35     13       26
  MONTH TO DATE  759                       912   -153      987
  SINCE DEC 1    759                       912   -153      987
  SINCE JUL 1   2013                      2294   -281     2310

 COOLING
  TODAY            0                         0      0        0
  MONTH TO DATE    0                         0      0        0
  SINCE DEC 1      0                         0      0        0
  SINCE JAN 1    701                       769    -68      999
..................................................................


WIND (MPH)
  HIGHEST WIND SPEED    17   HIGHEST WIND DIRECTION     N (20)
  HIGHEST GUST SPEED    20   HIGHEST GUST DIRECTION    NE (30)
  AVERAGE WIND SPEED     6.8


SKY COVER **
  POSSIBLE SUNSHINE  MM
  AVERAGE SKY COVER 0.9


WEATHER CONDITIONS
 THE FOLLOWING WEATHER WAS RECORDED TODAY.
  SNOW
  LIGHT SNOW
  FOG
  HAZE


RELATIVE HUMIDITY (PERCENT)
 HIGHEST    92           200 AM
 LOWEST     77          1100 AM
 AVERAGE    85

..........................................................


THE DENVER CO CLIMATE NORMALS FOR TOMORROW
                         NORMAL    RECORD    YEAR
 MAXIMUM TEMPERATURE (F)   43        75      1980
 MINIMUM TEMPERATURE (F)   17       -10      1904


SUNRISE AND SUNSET
DECEMBER 26 2014......SUNRISE   719 AM MST   SUNSET   440 PM MST
DECEMBER 27 2014......SUNRISE   719 AM MST   SUNSET   441 PM MST


-  INDICATES NEGATIVE NUMBERS.
R  INDICATES RECORD WAS SET OR TIED.
MM INDICATES DATA IS MISSING.
T  INDICATES TRACE AMOUNT.




$$
