000
CDUS45 KBOU 292334
CLIDEN


CLIMATE REPORT
NATIONAL WEATHER SERVICE DENVER/BOULDER CO
534 PM MDT MON AUG 29 2016


...................................

...THE DENVER CO CLIMATE SUMMARY FOR AUGUST 29 2016...
VALID TODAY AS OF 0500 PM LOCAL TIME.

CLIMATE NORMAL PERIOD 1981 TO 2010
CLIMATE RECORD PERIOD 1872 TO 2016


WEATHER ITEM   OBSERVED TIME   RECORD YEAR NORMAL DEPARTURE LAST
                VALUE   (LST)  VALUE       VALUE  FROM      YEAR
                                                  NORMAL
..................................................................
TEMPERATURE (F)
 TODAY
  MAXIMUM         84   1134 AM  97    2012  85     -1       91
  MINIMUM         62    245 AM  44    1962  55      7       52
  AVERAGE         73                        70      3       72

PRECIPITATION (IN)
  TODAY            0.00          0.50 1872   0.05  -0.05     0.00
  MONTH TO DATE    0.22                      1.62  -1.40     1.06
  SINCE JUN 1      2.91                      5.76  -2.85     4.65
  SINCE JAN 1     10.01                     11.29  -1.28    13.48

DEGREE DAYS
 HEATING
  TODAY            0                         1     -1        0
  MONTH TO DATE   15                         3     12       13
  SINCE JUN 1     19                        71    -52       29
  SINCE JUL 1     15                         9      6       18

 COOLING
  TODAY            8                         6      2        7
  MONTH TO DATE  214                       234    -20      280
  SINCE JUN 1    755                       656     99      685
  SINCE JAN 1    758                       678     80      689
..................................................................


WIND (MPH)
  HIGHEST WIND SPEED    25   HIGHEST WIND DIRECTION    SW (210)
  HIGHEST GUST SPEED    29   HIGHEST GUST DIRECTION    SW (220)
  AVERAGE WIND SPEED    11.9


SKY COVER **
  POSSIBLE SUNSHINE  MM
  AVERAGE SKY COVER 0.7


WEATHER CONDITIONS
 THE FOLLOWING WEATHER WAS RECORDED TODAY.
  THUNDERSTORM


RELATIVE HUMIDITY (PERCENT)
 HIGHEST    65           100 AM
 LOWEST     24          1100 AM
 AVERAGE    45

..........................................................


THE DENVER CO CLIMATE NORMALS FOR TOMORROW
                         NORMAL    RECORD    YEAR
 MAXIMUM TEMPERATURE (F)   85        98      1990
 MINIMUM TEMPERATURE (F)   55        42      1968


SUNRISE AND SUNSET
AUGUST 29 2016........SUNRISE   624 AM MDT   SUNSET   734 PM MDT
AUGUST 30 2016........SUNRISE   625 AM MDT   SUNSET   733 PM MDT


-  INDICATES NEGATIVE NUMBERS.
R  INDICATES RECORD WAS SET OR TIED.
MM INDICATES DATA IS MISSING.
T  INDICATES TRACE AMOUNT.




$$
