000
CDUS45 KBOU 030757
CLIDEN


CLIMATE REPORT
NATIONAL WEATHER SERVICE DENVER CO
156 AM MDT FRI JUL 3 2015


...................................

...THE DENVER CO CLIMATE SUMMARY FOR JULY 2 2015...

CLIMATE NORMAL PERIOD 1981 TO 2010
CLIMATE RECORD PERIOD 1872 TO 2015


WEATHER ITEM   OBSERVED TIME   RECORD YEAR NORMAL DEPARTURE LAST
                VALUE   (LST)  VALUE       VALUE  FROM      YEAR
                                                  NORMAL
..................................................................
TEMPERATURE (F)
 YESTERDAY
  MAXIMUM         85    331 PM 101    2012  88     -3       80
  MINIMUM         56    613 AM  44    1997  57     -1       59
  AVERAGE         71                        72     -1       70

PRECIPITATION (IN)
  YESTERDAY        0.11          1.34 1919   0.05   0.06     0.00
  MONTH TO DATE    0.12                      0.11   0.01     0.00
  SINCE JUN 1      2.65                      2.09   0.56     1.82
  SINCE JAN 1     11.48                      7.62   3.86     8.53

SNOWFALL (IN)
  YESTERDAY        0.0
  MONTH TO DATE      0
  SINCE JUN 1        0
  SINCE JUL 1        0
  SNOW DEPTH       0


DEGREE DAYS
 HEATING
  YESTERDAY        0                         0      0        0
  MONTH TO DATE    0                         1     -1        0
  SINCE JUN 1     11                        63    -52       30
  SINCE JUL 1      0                         1     -1        0

 COOLING
  YESTERDAY        6                         8     -2        5
  MONTH TO DATE   18                        15      3        6
  SINCE JUN 1    172                       148     24      112
  SINCE JAN 1    176                       170      6      133
..................................................................


WIND (MPH)
  HIGHEST WIND SPEED    31   HIGHEST WIND DIRECTION     N (360)
  HIGHEST GUST SPEED    39   HIGHEST GUST DIRECTION     N (350)
  AVERAGE WIND SPEED     9.4


SKY COVER **
  POSSIBLE SUNSHINE  MM
  AVERAGE SKY COVER 0.6


WEATHER CONDITIONS
 THE FOLLOWING WEATHER WAS RECORDED YESTERDAY.
  THUNDERSTORM
  HEAVY RAIN
  RAIN
  LIGHT RAIN
  FOG


RELATIVE HUMIDITY (PERCENT)
 HIGHEST    90          1100 PM
 LOWEST     31           300 PM
 AVERAGE    61

..........................................................


THE DENVER CO CLIMATE NORMALS FOR TODAY
                         NORMAL    RECORD    YEAR
 MAXIMUM TEMPERATURE (F)   88       101      1874
 MINIMUM TEMPERATURE (F)   57        46      1872


SUNRISE AND SUNSET
JULY  3 2015..........SUNRISE   535 AM MST   SUNSET   831 PM MST
JULY  4 2015..........SUNRISE   536 AM MST   SUNSET   830 PM MST


-  INDICATES NEGATIVE NUMBERS.
R  INDICATES RECORD WAS SET OR TIED.
MM INDICATES DATA IS MISSING.
T  INDICATES TRACE AMOUNT.

&&

** SUNSHINE DATA WILL NO LONGER BE AVAILABLE EFFECTIVE OCTOBER 1ST 2009.




$$
