000
CDUS45 KBOU 242231
CLIDEN


CLIMATE REPORT
NATIONAL WEATHER SERVICE DENVER CO
431 PM MDT SUN MAY 24 2015


...................................

...THE DENVER CO CLIMATE SUMMARY FOR MAY 24 2015...
VALID TODAY AS OF 0400 PM LOCAL TIME.

CLIMATE NORMAL PERIOD 1981 TO 2010
CLIMATE RECORD PERIOD 1872 TO 2015


WEATHER ITEM   OBSERVED TIME   RECORD YEAR NORMAL DEPARTURE LAST
                VALUE   (LST)  VALUE       VALUE  FROM      YEAR
                                                  NORMAL
..................................................................
TEMPERATURE (F)
 TODAY
  MAXIMUM         59    153 PM  87    2005  75    -16       69
                                      1984
                                      1967
  MINIMUM         40    346 AM  32    2002  45     -5       52
  AVERAGE         50                        60    -10       61

PRECIPITATION (IN)
  TODAY            0.00          0.64 1909   0.07  -0.07      T
  MONTH TO DATE    3.72                      1.61   2.11     3.41
  SINCE MAR 1      7.16                      4.24   2.92     5.48
  SINCE JAN 1      8.79                      5.02   3.77     6.61

DEGREE DAYS
 HEATING
  TODAY           15                         6      9        4
  MONTH TO DATE  330                       229    101      235
  SINCE MAR 1   1422                      1521    -99     1446
  SINCE JUL 1   5535                      5960   -425     5965

 COOLING
  TODAY            0                         1     -1        0
  MONTH TO DATE    0                         9     -9        6
  SINCE MAR 1      0                        10    -10        6
  SINCE JAN 1      0                        10    -10        6
..................................................................


WIND (MPH)
  HIGHEST WIND SPEED    20   HIGHEST WIND DIRECTION     E (90)
  HIGHEST GUST SPEED    24   HIGHEST GUST DIRECTION     E (100)
  AVERAGE WIND SPEED     7.8


SKY COVER **
  POSSIBLE SUNSHINE  MM
  AVERAGE SKY COVER 0.6


WEATHER CONDITIONS
 THE FOLLOWING WEATHER WAS RECORDED TODAY.
  NO SIGNIFICANT WEATHER WAS OBSERVED.


RELATIVE HUMIDITY (PERCENT)
 HIGHEST    93           300 AM
 LOWEST     47           100 PM
 AVERAGE    70

..........................................................


THE DENVER CO CLIMATE NORMALS FOR TOMORROW
                         NORMAL    RECORD    YEAR
 MAXIMUM TEMPERATURE (F)   75        91      1964
 MINIMUM TEMPERATURE (F)   46        31      1950


SUNRISE AND SUNSET
MAY 24 2015...........SUNRISE   537 AM MST   SUNSET   814 PM MST
MAY 25 2015...........SUNRISE   536 AM MST   SUNSET   815 PM MST


-  INDICATES NEGATIVE NUMBERS.
R  INDICATES RECORD WAS SET OR TIED.
MM INDICATES DATA IS MISSING.
T  INDICATES TRACE AMOUNT.




$$
