000
CDUS45 KBOU 051434
CLIDEN


CLIMATE REPORT
NATIONAL WEATHER SERVICE DENVER CO
734 AM MST THU MAR 5 2015


...................................

...THE DENVER CO CLIMATE SUMMARY FOR MARCH 5 2015...
VALID AS OF 0700 AM LOCAL TIME.

CLIMATE NORMAL PERIOD 1981 TO 2010
CLIMATE RECORD PERIOD 1872 TO 2015


WEATHER ITEM   OBSERVED TIME   RECORD YEAR NORMAL DEPARTURE LAST
                VALUE   (LST)  VALUE       VALUE  FROM      YEAR
                                                  NORMAL
..................................................................
TEMPERATURE (F)
 TODAY
  MAXIMUM         19    659 AM  76    1910  51    -32       52
  MINIMUM          2   1214 AM  -5    1989  24    -22       27
  AVERAGE         11                        37    -26       40

PRECIPITATION (IN)
  TODAY            0.00          2.68 1983   0.02  -0.02     0.03
  MONTH TO DATE    0.12                      0.09   0.03     0.29
  SINCE MAR 1      0.12                      0.09   0.03     0.29
  SINCE JAN 1      1.75                      0.87   0.88     1.42

..................................................................


WIND (MPH)
  HIGHEST WIND SPEED    21   HIGHEST WIND DIRECTION     S (200)
  HIGHEST GUST SPEED    21   HIGHEST GUST DIRECTION     S (200)
  AVERAGE WIND SPEED    14.5




RELATIVE HUMIDITY (PERCENT)
 HIGHEST    83          1200 AM
 LOWEST     46           600 AM
 AVERAGE    65

..........................................................


THE DENVER CO CLIMATE NORMALS FOR TOMORROW
                         NORMAL    RECORD    YEAR
 MAXIMUM TEMPERATURE (F)   52        75      1972
 MINIMUM TEMPERATURE (F)   24        -7      1943


SUNRISE AND SUNSET
MARCH  5 2015.........SUNRISE   626 AM MST   SUNSET   554 PM MST
MARCH  6 2015.........SUNRISE   624 AM MST   SUNSET   555 PM MST


-  INDICATES NEGATIVE NUMBERS.
R  INDICATES RECORD WAS SET OR TIED.
MM INDICATES DATA IS MISSING.
T  INDICATES TRACE AMOUNT.




$$
