000
CDUS45 KBOU 200733
CLIDEN


CLIMATE REPORT
NATIONAL WEATHER SERVICE DENVER/BOULDER CO
1232 AM MST SAT JAN 20 2018


...................................

...THE DENVER CO CLIMATE SUMMARY FOR JANUARY 19 2018...

CLIMATE NORMAL PERIOD 1981 TO 2010
CLIMATE RECORD PERIOD 1872 TO 2018


WEATHER ITEM   OBSERVED TIME   RECORD YEAR NORMAL DEPARTURE LAST
                VALUE   (LST)  VALUE       VALUE  FROM      YEAR
                                                  NORMAL
..................................................................
TEMPERATURE (F)
 YESTERDAY
  MAXIMUM         67    329 PM  68    1986  44     23       54
                                      1920
  MINIMUM         35   1252 AM -20    1883  17     18       22
  AVERAGE         51                        31     20       38

PRECIPITATION (IN)
  YESTERDAY        0.00          0.63 1990   0.01  -0.01     0.00
  MONTH TO DATE    0.24                      0.25  -0.01     0.54
  SINCE DEC 1      0.45                      0.60  -0.15     1.32
  SINCE JAN 1      0.24                      0.25  -0.01     0.54

SNOWFALL (IN)
  YESTERDAY        0.0
  MONTH TO DATE    0.7
  SINCE DEC 1      4.7
  SINCE JUL 1      7.5
  SNOW DEPTH       0

DEGREE DAYS
 HEATING
  YESTERDAY       14                        34    -20       27
  MONTH TO DATE  569                       651    -82      702
  SINCE DEC 1   1548                      1737   -189     1848
  SINCE JUL 1   2719                      3119   -400     2744

 COOLING
  YESTERDAY        0                         0      0        0
  MONTH TO DATE    0                         0      0        0
  SINCE DEC 1      0                         0      0        0
  SINCE JAN 1      0                         0      0        0
..................................................................


WIND (MPH)
  HIGHEST WIND SPEED    20   HIGHEST WIND DIRECTION     S (200)
  HIGHEST GUST SPEED    22   HIGHEST GUST DIRECTION     S (200)
  AVERAGE WIND SPEED    10.4


SKY COVER
  POSSIBLE SUNSHINE  MM
  AVERAGE SKY COVER 0.7


WEATHER CONDITIONS
 THE FOLLOWING WEATHER WAS RECORDED YESTERDAY.
  NO SIGNIFICANT WEATHER WAS OBSERVED.


RELATIVE HUMIDITY (PERCENT)
 HIGHEST    47           100 AM
 LOWEST     15           200 PM
 AVERAGE    31

..........................................................


THE DENVER CO CLIMATE NORMALS FOR TODAY
                         NORMAL    RECORD    YEAR
 MAXIMUM TEMPERATURE (F)   44        70      2005
 MINIMUM TEMPERATURE (F)   17       -18      1883


SUNRISE AND SUNSET
JANUARY 20 2018.......SUNRISE   716 AM MST   SUNSET   504 PM MST
JANUARY 21 2018.......SUNRISE   715 AM MST   SUNSET   505 PM MST


-  INDICATES NEGATIVE NUMBERS.
R  INDICATES RECORD WAS SET OR TIED.
MM INDICATES DATA IS MISSING.
T  INDICATES TRACE AMOUNT.




$$
