000
CDUS44 KSHV 010741
CLIDEQ


CLIMATE REPORT
NATIONAL WEATHER SERVICE SHREVEPORT, LA
234 AM CDT SAT OCT 1 2016


...................................

...THE DE QUEEN CLIMATE SUMMARY FOR SEPTEMBER 30 2016...

CLIMATE NORMAL PERIOD 1981 TO 2010
CLIMATE RECORD PERIOD 1902 TO 2016


WEATHER ITEM   OBSERVED TIME   RECORD YEAR NORMAL DEPARTURE LAST
                VALUE   (LST)  VALUE       VALUE  FROM      YEAR
                                                  NORMAL
..................................................................
TEMPERATURE (F)
 YESTERDAY
  MAXIMUM         82    342 PM 103    1953  81      1       91
  MINIMUM         47    625 AM  40    1992  56     -9       61
  AVERAGE         65                        68     -3       76

PRECIPITATION (IN)
  YESTERDAY        0.00          1.90 1903   0.10  -0.10     0.00
  MONTH TO DATE    2.26                      3.61  -1.35     0.58
  SINCE DEC 1     40.27                     39.56   0.71    38.94
  SINCE JAN 1     29.99                     35.20  -5.21    37.22

SNOWFALL (IN)
  YESTERDAY        0.0
  MONTH TO DATE    0.0
  SINCE SEP 1      0.0
  SINCE JUL 1      0.0
  SNOW DEPTH       0

DEGREE DAYS
 HEATING
  YESTERDAY        0                         1     -1        0
  MONTH TO DATE    2                         7     -5        0
  SINCE SEP 1      2                         9     -7        0
  SINCE JUL 1      2                         9     -7        0

 COOLING
  YESTERDAY        0                         4     -4       11
  MONTH TO DATE  345                       273     72      364
  SINCE SEP 1    345                       273     72      364
  SINCE JAN 1   2082                      1865    217     2057
..................................................................


WIND (MPH)
  HIGHEST WIND SPEED     9   HIGHEST WIND DIRECTION     N (360)
  HIGHEST GUST SPEED    13   HIGHEST GUST DIRECTION     N (20)
  AVERAGE WIND SPEED     1.1


SKY COVER
  POSSIBLE SUNSHINE  MM
  AVERAGE SKY COVER 0.0


WEATHER CONDITIONS
 THE FOLLOWING WEATHER WAS RECORDED YESTERDAY.
  FOG


RELATIVE HUMIDITY (PERCENT)
 HIGHEST   100          1200 AM
 LOWEST     33           200 PM
 AVERAGE    67

..........................................................


THE DE QUEEN CLIMATE NORMALS FOR TODAY
                         NORMAL    RECORD    YEAR
 MAXIMUM TEMPERATURE (F)   80       104      1938
 MINIMUM TEMPERATURE (F)   55        35      1984


SUNRISE AND SUNSET
OCTOBER  1 2016.......SUNRISE   712 AM CDT   SUNSET   701 PM CDT
OCTOBER  2 2016.......SUNRISE   713 AM CDT   SUNSET   700 PM CDT


-  INDICATES NEGATIVE NUMBERS.
R  INDICATES RECORD WAS SET OR TIED.
MM INDICATES DATA IS MISSING.
T  INDICATES TRACE AMOUNT.




$$
