000
CDUS44 KSHV 230747
CLIDEQ


CLIMATE REPORT
NATIONAL WEATHER SERVICE SHREVEPORT, LA
244 AM CDT TUE SEP 23 2014


...................................

...THE DE QUEEN CLIMATE SUMMARY FOR SEPTEMBER 22 2014...

CLIMATE NORMAL PERIOD 1981 TO 2010
CLIMATE RECORD PERIOD 1902 TO 2014


WEATHER ITEM   OBSERVED TIME   RECORD YEAR NORMAL DEPARTURE LAST
                VALUE   (LST)  VALUE       VALUE  FROM      YEAR
                                                  NORMAL
..................................................................
TEMPERATURE (F)
 YESTERDAY
  MAXIMUM         81    333 PM  99    2005  84     -3       82
  MINIMUM         56   1159 PM  38    1983  59     -3       50
  AVERAGE         69                        71     -2       66

PRECIPITATION (IN)
  YESTERDAY        0.00          3.93 1957   0.12  -0.12     0.00
  MONTH TO DATE    7.09                      2.65   4.44     4.88
  SINCE DEC 1     35.37                     38.60  -3.23    29.23
  SINCE JAN 1     33.44                     34.24  -0.80    25.18

SNOWFALL (IN)
  YESTERDAY        0.0
  MONTH TO DATE    0.0
  SINCE SEP 1      0.0
  SINCE JUL 1      0.0
  SNOW DEPTH       0

DEGREE DAYS
 HEATING
  YESTERDAY        0                         0      0        0
  MONTH TO DATE    1                         0      1        0
  SINCE SEP 1      1                         0      1        0
  SINCE JUL 1      1                         0      1        0

 COOLING
  YESTERDAY        4                         7     -3        1
  MONTH TO DATE  263                       232     31      306
  SINCE SEP 1    263                       232     31      306
  SINCE JAN 1   1593                      1824   -231     1869
..................................................................


WIND (MPH)
  HIGHEST WIND SPEED    14   HIGHEST WIND DIRECTION    NE (60)
  HIGHEST GUST SPEED    18   HIGHEST GUST DIRECTION    NE (60)
  AVERAGE WIND SPEED     4.3


SKY COVER
  POSSIBLE SUNSHINE  MM
  AVERAGE SKY COVER 0.0


WEATHER CONDITIONS
 THE FOLLOWING WEATHER WAS RECORDED YESTERDAY.
  FOG


RELATIVE HUMIDITY (PERCENT)
 HIGHEST    93           500 AM
 LOWEST     36           200 PM
 AVERAGE    65

..........................................................


THE DE QUEEN CLIMATE NORMALS FOR TODAY
                         NORMAL    RECORD    YEAR
 MAXIMUM TEMPERATURE (F)   83        97      1939
 MINIMUM TEMPERATURE (F)   58        40      1994


SUNRISE AND SUNSET
SEPTEMBER 23 2014.....SUNRISE   706 AM CDT   SUNSET   713 PM CDT
SEPTEMBER 24 2014.....SUNRISE   707 AM CDT   SUNSET   711 PM CDT


-  INDICATES NEGATIVE NUMBERS.
R  INDICATES RECORD WAS SET OR TIED.
MM INDICATES DATA IS MISSING.
T  INDICATES TRACE AMOUNT.




$$
