063
CDUS44 KSHV 270732
CLIDEQ


CLIMATE REPORT
NATIONAL WEATHER SERVICE SHREVEPORT, LA
231 AM CDT SAT MAY 27 2017


...................................

...THE DE QUEEN CLIMATE SUMMARY FOR MAY 26 2017...

CLIMATE NORMAL PERIOD 1981 TO 2010
CLIMATE RECORD PERIOD 1902 TO 2017


WEATHER ITEM   OBSERVED TIME   RECORD YEAR NORMAL DEPARTURE LAST
                VALUE   (LST)  VALUE       VALUE  FROM      YEAR
                                                  NORMAL
..................................................................
TEMPERATURE (F)
 YESTERDAY
  MAXIMUM         89    352 PM  92    1996  83      6       81
  MINIMUM         66    517 AM  45    1988  62      4       70
  AVERAGE         78                        72      6       76

PRECIPITATION (IN)
  YESTERDAY        0.00          4.20 1968   0.12  -0.12     0.04
  MONTH TO DATE    2.59                      4.88  -2.29     1.31
  SINCE DEC 1     21.84                     24.81  -2.97    28.79
  SINCE JAN 1     19.13                     20.45  -1.32    18.51

SNOWFALL (IN)
  YESTERDAY        0.0
  MONTH TO DATE    0.0
  SINCE MAR 1      0.0
  SINCE JUL 1      0.3
  SNOW DEPTH       0

DEGREE DAYS
 HEATING
  YESTERDAY        0                         0      0        0
  MONTH TO DATE   24                        21      3       27
  SINCE MAR 1    332                       551   -219      370
  SINCE JUL 1   2101                      3042   -941     2322

 COOLING
  YESTERDAY       13                         8      5       11
  MONTH TO DATE  117                       129    -12      104
  SINCE MAR 1    214                       174     40      154
  SINCE JAN 1    224                       176     48      154
..................................................................


WIND (MPH)
  HIGHEST WIND SPEED    17   HIGHEST WIND DIRECTION     S (200)
  HIGHEST GUST SPEED    22   HIGHEST GUST DIRECTION    SW (220)
  AVERAGE WIND SPEED     6.1


SKY COVER
  POSSIBLE SUNSHINE  MM
  AVERAGE SKY COVER 0.7


WEATHER CONDITIONS
 THE FOLLOWING WEATHER WAS RECORDED YESTERDAY.
  NO SIGNIFICANT WEATHER WAS OBSERVED.


RELATIVE HUMIDITY (PERCENT)
 HIGHEST    90           800 AM
 LOWEST     68           200 PM
 AVERAGE    79

..........................................................


THE DE QUEEN CLIMATE NORMALS FOR TODAY
                         NORMAL    RECORD    YEAR
 MAXIMUM TEMPERATURE (F)   84        93      2012
 MINIMUM TEMPERATURE (F)   62        44      1961


SUNRISE AND SUNSET
MAY 27 2017...........SUNRISE   609 AM CDT   SUNSET   821 PM CDT
MAY 28 2017...........SUNRISE   609 AM CDT   SUNSET   822 PM CDT


-  INDICATES NEGATIVE NUMBERS.
R  INDICATES RECORD WAS SET OR TIED.
MM INDICATES DATA IS MISSING.
T  INDICATES TRACE AMOUNT.




$$
