000
CDUS44 KSHV 300801
CLIDEQ


CLIMATE REPORT
NATIONAL WEATHER SERVICE SHREVEPORT, LA
300 AM CDT THU MAR 30 2017


...................................

...THE DE QUEEN CLIMATE SUMMARY FOR MARCH 29 2017...

CLIMATE NORMAL PERIOD 1981 TO 2010
CLIMATE RECORD PERIOD 1902 TO 2017


WEATHER ITEM   OBSERVED TIME   RECORD YEAR NORMAL DEPARTURE LAST
                VALUE   (LST)  VALUE       VALUE  FROM      YEAR
                                                  NORMAL
..................................................................
TEMPERATURE (F)
 YESTERDAY
  MAXIMUM         75    548 PM  89    1967  69      6       74
  MINIMUM         57   1159 PM  27    1955  43     14       46
  AVERAGE         66                        56     10       60

PRECIPITATION (IN)
  YESTERDAY        0.55          2.01 1945   0.19   0.36     0.00
  MONTH TO DATE    3.89                      4.25  -0.36     3.53
  SINCE DEC 1     10.78                     15.61  -4.83    16.06
  SINCE JAN 1      8.07                     11.25  -3.18     5.78

SNOWFALL (IN)
  YESTERDAY        0.0
  MONTH TO DATE    0.0
  SINCE MAR 1      0.0
  SINCE JUL 1      0.3
  SNOW DEPTH       0

DEGREE DAYS
 HEATING
  YESTERDAY        0                         9     -9        5
  MONTH TO DATE  220                       358   -138      254
  SINCE MAR 1    220                       358   -138      254
  SINCE JUL 1   1989                      2849   -860     2206

 COOLING
  YESTERDAY        1                         1      0        0
  MONTH TO DATE   27                         1     26        5
  SINCE MAR 1     27                         1     26        5
  SINCE JAN 1     37                         3     34        5
..................................................................


WIND (MPH)
  HIGHEST WIND SPEED    20   HIGHEST WIND DIRECTION    SE (120)
  HIGHEST GUST SPEED    31   HIGHEST GUST DIRECTION    SE (120)
  AVERAGE WIND SPEED     8.2


SKY COVER
  POSSIBLE SUNSHINE  MM
  AVERAGE SKY COVER 0.5


WEATHER CONDITIONS
 THE FOLLOWING WEATHER WAS RECORDED YESTERDAY.
  THUNDERSTORM
  HEAVY RAIN
  RAIN
  LIGHT RAIN
  FOG


RELATIVE HUMIDITY (PERCENT)
 HIGHEST   100          1000 PM
 LOWEST     68           100 PM
 AVERAGE    84

..........................................................


THE DE QUEEN CLIMATE NORMALS FOR TODAY
                         NORMAL    RECORD    YEAR
 MAXIMUM TEMPERATURE (F)   70        93      1946
 MINIMUM TEMPERATURE (F)   43        27      2003


SUNRISE AND SUNSET
MARCH 30 2017.........SUNRISE   707 AM CDT   SUNSET   737 PM CDT
MARCH 31 2017.........SUNRISE   706 AM CDT   SUNSET   738 PM CDT


-  INDICATES NEGATIVE NUMBERS.
R  INDICATES RECORD WAS SET OR TIED.
MM INDICATES DATA IS MISSING.
T  INDICATES TRACE AMOUNT.




$$
