000
CDUS46 KOTX 030822
CLIDEW


CLIMATE REPORT
NATIONAL WEATHER SERVICE SPOKANE, WA
122 AM PDT MON AUG 3 2015


...................................

...THE DEER_PARK WA AIRPORT CLIMATE SUMMARY FOR AUGUST 2 2015...

CLIMATE NORMAL PERIOD 1981 TO 2010
CLIMATE RECORD PERIOD 9999 TO 9999


WEATHER ITEM   OBSERVED TIME   RECORD YEAR NORMAL DEPARTURE LAST
                VALUE   (LST)  VALUE       VALUE  FROM      YEAR
                                                  NORMAL
..................................................................
TEMPERATURE (F)
 YESTERDAY
  MAXIMUM         96    439 PM  MM      MM  86     10       95
  MINIMUM         45    422 AM  MM      MM  48     -3       59
  AVERAGE         71                        67      4       77

PRECIPITATION (IN)
  YESTERDAY        0.00         MM      MM   0.01  -0.01      T
  MONTH TO DATE    0.00                      0.02  -0.02      T
  SINCE OCT 1     16.62                     20.44  -3.82    17.48
  SINCE JAN 1     10.23                     12.62  -2.39    13.68

SNOWFALL (IN)
  YESTERDAY       MM

DEGREE DAYS
 HEATING
  YESTERDAY        0                         1     -1        0
  MONTH TO DATE    0                         2     -2        0
  SINCE JUN 1     92                       270   -178      224
  SINCE JUL 1     14                        70    -56       18

 COOLING
  YESTERDAY        6                         3      3       12
  MONTH TO DATE   14                         6      8       20
  SINCE JUN 1    275                       100    175      232
  SINCE JAN 1    286                       103    183      232
..................................................................


WIND (MPH)
  HIGHEST WIND SPEED     8   HIGHEST WIND DIRECTION     W (260)
  HIGHEST GUST SPEED    11   HIGHEST GUST DIRECTION     W (280)
  AVERAGE WIND SPEED     1.8


SKY COVER
  POSSIBLE SUNSHINE  MM
  AVERAGE SKY COVER 0.0


WEATHER CONDITIONS
 THE FOLLOWING WEATHER WAS RECORDED YESTERDAY.
  HAZE


RELATIVE HUMIDITY (PERCENT)
 HIGHEST    50           500 AM
 LOWEST      9           400 PM
 AVERAGE    30

..........................................................


THE DEER_PARK WA AIRPORT CLIMATE NORMALS FOR TODAY
                         NORMAL    RECORD    YEAR
 MAXIMUM TEMPERATURE (F)   86        MM        MM
 MINIMUM TEMPERATURE (F)   48        MM        MM


SUNRISE AND SUNSET
AUGUST  3 2015........SUNRISE   528 AM PDT   SUNSET   822 PM PDT
AUGUST  4 2015........SUNRISE   530 AM PDT   SUNSET   821 PM PDT


-  INDICATES NEGATIVE NUMBERS.
R  INDICATES RECORD WAS SET OR TIED.
MM INDICATES DATA IS MISSING.
T  INDICATES TRACE AMOUNT.




$$
