000
CDUS46 KOTX 280824
CLIDEW


CLIMATE REPORT
NATIONAL WEATHER SERVICE SPOKANE, WA
1224 AM PST SAT FEB 28 2015


...................................

...THE DEER_PARK WA AIRPORT CLIMATE SUMMARY FOR FEBRUARY 27 2015...

CLIMATE NORMAL PERIOD 1981 TO 2010
CLIMATE RECORD PERIOD 9999 TO 9999


WEATHER ITEM   OBSERVED TIME   RECORD YEAR NORMAL DEPARTURE LAST
                VALUE   (LST)  VALUE       VALUE  FROM      YEAR
                                                  NORMAL
..................................................................
TEMPERATURE (F)
 YESTERDAY
  MAXIMUM         49    203 PM  MM      MM  43      6       36
  MINIMUM         27    334 AM  MM      MM  22      5       29
  AVERAGE         38                        33      5       33

PRECIPITATION (IN)
  YESTERDAY        0.00         MM      MM   0.05  -0.05     0.02
  MONTH TO DATE    2.15                      1.54   0.61     2.04
  SINCE OCT 1     10.58                     11.99  -1.41     7.52
  SINCE JAN 1      4.19                      4.17   0.02     3.72

SNOWFALL (IN)
  YESTERDAY       MM

DEGREE DAYS
 HEATING
  YESTERDAY       27                        32     -5       32
  MONTH TO DATE  749                       937   -188     1027
  SINCE DEC 1   2910                      3330   -420     3442
  SINCE JUL 1   4535                      5333   -798     5358

 COOLING
  YESTERDAY        0                         0      0        0
  MONTH TO DATE    0                         0      0        0
  SINCE DEC 1      0                         0      0        0
  SINCE JAN 1      0                         0      0        0
..................................................................


WIND (MPH)
  HIGHEST WIND SPEED    20   HIGHEST WIND DIRECTION    NE (30)
  HIGHEST GUST SPEED    25   HIGHEST GUST DIRECTION    NE (40)
  AVERAGE WIND SPEED     9.8


SKY COVER
  POSSIBLE SUNSHINE  MM
  AVERAGE SKY COVER 0.2


WEATHER CONDITIONS
 THE FOLLOWING WEATHER WAS RECORDED YESTERDAY.
  NO SIGNIFICANT WEATHER WAS OBSERVED.


RELATIVE HUMIDITY (PERCENT)
 HIGHEST    92           200 AM
 LOWEST     34           300 PM
 AVERAGE    63

..........................................................


THE DEER_PARK WA AIRPORT CLIMATE NORMALS FOR TODAY
                         NORMAL    RECORD    YEAR
 MAXIMUM TEMPERATURE (F)   43        MM        MM
 MINIMUM TEMPERATURE (F)   23        MM        MM


SUNRISE AND SUNSET
FEBRUARY 28 2015......SUNRISE   633 AM PST   SUNSET   532 PM PST
MARCH  1 2015.........SUNRISE   631 AM PST   SUNSET   534 PM PST


-  INDICATES NEGATIVE NUMBERS.
R  INDICATES RECORD WAS SET OR TIED.
MM INDICATES DATA IS MISSING.
T  INDICATES TRACE AMOUNT.




$$
