000
CDUS46 KOTX 190832
CLIDEW


CLIMATE REPORT
NATIONAL WEATHER SERVICE SPOKANE, WA
128 AM PDT SAT APR 19 2014


...................................

...THE DEER_PARK WA AIRPORT CLIMATE SUMMARY FOR APRIL 18 2014...

CLIMATE NORMAL PERIOD 1981 TO 2010
CLIMATE RECORD PERIOD 9999 TO 9999


WEATHER ITEM   OBSERVED TIME   RECORD YEAR NORMAL DEPARTURE LAST
                VALUE   (LST)  VALUE       VALUE  FROM      YEAR
                                                  NORMAL
..................................................................
TEMPERATURE (F)
 YESTERDAY
  MAXIMUM         57    423 PM   MM    MM   59     -2       55
  MINIMUM         30   1154 PM   MM    MM   32     -2       24
  AVERAGE         44                        45     -1       40

PRECIPITATION (IN)
  YESTERDAY        T             MM    MM   0.05  -0.05     0.03
  MONTH TO DATE    0.87                     1.07  -0.20     1.12
  SINCE OCT 1     12.55                    15.21  -2.66    13.44
  SINCE JAN 1      8.75                     7.39   1.36     4.60

SNOWFALL (IN)
  YESTERDAY       MM             MM    MM    MM     MM       MM
  MONTH TO DATE   MM                         MM     MM       MM
  SINCE MAR 1     MM                         MM     MM       MM
  SINCE JUL 1     MM                         MM     MM       MM
  SNOW DEPTH      MM

DEGREE DAYS
 HEATING
  YESTERDAY       21                        20      1       25
  MONTH TO DATE  372                       384    -12      336
  SINCE MAR 1   1230                      1226      4     1163
  SINCE JUL 1   6624                      6591     33     6241

 COOLING
  YESTERDAY        0                         0      0        0
  MONTH TO DATE    0                         0      0        0
  SINCE MAR 1      0                         0      0        0
  SINCE JAN 1      0                         0      0        0
..................................................................


WIND (MPH)
  HIGHEST WIND SPEED    26   HIGHEST WIND DIRECTION    SW (210)
  HIGHEST GUST SPEED    33   HIGHEST GUST DIRECTION    SW (210)
  AVERAGE WIND SPEED    13.2


SKY COVER
  POSSIBLE SUNSHINE  MM
  AVERAGE SKY COVER 0.4


WEATHER CONDITIONS
 THE FOLLOWING WEATHER WAS RECORDED YESTERDAY.
  RAIN
  FOG


RELATIVE HUMIDITY (PERCENT)
 HIGHEST    85           400 AM
 LOWEST     26           300 PM
 AVERAGE    56

..........................................................


THE DEER_PARK WA AIRPORT CLIMATE NORMALS FOR TODAY
                         NORMAL    RECORD    YEAR
 MAXIMUM TEMPERATURE (F)   59        MM        MM
 MINIMUM TEMPERATURE (F)   32        MM        MM


SUNRISE AND SUNSET
APRIL 19 2014.........SUNRISE   553 AM PDT   SUNSET   746 PM PDT
APRIL 20 2014.........SUNRISE   551 AM PDT   SUNSET   747 PM PDT


-  INDICATES NEGATIVE NUMBERS.
R  INDICATES RECORD WAS SET OR TIED.
MM INDICATES DATA IS MISSING.
T  INDICATES TRACE AMOUNT.

$$
