000
CDUS44 KFWD 210658
CLIDFW

CLIMATE REPORT
NATIONAL WEATHER SERVICE FORT WORTH TX
1255 AM CST SAT JAN 21 2017

...................................

...THE DALLAS FORT WORTH CLIMATE SUMMARY FOR JANUARY 20 2017...

CLIMATE NORMAL PERIOD 1981 TO 2010
CLIMATE RECORD PERIOD 1898 TO 2017


WEATHER ITEM   OBSERVED TIME   RECORD YEAR NORMAL DEPARTURE LAST
                VALUE   (LST)  VALUE       VALUE  FROM      YEAR
                                                  NORMAL
..................................................................
TEMPERATURE (F)
 YESTERDAY
  MAXIMUM         78    324 PM  83    1986  57     21       51
  MINIMUM         47    630 AM  10    1985  35     12       33
  AVERAGE         63                        46     17       42

PRECIPITATION (IN)
  YESTERDAY        0.00          0.76 2007   0.08  -0.08     0.00
  MONTH TO DATE    4.37                      1.29   3.08     0.85
  SINCE DEC 1      4.97                      3.84   1.13     4.68
  SINCE JAN 1      4.37                      1.29   3.08     0.85

SNOWFALL (IN)
  YESTERDAY        0.0           T    1979   0.0    0.0      0.0
                                      1958
                                      1954
  MONTH TO DATE    0.1                       0.1    0.0      0.0
  SINCE DEC 1      0.1                       0.4   -0.3       T
  SINCE JUL 1      0.1                       0.4   -0.3       T
  SNOW DEPTH       0

DEGREE DAYS
 HEATING
  YESTERDAY        2                        19    -17       23
  MONTH TO DATE  314                       391    -77      385
  SINCE DEC 1    798                       949   -151      741
  SINCE JUL 1    900                      1303   -403      956

 COOLING
  YESTERDAY        0                         0      0        0
  MONTH TO DATE    6                         0      6        0
  SINCE DEC 1     22                         4     18        9
  SINCE JAN 1      6                         0      6        0
..................................................................


WIND (MPH)
  HIGHEST WIND SPEED    24   HIGHEST WIND DIRECTION    SW (220)
  HIGHEST GUST SPEED    28   HIGHEST GUST DIRECTION    SW (230)
  AVERAGE WIND SPEED    12.4


SKY COVER
  POSSIBLE SUNSHINE  MM
  AVERAGE SKY COVER 0.3


WEATHER CONDITIONS
 THE FOLLOWING WEATHER WAS RECORDED YESTERDAY.
  NO SIGNIFICANT WEATHER WAS OBSERVED.


RELATIVE HUMIDITY (PERCENT)
 HIGHEST    93          1200 AM
 LOWEST     20           300 PM
 AVERAGE    57

..........................................................


THE DALLAS FORT WORTH CLIMATE NORMALS FOR TODAY
                         NORMAL    RECORD    YEAR
 MAXIMUM TEMPERATURE (F)   57        79      2005
                                             1952
                                             1909
 MINIMUM TEMPERATURE (F)   36         7      1935


SUNRISE AND SUNSET
JANUARY 21 2017.......SUNRISE   729 AM CST   SUNSET   550 PM CST
JANUARY 22 2017.......SUNRISE   729 AM CST   SUNSET   551 PM CST


-  INDICATES NEGATIVE NUMBERS.
R  INDICATES RECORD WAS SET OR TIED.
MM INDICATES DATA IS MISSING.
T  INDICATES TRACE AMOUNT.

$$
