000
CDUS44 KFWD 252126
CLIDFW


CLIMATE REPORT
NATIONAL WEATHER SERVICE FORT WORTH TX
426 PM CDT SUN SEP 25 2016


...................................

...THE DALLAS FORT WORTH CLIMATE SUMMARY FOR SEPTEMBER 25 2016...
VALID AS OF 0400 PM LOCAL TIME.

CLIMATE NORMAL PERIOD 1981 TO 2010
CLIMATE RECORD PERIOD 1898 TO 2016


WEATHER ITEM   OBSERVED TIME   RECORD YEAR NORMAL DEPARTURE LAST
                VALUE   (LST)  VALUE       VALUE  FROM      YEAR
                                                  NORMAL
..................................................................
TEMPERATURE (F)
 TODAY
  MAXIMUM         79    241 PM 102    2005  85     -6       93
  MINIMUM         74    939 AM  44    1989  64     10       71
  AVERAGE         77

PRECIPITATION (IN)
  TODAY            0.11          2.27 1913   0.08   0.03     0.00
  MONTH TO DATE    0.97                      2.17  -1.20     2.14
  SINCE SEP 1      0.97                      2.17  -1.20     2.14
  SINCE JAN 1     29.64                     26.28   3.36    39.10

..................................................................


WIND (MPH)
  HIGHEST WIND SPEED    13   HIGHEST WIND DIRECTION     W (290)
  HIGHEST GUST SPEED    16   HIGHEST GUST DIRECTION     W (290)
  AVERAGE WIND SPEED     6.4




..........................................................


THE DALLAS FORT WORTH CLIMATE NORMALS FOR TOMORROW
                         NORMAL    RECORD    YEAR
 MAXIMUM TEMPERATURE (F)   85       100      1977
 MINIMUM TEMPERATURE (F)   64        45      1942
                                             1912


SUNRISE AND SUNSET
SEPTEMBER 25 2016.....SUNRISE   719 AM CDT   SUNSET   720 PM CDT
SEPTEMBER 26 2016.....SUNRISE   719 AM CDT   SUNSET   719 PM CDT


-  INDICATES NEGATIVE NUMBERS.
R  INDICATES RECORD WAS SET OR TIED.
MM INDICATES DATA IS MISSING.
T  INDICATES TRACE AMOUNT.




$$
