000
CDUS44 KFWD 250647
CLIDFW


CLIMATE REPORT
NATIONAL WEATHER SERVICE FORT WORTH TX
147 AM CDT MON MAY 25 2015

...THE DALLAS FORT WORTH CLIMATE SUMMARY FOR MAY 24 2015...

CLIMATE NORMAL PERIOD 1981 TO 2010
CLIMATE RECORD PERIOD 1898 TO 2015


WEATHER ITEM   OBSERVED TIME   RECORD YEAR NORMAL DEPARTURE LAST
                VALUE   (LST)  VALUE       VALUE  FROM      YEAR
                                                  NORMAL
..................................................................
TEMPERATURE (F)
 YESTERDAY
  MAXIMUM         76    508 PM  96    1996  86    -10       88
  MINIMUM         63    853 AM  54    1940  67     -4       72
  AVERAGE         70                        76     -6       80

PRECIPITATION (IN)
  YESTERDAY        3.30R         3.28 1908   0.16   3.14     0.02
  MONTH TO DATE   11.45                      3.81   7.64     1.25
  SINCE MAR 1     19.54                     10.37   9.17     4.44
  SINCE JAN 1     26.12                     15.16  10.96     5.18

DEGREE DAYS
 HEATING
  YESTERDAY        0                         0      0        0
  MONTH TO DATE    6                         6      0        9
  SINCE MAR 1    363                       350     13      430
  SINCE JUL 1   2399                      2282    117     2603

 COOLING
  YESTERDAY        5                        11     -6       15
  MONTH TO DATE  155                       198    -43      223
  SINCE MAR 1    278                       329    -51      390
  SINCE JAN 1    278                       336    -58      390
..................................................................


WIND (MPH)
  HIGHEST WIND SPEED    21   HIGHEST WIND DIRECTION     S (190)
  HIGHEST GUST SPEED    24   HIGHEST GUST DIRECTION     S (200)
  AVERAGE WIND SPEED     9.7


SKY COVER
  POSSIBLE SUNSHINE  MM
  AVERAGE SKY COVER 0.8


WEATHER CONDITIONS
 THE FOLLOWING WEATHER WAS RECORDED YESTERDAY.
  THUNDERSTORM
  HEAVY RAIN
  RAIN
  LIGHT RAIN
  FOG


RELATIVE HUMIDITY (PERCENT)
 HIGHEST   100           100 AM
 LOWEST     69           300 PM
 AVERAGE    85

..........................................................


THE DALLAS FORT WORTH CLIMATE NORMALS FOR TODAY
                         NORMAL    RECORD    YEAR
 MAXIMUM TEMPERATURE (F)   86        97      1980
 MINIMUM TEMPERATURE (F)   67        51      1979


SUNRISE AND SUNSET
MAY 25 2015...........SUNRISE   623 AM CDT   SUNSET   827 PM CDT
MAY 26 2015...........SUNRISE   623 AM CDT   SUNSET   828 PM CDT


-  INDICATES NEGATIVE NUMBERS.
R  INDICATES RECORD WAS SET OR TIED.
MM INDICATES DATA IS MISSING.
T  INDICATES TRACE AMOUNT.




$$
