000
CDUS44 KFWD 222221
CLIDFW

CLIMATE REPORT
NATIONAL WEATHER SERVICE FORT WORTH TX
420 PM CST MON DEC 22 2014


...................................

...THE DALLAS FORT WORTH CLIMATE SUMMARY FOR DECEMBER 22 2014...
VALID AS OF 0400 PM LOCAL TIME.

CLIMATE NORMAL PERIOD 1981 TO 2010
CLIMATE RECORD PERIOD 1898 TO 2014


WEATHER ITEM   OBSERVED TIME   RECORD YEAR NORMAL DEPARTURE LAST
                VALUE   (LST)  VALUE       VALUE  FROM      YEAR
                                                  NORMAL
..................................................................
TEMPERATURE (F)
 TODAY
  MAXIMUM         65   1213 PM  81    1964  56      9       43
  MINIMUM         49    743 AM   3    1989  36     13       29
  AVERAGE         57

PRECIPITATION (IN)
  TODAY            0.00          0.95 1937   0.09  -0.09      T
  MONTH TO DATE    0.65                      1.86  -1.21     2.76
  SINCE DEC 1      0.65                      1.86  -1.21     2.76
  SINCE JAN 1     20.84                     35.45 -14.61    29.40

SNOWFALL (IN)
  TODAY            0.0           2.0  1963   0.0    0.0      0.0
  MONTH TO DATE    0.0                       0.2   -0.2      2.1
  SINCE DEC 1      0.0                       0.2   -0.2      2.1
  SINCE JUL 1      T                         0.2   -0.2      2.1
  SNOW DEPTH       0

..................................................................


WIND (MPH)
  HIGHEST WIND SPEED    29   HIGHEST WIND DIRECTION     S (190)
  HIGHEST GUST SPEED    34   HIGHEST GUST DIRECTION     S (190)
  AVERAGE WIND SPEED    14.8




..........................................................


THE DALLAS FORT WORTH CLIMATE NORMALS FOR TOMORROW
                         NORMAL    RECORD    YEAR
 MAXIMUM TEMPERATURE (F)   56        81      1964
                                             1955
 MINIMUM TEMPERATURE (F)   36        -1      1989


SUNRISE AND SUNSET
DECEMBER 22 2014......SUNRISE   727 AM CST   SUNSET   526 PM CST
DECEMBER 23 2014......SUNRISE   728 AM CST   SUNSET   527 PM CST


-  INDICATES NEGATIVE NUMBERS.
R  INDICATES RECORD WAS SET OR TIED.
MM INDICATES DATA IS MISSING.
T  INDICATES TRACE AMOUNT.




$$
