000
CDUS44 KFWD 190645
CLIDFW

CLIMATE REPORT
NATIONAL WEATHER SERVICE FORT WORTH TX
144 AM CDT FRI SEP 19 2014

...THE DALLAS FORT WORTH CLIMATE SUMMARY FOR SEPTEMBER 18 2014...

CLIMATE NORMAL PERIOD 1981 TO 2010
CLIMATE RECORD PERIOD 1898 TO 2014


WEATHER ITEM   OBSERVED TIME   RECORD YEAR NORMAL DEPARTURE LAST
                VALUE   (LST)  VALUE       VALUE  FROM      YEAR
                                                  NORMAL
..................................................................
TEMPERATURE (F)
 YESTERDAY
  MAXIMUM         89    115 PM 100    1975  88      1       97
  MINIMUM         73   1159 PM  47    1981  67      6       78
  AVERAGE         81                        77      4       88

PRECIPITATION (IN)
  YESTERDAY        0.00          0.51 2001   0.08  -0.08     0.00
  MONTH TO DATE    0.06                      1.63  -1.57     0.26
  SINCE SEP 1      0.06                      1.63  -1.57     0.26
  SINCE JAN 1     15.97                     25.74  -9.77    18.93

DEGREE DAYS
 HEATING
  YESTERDAY        0                         0      0        0
  MONTH TO DATE    1                         0      1        0
  SINCE SEP 1      1                         0      1        0
  SINCE JUL 1      1                         0      1        0

 COOLING
  YESTERDAY       16                        12      4       23
  MONTH TO DATE  306                       273     33      395
  SINCE SEP 1    306                       273     33      395
  SINCE JAN 1   2562                      2455    107     2623
..................................................................


WIND (MPH)
  HIGHEST WIND SPEED    17   HIGHEST WIND DIRECTION    NE (40)
  HIGHEST GUST SPEED    22   HIGHEST GUST DIRECTION    NE (50)
  AVERAGE WIND SPEED     7.6


SKY COVER
  POSSIBLE SUNSHINE  MM
  AVERAGE SKY COVER 0.8


WEATHER CONDITIONS
 THE FOLLOWING WEATHER WAS RECORDED YESTERDAY.
  NO SIGNIFICANT WEATHER WAS OBSERVED.


RELATIVE HUMIDITY (PERCENT)
 HIGHEST    87           200 AM
 LOWEST     55           100 PM
 AVERAGE    71

..........................................................


THE DALLAS FORT WORTH CLIMATE NORMALS FOR TODAY
                         NORMAL    RECORD    YEAR
 MAXIMUM TEMPERATURE (F)   87       102      1956
 MINIMUM TEMPERATURE (F)   66        45      1981


SUNRISE AND SUNSET
SEPTEMBER 19 2014.....SUNRISE   714 AM CDT   SUNSET   729 PM CDT
SEPTEMBER 20 2014.....SUNRISE   715 AM CDT   SUNSET   727 PM CDT


-  INDICATES NEGATIVE NUMBERS.
R  INDICATES RECORD WAS SET OR TIED.
MM INDICATES DATA IS MISSING.
T  INDICATES TRACE AMOUNT.




$$
