822
CDUS44 KFWD 310644
CLIDFW


CLIMATE REPORT
NATIONAL WEATHER SERVICE FORT WORTH TX
143 AM CDT SUN JUL 31 2016


...................................

...THE DALLAS FORT WORTH CLIMATE SUMMARY FOR JULY 30 2016...

CLIMATE NORMAL PERIOD 1981 TO 2010
CLIMATE RECORD PERIOD 1898 TO 2016


WEATHER ITEM   OBSERVED TIME   RECORD YEAR NORMAL DEPARTURE LAST
                VALUE   (LST)  VALUE       VALUE  FROM      YEAR
                                                  NORMAL
..................................................................
TEMPERATURE (F)
 YESTERDAY
  MAXIMUM         99    439 PM 106    1986  97      2      104
                                      1980
                                      1957
  MINIMUM         81    624 AM  63    1971  76      5       80
  AVERAGE         90                        86      4       92

PRECIPITATION (IN)
  YESTERDAY        0.00          5.27 1933   0.05  -0.05     0.00
  MONTH TO DATE    3.89                      2.10   1.79     0.92
  SINCE JUN 1      7.49                      5.89   1.60     4.87
  SINCE JAN 1     24.25                     22.14   2.11    36.50

DEGREE DAYS
 HEATING
  YESTERDAY        0                         0      0        0
  MONTH TO DATE    0                         0      0        0
  SINCE JUN 1      0                         0      0        0
  SINCE JUL 1      0                         0      0        0

 COOLING
  YESTERDAY       25                        21      4       27
  MONTH TO DATE  676                       609     67      669
  SINCE JUN 1   1250                      1100    150     1189
  SINCE JAN 1   1673                      1522    151     1508
..................................................................


WIND (MPH)
  HIGHEST WIND SPEED    17   HIGHEST WIND DIRECTION     S (170)
  HIGHEST GUST SPEED    23   HIGHEST GUST DIRECTION     S (160)
  AVERAGE WIND SPEED    11.7


SKY COVER
  POSSIBLE SUNSHINE  MM
  AVERAGE SKY COVER 0.2


WEATHER CONDITIONS
 THE FOLLOWING WEATHER WAS RECORDED YESTERDAY.
  NO SIGNIFICANT WEATHER WAS OBSERVED.


RELATIVE HUMIDITY (PERCENT)
 HIGHEST    74           600 AM
 LOWEST     31           500 PM
 AVERAGE    53

..........................................................


THE DALLAS FORT WORTH CLIMATE NORMALS FOR TODAY
                         NORMAL    RECORD    YEAR
 MAXIMUM TEMPERATURE (F)   97       106      2012
                                             1998
                                             1986
 MINIMUM TEMPERATURE (F)   76        60      1971


SUNRISE AND SUNSET
JULY 31 2016..........SUNRISE   641 AM CDT   SUNSET   827 PM CDT
AUGUST  1 2016........SUNRISE   642 AM CDT   SUNSET   826 PM CDT


-  INDICATES NEGATIVE NUMBERS.
R  INDICATES RECORD WAS SET OR TIED.
MM INDICATES DATA IS MISSING.
T  INDICATES TRACE AMOUNT.




$$
