000
CDUS44 KFWD 290641
CLIDFW

CLIMATE REPORT
NATIONAL WEATHER SERVICE FORT WORTH TX
1238 AM CST THU JAN 29 2015

...THE DALLAS FORT WORTH CLIMATE SUMMARY FOR JANUARY 28 2015...

CLIMATE NORMAL PERIOD 1981 TO 2010
CLIMATE RECORD PERIOD 1898 TO 2015


WEATHER ITEM   OBSERVED TIME   RECORD YEAR NORMAL DEPARTURE LAST
                VALUE   (LST)  VALUE       VALUE  FROM      YEAR
                                                  NORMAL
..................................................................
TEMPERATURE (F)
 YESTERDAY
  MAXIMUM         80    435 PM  85    1903  58     22       36
  MINIMUM         47    412 AM  11    1948  36     11       22
  AVERAGE         64                        47     17       29

PRECIPITATION (IN)
  YESTERDAY        0.00          1.73 2010   0.08  -0.08     0.00
  MONTH TO DATE    3.08                      1.89   1.19     0.33
  SINCE DEC 1      4.21                      4.44  -0.23     3.09
  SINCE JAN 1      3.08                      1.89   1.19     0.33

SNOWFALL (IN)
  YESTERDAY        0.0           2.4  1961   0.0    0.0      0.0
  MONTH TO DATE    T                         0.2   -0.2       T
  SINCE DEC 1      T                         0.5   -0.5      2.1
  SINCE JUL 1      T                         0.5   -0.5      2.1
  SNOW DEPTH       0

DEGREE DAYS
 HEATING
  YESTERDAY        1                        18    -17       36
  MONTH TO DATE  589                       540     49      549
  SINCE DEC 1   1045                      1098    -53     1220
  SINCE JUL 1   1463                      1452     11     1621

 COOLING
  YESTERDAY        0                         0      0        0
  MONTH TO DATE    0                         0      0        0
  SINCE DEC 1      1                         4     -3        0
  SINCE JAN 1      0                         0      0        0
..................................................................


WIND (MPH)
  HIGHEST WIND SPEED    24   HIGHEST WIND DIRECTION     S (190)
  HIGHEST GUST SPEED    30   HIGHEST GUST DIRECTION     S (190)
  AVERAGE WIND SPEED    12.6


SKY COVER
  POSSIBLE SUNSHINE  MM
  AVERAGE SKY COVER 0.3


WEATHER CONDITIONS
 THE FOLLOWING WEATHER WAS RECORDED YESTERDAY.
  NO SIGNIFICANT WEATHER WAS OBSERVED.


RELATIVE HUMIDITY (PERCENT)
 HIGHEST    71           600 AM
 LOWEST     25           200 PM
 AVERAGE    48

..........................................................


THE DALLAS FORT WORTH CLIMATE NORMALS FOR TODAY
                         NORMAL    RECORD    YEAR
 MAXIMUM TEMPERATURE (F)   58        84      1911
 MINIMUM TEMPERATURE (F)   36        11      1961
                                             1951


SUNRISE AND SUNSET
JANUARY 29 2015.......SUNRISE   725 AM CST   SUNSET   558 PM CST
JANUARY 30 2015.......SUNRISE   725 AM CST   SUNSET   559 PM CST


-  INDICATES NEGATIVE NUMBERS.
R  INDICATES RECORD WAS SET OR TIED.
MM INDICATES DATA IS MISSING.
T  INDICATES TRACE AMOUNT.

$$
