000
CDUS44 KFWD 220642
CLIDFW

CLIMATE REPORT
NATIONAL WEATHER SERVICE FORT WORTH TX
138 AM CDT WED OCT 22 2014


...THE DALLAS FORT WORTH CLIMATE SUMMARY FOR OCTOBER 21 2014...

CLIMATE NORMAL PERIOD 1981 TO 2010
CLIMATE RECORD PERIOD 1898 TO 2014


WEATHER ITEM   OBSERVED TIME   RECORD YEAR NORMAL DEPARTURE LAST
                VALUE   (LST)  VALUE       VALUE  FROM      YEAR
                                                  NORMAL
..................................................................
TEMPERATURE (F)
 YESTERDAY
  MAXIMUM         82    250 PM  94    1979  77      5       74
                                      1939
  MINIMUM         59    513 AM  36    1917  55      4       51
                                      1898
  AVERAGE         71                        66      5       63

PRECIPITATION (IN)
  YESTERDAY        0.00          2.42 2009   0.17  -0.17     0.00
  MONTH TO DATE    2.08                      2.75  -0.67     1.77
  SINCE SEP 1      2.14                      5.30  -3.16     4.49
  SINCE JAN 1     18.05                     29.41 -11.36    23.16

SNOWFALL (IN)
  YESTERDAY        0.0           0.0         0.0    0.0      0.0
  MONTH TO DATE    0.0                       0.0    0.0      0.0
  SINCE SEP 1      0.0                       0.0    0.0      0.0
  SINCE JUL 1      0.0                       0.0    0.0      0.0
  SNOW DEPTH       0

DEGREE DAYS
 HEATING
  YESTERDAY        0                         3     -3        2
  MONTH TO DATE    4                        30    -26       33
  SINCE SEP 1      5                        36    -31       33
  SINCE JUL 1      5                        36    -31       33

 COOLING
  YESTERDAY        6                         4      2        0
  MONTH TO DATE  167                       117     50      133
  SINCE SEP 1    632                       512    120      665
  SINCE JAN 1   2888                      2694    194     2893
..................................................................


WIND (MPH)
  HIGHEST WIND SPEED    15   HIGHEST WIND DIRECTION    SE (140)
  HIGHEST GUST SPEED    22   HIGHEST GUST DIRECTION     S (180)
  AVERAGE WIND SPEED    4.3


SKY COVER
  AVERAGE SKY COVER 0.2


WEATHER CONDITIONS
 THE FOLLOWING WEATHER WAS RECORDED YESTERDAY.
  FOG
  HAZE


RELATIVE HUMIDITY (PERCENT)
 HIGHEST    90           500 AM
 LOWEST     39           100 PM
 AVERAGE    65

..........................................................


THE DALLAS FORT WORTH CLIMATE NORMALS FOR TODAY
                         NORMAL    RECORD    YEAR
 MAXIMUM TEMPERATURE (F)   77        94      1939
 MINIMUM TEMPERATURE (F)   55        31      1898


SUNRISE AND SUNSET
OCTOBER 22 2014.......SUNRISE   738 AM CDT   SUNSET   647 PM CDT
OCTOBER 23 2014.......SUNRISE   739 AM CDT   SUNSET   646 PM CDT


-  INDICATES NEGATIVE NUMBERS.
R  INDICATES RECORD WAS SET OR TIED.
MM INDICATES DATA IS MISSING.
T  INDICATES TRACE AMOUNT.




$$
