000
CDUS44 KFWD 190644
CLIDFW


CLIMATE REPORT
NATIONAL WEATHER SERVICE FORT WORTH TX
1243 AM CST SUN NOV 19 2017

...THE DALLAS FORT WORTH CLIMATE SUMMARY FOR NOVEMBER 18 2017...

CLIMATE NORMAL PERIOD 1981 TO 2010
CLIMATE RECORD PERIOD 1898 TO 2017


WEATHER ITEM   OBSERVED TIME   RECORD YEAR NORMAL DEPARTURE LAST
                VALUE   (LST)  VALUE       VALUE  FROM      YEAR
                                                  NORMAL
..................................................................
TEMPERATURE (F)
 YESTERDAY
  MAXIMUM         75    840 AM  83    1973  66      9       72
  MINIMUM         48   1144 PM  20    1903  45      3       49
  AVERAGE         62                        56      6       61

PRECIPITATION (IN)
  YESTERDAY        0.00          1.71 1964   0.08  -0.08     0.05
  MONTH TO DATE    0.81                      1.80  -0.99     2.41
  SINCE SEP 1      3.40                      8.57  -5.17     5.40
  SINCE JAN 1     32.06                     32.68  -0.62    34.07

SNOWFALL (IN)
  YESTERDAY        0.0           0.0    MM   0.0    0.0      0.0
  MONTH TO DATE    0.0                       0.0    0.0      0.0
  SINCE SEP 1      0.0                       0.0    0.0      0.0
  SINCE JUL 1      0.0                       0.0    0.0      0.0
  SNOW DEPTH       0

DEGREE DAYS
 HEATING
  YESTERDAY        3                        10     -7        4
  MONTH TO DATE   56                       132    -76       17
  SINCE SEP 1    115                       204    -89       18
  SINCE JUL 1    115                       204    -89       18

 COOLING
  YESTERDAY        0                         1     -1        0
  MONTH TO DATE   71                        26     45       60
  SINCE SEP 1    756                       567    189      852
  SINCE JAN 1   3257                      2749    508     3203
..................................................................


WIND (MPH)
  HIGHEST WIND SPEED    36   HIGHEST WIND DIRECTION     N (340)
  HIGHEST GUST SPEED    44   HIGHEST GUST DIRECTION     N (340)
  AVERAGE WIND SPEED    18.2


SKY COVER
  POSSIBLE SUNSHINE  MM
  AVERAGE SKY COVER 0.7


WEATHER CONDITIONS
 THE FOLLOWING WEATHER WAS RECORDED YESTERDAY.
  NO SIGNIFICANT WEATHER WAS OBSERVED.


RELATIVE HUMIDITY (PERCENT)
 HIGHEST    84           300 AM
 LOWEST     36           100 PM
 AVERAGE    60

..........................................................


THE DALLAS FORT WORTH CLIMATE NORMALS FOR TODAY
                         NORMAL    RECORD    YEAR
 MAXIMUM TEMPERATURE (F)   65        87      1950
 MINIMUM TEMPERATURE (F)   45        20      1903


SUNRISE AND SUNSET
NOVEMBER 19 2017......SUNRISE   702 AM CST   SUNSET   525 PM CST
NOVEMBER 20 2017......SUNRISE   703 AM CST   SUNSET   524 PM CST


-  INDICATES NEGATIVE NUMBERS.
R  INDICATES RECORD WAS SET OR TIED.
MM INDICATES DATA IS MISSING.
T  INDICATES TRACE AMOUNT.




$$
