000
CDUS43 KDDC 281014
CLIDGC


CLIMATE REPORT
NATIONAL WEATHER SERVICE DODGE CITY KS
514 AM CDT MON JUL 28 2014


...................................

...THE DODGE CITY KS CLIMATE SUMMARY FOR JULY 27 2014...

CLIMATE NORMAL PERIOD 1981 TO 2010
CLIMATE RECORD PERIOD 1875 TO 2014


WEATHER ITEM   OBSERVED TIME   RECORD YEAR NORMAL DEPARTURE LAST
                VALUE   (LST)  VALUE       VALUE  FROM      YEAR
                                                  NORMAL
..................................................................
TEMPERATURE (F)
 YESTERDAY
  MAXIMUM         89    427 PM 109    2011  93     -4       86
  MINIMUM         67   1144 PM  49    2005  67      0       62
  AVERAGE         78                        80     -2       74

PRECIPITATION (IN)
  YESTERDAY        0.11          2.14 1885   0.10   0.01     0.00
  MONTH TO DATE    1.64                      2.68  -1.04     2.29
  SINCE JUN 1     10.73                      5.92   4.81     4.90
  SINCE JAN 1     14.25                     13.44   0.81     8.33

SNOWFALL (IN)
  YESTERDAY        0.0           T    1954   0.0    0.0      0.0
  MONTH TO DATE    0.0                       0.0    0.0      0.0
  SINCE JUN 1      0.0                       0.0    0.0      0.0
  SINCE JUL 1      0.0                       0.0    0.0      0.0
  SNOW DEPTH       0

DEGREE DAYS
 HEATING
  YESTERDAY        0                         0      0        0
  MONTH TO DATE   12                         0     12        0
  SINCE JUN 1     19                        13      6       12
  SINCE JUL 1     12                         0     12        0

 COOLING
  YESTERDAY       13                        15     -2        9
  MONTH TO DATE  321                       393    -72      399
  SINCE JUN 1    605                       671    -66      787
  SINCE JAN 1    777                       780     -3      949
..................................................................


WIND (MPH)
  HIGHEST WIND SPEED    22   HIGHEST WIND DIRECTION    NE (60)
  HIGHEST GUST SPEED    29   HIGHEST GUST DIRECTION     E (70)
  AVERAGE WIND SPEED    10.7


SKY COVER
  POSSIBLE SUNSHINE  MM
  AVERAGE SKY COVER 0.3


WEATHER CONDITIONS
 THE FOLLOWING WEATHER WAS RECORDED YESTERDAY.
  LIGHT RAIN
  FOG
  HAZE


RELATIVE HUMIDITY (PERCENT)
 HIGHEST    87           300 AM
 LOWEST     28           400 PM
 AVERAGE    58

..........................................................


THE DODGE CITY KS CLIMATE NORMALS FOR TODAY
                         NORMAL    RECORD    YEAR
 MAXIMUM TEMPERATURE (F)   93       106      1986
 MINIMUM TEMPERATURE (F)   67        53      2005


SUNRISE AND SUNSET
JULY 28 2014..........SUNRISE   640 AM CDT   SUNSET   852 PM CDT
JULY 29 2014..........SUNRISE   641 AM CDT   SUNSET   851 PM CDT


-  INDICATES NEGATIVE NUMBERS.
R  INDICATES RECORD WAS SET OR TIED.
MM INDICATES DATA IS MISSING.
T  INDICATES TRACE AMOUNT.




$$
