000
CDUS43 KDDC 031029
CLIDGC


CLIMATE REPORT
NATIONAL WEATHER SERVICE DODGE CITY KS
519 AM CDT MON AUG 3 2015


...................................

...THE DODGE CITY KS CLIMATE SUMMARY FOR AUGUST 2 2015...

CLIMATE NORMAL PERIOD 1981 TO 2010
CLIMATE RECORD PERIOD 1875 TO 2015


WEATHER ITEM   OBSERVED TIME   RECORD YEAR NORMAL DEPARTURE LAST
                VALUE   (LST)  VALUE       VALUE  FROM      YEAR
                                                  NORMAL
..................................................................
TEMPERATURE (F)
 YESTERDAY
  MAXIMUM         93    334 PM 107    1943  92      1       90
  MINIMUM         67    619 AM  55    1927  67      0       60
  AVERAGE         80                        80      0       75

PRECIPITATION (IN)
  YESTERDAY        0.00          2.12 1996   0.09  -0.09     0.00
  MONTH TO DATE    0.00                      0.19  -0.19     0.00
  SINCE JUN 1      4.22                      6.51  -2.29    12.10
  SINCE JAN 1     17.94                     14.03   3.91    15.62

SNOWFALL (IN)
  YESTERDAY        0.0           0.0  2002   0.0    0.0      0.0
                                      2001
  MONTH TO DATE    0.0                       0.0    0.0      0.0
  SINCE JUN 1      0.0                       0.0    0.0      0.0
  SINCE JUL 1      0.0                       0.0    0.0      0.0
  SNOW DEPTH       0

DEGREE DAYS
 HEATING
  YESTERDAY        0                         0      0        0
  MONTH TO DATE    0                         0      0        0
  SINCE JUN 1      1                        14    -13       20
  SINCE JUL 1      1                         1      0       13

 COOLING
  YESTERDAY       15                        15      0       10
  MONTH TO DATE   27                        30     -3       21
  SINCE JUN 1    826                       760     66      649
  SINCE JAN 1    887                       869     18      821
..................................................................


WIND (MPH)
  HIGHEST WIND SPEED    14   HIGHEST WIND DIRECTION     S (160)
  HIGHEST GUST SPEED    20   HIGHEST GUST DIRECTION    SE (150)
  AVERAGE WIND SPEED     8.1


SKY COVER
  POSSIBLE SUNSHINE  MM
  AVERAGE SKY COVER 0.0


WEATHER CONDITIONS
 THE FOLLOWING WEATHER WAS RECORDED YESTERDAY.
  FOG


RELATIVE HUMIDITY (PERCENT)
 HIGHEST   100           500 AM
 LOWEST     36           300 PM
 AVERAGE    68

..........................................................


THE DODGE CITY KS CLIMATE NORMALS FOR TODAY
                         NORMAL    RECORD    YEAR
 MAXIMUM TEMPERATURE (F)   92       105      1959
                                             1930
                                             1924
 MINIMUM TEMPERATURE (F)   67        50      1880


SUNRISE AND SUNSET
AUGUST  3 2015........SUNRISE   645 AM CDT   SUNSET   847 PM CDT
AUGUST  4 2015........SUNRISE   646 AM CDT   SUNSET   846 PM CDT


-  INDICATES NEGATIVE NUMBERS.
R  INDICATES RECORD WAS SET OR TIED.
MM INDICATES DATA IS MISSING.
T  INDICATES TRACE AMOUNT.




$$
