000
CDUS45 KCYS 152121
CLIDGW


CLIMATE REPORT
NATIONAL WEATHER SERVICE CHEYENNE WY
321 PM MDT MON SEP 15 2014


...................................

...THE DOUGLAS WY AIRPORT CLIMATE SUMMARY FOR SEPTEMBER 15 2014...
VALID AS OF 0300 PM LOCAL TIME.

CLIMATE NORMAL PERIOD 1981 TO 2010
CLIMATE RECORD PERIOD 1998 TO 2014


WEATHER ITEM   OBSERVED TIME   RECORD YEAR NORMAL DEPARTURE LAST
                VALUE   (LST)  VALUE       VALUE  FROM      YEAR
                                                  NORMAL
..................................................................
TEMPERATURE (F)
 TODAY
  MAXIMUM         76    159 PM  95    2000  75      1       62
  MINIMUM         35    616 AM  32    1999  42     -7       54
  AVERAGE         56                        59     -3       58

PRECIPITATION (IN)
  TODAY            0.00          0.04 2001   0.04  -0.04     0.00
  MONTH TO DATE    0.48                      0.57  -0.09     0.60
  SINCE JAN 1     11.16                     10.62   0.54     6.82

DEGREE DAYS
 HEATING
  TODAY            9                         7      2        7
  MONTH TO DATE  134                        71     63       25
  SINCE SEP 1    134                        71     63       25
  SINCE JUL 1    171                       112     59       25

 COOLING
  TODAY            0                         1     -1        0
  MONTH TO DATE    5                        26    -21       78
  SINCE SEP 1      5                        26    -21       78
  SINCE JAN 1    382                       484   -102      729
..................................................................


WIND (MPH)
  HIGHEST WIND SPEED    21   HIGHEST WIND DIRECTION    SE (150)
  HIGHEST GUST SPEED    26   HIGHEST GUST DIRECTION    SE (130)
  AVERAGE WIND SPEED     5.9


SKY COVER
  AVERAGE SKY COVER 0.0


WEATHER CONDITIONS
 THE FOLLOWING WEATHER WAS RECORDED TODAY.
  FOG
  FOG W/VISIBILITY <= 1/4 MILE


RELATIVE HUMIDITY (PERCENT)
 HIGHEST   100           600 AM
 LOWEST     29           200 PM
 AVERAGE    65

..........................................................


THE DOUGLAS WY AIRPORT CLIMATE NORMALS FOR TOMORROW
                         NORMAL    RECORD    YEAR
 MAXIMUM TEMPERATURE (F)   75        96      2000
 MINIMUM TEMPERATURE (F)   41        33      2006


SUNRISE AND SUNSET
SEPTEMBER 15 2014.....SUNRISE   641 AM MDT   SUNSET   711 PM MDT
SEPTEMBER 16 2014.....SUNRISE   642 AM MDT   SUNSET   709 PM MDT


-  INDICATES NEGATIVE NUMBERS.
R  INDICATES RECORD WAS SET OR TIED.
MM INDICATES DATA IS MISSING.
T  INDICATES TRACE AMOUNT.




$$
