000
CDUS45 KCYS 240727
CLIDGW


CLIMATE REPORT
NATIONAL WEATHER SERVICE CHEYENNE WY
126 AM MDT THU JUL 24 2014


...................................

...THE DOUGLAS WY AIRPORT CLIMATE SUMMARY FOR JULY 23 2014...

CLIMATE NORMAL PERIOD 1981 TO 2010
CLIMATE RECORD PERIOD 1998 TO 2014


WEATHER ITEM   OBSERVED TIME   RECORD YEAR NORMAL DEPARTURE LAST
                VALUE   (LST)  VALUE       VALUE  FROM      YEAR
                                                  NORMAL
..................................................................
TEMPERATURE (F)
 YESTERDAY
  MAXIMUM         95    320 PM 100    2003  89      6       91
  MINIMUM         64    440 AM  48    2004  55      9       55
  AVERAGE         80                        72      8       73

PRECIPITATION (IN)
  YESTERDAY        0.00          0.74 2004   0.04  -0.04     0.00
  MONTH TO DATE    1.96                      1.06   0.90     0.20
  SINCE JAN 1      8.79                      8.61   0.18     5.39

DEGREE DAYS
 HEATING
  YESTERDAY        0                         0      0        0
  MONTH TO DATE   14                         9      5        0
  SINCE JUN 1    157                       119     38       56
  SINCE JUL 1     14                         9      5        0

 COOLING
  YESTERDAY       15                         8      7        8
  MONTH TO DATE  159                       143     16      231
  SINCE JUN 1    186                       214    -28      337
  SINCE JAN 1    191                       220    -29      353
..................................................................


WIND (MPH)
  HIGHEST WIND SPEED    31   HIGHEST WIND DIRECTION    SE (150)
  HIGHEST GUST SPEED    39   HIGHEST GUST DIRECTION    SE (150)
  AVERAGE WIND SPEED    16.1


SKY COVER
  AVERAGE SKY COVER 0.1


WEATHER CONDITIONS
 THE FOLLOWING WEATHER WAS RECORDED YESTERDAY.
  HAZE


RELATIVE HUMIDITY (PERCENT)
 HIGHEST    84           500 AM
 LOWEST     20           500 PM
 AVERAGE    52

..........................................................


THE DOUGLAS WY AIRPORT CLIMATE NORMALS FOR TODAY
                         NORMAL    RECORD    YEAR
 MAXIMUM TEMPERATURE (F)   89       102      2003
 MINIMUM TEMPERATURE (F)   55        47      2010


SUNRISE AND SUNSET
JULY 24 2014..........SUNRISE   545 AM MDT   SUNSET   830 PM MDT
JULY 25 2014..........SUNRISE   546 AM MDT   SUNSET   829 PM MDT


-  INDICATES NEGATIVE NUMBERS.
R  INDICATES RECORD WAS SET OR TIED.
MM INDICATES DATA IS MISSING.
T  INDICATES TRACE AMOUNT.




$$
