000
CDUS45 KCYS 250728
CLIDGW


CLIMATE REPORT
NATIONAL WEATHER SERVICE CHEYENNE WY
127 AM MDT SAT OCT 25 2014


...................................

...THE DOUGLAS WY AIRPORT CLIMATE SUMMARY FOR OCTOBER 24 2014...

CLIMATE NORMAL PERIOD 1981 TO 2010
CLIMATE RECORD PERIOD 1998 TO 2014


WEATHER ITEM   OBSERVED TIME   RECORD YEAR NORMAL DEPARTURE LAST
                VALUE   (LST)  VALUE       VALUE  FROM      YEAR
                                                  NORMAL
..................................................................
TEMPERATURE (F)
 YESTERDAY
  MAXIMUM         79R   121 PM  78    2007  58     21       56
  MINIMUM         39   1121 PM  21    2005  28     11       28
                                      1999
  AVERAGE         59                        43     16       42

PRECIPITATION (IN)
  YESTERDAY        0.00          0.53 2012   0.03  -0.03     0.00
  MONTH TO DATE    0.37                      0.92  -0.55     1.96
  SINCE JAN 1     11.95                     12.20  -0.25     9.22

DEGREE DAYS
 HEATING
  YESTERDAY        6                        22    -16       23
  MONTH TO DATE  315                       435   -120      519
  SINCE SEP 1    487                       663   -176      657
  SINCE JUL 1    524                       704   -180      657

 COOLING
  YESTERDAY        0                         0      0        0
  MONTH TO DATE    0                         0      0        0
  SINCE SEP 1     24                        28     -4       88
  SINCE JAN 1    401                       486    -85      739
..................................................................


WIND (MPH)
  HIGHEST WIND SPEED    29   HIGHEST WIND DIRECTION     W (280)
  HIGHEST GUST SPEED    37   HIGHEST GUST DIRECTION     W (290)
  AVERAGE WIND SPEED     7.8


SKY COVER
  AVERAGE SKY COVER 0.0


WEATHER CONDITIONS
 THE FOLLOWING WEATHER WAS RECORDED YESTERDAY.
  HAZE


RELATIVE HUMIDITY (PERCENT)
 HIGHEST    53           500 AM
 LOWEST     12          1200 PM
 AVERAGE    33

..........................................................


THE DOUGLAS WY AIRPORT CLIMATE NORMALS FOR TODAY
                         NORMAL    RECORD    YEAR
 MAXIMUM TEMPERATURE (F)   58        76      2007
 MINIMUM TEMPERATURE (F)   28        12      2012


SUNRISE AND SUNSET
OCTOBER 25 2014.......SUNRISE   727 AM MDT   SUNSET   604 PM MDT
OCTOBER 26 2014.......SUNRISE   728 AM MDT   SUNSET   602 PM MDT


-  INDICATES NEGATIVE NUMBERS.
R  INDICATES RECORD WAS SET OR TIED.
MM INDICATES DATA IS MISSING.
T  INDICATES TRACE AMOUNT.




$$
