000
CDUS45 KCYS 220728
CLIDGW


CLIMATE REPORT
NATIONAL WEATHER SERVICE CHEYENNE WY
127 AM MDT FRI MAY 22 2015


...................................

...THE DOUGLAS WY AIRPORT CLIMATE SUMMARY FOR MAY 21 2015...

CLIMATE NORMAL PERIOD 1981 TO 2010
CLIMATE RECORD PERIOD 1998 TO 2015


WEATHER ITEM   OBSERVED TIME   RECORD YEAR NORMAL DEPARTURE LAST
                VALUE   (LST)  VALUE       VALUE  FROM      YEAR
                                                  NORMAL
..................................................................
TEMPERATURE (F)
 YESTERDAY
  MAXIMUM         59    256 PM  85    2012  70    -11       67
                                      2006
  MINIMUM         36R   211 AM  36    2003  40     -4       49
  AVERAGE         48                        55     -7       58

PRECIPITATION (IN)
  YESTERDAY        0.00          0.72 2008   0.09  -0.09     0.08
  MONTH TO DATE    1.47                      1.68  -0.21     1.93
  SINCE JAN 1      6.10                      4.83   1.27     5.48

DEGREE DAYS
 HEATING
  YESTERDAY       17                        10      7        7
  MONTH TO DATE  358                       287     71      312
  SINCE MAR 1   1720                      1844   -124     1841
  SINCE JUL 1   6723                      7244   -521     7431

 COOLING
  YESTERDAY        0                         0      0        0
  MONTH TO DATE    0                         0      0        0
  SINCE MAR 1      1                         0      1        0
  SINCE JAN 1      1                         0      1        0
..................................................................


WIND (MPH)
  HIGHEST WIND SPEED    28   HIGHEST WIND DIRECTION    SE (130)
  HIGHEST GUST SPEED    36   HIGHEST GUST DIRECTION    SE (120)
  AVERAGE WIND SPEED    15.1


SKY COVER
  AVERAGE SKY COVER 0.8


WEATHER CONDITIONS
 THE FOLLOWING WEATHER WAS RECORDED YESTERDAY.
  NO SIGNIFICANT WEATHER WAS OBSERVED.


RELATIVE HUMIDITY (PERCENT)
 HIGHEST    92           500 AM
 LOWEST     53           300 PM
 AVERAGE    73

..........................................................


THE DOUGLAS WY AIRPORT CLIMATE NORMALS FOR TODAY
                         NORMAL    RECORD    YEAR
 MAXIMUM TEMPERATURE (F)   70        90      2012
 MINIMUM TEMPERATURE (F)   40        36      2013
                                             2004


SUNRISE AND SUNSET
MAY 22 2015...........SUNRISE   533 AM MDT   SUNSET   824 PM MDT
MAY 23 2015...........SUNRISE   532 AM MDT   SUNSET   825 PM MDT


-  INDICATES NEGATIVE NUMBERS.
R  INDICATES RECORD WAS SET OR TIED.
MM INDICATES DATA IS MISSING.
T  INDICATES TRACE AMOUNT.




$$
